Jun 30 18:27:39.261025 dv-cinder-803785-1-iscsi devstack@n-api.service[117941]: DEBUG nova.api.openstack.wsgi_app [-] oslo_messaging_notifications.retry = -1 {{(pid=117941) log_opt_values /usr/local/lib/python3.8/dist-packages/oslo_config/cfg.py:2609}}
Jun 30 18:27:39.261370 dv-cinder-803785-1-iscsi devstack@n-api.service[117941]: DEBUG nova.api.openstack.wsgi_app [-] oslo_messaging_notifications.topics = ['notifications'] {{(pid=117941) log_opt_values /usr/local/lib/python3.8/dist-packages/oslo_config/cfg.py:2609}}
Jun 30 18:27:39.261730 dv-cinder-803785-1-iscsi devstack@n-api.service[117941]: DEBUG nova.api.openstack.wsgi_app [-] oslo_messaging_notifications.transport_url = **** {{(pid=117941) log_opt_values /usr/local/lib/python3.8/dist-packages/oslo_config/cfg.py:2609}}
Jun 30 18:27:39.262049 dv-cinder-803785-1-iscsi devstack@n-api.service[117941]: DEBUG nova.api.openstack.wsgi_app [-] oslo_reports.file_event_handler = None {{(pid=117941) log_opt_values /usr/local/lib/python3.8/dist-packages/oslo_config/cfg.py:2609}}
Jun 30 18:27:39.262384 dv-cinder-803785-1-iscsi devstack@n-api.service[117941]: DEBUG nova.api.openstack.wsgi_app [-] oslo_reports.file_event_handler_interval = 1 {{(pid=117941) log_opt_values /usr/local/lib/python3.8/dist-packages/oslo_config/cfg.py:2609}}
Jun 30 18:27:39.264735 dv-cinder-803785-1-iscsi devstack@n-api.service[117941]: DEBUG nova.api.openstack.wsgi_app [-] oslo_reports.log_dir = None {{(pid=117941) log_opt_values /usr/local/lib/python3.8/dist-packages/oslo_config/cfg.py:2609}}
Jun 30 18:27:39.264735 dv-cinder-803785-1-iscsi devstack@n-api.service[117941]: DEBUG nova.api.openstack.wsgi_app [-] ******************************************************************************** {{(pid=117941) log_opt_values /usr/local/lib/python3.8/dist-packages/oslo_config/cfg.py:2613}}
Jun 30 18:27:39.265061 dv-cinder-803785-1-iscsi devstack@n-api.service[117940]: DEBUG oslo_db.sqlalchemy.engines [None req-32b2a47b-8853-43af-9276-663d2abb642c None None] MySQL server mode set to STRICT_TRANS_TABLES,STRICT_ALL_TABLES,NO_ZERO_IN_DATE,NO_ZERO_DATE,ERROR_FOR_DIVISION_BY_ZERO,TRADITIONAL,NO_ENGINE_SUBSTITUTION {{(pid=117940) _check_effective_sql_mode /usr/local/lib/python3.8/dist-packages/oslo_db/sqlalchemy/engines.py:314}}
Jun 30 18:27:39.270575 dv-cinder-803785-1-iscsi devstack@n-api.service[117940]: DEBUG dbcounter [-] [117940] Writer thread running {{(pid=117940) stat_writer /usr/local/lib/python3.8/dist-packages/dbcounter.py:99}}
Jun 30 18:27:39.327409 dv-cinder-803785-1-iscsi devstack@n-api.service[117941]: INFO dbcounter [None req-6208dde5-44eb-4478-a1a2-dd1bc0e0a4e6 None None] Registered counter for database nova_api
Jun 30 18:27:39.334128 dv-cinder-803785-1-iscsi devstack@n-api.service[117940]: DEBUG nova.context [None req-32b2a47b-8853-43af-9276-663d2abb642c None None] Found 2 cells: 00000000-0000-0000-0000-000000000000(cell0),91ffa63e-ed46-4e0d-b7bb-17bc9fc6235c(cell1) {{(pid=117940) load_cells /opt/stack/nova/nova/context.py:464}}
Jun 30 18:27:39.338414 dv-cinder-803785-1-iscsi devstack@n-api.service[117940]: DEBUG oslo_concurrency.lockutils [None req-32b2a47b-8853-43af-9276-663d2abb642c None None] Lock "00000000-0000-0000-0000-000000000000" acquired by "nova.context.set_target_cell..get_or_set_cached_cell_and_set_connections" :: waited 0.000s {{(pid=117940) inner /usr/local/lib/python3.8/dist-packages/oslo_concurrency/lockutils.py:386}}
Jun 30 18:27:39.340024 dv-cinder-803785-1-iscsi devstack@n-api.service[117940]: DEBUG oslo_concurrency.lockutils [None req-32b2a47b-8853-43af-9276-663d2abb642c None None] Lock "00000000-0000-0000-0000-000000000000" "released" by "nova.context.set_target_cell..get_or_set_cached_cell_and_set_connections" :: held 0.002s {{(pid=117940) inner /usr/local/lib/python3.8/dist-packages/oslo_concurrency/lockutils.py:400}}
Jun 30 18:27:39.340836 dv-cinder-803785-1-iscsi devstack@n-api.service[117940]: DEBUG oslo_concurrency.lockutils [None req-32b2a47b-8853-43af-9276-663d2abb642c None None] Lock "91ffa63e-ed46-4e0d-b7bb-17bc9fc6235c" acquired by "nova.context.set_target_cell..get_or_set_cached_cell_and_set_connections" :: waited 0.000s {{(pid=117940) inner /usr/local/lib/python3.8/dist-packages/oslo_concurrency/lockutils.py:386}}
Jun 30 18:27:39.342824 dv-cinder-803785-1-iscsi devstack@n-api.service[117940]: DEBUG oslo_concurrency.lockutils [None req-32b2a47b-8853-43af-9276-663d2abb642c None None] Lock "91ffa63e-ed46-4e0d-b7bb-17bc9fc6235c" "released" by "nova.context.set_target_cell..get_or_set_cached_cell_and_set_connections" :: held 0.002s {{(pid=117940) inner /usr/local/lib/python3.8/dist-packages/oslo_concurrency/lockutils.py:400}}
Jun 30 18:27:39.344847 dv-cinder-803785-1-iscsi devstack@n-api.service[117940]: INFO dbcounter [None req-32b2a47b-8853-43af-9276-663d2abb642c None None] Registered counter for database nova_cell0
Jun 30 18:27:39.347239 dv-cinder-803785-1-iscsi devstack@n-api.service[117941]: DEBUG oslo_db.sqlalchemy.engines [None req-6208dde5-44eb-4478-a1a2-dd1bc0e0a4e6 None None] MySQL server mode set to STRICT_TRANS_TABLES,STRICT_ALL_TABLES,NO_ZERO_IN_DATE,NO_ZERO_DATE,ERROR_FOR_DIVISION_BY_ZERO,TRADITIONAL,NO_ENGINE_SUBSTITUTION {{(pid=117941) _check_effective_sql_mode /usr/local/lib/python3.8/dist-packages/oslo_db/sqlalchemy/engines.py:314}}
Jun 30 18:27:39.348948 dv-cinder-803785-1-iscsi devstack@n-api.service[117940]: INFO dbcounter [None req-32b2a47b-8853-43af-9276-663d2abb642c None None] Registered counter for database nova_cell1
Jun 30 18:27:39.354635 dv-cinder-803785-1-iscsi devstack@n-api.service[117941]: DEBUG dbcounter [-] [117941] Writer thread running {{(pid=117941) stat_writer /usr/local/lib/python3.8/dist-packages/dbcounter.py:99}}
Jun 30 18:27:39.356920 dv-cinder-803785-1-iscsi devstack@n-api.service[117940]: DEBUG oslo_db.sqlalchemy.engines [None req-32b2a47b-8853-43af-9276-663d2abb642c None None] MySQL server mode set to STRICT_TRANS_TABLES,STRICT_ALL_TABLES,NO_ZERO_IN_DATE,NO_ZERO_DATE,ERROR_FOR_DIVISION_BY_ZERO,TRADITIONAL,NO_ENGINE_SUBSTITUTION {{(pid=117940) _check_effective_sql_mode /usr/local/lib/python3.8/dist-packages/oslo_db/sqlalchemy/engines.py:314}}
Jun 30 18:27:39.358786 dv-cinder-803785-1-iscsi devstack@n-api.service[117940]: DEBUG oslo_db.sqlalchemy.engines [None req-32b2a47b-8853-43af-9276-663d2abb642c None None] MySQL server mode set to STRICT_TRANS_TABLES,STRICT_ALL_TABLES,NO_ZERO_IN_DATE,NO_ZERO_DATE,ERROR_FOR_DIVISION_BY_ZERO,TRADITIONAL,NO_ENGINE_SUBSTITUTION {{(pid=117940) _check_effective_sql_mode /usr/local/lib/python3.8/dist-packages/oslo_db/sqlalchemy/engines.py:314}}
Jun 30 18:27:39.365215 dv-cinder-803785-1-iscsi devstack@n-api.service[117940]: DEBUG dbcounter [-] [117940] Writer thread running {{(pid=117940) stat_writer /usr/local/lib/python3.8/dist-packages/dbcounter.py:99}}
Jun 30 18:27:39.366535 dv-cinder-803785-1-iscsi devstack@n-api.service[117940]: DEBUG dbcounter [-] [117940] Writer thread running {{(pid=117940) stat_writer /usr/local/lib/python3.8/dist-packages/dbcounter.py:99}}
Jun 30 18:27:39.411293 dv-cinder-803785-1-iscsi devstack@n-api.service[117941]: DEBUG nova.context [None req-6208dde5-44eb-4478-a1a2-dd1bc0e0a4e6 None None] Found 2 cells: 00000000-0000-0000-0000-000000000000(cell0),91ffa63e-ed46-4e0d-b7bb-17bc9fc6235c(cell1) {{(pid=117941) load_cells /opt/stack/nova/nova/context.py:464}}
Jun 30 18:27:39.415294 dv-cinder-803785-1-iscsi devstack@n-api.service[117941]: DEBUG oslo_concurrency.lockutils [None req-6208dde5-44eb-4478-a1a2-dd1bc0e0a4e6 None None] Lock "00000000-0000-0000-0000-000000000000" acquired by "nova.context.set_target_cell..get_or_set_cached_cell_and_set_connections" :: waited 0.000s {{(pid=117941) inner /usr/local/lib/python3.8/dist-packages/oslo_concurrency/lockutils.py:386}}
Jun 30 18:27:39.417597 dv-cinder-803785-1-iscsi devstack@n-api.service[117941]: DEBUG oslo_concurrency.lockutils [None req-6208dde5-44eb-4478-a1a2-dd1bc0e0a4e6 None None] Lock "00000000-0000-0000-0000-000000000000" "released" by "nova.context.set_target_cell..get_or_set_cached_cell_and_set_connections" :: held 0.002s {{(pid=117941) inner /usr/local/lib/python3.8/dist-packages/oslo_concurrency/lockutils.py:400}}
Jun 30 18:27:39.418380 dv-cinder-803785-1-iscsi devstack@n-api.service[117941]: DEBUG oslo_concurrency.lockutils [None req-6208dde5-44eb-4478-a1a2-dd1bc0e0a4e6 None None] Lock "91ffa63e-ed46-4e0d-b7bb-17bc9fc6235c" acquired by "nova.context.set_target_cell..get_or_set_cached_cell_and_set_connections" :: waited 0.000s {{(pid=117941) inner /usr/local/lib/python3.8/dist-packages/oslo_concurrency/lockutils.py:386}}
Jun 30 18:27:39.420467 dv-cinder-803785-1-iscsi devstack@n-api.service[117941]: DEBUG oslo_concurrency.lockutils [None req-6208dde5-44eb-4478-a1a2-dd1bc0e0a4e6 None None] Lock "91ffa63e-ed46-4e0d-b7bb-17bc9fc6235c" "released" by "nova.context.set_target_cell..get_or_set_cached_cell_and_set_connections" :: held 0.002s {{(pid=117941) inner /usr/local/lib/python3.8/dist-packages/oslo_concurrency/lockutils.py:400}}
Jun 30 18:27:39.423271 dv-cinder-803785-1-iscsi devstack@n-api.service[117941]: INFO dbcounter [None req-6208dde5-44eb-4478-a1a2-dd1bc0e0a4e6 None None] Registered counter for database nova_cell0
Jun 30 18:27:39.427965 dv-cinder-803785-1-iscsi devstack@n-api.service[117941]: INFO dbcounter [None req-6208dde5-44eb-4478-a1a2-dd1bc0e0a4e6 None None] Registered counter for database nova_cell1
Jun 30 18:27:39.436327 dv-cinder-803785-1-iscsi devstack@n-api.service[117941]: DEBUG oslo_db.sqlalchemy.engines [None req-6208dde5-44eb-4478-a1a2-dd1bc0e0a4e6 None None] MySQL server mode set to STRICT_TRANS_TABLES,STRICT_ALL_TABLES,NO_ZERO_IN_DATE,NO_ZERO_DATE,ERROR_FOR_DIVISION_BY_ZERO,TRADITIONAL,NO_ENGINE_SUBSTITUTION {{(pid=117941) _check_effective_sql_mode /usr/local/lib/python3.8/dist-packages/oslo_db/sqlalchemy/engines.py:314}}
Jun 30 18:27:39.438658 dv-cinder-803785-1-iscsi devstack@n-api.service[117941]: DEBUG oslo_db.sqlalchemy.engines [None req-6208dde5-44eb-4478-a1a2-dd1bc0e0a4e6 None None] MySQL server mode set to STRICT_TRANS_TABLES,STRICT_ALL_TABLES,NO_ZERO_IN_DATE,NO_ZERO_DATE,ERROR_FOR_DIVISION_BY_ZERO,TRADITIONAL,NO_ENGINE_SUBSTITUTION {{(pid=117941) _check_effective_sql_mode /usr/local/lib/python3.8/dist-packages/oslo_db/sqlalchemy/engines.py:314}}
Jun 30 18:27:39.448418 dv-cinder-803785-1-iscsi devstack@n-api.service[117941]: DEBUG dbcounter [-] [117941] Writer thread running {{(pid=117941) stat_writer /usr/local/lib/python3.8/dist-packages/dbcounter.py:99}}
Jun 30 18:27:39.448756 dv-cinder-803785-1-iscsi devstack@n-api.service[117941]: DEBUG dbcounter [-] [117941] Writer thread running {{(pid=117941) stat_writer /usr/local/lib/python3.8/dist-packages/dbcounter.py:99}}
Jun 30 18:27:39.518958 dv-cinder-803785-1-iscsi devstack@n-api.service[117940]: INFO dbcounter [None req-32b2a47b-8853-43af-9276-663d2abb642c None None] Registered counter for database nova_cell0
Jun 30 18:27:39.530044 dv-cinder-803785-1-iscsi devstack@n-api.service[117940]: DEBUG oslo_db.sqlalchemy.engines [None req-32b2a47b-8853-43af-9276-663d2abb642c None None] MySQL server mode set to STRICT_TRANS_TABLES,STRICT_ALL_TABLES,NO_ZERO_IN_DATE,NO_ZERO_DATE,ERROR_FOR_DIVISION_BY_ZERO,TRADITIONAL,NO_ENGINE_SUBSTITUTION {{(pid=117940) _check_effective_sql_mode /usr/local/lib/python3.8/dist-packages/oslo_db/sqlalchemy/engines.py:314}}
Jun 30 18:27:39.534996 dv-cinder-803785-1-iscsi devstack@n-api.service[117940]: DEBUG dbcounter [-] [117940] Writer thread running {{(pid=117940) stat_writer /usr/local/lib/python3.8/dist-packages/dbcounter.py:99}}
Jun 30 18:27:39.604471 dv-cinder-803785-1-iscsi devstack@n-api.service[117941]: INFO dbcounter [None req-6208dde5-44eb-4478-a1a2-dd1bc0e0a4e6 None None] Registered counter for database nova_cell0
Jun 30 18:27:39.615826 dv-cinder-803785-1-iscsi devstack@n-api.service[117941]: DEBUG oslo_db.sqlalchemy.engines [None req-6208dde5-44eb-4478-a1a2-dd1bc0e0a4e6 None None] MySQL server mode set to STRICT_TRANS_TABLES,STRICT_ALL_TABLES,NO_ZERO_IN_DATE,NO_ZERO_DATE,ERROR_FOR_DIVISION_BY_ZERO,TRADITIONAL,NO_ENGINE_SUBSTITUTION {{(pid=117941) _check_effective_sql_mode /usr/local/lib/python3.8/dist-packages/oslo_db/sqlalchemy/engines.py:314}}
Jun 30 18:27:39.621064 dv-cinder-803785-1-iscsi devstack@n-api.service[117941]: DEBUG dbcounter [-] [117941] Writer thread running {{(pid=117941) stat_writer /usr/local/lib/python3.8/dist-packages/dbcounter.py:99}}
Jun 30 18:27:39.882337 dv-cinder-803785-1-iscsi devstack@n-api.service[117940]: WARNING keystonemiddleware.auth_token [None req-32b2a47b-8853-43af-9276-663d2abb642c None None] AuthToken middleware is set with keystone_authtoken.service_token_roles_required set to False. This is backwards compatible but deprecated behaviour. Please set this to True.
Jun 30 18:27:39.890296 dv-cinder-803785-1-iscsi devstack@n-api.service[117940]: WARNING keystonemiddleware.auth_token [None req-32b2a47b-8853-43af-9276-663d2abb642c None None] Configuring www_authenticate_uri to point to the public identity endpoint is required; clients may not be able to authenticate against an admin endpoint
Jun 30 18:27:39.944678 dv-cinder-803785-1-iscsi devstack@n-api.service[117941]: WARNING keystonemiddleware.auth_token [None req-6208dde5-44eb-4478-a1a2-dd1bc0e0a4e6 None None] AuthToken middleware is set with keystone_authtoken.service_token_roles_required set to False. This is backwards compatible but deprecated behaviour. Please set this to True.
Jun 30 18:27:39.952438 dv-cinder-803785-1-iscsi devstack@n-api.service[117941]: WARNING keystonemiddleware.auth_token [None req-6208dde5-44eb-4478-a1a2-dd1bc0e0a4e6 None None] Configuring www_authenticate_uri to point to the public identity endpoint is required; clients may not be able to authenticate against an admin endpoint
Jun 30 18:27:40.258026 dv-cinder-803785-1-iscsi devstack@n-api.service[117940]: WARNING keystonemiddleware.auth_token [None req-32b2a47b-8853-43af-9276-663d2abb642c None None] AuthToken middleware is set with keystone_authtoken.service_token_roles_required set to False. This is backwards compatible but deprecated behaviour. Please set this to True.
Jun 30 18:27:40.264700 dv-cinder-803785-1-iscsi devstack@n-api.service[117940]: WARNING keystonemiddleware.auth_token [None req-32b2a47b-8853-43af-9276-663d2abb642c None None] Configuring www_authenticate_uri to point to the public identity endpoint is required; clients may not be able to authenticate against an admin endpoint
Jun 30 18:27:40.270146 dv-cinder-803785-1-iscsi devstack@n-api.service[117940]: WSGI app 0 (mountpoint='') ready in 6 seconds on interpreter 0x55cc273e49c0 pid: 117940 (default app)
Jun 30 18:27:40.304258 dv-cinder-803785-1-iscsi devstack@n-api.service[117941]: WARNING keystonemiddleware.auth_token [None req-6208dde5-44eb-4478-a1a2-dd1bc0e0a4e6 None None] AuthToken middleware is set with keystone_authtoken.service_token_roles_required set to False. This is backwards compatible but deprecated behaviour. Please set this to True.
Jun 30 18:27:40.311490 dv-cinder-803785-1-iscsi devstack@n-api.service[117941]: WARNING keystonemiddleware.auth_token [None req-6208dde5-44eb-4478-a1a2-dd1bc0e0a4e6 None None] Configuring www_authenticate_uri to point to the public identity endpoint is required; clients may not be able to authenticate against an admin endpoint
Jun 30 18:27:40.316769 dv-cinder-803785-1-iscsi devstack@n-api.service[117941]: WSGI app 0 (mountpoint='') ready in 6 seconds on interpreter 0x55cc273e49c0 pid: 117941 (default app)
Jun 30 18:28:22.085801 dv-cinder-803785-1-iscsi devstack@n-api.service[117940]: DEBUG dbcounter [-] [117940] Writing DB stats nova_api:SELECT=3 {{(pid=117940) stat_writer /usr/local/lib/python3.8/dist-packages/dbcounter.py:114}}
Jun 30 18:28:22.087483 dv-cinder-803785-1-iscsi devstack@n-api.service[117940]: DEBUG dbcounter [-] [117940] Writing DB stats nova_cell0:SELECT=3 {{(pid=117940) stat_writer /usr/local/lib/python3.8/dist-packages/dbcounter.py:114}}
Jun 30 18:28:22.088225 dv-cinder-803785-1-iscsi devstack@n-api.service[117940]: DEBUG dbcounter [-] [117940] Writing DB stats nova_cell1:SELECT=3 {{(pid=117940) stat_writer /usr/local/lib/python3.8/dist-packages/dbcounter.py:114}}
Jun 30 18:28:22.090090 dv-cinder-803785-1-iscsi devstack@n-api.service[117940]: DEBUG dbcounter [-] [117940] Writing DB stats nova_cell0:SELECT=3 {{(pid=117940) stat_writer /usr/local/lib/python3.8/dist-packages/dbcounter.py:114}}
Jun 30 18:28:24.218211 dv-cinder-803785-1-iscsi devstack@n-api.service[117940]: DEBUG nova.api.openstack.wsgi [None req-22e1a5a3-0cab-493f-b0fb-56639c0e95a0 tempest-VolumesSnapshotsTestJSON-1262642487 tempest-VolumesSnapshotsTestJSON-1262642487-project] Action: 'create', calling method: .version_select at 0x7f1806c4c3a0>, body: {"volume": {"size": 1, "display_name": "tempest-VolumesSnapshotsTestJSON-volume-1258491420"}} {{(pid=117940) _process_stack /opt/stack/nova/nova/api/openstack/wsgi.py:511}}
Jun 30 18:28:26.228600 dv-cinder-803785-1-iscsi devstack@n-api.service[117941]: DEBUG dbcounter [-] [117941] Writing DB stats nova_api:SELECT=3 {{(pid=117941) stat_writer /usr/local/lib/python3.8/dist-packages/dbcounter.py:114}}
Jun 30 18:28:26.229805 dv-cinder-803785-1-iscsi devstack@n-api.service[117941]: DEBUG dbcounter [-] [117941] Writing DB stats nova_cell1:SELECT=3 {{(pid=117941) stat_writer /usr/local/lib/python3.8/dist-packages/dbcounter.py:114}}
Jun 30 18:28:26.230724 dv-cinder-803785-1-iscsi devstack@n-api.service[117941]: DEBUG dbcounter [-] [117941] Writing DB stats nova_cell0:SELECT=3 {{(pid=117941) stat_writer /usr/local/lib/python3.8/dist-packages/dbcounter.py:114}}
Jun 30 18:28:26.234305 dv-cinder-803785-1-iscsi devstack@n-api.service[117941]: DEBUG dbcounter [-] [117941] Writing DB stats nova_cell0:SELECT=3 {{(pid=117941) stat_writer /usr/local/lib/python3.8/dist-packages/dbcounter.py:114}}
Jun 30 18:28:26.444695 dv-cinder-803785-1-iscsi devstack@n-api.service[117940]: INFO nova.api.openstack.requestlog [None req-22e1a5a3-0cab-493f-b0fb-56639c0e95a0 tempest-VolumesSnapshotsTestJSON-1262642487 tempest-VolumesSnapshotsTestJSON-1262642487-project] 10.222.0.33 "POST /compute/v2.1/os-volumes" status: 200 len: 345 microversion: 2.1 time: 4.363960
Jun 30 18:28:26.446132 dv-cinder-803785-1-iscsi devstack@n-api.service[117940]: [pid: 117940|app: 0|req: 1/1] 10.222.0.33 () {60 vars in 1154 bytes} [Thu Jun 30 18:28:22 2022] POST /compute/v2.1/os-volumes => generated 345 bytes in 4368 msecs (HTTP/1.1 200) 10 headers in 448 bytes (1 switches on core 0)
Jun 30 18:28:26.460362 dv-cinder-803785-1-iscsi devstack@n-api.service[117940]: DEBUG nova.api.openstack.wsgi [None req-593fabd2-9049-40bf-8ae8-60fde360edba tempest-VolumesSnapshotsTestJSON-1262642487 tempest-VolumesSnapshotsTestJSON-1262642487-project] Calling method '.version_select at 0x7f1806b1e280>' {{(pid=117940) _process_stack /opt/stack/nova/nova/api/openstack/wsgi.py:513}}
Jun 30 18:28:26.594283 dv-cinder-803785-1-iscsi devstack@n-api.service[117940]: INFO nova.api.openstack.requestlog [None req-593fabd2-9049-40bf-8ae8-60fde360edba tempest-VolumesSnapshotsTestJSON-1262642487 tempest-VolumesSnapshotsTestJSON-1262642487-project] 10.222.0.33 "GET /compute/v2.1/os-volumes/99280eab-183e-451a-87de-45e913e4143a" status: 200 len: 345 microversion: 2.1 time: 0.138908
Jun 30 18:28:26.595295 dv-cinder-803785-1-iscsi devstack@n-api.service[117940]: [pid: 117940|app: 0|req: 2/2] 10.222.0.33 () {58 vars in 1244 bytes} [Thu Jun 30 18:28:26 2022] GET /compute/v2.1/os-volumes/99280eab-183e-451a-87de-45e913e4143a => generated 345 bytes in 141 msecs (HTTP/1.1 200) 9 headers in 357 bytes (2 switches on core 0)
Jun 30 18:28:26.670442 dv-cinder-803785-1-iscsi devstack@n-api.service[117941]: DEBUG nova.api.openstack.wsgi [None req-38225406-65ad-410b-a23d-11046543509b tempest-VolumesTestJSON-42413476 tempest-VolumesTestJSON-42413476-project] Calling method '.version_select at 0x7f1806c940d0>' {{(pid=117941) _process_stack /opt/stack/nova/nova/api/openstack/wsgi.py:513}}
Jun 30 18:28:27.390454 dv-cinder-803785-1-iscsi devstack@n-api.service[117941]: INFO nova.api.openstack.requestlog [None req-38225406-65ad-410b-a23d-11046543509b tempest-VolumesTestJSON-42413476 tempest-VolumesTestJSON-42413476-project] 10.222.0.33 "GET /compute/v2.1/os-volumes/2e5e3d27-98d1-471a-9bb7-43fbeed79c37" status: 200 len: 351 microversion: 2.1 time: 1.167748
Jun 30 18:28:27.392030 dv-cinder-803785-1-iscsi devstack@n-api.service[117941]: [pid: 117941|app: 0|req: 1/3] 10.222.0.33 () {58 vars in 1244 bytes} [Thu Jun 30 18:28:26 2022] GET /compute/v2.1/os-volumes/2e5e3d27-98d1-471a-9bb7-43fbeed79c37 => generated 351 bytes in 1171 msecs (HTTP/1.1 200) 9 headers in 357 bytes (2 switches on core 0)
Jun 30 18:28:27.607586 dv-cinder-803785-1-iscsi devstack@n-api.service[117940]: DEBUG nova.api.openstack.wsgi [None req-e51b5797-a39f-4c25-a226-95a16643cf4d tempest-VolumesSnapshotsTestJSON-1262642487 tempest-VolumesSnapshotsTestJSON-1262642487-project] Calling method '.version_select at 0x7f1806b1e5e0>' {{(pid=117940) _process_stack /opt/stack/nova/nova/api/openstack/wsgi.py:513}}
Jun 30 18:28:28.582880 dv-cinder-803785-1-iscsi devstack@n-api.service[117940]: INFO nova.api.openstack.requestlog [None req-e51b5797-a39f-4c25-a226-95a16643cf4d tempest-VolumesSnapshotsTestJSON-1262642487 tempest-VolumesSnapshotsTestJSON-1262642487-project] 10.222.0.33 "GET /compute/v2.1/os-volumes/99280eab-183e-451a-87de-45e913e4143a" status: 200 len: 346 microversion: 2.1 time: 0.979498
Jun 30 18:28:28.583745 dv-cinder-803785-1-iscsi devstack@n-api.service[117940]: [pid: 117940|app: 0|req: 3/4] 10.222.0.33 () {58 vars in 1244 bytes} [Thu Jun 30 18:28:27 2022] GET /compute/v2.1/os-volumes/99280eab-183e-451a-87de-45e913e4143a => generated 346 bytes in 981 msecs (HTTP/1.1 200) 9 headers in 357 bytes (1 switches on core 0)
Jun 30 18:28:28.599242 dv-cinder-803785-1-iscsi devstack@n-api.service[117941]: DEBUG nova.api.openstack.wsgi [None req-70fbdd93-8d04-42a6-ac04-2e7396444724 tempest-VolumesSnapshotsTestJSON-1262642487 tempest-VolumesSnapshotsTestJSON-1262642487-project] Action: 'create', calling method: .version_select at 0x7f1806b5c1f0>, body: {"snapshot": {"volume_id": "99280eab-183e-451a-87de-45e913e4143a", "display_name": "tempest-VolumesSnapshotsTestJSON-Snapshot-1854018511"}} {{(pid=117941) _process_stack /opt/stack/nova/nova/api/openstack/wsgi.py:511}}
Jun 30 18:28:29.240751 dv-cinder-803785-1-iscsi devstack@n-api.service[117941]: INFO nova.api.openstack.requestlog [None req-70fbdd93-8d04-42a6-ac04-2e7396444724 tempest-VolumesSnapshotsTestJSON-1262642487 tempest-VolumesSnapshotsTestJSON-1262642487-project] 10.222.0.33 "POST /compute/v2.1/os-snapshots" status: 200 len: 287 microversion: 2.1 time: 0.646986
Jun 30 18:28:29.250209 dv-cinder-803785-1-iscsi devstack@n-api.service[117941]: [pid: 117941|app: 0|req: 2/5] 10.222.0.33 () {60 vars in 1161 bytes} [Thu Jun 30 18:28:28 2022] POST /compute/v2.1/os-snapshots => generated 287 bytes in 657 msecs (HTTP/1.1 200) 9 headers in 357 bytes (1 switches on core 0)
Jun 30 18:28:29.253281 dv-cinder-803785-1-iscsi devstack@n-api.service[117940]: DEBUG nova.api.openstack.wsgi [None req-6631efcd-f330-4844-ae0f-407c15737e48 tempest-VolumesSnapshotsTestJSON-1262642487 tempest-VolumesSnapshotsTestJSON-1262642487-project] Calling method '.version_select at 0x7f1806b1e9d0>' {{(pid=117940) _process_stack /opt/stack/nova/nova/api/openstack/wsgi.py:513}}
Jun 30 18:28:29.314275 dv-cinder-803785-1-iscsi devstack@n-api.service[117940]: INFO nova.api.openstack.requestlog [None req-6631efcd-f330-4844-ae0f-407c15737e48 tempest-VolumesSnapshotsTestJSON-1262642487 tempest-VolumesSnapshotsTestJSON-1262642487-project] 10.222.0.33 "GET /compute/v2.1/os-snapshots/d6377b39-6900-4919-8754-6de8a0a47fd3" status: 200 len: 287 microversion: 2.1 time: 0.065361
Jun 30 18:28:29.315013 dv-cinder-803785-1-iscsi devstack@n-api.service[117940]: [pid: 117940|app: 0|req: 4/6] 10.222.0.33 () {58 vars in 1250 bytes} [Thu Jun 30 18:28:29 2022] GET /compute/v2.1/os-snapshots/d6377b39-6900-4919-8754-6de8a0a47fd3 => generated 287 bytes in 67 msecs (HTTP/1.1 200) 9 headers in 357 bytes (1 switches on core 0)
Jun 30 18:28:29.325415 dv-cinder-803785-1-iscsi devstack@n-api.service[117941]: DEBUG nova.api.openstack.wsgi [None req-9ab6570d-c2e9-49e5-8978-23f154de7f4c tempest-VolumesSnapshotsTestJSON-1262642487 tempest-VolumesSnapshotsTestJSON-1262642487-project] Calling method '.version_select at 0x7f1806b5ca60>' {{(pid=117941) _process_stack /opt/stack/nova/nova/api/openstack/wsgi.py:513}}
Jun 30 18:28:29.418708 dv-cinder-803785-1-iscsi devstack@n-api.service[117941]: INFO nova.api.openstack.requestlog [None req-9ab6570d-c2e9-49e5-8978-23f154de7f4c tempest-VolumesSnapshotsTestJSON-1262642487 tempest-VolumesSnapshotsTestJSON-1262642487-project] 10.222.0.33 "GET /compute/v2.1/os-snapshots" status: 200 len: 290 microversion: 2.1 time: 0.097832
Jun 30 18:28:29.422688 dv-cinder-803785-1-iscsi devstack@n-api.service[117941]: [pid: 117941|app: 0|req: 3/7] 10.222.0.33 () {58 vars in 1139 bytes} [Thu Jun 30 18:28:29 2022] GET /compute/v2.1/os-snapshots => generated 290 bytes in 102 msecs (HTTP/1.1 200) 9 headers in 357 bytes (1 switches on core 0)
Jun 30 18:28:29.431127 dv-cinder-803785-1-iscsi devstack@n-api.service[117940]: DEBUG nova.api.openstack.wsgi [None req-6d73f140-5637-4542-8f5c-9f2b5e64a20b tempest-VolumesSnapshotsTestJSON-1262642487 tempest-VolumesSnapshotsTestJSON-1262642487-project] Calling method '.version_select at 0x7f1806b27160>' {{(pid=117940) _process_stack /opt/stack/nova/nova/api/openstack/wsgi.py:513}}
Jun 30 18:28:29.480646 dv-cinder-803785-1-iscsi devstack@n-api.service[117940]: INFO nova.api.openstack.requestlog [None req-6d73f140-5637-4542-8f5c-9f2b5e64a20b tempest-VolumesSnapshotsTestJSON-1262642487 tempest-VolumesSnapshotsTestJSON-1262642487-project] 10.222.0.33 "GET /compute/v2.1/os-snapshots/d6377b39-6900-4919-8754-6de8a0a47fd3" status: 200 len: 287 microversion: 2.1 time: 0.053689
Jun 30 18:28:29.481637 dv-cinder-803785-1-iscsi devstack@n-api.service[117940]: [pid: 117940|app: 0|req: 5/8] 10.222.0.33 () {58 vars in 1250 bytes} [Thu Jun 30 18:28:29 2022] GET /compute/v2.1/os-snapshots/d6377b39-6900-4919-8754-6de8a0a47fd3 => generated 287 bytes in 55 msecs (HTTP/1.1 200) 9 headers in 357 bytes (1 switches on core 0)
Jun 30 18:28:29.827382 dv-cinder-803785-1-iscsi devstack@n-api.service[117941]: DEBUG nova.api.openstack.wsgi [None req-4466dbdb-1c3c-43a8-94c5-137aef0f4303 tempest-VolumesTestJSON-42413476 tempest-VolumesTestJSON-42413476-project] Calling method '.version_select at 0x7f1806b5cee0>' {{(pid=117941) _process_stack /opt/stack/nova/nova/api/openstack/wsgi.py:513}}
Jun 30 18:28:29.898697 dv-cinder-803785-1-iscsi devstack@n-api.service[117941]: INFO nova.api.openstack.requestlog [None req-4466dbdb-1c3c-43a8-94c5-137aef0f4303 tempest-VolumesTestJSON-42413476 tempest-VolumesTestJSON-42413476-project] 10.222.0.33 "GET /compute/v2.1/os-volumes/9d305239-772e-45f7-a7e3-26928b2744f5" status: 200 len: 350 microversion: 2.1 time: 0.077847
Jun 30 18:28:29.899701 dv-cinder-803785-1-iscsi devstack@n-api.service[117941]: [pid: 117941|app: 0|req: 4/9] 10.222.0.33 () {58 vars in 1244 bytes} [Thu Jun 30 18:28:29 2022] GET /compute/v2.1/os-volumes/9d305239-772e-45f7-a7e3-26928b2744f5 => generated 350 bytes in 79 msecs (HTTP/1.1 200) 9 headers in 357 bytes (1 switches on core 0)
Jun 30 18:28:30.495681 dv-cinder-803785-1-iscsi devstack@n-api.service[117940]: DEBUG nova.api.openstack.wsgi [None req-f3f383b4-b7a9-4d87-9673-f353215bf74e tempest-VolumesSnapshotsTestJSON-1262642487 tempest-VolumesSnapshotsTestJSON-1262642487-project] Calling method '.version_select at 0x7f1806b1eca0>' {{(pid=117940) _process_stack /opt/stack/nova/nova/api/openstack/wsgi.py:513}}
Jun 30 18:28:30.559497 dv-cinder-803785-1-iscsi devstack@n-api.service[117940]: INFO nova.api.openstack.requestlog [None req-f3f383b4-b7a9-4d87-9673-f353215bf74e tempest-VolumesSnapshotsTestJSON-1262642487 tempest-VolumesSnapshotsTestJSON-1262642487-project] 10.222.0.33 "GET /compute/v2.1/os-snapshots/d6377b39-6900-4919-8754-6de8a0a47fd3" status: 200 len: 287 microversion: 2.1 time: 0.069213
Jun 30 18:28:30.563811 dv-cinder-803785-1-iscsi devstack@n-api.service[117940]: [pid: 117940|app: 0|req: 6/10] 10.222.0.33 () {58 vars in 1250 bytes} [Thu Jun 30 18:28:30 2022] GET /compute/v2.1/os-snapshots/d6377b39-6900-4919-8754-6de8a0a47fd3 => generated 287 bytes in 71 msecs (HTTP/1.1 200) 9 headers in 357 bytes (1 switches on core 0)
Jun 30 18:28:31.506425 dv-cinder-803785-1-iscsi devstack@n-api.service[117941]: DEBUG nova.api.openstack.wsgi [None req-994d26f1-14d6-4125-b1fa-d75d06e14b44 tempest-ServerRescueNegativeTestJSON-785753659 tempest-ServerRescueNegativeTestJSON-785753659-project] Action: 'create', calling method: >, body: {"server": {"name": "tempest-ServerRescueNegativeTestJSON-server-1921780980", "imageRef": "636d6d52-5033-47e1-bf75-0b4fc50c0bb0", "flavorRef": "452", "adminPass": "***", "networks": [{"uuid": "}]}} {{(pid=117941) _process_stack /opt/stack/nova/nova/api/openstack/wsgi.py:511}}
Jun 30 18:28:31.572657 dv-cinder-803785-1-iscsi devstack@n-api.service[117940]: DEBUG nova.api.openstack.wsgi [None req-fc72f084-8337-4681-86ea-14c6f00b4234 tempest-VolumesSnapshotsTestJSON-1262642487 tempest-VolumesSnapshotsTestJSON-1262642487-project] Calling method '.version_select at 0x7f1806b1e310>' {{(pid=117940) _process_stack /opt/stack/nova/nova/api/openstack/wsgi.py:513}}
Jun 30 18:28:31.617782 dv-cinder-803785-1-iscsi devstack@n-api.service[117940]: INFO nova.api.openstack.requestlog [None req-fc72f084-8337-4681-86ea-14c6f00b4234 tempest-VolumesSnapshotsTestJSON-1262642487 tempest-VolumesSnapshotsTestJSON-1262642487-project] 10.222.0.33 "GET /compute/v2.1/os-snapshots/d6377b39-6900-4919-8754-6de8a0a47fd3" status: 200 len: 287 microversion: 2.1 time: 0.049644
Jun 30 18:28:31.619624 dv-cinder-803785-1-iscsi devstack@n-api.service[117940]: [pid: 117940|app: 0|req: 7/11] 10.222.0.33 () {58 vars in 1250 bytes} [Thu Jun 30 18:28:31 2022] GET /compute/v2.1/os-snapshots/d6377b39-6900-4919-8754-6de8a0a47fd3 => generated 287 bytes in 51 msecs (HTTP/1.1 200) 9 headers in 357 bytes (1 switches on core 0)
Jun 30 18:28:31.739790 dv-cinder-803785-1-iscsi devstack@n-api.service[117941]: DEBUG nova.network.neutron [None req-994d26f1-14d6-4125-b1fa-d75d06e14b44 tempest-ServerRescueNegativeTestJSON-785753659 tempest-ServerRescueNegativeTestJSON-785753659-project] validate_networks() for [('2d22caf1-f6f9-42ca-8270-c3e0450297eb', None, None, None, None, None)] {{(pid=117941) validate_networks /opt/stack/nova/nova/network/neutron.py:2626}}
Jun 30 18:28:32.630206 dv-cinder-803785-1-iscsi devstack@n-api.service[117940]: DEBUG nova.api.openstack.wsgi [None req-384dd051-f569-4266-84cb-0e362f9a610f tempest-VolumesSnapshotsTestJSON-1262642487 tempest-VolumesSnapshotsTestJSON-1262642487-project] Calling method '.version_select at 0x7f1806b27670>' {{(pid=117940) _process_stack /opt/stack/nova/nova/api/openstack/wsgi.py:513}}
Jun 30 18:28:32.681016 dv-cinder-803785-1-iscsi devstack@n-api.service[117940]: INFO nova.api.openstack.requestlog [None req-384dd051-f569-4266-84cb-0e362f9a610f tempest-VolumesSnapshotsTestJSON-1262642487 tempest-VolumesSnapshotsTestJSON-1262642487-project] 10.222.0.33 "GET /compute/v2.1/os-snapshots/d6377b39-6900-4919-8754-6de8a0a47fd3" status: 200 len: 287 microversion: 2.1 time: 0.054344
Jun 30 18:28:32.681604 dv-cinder-803785-1-iscsi devstack@n-api.service[117940]: [pid: 117940|app: 0|req: 8/12] 10.222.0.33 () {58 vars in 1250 bytes} [Thu Jun 30 18:28:32 2022] GET /compute/v2.1/os-snapshots/d6377b39-6900-4919-8754-6de8a0a47fd3 => generated 287 bytes in 56 msecs (HTTP/1.1 200) 9 headers in 357 bytes (2 switches on core 0)
Jun 30 18:28:32.972964 dv-cinder-803785-1-iscsi devstack@n-api.service[117941]: DEBUG nova.virt.hardware [None req-994d26f1-14d6-4125-b1fa-d75d06e14b44 tempest-ServerRescueNegativeTestJSON-785753659 tempest-ServerRescueNegativeTestJSON-785753659-project] Flavor limits 0:0:0 {{(pid=117941) get_cpu_topology_constraints /opt/stack/nova/nova/virt/hardware.py:343}}
Jun 30 18:28:32.973527 dv-cinder-803785-1-iscsi devstack@n-api.service[117941]: DEBUG nova.virt.hardware [None req-994d26f1-14d6-4125-b1fa-d75d06e14b44 tempest-ServerRescueNegativeTestJSON-785753659 tempest-ServerRescueNegativeTestJSON-785753659-project] Image limits 0:0:0 {{(pid=117941) get_cpu_topology_constraints /opt/stack/nova/nova/virt/hardware.py:347}}
Jun 30 18:28:32.975141 dv-cinder-803785-1-iscsi devstack@n-api.service[117941]: DEBUG nova.virt.hardware [None req-994d26f1-14d6-4125-b1fa-d75d06e14b44 tempest-ServerRescueNegativeTestJSON-785753659 tempest-ServerRescueNegativeTestJSON-785753659-project] Flavor pref 0:0:0 {{(pid=117941) get_cpu_topology_constraints /opt/stack/nova/nova/virt/hardware.py:383}}
Jun 30 18:28:32.975831 dv-cinder-803785-1-iscsi devstack@n-api.service[117941]: DEBUG nova.virt.hardware [None req-994d26f1-14d6-4125-b1fa-d75d06e14b44 tempest-ServerRescueNegativeTestJSON-785753659 tempest-ServerRescueNegativeTestJSON-785753659-project] Image pref 0:0:0 {{(pid=117941) get_cpu_topology_constraints /opt/stack/nova/nova/virt/hardware.py:387}}
Jun 30 18:28:32.976469 dv-cinder-803785-1-iscsi devstack@n-api.service[117941]: DEBUG nova.virt.hardware [None req-994d26f1-14d6-4125-b1fa-d75d06e14b44 tempest-ServerRescueNegativeTestJSON-785753659 tempest-ServerRescueNegativeTestJSON-785753659-project] Chose sockets=0, cores=0, threads=0; limits were sockets=65536, cores=65536, threads=65536 {{(pid=117941) get_cpu_topology_constraints /opt/stack/nova/nova/virt/hardware.py:425}}
Jun 30 18:28:32.998255 dv-cinder-803785-1-iscsi devstack@n-api.service[117941]: DEBUG oslo_concurrency.lockutils [None req-994d26f1-14d6-4125-b1fa-d75d06e14b44 tempest-ServerRescueNegativeTestJSON-785753659 tempest-ServerRescueNegativeTestJSON-785753659-project] Lock "00000000-0000-0000-0000-000000000000" acquired by "nova.context.set_target_cell..get_or_set_cached_cell_and_set_connections" :: waited 0.000s {{(pid=117941) inner /usr/local/lib/python3.8/dist-packages/oslo_concurrency/lockutils.py:386}}
Jun 30 18:28:32.998952 dv-cinder-803785-1-iscsi devstack@n-api.service[117941]: DEBUG oslo_concurrency.lockutils [None req-994d26f1-14d6-4125-b1fa-d75d06e14b44 tempest-ServerRescueNegativeTestJSON-785753659 tempest-ServerRescueNegativeTestJSON-785753659-project] Lock "00000000-0000-0000-0000-000000000000" "released" by "nova.context.set_target_cell..get_or_set_cached_cell_and_set_connections" :: held 0.001s {{(pid=117941) inner /usr/local/lib/python3.8/dist-packages/oslo_concurrency/lockutils.py:400}}
Jun 30 18:28:32.999756 dv-cinder-803785-1-iscsi devstack@n-api.service[117941]: DEBUG oslo_concurrency.lockutils [None req-994d26f1-14d6-4125-b1fa-d75d06e14b44 tempest-ServerRescueNegativeTestJSON-785753659 tempest-ServerRescueNegativeTestJSON-785753659-project] Lock "91ffa63e-ed46-4e0d-b7bb-17bc9fc6235c" acquired by "nova.context.set_target_cell..get_or_set_cached_cell_and_set_connections" :: waited 0.000s {{(pid=117941) inner /usr/local/lib/python3.8/dist-packages/oslo_concurrency/lockutils.py:386}}
Jun 30 18:28:33.000189 dv-cinder-803785-1-iscsi devstack@n-api.service[117941]: DEBUG oslo_concurrency.lockutils [None req-994d26f1-14d6-4125-b1fa-d75d06e14b44 tempest-ServerRescueNegativeTestJSON-785753659 tempest-ServerRescueNegativeTestJSON-785753659-project] Lock "91ffa63e-ed46-4e0d-b7bb-17bc9fc6235c" "released" by "nova.context.set_target_cell..get_or_set_cached_cell_and_set_connections" :: held 0.000s {{(pid=117941) inner /usr/local/lib/python3.8/dist-packages/oslo_concurrency/lockutils.py:400}}
Jun 30 18:28:33.040191 dv-cinder-803785-1-iscsi devstack@n-api.service[117941]: DEBUG nova.quota [None req-994d26f1-14d6-4125-b1fa-d75d06e14b44 tempest-ServerRescueNegativeTestJSON-785753659 tempest-ServerRescueNegativeTestJSON-785753659-project] Getting quotas for project 89156f1867314be89e5108d5506b83a3. Resources: {'ram', 'instances', 'cores'} {{(pid=117941) _get_quotas /opt/stack/nova/nova/quota.py:393}}
Jun 30 18:28:33.048432 dv-cinder-803785-1-iscsi devstack@n-api.service[117941]: DEBUG nova.quota [None req-994d26f1-14d6-4125-b1fa-d75d06e14b44 tempest-ServerRescueNegativeTestJSON-785753659 tempest-ServerRescueNegativeTestJSON-785753659-project] Getting quotas for user c66efdb1cc27467d85831617590c8b28 and project 89156f1867314be89e5108d5506b83a3. Resources: {'ram', 'instances', 'cores'} {{(pid=117941) _get_quotas /opt/stack/nova/nova/quota.py:383}}
Jun 30 18:28:33.062748 dv-cinder-803785-1-iscsi devstack@n-api.service[117941]: DEBUG nova.compute.api [None req-994d26f1-14d6-4125-b1fa-d75d06e14b44 tempest-ServerRescueNegativeTestJSON-785753659 tempest-ServerRescueNegativeTestJSON-785753659-project] Going to run 1 instances... {{(pid=117941) _provision_instances /opt/stack/nova/nova/compute/api.py:1389}}
Jun 30 18:28:33.065561 dv-cinder-803785-1-iscsi devstack@n-api.service[117941]: DEBUG nova.compute.api [None req-994d26f1-14d6-4125-b1fa-d75d06e14b44 tempest-ServerRescueNegativeTestJSON-785753659 tempest-ServerRescueNegativeTestJSON-785753659-project] [instance: d6c61f3b-a138-4d3c-971d-8f25d3124178] block_device_mapping [BlockDeviceMapping(attachment_id=,boot_index=0,connection_info=None,created_at=,delete_on_termination=True,deleted=,deleted_at=,destination_type='local',device_name=None,device_type='disk',disk_bus=None,guest_format=None,id=,image_id='636d6d52-5033-47e1-bf75-0b4fc50c0bb0',instance=,instance_uuid=,no_device=False,snapshot_id=None,source_type='image',tag=None,updated_at=,uuid=,volume_id=None,volume_size=None,volume_type=None)] {{(pid=117941) _bdm_validate_set_size_and_instance /opt/stack/nova/nova/compute/api.py:1807}}
Jun 30 18:28:33.191325 dv-cinder-803785-1-iscsi devstack@n-api.service[117941]: INFO nova.api.openstack.requestlog [None req-994d26f1-14d6-4125-b1fa-d75d06e14b44 tempest-ServerRescueNegativeTestJSON-785753659 tempest-ServerRescueNegativeTestJSON-785753659-project] 10.222.0.33 "POST /compute/v2.1/servers" status: 202 len: 383 microversion: 2.1 time: 1.759880
Jun 30 18:28:33.192201 dv-cinder-803785-1-iscsi devstack@n-api.service[117941]: [pid: 117941|app: 0|req: 5/13] 10.222.0.33 () {60 vars in 1146 bytes} [Thu Jun 30 18:28:31 2022] POST /compute/v2.1/servers => generated 383 bytes in 1761 msecs (HTTP/1.1 202) 10 headers in 451 bytes (2 switches on core 0)
Jun 30 18:28:33.203322 dv-cinder-803785-1-iscsi devstack@n-api.service[117940]: DEBUG nova.api.openstack.wsgi [None req-01f5e6a1-0713-482a-a22c-05666104069e tempest-ServerRescueNegativeTestJSON-785753659 tempest-ServerRescueNegativeTestJSON-785753659-project] Calling method '>' {{(pid=117940) _process_stack /opt/stack/nova/nova/api/openstack/wsgi.py:513}}
Jun 30 18:28:33.204358 dv-cinder-803785-1-iscsi devstack@n-api.service[117940]: DEBUG nova.compute.api [None req-01f5e6a1-0713-482a-a22c-05666104069e tempest-ServerRescueNegativeTestJSON-785753659 tempest-ServerRescueNegativeTestJSON-785753659-project] [instance: d6c61f3b-a138-4d3c-971d-8f25d3124178] Fetching instance by UUID {{(pid=117940) get /opt/stack/nova/nova/compute/api.py:2920}}
Jun 30 18:28:33.417751 dv-cinder-803785-1-iscsi devstack@n-api.service[117940]: DEBUG nova.policy [None req-01f5e6a1-0713-482a-a22c-05666104069e tempest-ServerRescueNegativeTestJSON-785753659 tempest-ServerRescueNegativeTestJSON-785753659-project] Policy check for os_compute_api:os-extended-server-attributes failed with credentials {'is_admin': False, 'user_id': 'c66efdb1cc27467d85831617590c8b28', 'user_domain_id': 'default', 'system_scope': None, 'domain_id': None, 'project_id': '89156f1867314be89e5108d5506b83a3', 'project_domain_id': 'default', 'roles': ['reader', 'member'], 'is_admin_project': True, 'service_user_id': None, 'service_user_domain_id': None, 'service_project_id': None, 'service_project_domain_id': None, 'service_roles': []} {{(pid=117940) authorize /opt/stack/nova/nova/policy.py:199}}
Jun 30 18:28:33.445177 dv-cinder-803785-1-iscsi devstack@n-api.service[117940]: INFO nova.api.openstack.requestlog [None req-01f5e6a1-0713-482a-a22c-05666104069e tempest-ServerRescueNegativeTestJSON-785753659 tempest-ServerRescueNegativeTestJSON-785753659-project] 10.222.0.33 "GET /compute/v2.1/servers/d6c61f3b-a138-4d3c-971d-8f25d3124178" status: 200 len: 1222 microversion: 2.1 time: 0.246258
Jun 30 18:28:33.449885 dv-cinder-803785-1-iscsi devstack@n-api.service[117940]: [pid: 117940|app: 0|req: 9/14] 10.222.0.33 () {58 vars in 1235 bytes} [Thu Jun 30 18:28:33 2022] GET /compute/v2.1/servers/d6c61f3b-a138-4d3c-971d-8f25d3124178 => generated 1222 bytes in 252 msecs (HTTP/1.1 200) 9 headers in 358 bytes (1 switches on core 0)
Jun 30 18:28:33.545440 dv-cinder-803785-1-iscsi devstack@n-api.service[117941]: DEBUG nova.api.openstack.wsgi [None req-7362266c-d310-4d98-99ad-b8cbe2bcd465 tempest-ServerRescueNegativeTestJSON-785753659 tempest-ServerRescueNegativeTestJSON-785753659-project] Action: 'create', calling method: >, body: {"server": {"name": "tempest-ServerRescueNegativeTestJSON-server-497428637", "imageRef": "636d6d52-5033-47e1-bf75-0b4fc50c0bb0", "flavorRef": "452", "adminPass": "***", "networks": [{"uuid": "}]}} {{(pid=117941) _process_stack /opt/stack/nova/nova/api/openstack/wsgi.py:511}}
Jun 30 18:28:33.637993 dv-cinder-803785-1-iscsi devstack@n-api.service[117941]: DEBUG nova.network.neutron [None req-7362266c-d310-4d98-99ad-b8cbe2bcd465 tempest-ServerRescueNegativeTestJSON-785753659 tempest-ServerRescueNegativeTestJSON-785753659-project] validate_networks() for [('2d22caf1-f6f9-42ca-8270-c3e0450297eb', None, None, None, None, None)] {{(pid=117941) validate_networks /opt/stack/nova/nova/network/neutron.py:2626}}
Jun 30 18:28:33.693027 dv-cinder-803785-1-iscsi devstack@n-api.service[117940]: DEBUG nova.api.openstack.wsgi [None req-4bccdeec-4a82-4055-942b-dd006e26094f tempest-VolumesSnapshotsTestJSON-1262642487 tempest-VolumesSnapshotsTestJSON-1262642487-project] Calling method '.version_select at 0x7f1806b27280>' {{(pid=117940) _process_stack /opt/stack/nova/nova/api/openstack/wsgi.py:513}}
Jun 30 18:28:33.745446 dv-cinder-803785-1-iscsi devstack@n-api.service[117940]: INFO nova.api.openstack.requestlog [None req-4bccdeec-4a82-4055-942b-dd006e26094f tempest-VolumesSnapshotsTestJSON-1262642487 tempest-VolumesSnapshotsTestJSON-1262642487-project] 10.222.0.33 "GET /compute/v2.1/os-snapshots/d6377b39-6900-4919-8754-6de8a0a47fd3" status: 200 len: 287 microversion: 2.1 time: 0.056862
Jun 30 18:28:33.746054 dv-cinder-803785-1-iscsi devstack@n-api.service[117940]: [pid: 117940|app: 0|req: 10/15] 10.222.0.33 () {58 vars in 1250 bytes} [Thu Jun 30 18:28:33 2022] GET /compute/v2.1/os-snapshots/d6377b39-6900-4919-8754-6de8a0a47fd3 => generated 287 bytes in 58 msecs (HTTP/1.1 200) 9 headers in 357 bytes (2 switches on core 0)
Jun 30 18:28:34.320722 dv-cinder-803785-1-iscsi devstack@n-api.service[117941]: DEBUG nova.virt.hardware [None req-7362266c-d310-4d98-99ad-b8cbe2bcd465 tempest-ServerRescueNegativeTestJSON-785753659 tempest-ServerRescueNegativeTestJSON-785753659-project] Flavor limits 0:0:0 {{(pid=117941) get_cpu_topology_constraints /opt/stack/nova/nova/virt/hardware.py:343}}
Jun 30 18:28:34.321271 dv-cinder-803785-1-iscsi devstack@n-api.service[117941]: DEBUG nova.virt.hardware [None req-7362266c-d310-4d98-99ad-b8cbe2bcd465 tempest-ServerRescueNegativeTestJSON-785753659 tempest-ServerRescueNegativeTestJSON-785753659-project] Image limits 0:0:0 {{(pid=117941) get_cpu_topology_constraints /opt/stack/nova/nova/virt/hardware.py:347}}
Jun 30 18:28:34.322794 dv-cinder-803785-1-iscsi devstack@n-api.service[117941]: DEBUG nova.virt.hardware [None req-7362266c-d310-4d98-99ad-b8cbe2bcd465 tempest-ServerRescueNegativeTestJSON-785753659 tempest-ServerRescueNegativeTestJSON-785753659-project] Flavor pref 0:0:0 {{(pid=117941) get_cpu_topology_constraints /opt/stack/nova/nova/virt/hardware.py:383}}
Jun 30 18:28:34.323227 dv-cinder-803785-1-iscsi devstack@n-api.service[117941]: DEBUG nova.virt.hardware [None req-7362266c-d310-4d98-99ad-b8cbe2bcd465 tempest-ServerRescueNegativeTestJSON-785753659 tempest-ServerRescueNegativeTestJSON-785753659-project] Image pref 0:0:0 {{(pid=117941) get_cpu_topology_constraints /opt/stack/nova/nova/virt/hardware.py:387}}
Jun 30 18:28:34.323641 dv-cinder-803785-1-iscsi devstack@n-api.service[117941]: DEBUG nova.virt.hardware [None req-7362266c-d310-4d98-99ad-b8cbe2bcd465 tempest-ServerRescueNegativeTestJSON-785753659 tempest-ServerRescueNegativeTestJSON-785753659-project] Chose sockets=0, cores=0, threads=0; limits were sockets=65536, cores=65536, threads=65536 {{(pid=117941) get_cpu_topology_constraints /opt/stack/nova/nova/virt/hardware.py:425}}
Jun 30 18:28:34.335476 dv-cinder-803785-1-iscsi devstack@n-api.service[117941]: DEBUG oslo_concurrency.lockutils [None req-7362266c-d310-4d98-99ad-b8cbe2bcd465 tempest-ServerRescueNegativeTestJSON-785753659 tempest-ServerRescueNegativeTestJSON-785753659-project] Lock "00000000-0000-0000-0000-000000000000" acquired by "nova.context.set_target_cell..get_or_set_cached_cell_and_set_connections" :: waited 0.000s {{(pid=117941) inner /usr/local/lib/python3.8/dist-packages/oslo_concurrency/lockutils.py:386}}
Jun 30 18:28:34.336549 dv-cinder-803785-1-iscsi devstack@n-api.service[117941]: DEBUG oslo_concurrency.lockutils [None req-7362266c-d310-4d98-99ad-b8cbe2bcd465 tempest-ServerRescueNegativeTestJSON-785753659 tempest-ServerRescueNegativeTestJSON-785753659-project] Lock "00000000-0000-0000-0000-000000000000" "released" by "nova.context.set_target_cell..get_or_set_cached_cell_and_set_connections" :: held 0.001s {{(pid=117941) inner /usr/local/lib/python3.8/dist-packages/oslo_concurrency/lockutils.py:400}}
Jun 30 18:28:34.337356 dv-cinder-803785-1-iscsi devstack@n-api.service[117941]: DEBUG oslo_concurrency.lockutils [None req-7362266c-d310-4d98-99ad-b8cbe2bcd465 tempest-ServerRescueNegativeTestJSON-785753659 tempest-ServerRescueNegativeTestJSON-785753659-project] Lock "91ffa63e-ed46-4e0d-b7bb-17bc9fc6235c" acquired by "nova.context.set_target_cell..get_or_set_cached_cell_and_set_connections" :: waited 0.000s {{(pid=117941) inner /usr/local/lib/python3.8/dist-packages/oslo_concurrency/lockutils.py:386}}
Jun 30 18:28:34.337875 dv-cinder-803785-1-iscsi devstack@n-api.service[117941]: DEBUG oslo_concurrency.lockutils [None req-7362266c-d310-4d98-99ad-b8cbe2bcd465 tempest-ServerRescueNegativeTestJSON-785753659 tempest-ServerRescueNegativeTestJSON-785753659-project] Lock "91ffa63e-ed46-4e0d-b7bb-17bc9fc6235c" "released" by "nova.context.set_target_cell..get_or_set_cached_cell_and_set_connections" :: held 0.000s {{(pid=117941) inner /usr/local/lib/python3.8/dist-packages/oslo_concurrency/lockutils.py:400}}
Jun 30 18:28:34.366354 dv-cinder-803785-1-iscsi devstack@n-api.service[117941]: DEBUG nova.quota [None req-7362266c-d310-4d98-99ad-b8cbe2bcd465 tempest-ServerRescueNegativeTestJSON-785753659 tempest-ServerRescueNegativeTestJSON-785753659-project] Getting quotas for project 89156f1867314be89e5108d5506b83a3. Resources: {'ram', 'instances', 'cores'} {{(pid=117941) _get_quotas /opt/stack/nova/nova/quota.py:393}}
Jun 30 18:28:34.379916 dv-cinder-803785-1-iscsi devstack@n-api.service[117941]: DEBUG nova.quota [None req-7362266c-d310-4d98-99ad-b8cbe2bcd465 tempest-ServerRescueNegativeTestJSON-785753659 tempest-ServerRescueNegativeTestJSON-785753659-project] Getting quotas for user c66efdb1cc27467d85831617590c8b28 and project 89156f1867314be89e5108d5506b83a3. Resources: {'ram', 'instances', 'cores'} {{(pid=117941) _get_quotas /opt/stack/nova/nova/quota.py:383}}
Jun 30 18:28:34.404330 dv-cinder-803785-1-iscsi devstack@n-api.service[117941]: DEBUG nova.compute.api [None req-7362266c-d310-4d98-99ad-b8cbe2bcd465 tempest-ServerRescueNegativeTestJSON-785753659 tempest-ServerRescueNegativeTestJSON-785753659-project] Going to run 1 instances... {{(pid=117941) _provision_instances /opt/stack/nova/nova/compute/api.py:1389}}
Jun 30 18:28:34.406885 dv-cinder-803785-1-iscsi devstack@n-api.service[117941]: DEBUG nova.compute.api [None req-7362266c-d310-4d98-99ad-b8cbe2bcd465 tempest-ServerRescueNegativeTestJSON-785753659 tempest-ServerRescueNegativeTestJSON-785753659-project] [instance: 5df6e0a7-4daa-4bb9-943a-69462fa6bcfd] block_device_mapping [BlockDeviceMapping(attachment_id=,boot_index=0,connection_info=None,created_at=,delete_on_termination=True,deleted=,deleted_at=,destination_type='local',device_name=None,device_type='disk',disk_bus=None,guest_format=None,id=,image_id='636d6d52-5033-47e1-bf75-0b4fc50c0bb0',instance=,instance_uuid=,no_device=False,snapshot_id=None,source_type='image',tag=None,updated_at=,uuid=,volume_id=None,volume_size=None,volume_type=None)] {{(pid=117941) _bdm_validate_set_size_and_instance /opt/stack/nova/nova/compute/api.py:1807}}
Jun 30 18:28:34.460894 dv-cinder-803785-1-iscsi devstack@n-api.service[117940]: DEBUG nova.api.openstack.wsgi [None req-d5c408e7-3c7d-4b18-9238-dfb8b72e723e tempest-DeleteServersTestJSON-751316779 tempest-DeleteServersTestJSON-751316779-project] Action: 'create', calling method: >, body: {"server": {"name": "tempest-DeleteServersTestJSON-server-232463967", "imageRef": "636d6d52-5033-47e1-bf75-0b4fc50c0bb0", "flavorRef": "452", "networks": [{"uuid": "af491941-578d-45af-8858-d70f6c727f67"}]}} {{(pid=117940) _process_stack /opt/stack/nova/nova/api/openstack/wsgi.py:511}}
Jun 30 18:28:34.497400 dv-cinder-803785-1-iscsi devstack@n-api.service[117941]: INFO nova.api.openstack.requestlog [None req-7362266c-d310-4d98-99ad-b8cbe2bcd465 tempest-ServerRescueNegativeTestJSON-785753659 tempest-ServerRescueNegativeTestJSON-785753659-project] 10.222.0.33 "POST /compute/v2.1/servers" status: 202 len: 383 microversion: 2.1 time: 0.957801
