Jun 17 07:12:55.894309 dv-cinder-803773-3-iscsi devstack@keystone.service[80080]: ERROR keystone.server.flask.application
File "/usr/local/lib/python3.8/dist-packages/flask/app.py", line 1523, in full_dispatch_request
Jun 17 07:12:55.894309 dv-cinder-803773-3-iscsi devstack@keystone.service[80080]: ERROR keystone.server.flask.application rv = self.dispatch_request()
Jun 17 07:12:55.894309 dv-cinder-803773-3-iscsi devstack@keystone.service[80080]: ERROR keystone.server.flask.application
File "/usr/local/lib/python3.8/dist-packages/flask/app.py", line 1509, in dispatch_request
Jun 17 07:12:55.894309 dv-cinder-803773-3-iscsi devstack@keystone.service[80080]: ERROR keystone.server.flask.application return self.ensure_sync(self.view_functions[rule.endpoint])(**req.view_args)
Jun 17 07:12:55.894309 dv-cinder-803773-3-iscsi devstack@keystone.service[80080]: ERROR keystone.server.flask.application
File "/usr/local/lib/python3.8/dist-packages/flask_restful/__init__.py", line 467, in wrapper
Jun 17 07:12:55.894309 dv-cinder-803773-3-iscsi devstack@keystone.service[80080]: ERROR keystone.server.flask.application resp = resource(*args, **kwargs)
Jun 17 07:12:55.894309 dv-cinder-803773-3-iscsi devstack@keystone.service[80080]: ERROR keystone.server.flask.application
File "/usr/local/lib/python3.8/dist-packages/flask/views.py", line 84, in view
Jun 17 07:12:55.894309 dv-cinder-803773-3-iscsi devstack@keystone.service[80080]: ERROR keystone.server.flask.application return current_app.ensure_sync(self.dispatch_request)(*args, **kwargs)
Jun 17 07:12:55.894309 dv-cinder-803773-3-iscsi devstack@keystone.service[80080]: ERROR keystone.server.flask.application
File "/usr/local/lib/python3.8/dist-packages/flask_restful/__init__.py", line 582, in dispatch_request
Jun 17 07:12:55.894309 dv-cinder-803773-3-iscsi devstack@keystone.service[80080]: ERROR keystone.server.flask.application resp = meth(*args, **kwargs)
Jun 17 07:12:55.894309 dv-cinder-803773-3-iscsi devstack@keystone.service[80080]: ERROR keystone.server.flask.application
File "/opt/stack/keystone/keystone/api/roles.py", line 50, in get
Jun 17 07:12:55.894309 dv-cinder-803773-3-iscsi devstack@keystone.service[80080]: ERROR keystone.server.flask.application return self._get_role(role_id)
Jun 17 07:12:55.894309 dv-cinder-803773-3-iscsi devstack@keystone.service[80080]: ERROR keystone.server.flask.application
File "/opt/stack/keystone/keystone/api/roles.py", line 70, in _get_role
Jun 17 07:12:55.894309 dv-cinder-803773-3-iscsi devstack@keystone.service[80080]: ERROR keystone.server.flask.application ENFORCER.enforce_call(action='identity:get_role')
Jun 17 07:12:55.895371 dv-cinder-803773-3-iscsi devstack@keystone.service[80080]: ERROR keystone.server.flask.application
File "/opt/stack/keystone/keystone/common/rbac_enforcer/enforcer.py", line 402, in enforce_call
Jun 17 07:12:55.895371 dv-cinder-803773-3-iscsi devstack@keystone.service[80080]: ERROR keystone.server.flask.application policy_dict.update(cls._extract_member_target_data(
Jun 17 07:12:55.895371 dv-cinder-803773-3-iscsi devstack@keystone.service[80080]: ERROR keystone.server.flask.application
File "/opt/stack/keystone/keystone/common/rbac_enforcer/enforcer.py", line 234, in _extract_member_target_data
Jun 17 07:12:55.895371 dv-cinder-803773-3-iscsi devstack@keystone.service[80080]: ERROR keystone.server.flask.application member_name: func(flask.request.view_args[key])
Jun 17 07:12:55.895371 dv-cinder-803773-3-iscsi devstack@keystone.service[80080]: ERROR keystone.server.flask.application
File "/opt/stack/keystone/keystone/common/manager.py", line 115, in wrapped
Jun 17 07:12:55.895371 dv-cinder-803773-3-iscsi devstack@keystone.service[80080]: ERROR keystone.server.flask.application __ret_val = __f(*args, **kwargs)
Jun 17 07:12:55.895371 dv-cinder-803773-3-iscsi devstack@keystone.service[80080]: ERROR keystone.server.flask.application
File "/usr/local/lib/python3.8/dist-packages/decorator.py", line 232, in fun
Jun 17 07:12:55.895371 dv-cinder-803773-3-iscsi devstack@keystone.service[80080]: ERROR keystone.server.flask.application return caller(func, *(extras + args), **kw)
Jun 17 07:12:55.895371 dv-cinder-803773-3-iscsi devstack@keystone.service[80080]: ERROR keystone.server.flask.application
File "/usr/local/lib/python3.8/dist-packages/dogpile/cache/region.py", line 1577, in get_or_create_for_user_func
Jun 17 07:12:55.895371 dv-cinder-803773-3-iscsi devstack@keystone.service[80080]: ERROR keystone.server.flask.application return self.get_or_create(
Jun 17 07:12:55.895371 dv-cinder-803773-3-iscsi devstack@keystone.service[80080]: ERROR keystone.server.flask.application
File "/usr/local/lib/python3.8/dist-packages/dogpile/cache/region.py", line 1042, in get_or_create
Jun 17 07:12:55.895371 dv-cinder-803773-3-iscsi devstack@keystone.service[80080]: ERROR keystone.server.flask.application with Lock(
Jun 17 07:12:55.895371 dv-cinder-803773-3-iscsi devstack@keystone.service[80080]: ERROR keystone.server.flask.application
File "/usr/local/lib/python3.8/dist-packages/dogpile/lock.py", line 185, in __enter__
Jun 17 07:12:55.895371 dv-cinder-803773-3-iscsi devstack@keystone.service[80080]: ERROR keystone.server.flask.application return self._enter()
Jun 17 07:12:55.895371 dv-cinder-803773-3-iscsi devstack@keystone.service[80080]: ERROR keystone.server.flask.application
File "/usr/local/lib/python3.8/dist-packages/dogpile/lock.py", line 94, in _enter
Jun 17 07:12:55.895371 dv-cinder-803773-3-iscsi devstack@keystone.service[80080]: ERROR keystone.server.flask.application generated = self._enter_create(value, createdtime)
Jun 17 07:12:55.896584 dv-cinder-803773-3-iscsi devstack@keystone.service[80080]: ERROR keystone.server.flask.application
File "/usr/local/lib/python3.8/dist-packages/dogpile/lock.py", line 178, in _enter_create
Jun 17 07:12:55.896584 dv-cinder-803773-3-iscsi devstack@keystone.service[80080]: ERROR keystone.server.flask.application return self.creator()
Jun 17 07:12:55.896584 dv-cinder-803773-3-iscsi devstack@keystone.service[80080]: ERROR keystone.server.flask.application
File "/usr/local/lib/python3.8/dist-packages/dogpile/cache/region.py", line 995, in gen_value
Jun 17 07:12:55.896584 dv-cinder-803773-3-iscsi devstack@keystone.service[80080]: ERROR keystone.server.flask.application created_value = creator(
Jun 17 07:12:55.896584 dv-cinder-803773-3-iscsi devstack@keystone.service[80080]: ERROR keystone.server.flask.application
File "/opt/stack/keystone/keystone/assignment/core.py", line 1276, in get_role
Jun 17 07:12:55.896584 dv-cinder-803773-3-iscsi devstack@keystone.service[80080]: ERROR keystone.server.flask.application return self.driver.get_role(role_id)
Jun 17 07:12:55.896584 dv-cinder-803773-3-iscsi devstack@keystone.service[80080]: ERROR keystone.server.flask.application
File "/opt/stack/keystone/keystone/assignment/role_backends/sql.py", line 70, in get_role
Jun 17 07:12:55.896584 dv-cinder-803773-3-iscsi devstack@keystone.service[80080]: ERROR keystone.server.flask.application return self._get_role(session, role_id).to_dict()
Jun 17 07:12:55.896584 dv-cinder-803773-3-iscsi devstack@keystone.service[80080]: ERROR keystone.server.flask.application
File "/opt/stack/keystone/keystone/assignment/role_backends/sql.py", line 65, in _get_role
Jun 17 07:12:55.896584 dv-cinder-803773-3-iscsi devstack@keystone.service[80080]: ERROR keystone.server.flask.application raise exception.RoleNotFound(role_id=role_id)
Jun 17 07:12:55.896584 dv-cinder-803773-3-iscsi devstack@keystone.service[80080]: ERROR keystone.server.flask.application keystone.exception.RoleNotFound: Could not find role: anotherrole.
Jun 17 07:12:55.896584 dv-cinder-803773-3-iscsi devstack@keystone.service[80080]: ERROR keystone.server.flask.application
Jun 17 07:12:55.896584 dv-cinder-803773-3-iscsi devstack@keystone.service[80080]: [pid: 80080|app: 0|req: 41/80] 10.222.0.58 () {56 vars in 1114 bytes} [Fri Jun 17 07:12:55 2022] GET /identity/v3/roles/anotherrole => generated 89 bytes in 168 msecs (HTTP/1.1 404) 5 headers in 183 bytes (1 switches on core 0)
Jun 17 07:12:55.896584 dv-cinder-803773-3-iscsi devstack@keystone.service[80080]: DEBUG keystone.server.flask.request_processing.middleware.auth_context [None req-222e472c-84f3-4345-9db7-be7ef4cc5cfa None admin] Authenticating user token {{(pid=80080) process_request /usr/local/lib/python3.8/dist-packages/keystonemiddleware/auth_token/__init__.py:407}}
Jun 17 07:12:55.927058 dv-cinder-803773-3-iscsi devstack@keystone.service[80079]: [pid: 80079|app: 0|req: 40/81] 10.222.0.58 () {58 vars in 1282 bytes} [Fri Jun 17 07:12:55 2022] GET /identity/v3/auth/tokens => generated 799 bytes in 310 msecs (HTTP/1.1 200) 6 headers in 358 bytes (1 switches on core 0)
Jun 17 07:12:55.927970 dv-cinder-803773-3-iscsi devstack@keystone.service[80079]: DEBUG keystone.server.flask.request_processing.middleware.auth_context [None req-4289f40d-5e10-498a-8cd5-b91b9746ca81 None admin] Authenticating user token {{(pid=80079) process_request /usr/local/lib/python3.8/dist-packages/keystonemiddleware/auth_token/__init__.py:407}}
Jun 17 07:12:55.944599 dv-cinder-803773-3-iscsi devstack@keystone.service[80080]: DEBUG dbcounter [-] [80080] Writing DB stats keystone:SELECT=100 {{(pid=80080) stat_writer /usr/local/lib/python3.8/dist-packages/dbcounter.py:114}}
Jun 17 07:12:55.998382 dv-cinder-803773-3-iscsi devstack@keystone.service[80080]: DEBUG keystone.server.flask.request_processing.middleware.auth_context [None req-222e472c-84f3-4345-9db7-be7ef4cc5cfa None admin] Validating token access rules against request {{(pid=80080) validate_allowed_request /usr/local/lib/python3.8/dist-packages/keystonemiddleware/auth_token/__init__.py:545}}
Jun 17 07:12:56.001257 dv-cinder-803773-3-iscsi devstack@keystone.service[80079]: DEBUG dbcounter [-] [80079] Writing DB stats keystone:SELECT=100 {{(pid=80079) stat_writer /usr/local/lib/python3.8/dist-packages/dbcounter.py:114}}
Jun 17 07:12:56.027200 dv-cinder-803773-3-iscsi devstack@keystone.service[80079]: DEBUG keystone.server.flask.request_processing.middleware.auth_context [None req-4289f40d-5e10-498a-8cd5-b91b9746ca81 None admin] Validating token access rules against request {{(pid=80079) validate_allowed_request /usr/local/lib/python3.8/dist-packages/keystonemiddleware/auth_token/__init__.py:545}}
Jun 17 07:12:56.031681 dv-cinder-803773-3-iscsi devstack@keystone.service[80080]: DEBUG keystone.server.flask.request_processing.middleware.auth_context [None req-881e2ee6-4504-458a-91bc-7f564f1b1aa2 None admin] RBAC: auth_context: {'token': , 'domain_id': None, 'trust_id': None, 'trustor_id': None, 'trustee_id': None, 'domain_name': None, 'group_ids': [], 'user_id': 'b8c1c83f1036474f9bd804fc73521ecc', 'user_domain_id': 'default', 'system_scope': 'all', 'project_id': None, 'project_domain_id': None, 'roles': ['admin', 'member', 'reader'], 'is_admin_project': True, 'service_user_id': None, 'service_user_domain_id': None, 'service_project_id': None, 'service_project_domain_id': None, 'service_roles': []} {{(pid=80080) fill_context /opt/stack/keystone/keystone/server/flask/request_processing/middleware/auth_context.py:478}}
Jun 17 07:12:56.032391 dv-cinder-803773-3-iscsi devstack@keystone.service[80080]: DEBUG keystone.server.flask.request_processing.req_logging [None req-881e2ee6-4504-458a-91bc-7f564f1b1aa2 None admin] REQUEST_METHOD: `GET` {{(pid=80080) log_request_info /opt/stack/keystone/keystone/server/flask/request_processing/req_logging.py:27}}
Jun 17 07:12:56.032684 dv-cinder-803773-3-iscsi devstack@keystone.service[80080]: DEBUG keystone.server.flask.request_processing.req_logging [None req-881e2ee6-4504-458a-91bc-7f564f1b1aa2 None admin] SCRIPT_NAME: `/identity` {{(pid=80080) log_request_info /opt/stack/keystone/keystone/server/flask/request_processing/req_logging.py:28}}
Jun 17 07:12:56.032967 dv-cinder-803773-3-iscsi devstack@keystone.service[80080]: DEBUG keystone.server.flask.request_processing.req_logging [None req-881e2ee6-4504-458a-91bc-7f564f1b1aa2 None admin] PATH_INFO: `/v3/roles` {{(pid=80080) log_request_info /opt/stack/keystone/keystone/server/flask/request_processing/req_logging.py:29}}
Jun 17 07:12:56.033716 dv-cinder-803773-3-iscsi devstack@keystone.service[80080]: DEBUG keystone.common.rbac_enforcer.enforcer [None req-881e2ee6-4504-458a-91bc-7f564f1b1aa2 None admin] RBAC: Adding query filter params (name=member) {{(pid=80080) _extract_filter_values /opt/stack/keystone/keystone/common/rbac_enforcer/enforcer.py:167}}
Jun 17 07:12:56.034032 dv-cinder-803773-3-iscsi devstack@keystone.service[80080]: DEBUG keystone.common.rbac_enforcer.enforcer [None req-881e2ee6-4504-458a-91bc-7f564f1b1aa2 None admin] RBAC: Authorizing `identity:list_roles()` {{(pid=80080) enforce_call /opt/stack/keystone/keystone/common/rbac_enforcer/enforcer.py:449}}
Jun 17 07:12:56.035448 dv-cinder-803773-3-iscsi devstack@keystone.service[80080]: DEBUG keystone.common.rbac_enforcer.enforcer [None req-881e2ee6-4504-458a-91bc-7f564f1b1aa2 None admin] RBAC: Authorization granted {{(pid=80080) enforce_call /opt/stack/keystone/keystone/common/rbac_enforcer/enforcer.py:457}}
Jun 17 07:12:56.043775 dv-cinder-803773-3-iscsi devstack@keystone.service[80080]: [pid: 80080|app: 0|req: 42/82] 10.222.0.58 () {56 vars in 1101 bytes} [Fri Jun 17 07:12:55 2022] GET /identity/v3/roles?name=member => generated 341 bytes in 148 msecs (HTTP/1.1 200) 5 headers in 177 bytes (1 switches on core 0)
Jun 17 07:12:56.044594 dv-cinder-803773-3-iscsi devstack@keystone.service[80080]: DEBUG keystone.server.flask.request_processing.middleware.auth_context [None req-881e2ee6-4504-458a-91bc-7f564f1b1aa2 None admin] Authenticating user token {{(pid=80080) process_request /usr/local/lib/python3.8/dist-packages/keystonemiddleware/auth_token/__init__.py:407}}
Jun 17 07:12:56.066493 dv-cinder-803773-3-iscsi devstack@keystone.service[80079]: DEBUG keystone.server.flask.request_processing.middleware.auth_context [None req-8e518734-a09d-4ecf-8557-039e61f95565 None admin] RBAC: auth_context: {'token': , 'domain_id': None, 'trust_id': None, 'trustor_id': None, 'trustee_id': None, 'domain_name': None, 'group_ids': [], 'user_id': 'b8c1c83f1036474f9bd804fc73521ecc', 'user_domain_id': 'default', 'system_scope': 'all', 'project_id': None, 'project_domain_id': None, 'roles': ['admin', 'member', 'reader'], 'is_admin_project': True, 'service_user_id': None, 'service_user_domain_id': None, 'service_project_id': None, 'service_project_domain_id': None, 'service_roles': []} {{(pid=80079) fill_context /opt/stack/keystone/keystone/server/flask/request_processing/middleware/auth_context.py:478}}
Jun 17 07:12:56.067875 dv-cinder-803773-3-iscsi devstack@keystone.service[80079]: DEBUG keystone.server.flask.request_processing.req_logging [None req-8e518734-a09d-4ecf-8557-039e61f95565 None admin] REQUEST_METHOD: `GET` {{(pid=80079) log_request_info /opt/stack/keystone/keystone/server/flask/request_processing/req_logging.py:27}}
Jun 17 07:12:56.068163 dv-cinder-803773-3-iscsi devstack@keystone.service[80079]: DEBUG keystone.server.flask.request_processing.req_logging [None req-8e518734-a09d-4ecf-8557-039e61f95565 None admin] SCRIPT_NAME: `/identity` {{(pid=80079) log_request_info /opt/stack/keystone/keystone/server/flask/request_processing/req_logging.py:28}}
Jun 17 07:12:56.068440 dv-cinder-803773-3-iscsi devstack@keystone.service[80079]: DEBUG keystone.server.flask.request_processing.req_logging [None req-8e518734-a09d-4ecf-8557-039e61f95565 None admin] PATH_INFO: `/v3/domains/default` {{(pid=80079) log_request_info /opt/stack/keystone/keystone/server/flask/request_processing/req_logging.py:29}}
Jun 17 07:12:56.069618 dv-cinder-803773-3-iscsi devstack@keystone.service[80079]: DEBUG keystone.common.rbac_enforcer.enforcer [None req-8e518734-a09d-4ecf-8557-039e61f95565 None admin] RBAC: Authorizing `identity:get_domain(domain_id=default)` {{(pid=80079) enforce_call /opt/stack/keystone/keystone/common/rbac_enforcer/enforcer.py:449}}
Jun 17 07:12:56.071082 dv-cinder-803773-3-iscsi devstack@keystone.service[80079]: DEBUG keystone.common.rbac_enforcer.enforcer [None req-8e518734-a09d-4ecf-8557-039e61f95565 None admin] RBAC: Authorization granted {{(pid=80079) enforce_call /opt/stack/keystone/keystone/common/rbac_enforcer/enforcer.py:457}}
Jun 17 07:12:56.072747 dv-cinder-803773-3-iscsi devstack@keystone.service[80079]: [pid: 80079|app: 0|req: 41/83] 10.222.0.58 () {56 vars in 1108 bytes} [Fri Jun 17 07:12:55 2022] GET /identity/v3/domains/default => generated 199 bytes in 145 msecs (HTTP/1.1 200) 5 headers in 177 bytes (1 switches on core 0)
Jun 17 07:12:56.073502 dv-cinder-803773-3-iscsi devstack@keystone.service[80079]: DEBUG keystone.server.flask.request_processing.middleware.auth_context [None req-8e518734-a09d-4ecf-8557-039e61f95565 None admin] Authenticating user token {{(pid=80079) process_request /usr/local/lib/python3.8/dist-packages/keystonemiddleware/auth_token/__init__.py:407}}
Jun 17 07:12:56.148224 dv-cinder-803773-3-iscsi devstack@keystone.service[80080]: DEBUG keystone.server.flask.request_processing.middleware.auth_context [None req-881e2ee6-4504-458a-91bc-7f564f1b1aa2 None admin] Validating token access rules against request {{(pid=80080) validate_allowed_request /usr/local/lib/python3.8/dist-packages/keystonemiddleware/auth_token/__init__.py:545}}
Jun 17 07:12:56.157487 dv-cinder-803773-3-iscsi devstack@keystone.service[80080]: DEBUG dbcounter [-] [80080] Writing DB stats keystone:SELECT=100 {{(pid=80080) stat_writer /usr/local/lib/python3.8/dist-packages/dbcounter.py:114}}
Jun 17 07:12:56.178900 dv-cinder-803773-3-iscsi devstack@keystone.service[80079]: DEBUG keystone.server.flask.request_processing.middleware.auth_context [None req-8e518734-a09d-4ecf-8557-039e61f95565 None admin] Validating token access rules against request {{(pid=80079) validate_allowed_request /usr/local/lib/python3.8/dist-packages/keystonemiddleware/auth_token/__init__.py:545}}
Jun 17 07:12:56.184317 dv-cinder-803773-3-iscsi devstack@keystone.service[80080]: DEBUG keystone.server.flask.request_processing.middleware.auth_context [None req-d1e2ad3e-1954-4a87-acea-9a09c343e04a None admin] RBAC: auth_context: {'token': , 'domain_id': None, 'trust_id': None, 'trustor_id': None, 'trustee_id': None, 'domain_name': None, 'group_ids': [], 'user_id': 'b8c1c83f1036474f9bd804fc73521ecc', 'user_domain_id': 'default', 'system_scope': 'all', 'project_id': None, 'project_domain_id': None, 'roles': ['admin', 'member', 'reader'], 'is_admin_project': True, 'service_user_id': None, 'service_user_domain_id': None, 'service_project_id': None, 'service_project_domain_id': None, 'service_roles': []} {{(pid=80080) fill_context /opt/stack/keystone/keystone/server/flask/request_processing/middleware/auth_context.py:478}}
Jun 17 07:12:56.185194 dv-cinder-803773-3-iscsi devstack@keystone.service[80080]: DEBUG keystone.server.flask.request_processing.req_logging [None req-d1e2ad3e-1954-4a87-acea-9a09c343e04a None admin] REQUEST_METHOD: `GET` {{(pid=80080) log_request_info /opt/stack/keystone/keystone/server/flask/request_processing/req_logging.py:27}}
Jun 17 07:12:56.185485 dv-cinder-803773-3-iscsi devstack@keystone.service[80080]: DEBUG keystone.server.flask.request_processing.req_logging [None req-d1e2ad3e-1954-4a87-acea-9a09c343e04a None admin] SCRIPT_NAME: `/identity` {{(pid=80080) log_request_info /opt/stack/keystone/keystone/server/flask/request_processing/req_logging.py:28}}
Jun 17 07:12:56.185768 dv-cinder-803773-3-iscsi devstack@keystone.service[80080]: DEBUG keystone.server.flask.request_processing.req_logging [None req-d1e2ad3e-1954-4a87-acea-9a09c343e04a None admin] PATH_INFO: `/v3/projects/43c77278a4704b0a83a8ddd7e9eeafc0` {{(pid=80080) log_request_info /opt/stack/keystone/keystone/server/flask/request_processing/req_logging.py:29}}
Jun 17 07:12:56.186976 dv-cinder-803773-3-iscsi devstack@keystone.service[80080]: DEBUG keystone.common.rbac_enforcer.enforcer [None req-d1e2ad3e-1954-4a87-acea-9a09c343e04a None admin] RBAC: Authorizing `identity:get_project(project_id=43c77278a4704b0a83a8ddd7e9eeafc0)` {{(pid=80080) enforce_call /opt/stack/keystone/keystone/common/rbac_enforcer/enforcer.py:449}}
Jun 17 07:12:56.188503 dv-cinder-803773-3-iscsi devstack@keystone.service[80080]: DEBUG keystone.common.rbac_enforcer.enforcer [None req-d1e2ad3e-1954-4a87-acea-9a09c343e04a None admin] RBAC: Authorization granted {{(pid=80080) enforce_call /opt/stack/keystone/keystone/common/rbac_enforcer/enforcer.py:457}}
Jun 17 07:12:56.192451 dv-cinder-803773-3-iscsi devstack@keystone.service[80080]: [pid: 80080|app: 0|req: 43/84] 10.222.0.58 () {56 vars in 1186 bytes} [Fri Jun 17 07:12:56 2022] GET /identity/v3/projects/43c77278a4704b0a83a8ddd7e9eeafc0 => generated 298 bytes in 148 msecs (HTTP/1.1 200) 5 headers in 177 bytes (1 switches on core 0)
Jun 17 07:12:56.193159 dv-cinder-803773-3-iscsi devstack@keystone.service[80080]: DEBUG keystone.server.flask.request_processing.middleware.auth_context [None req-d1e2ad3e-1954-4a87-acea-9a09c343e04a None admin] Authenticating user token {{(pid=80080) process_request /usr/local/lib/python3.8/dist-packages/keystonemiddleware/auth_token/__init__.py:407}}
Jun 17 07:12:56.221008 dv-cinder-803773-3-iscsi devstack@keystone.service[80079]: DEBUG keystone.server.flask.request_processing.middleware.auth_context [None req-67a21e01-3cc3-428c-8690-92d6ce03103d None admin] RBAC: auth_context: {'token': , 'domain_id': None, 'trust_id': None, 'trustor_id': None, 'trustee_id': None, 'domain_name': None, 'group_ids': [], 'user_id': 'b8c1c83f1036474f9bd804fc73521ecc', 'user_domain_id': 'default', 'system_scope': 'all', 'project_id': None, 'project_domain_id': None, 'roles': ['admin', 'member', 'reader'], 'is_admin_project': True, 'service_user_id': None, 'service_user_domain_id': None, 'service_project_id': None, 'service_project_domain_id': None, 'service_roles': []} {{(pid=80079) fill_context /opt/stack/keystone/keystone/server/flask/request_processing/middleware/auth_context.py:478}}
Jun 17 07:12:56.222061 dv-cinder-803773-3-iscsi devstack@keystone.service[80079]: DEBUG keystone.server.flask.request_processing.req_logging [None req-67a21e01-3cc3-428c-8690-92d6ce03103d None admin] REQUEST_METHOD: `GET` {{(pid=80079) log_request_info /opt/stack/keystone/keystone/server/flask/request_processing/req_logging.py:27}}
Jun 17 07:12:56.222525 dv-cinder-803773-3-iscsi devstack@keystone.service[80079]: DEBUG keystone.server.flask.request_processing.req_logging [None req-67a21e01-3cc3-428c-8690-92d6ce03103d None admin] SCRIPT_NAME: `/identity` {{(pid=80079) log_request_info /opt/stack/keystone/keystone/server/flask/request_processing/req_logging.py:28}}
Jun 17 07:12:56.222982 dv-cinder-803773-3-iscsi devstack@keystone.service[80079]: DEBUG keystone.server.flask.request_processing.req_logging [None req-67a21e01-3cc3-428c-8690-92d6ce03103d None admin] PATH_INFO: `/v3/roles` {{(pid=80079) log_request_info /opt/stack/keystone/keystone/server/flask/request_processing/req_logging.py:29}}
Jun 17 07:12:56.224796 dv-cinder-803773-3-iscsi devstack@keystone.service[80079]: DEBUG keystone.common.rbac_enforcer.enforcer [None req-67a21e01-3cc3-428c-8690-92d6ce03103d None admin] RBAC: Adding query filter params (name=anotherrole) {{(pid=80079) _extract_filter_values /opt/stack/keystone/keystone/common/rbac_enforcer/enforcer.py:167}}
Jun 17 07:12:56.225307 dv-cinder-803773-3-iscsi devstack@keystone.service[80079]: DEBUG keystone.common.rbac_enforcer.enforcer [None req-67a21e01-3cc3-428c-8690-92d6ce03103d None admin] RBAC: Authorizing `identity:list_roles()` {{(pid=80079) enforce_call /opt/stack/keystone/keystone/common/rbac_enforcer/enforcer.py:449}}
Jun 17 07:12:56.227606 dv-cinder-803773-3-iscsi devstack@keystone.service[80079]: DEBUG keystone.common.rbac_enforcer.enforcer [None req-67a21e01-3cc3-428c-8690-92d6ce03103d None admin] RBAC: Authorization granted {{(pid=80079) enforce_call /opt/stack/keystone/keystone/common/rbac_enforcer/enforcer.py:457}}
Jun 17 07:12:56.241925 dv-cinder-803773-3-iscsi devstack@keystone.service[80079]: [pid: 80079|app: 0|req: 42/85] 10.222.0.58 () {56 vars in 1111 bytes} [Fri Jun 17 07:12:56 2022] GET /identity/v3/roles?name=anotherrole => generated 334 bytes in 167 msecs (HTTP/1.1 200) 5 headers in 177 bytes (1 switches on core 0)
Jun 17 07:12:56.241925 dv-cinder-803773-3-iscsi devstack@keystone.service[80079]: DEBUG keystone.server.flask.request_processing.middleware.auth_context [None req-67a21e01-3cc3-428c-8690-92d6ce03103d None admin] Authenticating user token {{(pid=80079) process_request /usr/local/lib/python3.8/dist-packages/keystonemiddleware/auth_token/__init__.py:407}}
Jun 17 07:12:56.247575 dv-cinder-803773-3-iscsi devstack@keystone.service[80079]: DEBUG dbcounter [-] [80079] Writing DB stats keystone:SELECT=100 {{(pid=80079) stat_writer /usr/local/lib/python3.8/dist-packages/dbcounter.py:114}}
Jun 17 07:12:56.326244 dv-cinder-803773-3-iscsi devstack@keystone.service[80080]: DEBUG keystone.server.flask.request_processing.middleware.auth_context [None req-d1e2ad3e-1954-4a87-acea-9a09c343e04a None admin] Validating token access rules against request {{(pid=80080) validate_allowed_request /usr/local/lib/python3.8/dist-packages/keystonemiddleware/auth_token/__init__.py:545}}
Jun 17 07:12:56.361716 dv-cinder-803773-3-iscsi devstack@keystone.service[80080]: DEBUG keystone.server.flask.request_processing.middleware.auth_context [None req-19229cee-8aba-4e57-892b-7b8129f7a3a1 None admin] RBAC: auth_context: {'token': , 'domain_id': None, 'trust_id': None, 'trustor_id': None, 'trustee_id': None, 'domain_name': None, 'group_ids': [], 'user_id': 'b8c1c83f1036474f9bd804fc73521ecc', 'user_domain_id': 'default', 'system_scope': 'all', 'project_id': None, 'project_domain_id': None, 'roles': ['admin', 'member', 'reader'], 'is_admin_project': True, 'service_user_id': None, 'service_user_domain_id': None, 'service_project_id': None, 'service_project_domain_id': None, 'service_roles': []} {{(pid=80080) fill_context /opt/stack/keystone/keystone/server/flask/request_processing/middleware/auth_context.py:478}}
Jun 17 07:12:56.362589 dv-cinder-803773-3-iscsi devstack@keystone.service[80080]: DEBUG keystone.server.flask.request_processing.req_logging [None req-19229cee-8aba-4e57-892b-7b8129f7a3a1 None admin] REQUEST_METHOD: `GET` {{(pid=80080) log_request_info /opt/stack/keystone/keystone/server/flask/request_processing/req_logging.py:27}}
Jun 17 07:12:56.362878 dv-cinder-803773-3-iscsi devstack@keystone.service[80080]: DEBUG keystone.server.flask.request_processing.req_logging [None req-19229cee-8aba-4e57-892b-7b8129f7a3a1 None admin] SCRIPT_NAME: `/identity` {{(pid=80080) log_request_info /opt/stack/keystone/keystone/server/flask/request_processing/req_logging.py:28}}
Jun 17 07:12:56.363164 dv-cinder-803773-3-iscsi devstack@keystone.service[80080]: DEBUG keystone.server.flask.request_processing.req_logging [None req-19229cee-8aba-4e57-892b-7b8129f7a3a1 None admin] PATH_INFO: `/v3/projects/43c77278a4704b0a83a8ddd7e9eeafc0` {{(pid=80080) log_request_info /opt/stack/keystone/keystone/server/flask/request_processing/req_logging.py:29}}
Jun 17 07:12:56.365049 dv-cinder-803773-3-iscsi devstack@keystone.service[80080]: DEBUG keystone.common.rbac_enforcer.enforcer [None req-19229cee-8aba-4e57-892b-7b8129f7a3a1 None admin] RBAC: Authorizing `identity:get_project(project_id=43c77278a4704b0a83a8ddd7e9eeafc0)` {{(pid=80080) enforce_call /opt/stack/keystone/keystone/common/rbac_enforcer/enforcer.py:449}}
Jun 17 07:12:56.366522 dv-cinder-803773-3-iscsi devstack@keystone.service[80080]: DEBUG keystone.common.rbac_enforcer.enforcer [None req-19229cee-8aba-4e57-892b-7b8129f7a3a1 None admin] RBAC: Authorization granted {{(pid=80080) enforce_call /opt/stack/keystone/keystone/common/rbac_enforcer/enforcer.py:457}}
Jun 17 07:12:56.368264 dv-cinder-803773-3-iscsi devstack@keystone.service[80080]: [pid: 80080|app: 0|req: 44/86] 10.222.0.58 () {56 vars in 1186 bytes} [Fri Jun 17 07:12:56 2022] GET /identity/v3/projects/43c77278a4704b0a83a8ddd7e9eeafc0 => generated 298 bytes in 175 msecs (HTTP/1.1 200) 5 headers in 177 bytes (1 switches on core 0)
Jun 17 07:12:56.368956 dv-cinder-803773-3-iscsi devstack@keystone.service[80079]: DEBUG keystone.server.flask.request_processing.middleware.auth_context [None req-67a21e01-3cc3-428c-8690-92d6ce03103d None admin] Validating token access rules against request {{(pid=80079) validate_allowed_request /usr/local/lib/python3.8/dist-packages/keystonemiddleware/auth_token/__init__.py:545}}
Jun 17 07:12:56.369384 dv-cinder-803773-3-iscsi devstack@keystone.service[80080]: DEBUG keystone.server.flask.request_processing.middleware.auth_context [None req-19229cee-8aba-4e57-892b-7b8129f7a3a1 None admin] Authenticating user token {{(pid=80080) process_request /usr/local/lib/python3.8/dist-packages/keystonemiddleware/auth_token/__init__.py:407}}
Jun 17 07:12:56.404442 dv-cinder-803773-3-iscsi devstack@keystone.service[80079]: DEBUG keystone.server.flask.request_processing.middleware.auth_context [None req-c90f8c56-1296-440f-b077-92a0cc0f7a59 None admin] RBAC: auth_context: {'token': , 'domain_id': None, 'trust_id': None, 'trustor_id': None, 'trustee_id': None, 'domain_name': None, 'group_ids': [], 'user_id': 'b8c1c83f1036474f9bd804fc73521ecc', 'user_domain_id': 'default', 'system_scope': 'all', 'project_id': None, 'project_domain_id': None, 'roles': ['admin', 'member', 'reader'], 'is_admin_project': True, 'service_user_id': None, 'service_user_domain_id': None, 'service_project_id': None, 'service_project_domain_id': None, 'service_roles': []} {{(pid=80079) fill_context /opt/stack/keystone/keystone/server/flask/request_processing/middleware/auth_context.py:478}}
Jun 17 07:12:56.406092 dv-cinder-803773-3-iscsi devstack@keystone.service[80079]: DEBUG keystone.server.flask.request_processing.req_logging [None req-c90f8c56-1296-440f-b077-92a0cc0f7a59 None admin] REQUEST_METHOD: `GET` {{(pid=80079) log_request_info /opt/stack/keystone/keystone/server/flask/request_processing/req_logging.py:27}}
Jun 17 07:12:56.406387 dv-cinder-803773-3-iscsi devstack@keystone.service[80079]: DEBUG keystone.server.flask.request_processing.req_logging [None req-c90f8c56-1296-440f-b077-92a0cc0f7a59 None admin] SCRIPT_NAME: `/identity` {{(pid=80079) log_request_info /opt/stack/keystone/keystone/server/flask/request_processing/req_logging.py:28}}
Jun 17 07:12:56.407138 dv-cinder-803773-3-iscsi devstack@keystone.service[80079]: DEBUG keystone.server.flask.request_processing.req_logging [None req-c90f8c56-1296-440f-b077-92a0cc0f7a59 None admin] PATH_INFO: `/v3/users/22548e1724c540eea9f0d7f84af2f81e` {{(pid=80079) log_request_info /opt/stack/keystone/keystone/server/flask/request_processing/req_logging.py:29}}
Jun 17 07:12:56.408410 dv-cinder-803773-3-iscsi devstack@keystone.service[80079]: DEBUG keystone.common.rbac_enforcer.enforcer [None req-c90f8c56-1296-440f-b077-92a0cc0f7a59 None admin] RBAC: Authorizing `identity:get_user(user_id=22548e1724c540eea9f0d7f84af2f81e)` {{(pid=80079) enforce_call /opt/stack/keystone/keystone/common/rbac_enforcer/enforcer.py:449}}
Jun 17 07:12:56.409860 dv-cinder-803773-3-iscsi devstack@keystone.service[80079]: DEBUG keystone.common.rbac_enforcer.enforcer [None req-c90f8c56-1296-440f-b077-92a0cc0f7a59 None admin] RBAC: Authorization granted {{(pid=80079) enforce_call /opt/stack/keystone/keystone/common/rbac_enforcer/enforcer.py:457}}
Jun 17 07:12:56.412126 dv-cinder-803773-3-iscsi devstack@keystone.service[80079]: [pid: 80079|app: 0|req: 43/87] 10.222.0.58 () {56 vars in 1177 bytes} [Fri Jun 17 07:12:56 2022] GET /identity/v3/users/22548e1724c540eea9f0d7f84af2f81e => generated 275 bytes in 171 msecs (HTTP/1.1 200) 5 headers in 177 bytes (1 switches on core 0)
Jun 17 07:12:56.414540 dv-cinder-803773-3-iscsi devstack@keystone.service[80079]: DEBUG keystone.server.flask.request_processing.middleware.auth_context [None req-c90f8c56-1296-440f-b077-92a0cc0f7a59 None admin] Authenticating user token {{(pid=80079) process_request /usr/local/lib/python3.8/dist-packages/keystonemiddleware/auth_token/__init__.py:407}}
Jun 17 07:12:56.421807 dv-cinder-803773-3-iscsi devstack@keystone.service[80080]: DEBUG dbcounter [-] [80080] Writing DB stats keystone:SELECT=100 {{(pid=80080) stat_writer /usr/local/lib/python3.8/dist-packages/dbcounter.py:114}}
Jun 17 07:12:56.488619 dv-cinder-803773-3-iscsi devstack@keystone.service[80080]: DEBUG keystone.server.flask.request_processing.middleware.auth_context [None req-19229cee-8aba-4e57-892b-7b8129f7a3a1 None admin] Validating token access rules against request {{(pid=80080) validate_allowed_request /usr/local/lib/python3.8/dist-packages/keystonemiddleware/auth_token/__init__.py:545}}
Jun 17 07:12:56.493907 dv-cinder-803773-3-iscsi devstack@keystone.service[80079]: DEBUG dbcounter [-] [80079] Writing DB stats keystone:SELECT=100 {{(pid=80079) stat_writer /usr/local/lib/python3.8/dist-packages/dbcounter.py:114}}
Jun 17 07:12:56.526588 dv-cinder-803773-3-iscsi devstack@keystone.service[80080]: DEBUG keystone.server.flask.request_processing.middleware.auth_context [None req-c0832e2d-04c4-4905-baf7-5483637b1b30 None admin] RBAC: auth_context: {'token': , 'domain_id': None, 'trust_id': None, 'trustor_id': None, 'trustee_id': None, 'domain_name': None, 'group_ids': [], 'user_id': 'b8c1c83f1036474f9bd804fc73521ecc', 'user_domain_id': 'default', 'system_scope': 'all', 'project_id': None, 'project_domain_id': None, 'roles': ['admin', 'member', 'reader'], 'is_admin_project': True, 'service_user_id': None, 'service_user_domain_id': None, 'service_project_id': None, 'service_project_domain_id': None, 'service_roles': []} {{(pid=80080) fill_context /opt/stack/keystone/keystone/server/flask/request_processing/middleware/auth_context.py:478}}
Jun 17 07:12:56.526588 dv-cinder-803773-3-iscsi devstack@keystone.service[80080]: DEBUG keystone.server.flask.request_processing.req_logging [None req-c0832e2d-04c4-4905-baf7-5483637b1b30 None admin] REQUEST_METHOD: `POST` {{(pid=80080) log_request_info /opt/stack/keystone/keystone/server/flask/request_processing/req_logging.py:27}}
Jun 17 07:12:56.526588 dv-cinder-803773-3-iscsi devstack@keystone.service[80080]: DEBUG keystone.server.flask.request_processing.req_logging [None req-c0832e2d-04c4-4905-baf7-5483637b1b30 None admin] SCRIPT_NAME: `/identity` {{(pid=80080) log_request_info /opt/stack/keystone/keystone/server/flask/request_processing/req_logging.py:28}}
Jun 17 07:12:56.526588 dv-cinder-803773-3-iscsi devstack@keystone.service[80080]: DEBUG keystone.server.flask.request_processing.req_logging [None req-c0832e2d-04c4-4905-baf7-5483637b1b30 None admin] PATH_INFO: `/v3/users` {{(pid=80080) log_request_info /opt/stack/keystone/keystone/server/flask/request_processing/req_logging.py:29}}
Jun 17 07:12:56.529340 dv-cinder-803773-3-iscsi devstack@keystone.service[80080]: DEBUG keystone.common.rbac_enforcer.enforcer [None req-c0832e2d-04c4-4905-baf7-5483637b1b30 None admin] RBAC: Authorizing `identity:create_user()` {{(pid=80080) enforce_call /opt/stack/keystone/keystone/common/rbac_enforcer/enforcer.py:449}}
Jun 17 07:12:56.529340 dv-cinder-803773-3-iscsi devstack@keystone.service[80080]: DEBUG keystone.common.rbac_enforcer.enforcer [None req-c0832e2d-04c4-4905-baf7-5483637b1b30 None admin] RBAC: Authorization granted {{(pid=80080) enforce_call /opt/stack/keystone/keystone/common/rbac_enforcer/enforcer.py:457}}
Jun 17 07:12:56.533097 dv-cinder-803773-3-iscsi devstack@keystone.service[80079]: DEBUG keystone.server.flask.request_processing.middleware.auth_context [None req-c90f8c56-1296-440f-b077-92a0cc0f7a59 None admin] Validating token access rules against request {{(pid=80079) validate_allowed_request /usr/local/lib/python3.8/dist-packages/keystonemiddleware/auth_token/__init__.py:545}}
Jun 17 07:12:56.549309 dv-cinder-803773-3-iscsi devstack@keystone.service[80080]: [pid: 80080|app: 0|req: 45/88] 10.222.0.58 () {60 vars in 1132 bytes} [Fri Jun 17 07:12:56 2022] POST /identity/v3/users => generated 289 bytes in 180 msecs (HTTP/1.1 201) 5 headers in 182 bytes (1 switches on core 0)
Jun 17 07:12:56.550163 dv-cinder-803773-3-iscsi devstack@keystone.service[80080]: DEBUG keystone.server.flask.request_processing.middleware.auth_context [None req-c0832e2d-04c4-4905-baf7-5483637b1b30 None admin] Authenticating user token {{(pid=80080) process_request /usr/local/lib/python3.8/dist-packages/keystonemiddleware/auth_token/__init__.py:407}}
Jun 17 07:12:56.587529 dv-cinder-803773-3-iscsi devstack@keystone.service[80079]: DEBUG keystone.server.flask.request_processing.middleware.auth_context [None req-265d8e52-666d-4d6a-9144-fbdc987f48c4 None admin] RBAC: auth_context: {'token': , 'domain_id': None, 'trust_id': None, 'trustor_id': None, 'trustee_id': None, 'domain_name': None, 'group_ids': [], 'user_id': 'b8c1c83f1036474f9bd804fc73521ecc', 'user_domain_id': 'default', 'system_scope': 'all', 'project_id': None, 'project_domain_id': None, 'roles': ['admin', 'member', 'reader'], 'is_admin_project': True, 'service_user_id': None, 'service_user_domain_id': None, 'service_project_id': None, 'service_project_domain_id': None, 'service_roles': []} {{(pid=80079) fill_context /opt/stack/keystone/keystone/server/flask/request_processing/middleware/auth_context.py:478}}
Jun 17 07:12:56.588207 dv-cinder-803773-3-iscsi devstack@keystone.service[80079]: DEBUG keystone.server.flask.request_processing.req_logging [None req-265d8e52-666d-4d6a-9144-fbdc987f48c4 None admin] REQUEST_METHOD: `GET` {{(pid=80079) log_request_info /opt/stack/keystone/keystone/server/flask/request_processing/req_logging.py:27}}
Jun 17 07:12:56.588502 dv-cinder-803773-3-iscsi devstack@keystone.service[80079]: DEBUG keystone.server.flask.request_processing.req_logging [None req-265d8e52-666d-4d6a-9144-fbdc987f48c4 None admin] SCRIPT_NAME: `/identity` {{(pid=80079) log_request_info /opt/stack/keystone/keystone/server/flask/request_processing/req_logging.py:28}}
Jun 17 07:12:56.588786 dv-cinder-803773-3-iscsi devstack@keystone.service[80079]: DEBUG keystone.server.flask.request_processing.req_logging [None req-265d8e52-666d-4d6a-9144-fbdc987f48c4 None admin] PATH_INFO: `/v3/role_assignments` {{(pid=80079) log_request_info /opt/stack/keystone/keystone/server/flask/request_processing/req_logging.py:29}}
Jun 17 07:12:56.589668 dv-cinder-803773-3-iscsi devstack@keystone.service[80079]: DEBUG keystone.common.rbac_enforcer.enforcer [None req-265d8e52-666d-4d6a-9144-fbdc987f48c4 None admin] RBAC: Adding query filter params (role.id=ab8f66c9c17141c78f03d685bacac0dd, scope.project.id=43c77278a4704b0a83a8ddd7e9eeafc0, user.id=22548e1724c540eea9f0d7f84af2f81e) {{(pid=80079) _extract_filter_values /opt/stack/keystone/keystone/common/rbac_enforcer/enforcer.py:167}}
Jun 17 07:12:56.590057 dv-cinder-803773-3-iscsi devstack@keystone.service[80079]: DEBUG keystone.common.rbac_enforcer.enforcer [None req-265d8e52-666d-4d6a-9144-fbdc987f48c4 None admin] RBAC: Authorizing `identity:list_role_assignments()` {{(pid=80079) enforce_call /opt/stack/keystone/keystone/common/rbac_enforcer/enforcer.py:449}}
Jun 17 07:12:56.592803 dv-cinder-803773-3-iscsi devstack@keystone.service[80079]: DEBUG keystone.common.rbac_enforcer.enforcer [None req-265d8e52-666d-4d6a-9144-fbdc987f48c4 None admin] RBAC: Authorization granted {{(pid=80079) enforce_call /opt/stack/keystone/keystone/common/rbac_enforcer/enforcer.py:457}}
Jun 17 07:12:56.600880 dv-cinder-803773-3-iscsi devstack@keystone.service[80079]: [pid: 80079|app: 0|req: 44/89] 10.222.0.58 () {56 vars in 1374 bytes} [Fri Jun 17 07:12:56 2022] GET /identity/v3/role_assignments?user.id=22548e1724c540eea9f0d7f84af2f81e&scope.project.id=43c77278a4704b0a83a8ddd7e9eeafc0&role.id=ab8f66c9c17141c78f03d685bacac0dd => generated 259 bytes in 188 msecs (HTTP/1.1 200) 5 headers in 177 bytes (1 switches on core 0)
Jun 17 07:12:56.606689 dv-cinder-803773-3-iscsi devstack@keystone.service[80079]: DEBUG keystone.server.flask.request_processing.middleware.auth_context [None req-265d8e52-666d-4d6a-9144-fbdc987f48c4 None admin] Authenticating user token {{(pid=80079) process_request /usr/local/lib/python3.8/dist-packages/keystonemiddleware/auth_token/__init__.py:407}}
Jun 17 07:12:56.713521 dv-cinder-803773-3-iscsi devstack@keystone.service[80080]: DEBUG dbcounter [-] [80080] Writing DB stats keystone:SELECT=97,keystone:INSERT=3 {{(pid=80080) stat_writer /usr/local/lib/python3.8/dist-packages/dbcounter.py:114}}
Jun 17 07:12:56.722868 dv-cinder-803773-3-iscsi devstack@keystone.service[80080]: DEBUG keystone.server.flask.request_processing.middleware.auth_context [None req-c0832e2d-04c4-4905-baf7-5483637b1b30 None admin] Validating token access rules against request {{(pid=80080) validate_allowed_request /usr/local/lib/python3.8/dist-packages/keystonemiddleware/auth_token/__init__.py:545}}
Jun 17 07:12:56.758915 dv-cinder-803773-3-iscsi devstack@keystone.service[80079]: DEBUG keystone.server.flask.request_processing.middleware.auth_context [None req-265d8e52-666d-4d6a-9144-fbdc987f48c4 None admin] Validating token access rules against request {{(pid=80079) validate_allowed_request /usr/local/lib/python3.8/dist-packages/keystonemiddleware/auth_token/__init__.py:545}}
Jun 17 07:12:56.770495 dv-cinder-803773-3-iscsi devstack@keystone.service[80080]: DEBUG keystone.server.flask.request_processing.middleware.auth_context [None req-109737ef-15a6-4165-a05d-ea2ebf1f74f2 None admin] RBAC: auth_context: {'token': , 'domain_id': None, 'trust_id': None, 'trustor_id': None, 'trustee_id': None, 'domain_name': None, 'group_ids': [], 'user_id': 'b8c1c83f1036474f9bd804fc73521ecc', 'user_domain_id': 'default', 'system_scope': 'all', 'project_id': None, 'project_domain_id': None, 'roles': ['admin', 'member', 'reader'], 'is_admin_project': True, 'service_user_id': None, 'service_user_domain_id': None, 'service_project_id': None, 'service_project_domain_id': None, 'service_roles': []} {{(pid=80080) fill_context /opt/stack/keystone/keystone/server/flask/request_processing/middleware/auth_context.py:478}}
Jun 17 07:12:56.771955 dv-cinder-803773-3-iscsi devstack@keystone.service[80080]: DEBUG keystone.server.flask.request_processing.req_logging [None req-109737ef-15a6-4165-a05d-ea2ebf1f74f2 None admin] REQUEST_METHOD: `GET` {{(pid=80080) log_request_info /opt/stack/keystone/keystone/server/flask/request_processing/req_logging.py:27}}
Jun 17 07:12:56.772383 dv-cinder-803773-3-iscsi devstack@keystone.service[80080]: DEBUG keystone.server.flask.request_processing.req_logging [None req-109737ef-15a6-4165-a05d-ea2ebf1f74f2 None admin] SCRIPT_NAME: `/identity` {{(pid=80080) log_request_info /opt/stack/keystone/keystone/server/flask/request_processing/req_logging.py:28}}
Jun 17 07:12:56.772775 dv-cinder-803773-3-iscsi devstack@keystone.service[80080]: DEBUG keystone.server.flask.request_processing.req_logging [None req-109737ef-15a6-4165-a05d-ea2ebf1f74f2 None admin] PATH_INFO: `/v3/users/22548e1724c540eea9f0d7f84af2f81e` {{(pid=80080) log_request_info /opt/stack/keystone/keystone/server/flask/request_processing/req_logging.py:29}}
Jun 17 07:12:56.774372 dv-cinder-803773-3-iscsi devstack@keystone.service[80080]: DEBUG keystone.common.rbac_enforcer.enforcer [None req-109737ef-15a6-4165-a05d-ea2ebf1f74f2 None admin] RBAC: Authorizing `identity:get_user(user_id=22548e1724c540eea9f0d7f84af2f81e)` {{(pid=80080) enforce_call /opt/stack/keystone/keystone/common/rbac_enforcer/enforcer.py:449}}
Jun 17 07:12:56.776071 dv-cinder-803773-3-iscsi devstack@keystone.service[80080]: DEBUG keystone.common.rbac_enforcer.enforcer [None req-109737ef-15a6-4165-a05d-ea2ebf1f74f2 None admin] RBAC: Authorization granted {{(pid=80080) enforce_call /opt/stack/keystone/keystone/common/rbac_enforcer/enforcer.py:457}}
Jun 17 07:12:56.778726 dv-cinder-803773-3-iscsi devstack@keystone.service[80080]: [pid: 80080|app: 0|req: 46/90] 10.222.0.58 () {56 vars in 1177 bytes} [Fri Jun 17 07:12:56 2022] GET /identity/v3/users/22548e1724c540eea9f0d7f84af2f81e => generated 275 bytes in 229 msecs (HTTP/1.1 200) 5 headers in 177 bytes (1 switches on core 0)
Jun 17 07:12:56.779737 dv-cinder-803773-3-iscsi devstack@keystone.service[80080]: DEBUG keystone.server.flask.request_processing.middleware.auth_context [None req-109737ef-15a6-4165-a05d-ea2ebf1f74f2 None admin] Authenticating user token {{(pid=80080) process_request /usr/local/lib/python3.8/dist-packages/keystonemiddleware/auth_token/__init__.py:407}}
Jun 17 07:12:56.811346 dv-cinder-803773-3-iscsi devstack@keystone.service[80079]: DEBUG keystone.server.flask.request_processing.middleware.auth_context [None req-daeac872-9d7c-4f86-b645-1eb23849ac0e None admin] RBAC: auth_context: {'token': , 'domain_id': None, 'trust_id': None, 'trustor_id': None, 'trustee_id': None, 'domain_name': None, 'group_ids': [], 'user_id': 'b8c1c83f1036474f9bd804fc73521ecc', 'user_domain_id': 'default', 'system_scope': 'all', 'project_id': None, 'project_domain_id': None, 'roles': ['admin', 'member', 'reader'], 'is_admin_project': True, 'service_user_id': None, 'service_user_domain_id': None, 'service_project_id': None, 'service_project_domain_id': None, 'service_roles': []} {{(pid=80079) fill_context /opt/stack/keystone/keystone/server/flask/request_processing/middleware/auth_context.py:478}}
Jun 17 07:12:56.812554 dv-cinder-803773-3-iscsi devstack@keystone.service[80079]: DEBUG keystone.server.flask.request_processing.req_logging [None req-daeac872-9d7c-4f86-b645-1eb23849ac0e None admin] REQUEST_METHOD: `GET` {{(pid=80079) log_request_info /opt/stack/keystone/keystone/server/flask/request_processing/req_logging.py:27}}
Jun 17 07:12:56.812982 dv-cinder-803773-3-iscsi devstack@keystone.service[80079]: DEBUG keystone.server.flask.request_processing.req_logging [None req-daeac872-9d7c-4f86-b645-1eb23849ac0e None admin] SCRIPT_NAME: `/identity` {{(pid=80079) log_request_info /opt/stack/keystone/keystone/server/flask/request_processing/req_logging.py:28}}
Jun 17 07:12:56.813575 dv-cinder-803773-3-iscsi devstack@keystone.service[80079]: DEBUG keystone.server.flask.request_processing.req_logging [None req-daeac872-9d7c-4f86-b645-1eb23849ac0e None admin] PATH_INFO: `/v3/role_assignments` {{(pid=80079) log_request_info /opt/stack/keystone/keystone/server/flask/request_processing/req_logging.py:29}}
Jun 17 07:12:56.814909 dv-cinder-803773-3-iscsi devstack@keystone.service[80079]: DEBUG keystone.common.rbac_enforcer.enforcer [None req-daeac872-9d7c-4f86-b645-1eb23849ac0e None admin] RBAC: Adding query filter params (role.id=18d687cc7a4d4771988abb30a2ff1d94, scope.project.id=43c77278a4704b0a83a8ddd7e9eeafc0, user.id=b8c1c83f1036474f9bd804fc73521ecc) {{(pid=80079) _extract_filter_values /opt/stack/keystone/keystone/common/rbac_enforcer/enforcer.py:167}}
Jun 17 07:12:56.815645 dv-cinder-803773-3-iscsi devstack@keystone.service[80079]: DEBUG keystone.common.rbac_enforcer.enforcer [None req-daeac872-9d7c-4f86-b645-1eb23849ac0e None admin] RBAC: Authorizing `identity:list_role_assignments()` {{(pid=80079) enforce_call /opt/stack/keystone/keystone/common/rbac_enforcer/enforcer.py:449}}
Jun 17 07:12:56.818349 dv-cinder-803773-3-iscsi devstack@keystone.service[80079]: DEBUG keystone.common.rbac_enforcer.enforcer [None req-daeac872-9d7c-4f86-b645-1eb23849ac0e None admin] RBAC: Authorization granted {{(pid=80079) enforce_call /opt/stack/keystone/keystone/common/rbac_enforcer/enforcer.py:457}}
Jun 17 07:12:56.824129 dv-cinder-803773-3-iscsi devstack@keystone.service[80079]: DEBUG dbcounter [-] [80079] Writing DB stats keystone:SELECT=100 {{(pid=80079) stat_writer /usr/local/lib/python3.8/dist-packages/dbcounter.py:114}}
Jun 17 07:12:56.826126 dv-cinder-803773-3-iscsi devstack@keystone.service[80079]: [pid: 80079|app: 0|req: 45/91] 10.222.0.58 () {56 vars in 1374 bytes} [Fri Jun 17 07:12:56 2022] GET /identity/v3/role_assignments?user.id=b8c1c83f1036474f9bd804fc73521ecc&scope.project.id=43c77278a4704b0a83a8ddd7e9eeafc0&role.id=18d687cc7a4d4771988abb30a2ff1d94 => generated 259 bytes in 225 msecs (HTTP/1.1 200) 5 headers in 177 bytes (1 switches on core 0)
Jun 17 07:12:56.831725 dv-cinder-803773-3-iscsi devstack@keystone.service[80079]: DEBUG keystone.server.flask.request_processing.middleware.auth_context [None req-daeac872-9d7c-4f86-b645-1eb23849ac0e None admin] Authenticating user token {{(pid=80079) process_request /usr/local/lib/python3.8/dist-packages/keystonemiddleware/auth_token/__init__.py:407}}
Jun 17 07:12:56.911516 dv-cinder-803773-3-iscsi devstack@keystone.service[80080]: DEBUG keystone.server.flask.request_processing.middleware.auth_context [None req-109737ef-15a6-4165-a05d-ea2ebf1f74f2 None admin] Validating token access rules against request {{(pid=80080) validate_allowed_request /usr/local/lib/python3.8/dist-packages/keystonemiddleware/auth_token/__init__.py:545}}
Jun 17 07:12:56.970692 dv-cinder-803773-3-iscsi devstack@keystone.service[80079]: DEBUG keystone.server.flask.request_processing.middleware.auth_context [None req-daeac872-9d7c-4f86-b645-1eb23849ac0e None admin] Validating token access rules against request {{(pid=80079) validate_allowed_request /usr/local/lib/python3.8/dist-packages/keystonemiddleware/auth_token/__init__.py:545}}
