Jun 17 07:13:35.545772 dv-cinder-803773-3-iscsi devstack@keystone.service[80080]: DEBUG keystone.server.flask.request_processing.req_logging [None req-9dc5ba98-9be8-4fd8-840a-afc11fc63374 None admin] PATH_INFO: `/v3/role_assignments` {{(pid=80080) log_request_info /opt/stack/keystone/keystone/server/flask/request_processing/req_logging.py:29}}
Jun 17 07:13:35.546343 dv-cinder-803773-3-iscsi devstack@keystone.service[80080]: DEBUG keystone.common.rbac_enforcer.enforcer [None req-9dc5ba98-9be8-4fd8-840a-afc11fc63374 None admin] RBAC: Adding query filter params (role.id=26adb17a84ba4c37b3b2020394d64a4a, user.id=0885aa8faf7b40e4aa1562bd275c4787, scope.system=all) {{(pid=80080) _extract_filter_values /opt/stack/keystone/keystone/common/rbac_enforcer/enforcer.py:167}}
Jun 17 07:13:35.546663 dv-cinder-803773-3-iscsi devstack@keystone.service[80080]: DEBUG keystone.common.rbac_enforcer.enforcer [None req-9dc5ba98-9be8-4fd8-840a-afc11fc63374 None admin] RBAC: Authorizing `identity:list_role_assignments()` {{(pid=80080) enforce_call /opt/stack/keystone/keystone/common/rbac_enforcer/enforcer.py:449}}
Jun 17 07:13:35.548854 dv-cinder-803773-3-iscsi devstack@keystone.service[80080]: DEBUG keystone.common.rbac_enforcer.enforcer [None req-9dc5ba98-9be8-4fd8-840a-afc11fc63374 None admin] RBAC: Authorization granted {{(pid=80080) enforce_call /opt/stack/keystone/keystone/common/rbac_enforcer/enforcer.py:457}}
Jun 17 07:13:35.564006 dv-cinder-803773-3-iscsi devstack@keystone.service[80080]: [pid: 80080|app: 0|req: 177/354] 10.222.0.58 () {56 vars in 1308 bytes} [Fri Jun 17 07:13:35 2022] GET /identity/v3/role_assignments?user.id=0885aa8faf7b40e4aa1562bd275c4787&scope.system=all&role.id=26adb17a84ba4c37b3b2020394d64a4a => generated 510 bytes in 238 msecs (HTTP/1.1 200) 5 headers in 177 bytes (1 switches on core 0)
Jun 17 07:13:35.565273 dv-cinder-803773-3-iscsi devstack@keystone.service[80080]: DEBUG keystone.server.flask.request_processing.middleware.auth_context [None req-9dc5ba98-9be8-4fd8-840a-afc11fc63374 None admin] Authenticating user token {{(pid=80080) process_request /usr/local/lib/python3.8/dist-packages/keystonemiddleware/auth_token/__init__.py:407}}
Jun 17 07:13:35.570988 dv-cinder-803773-3-iscsi devstack@keystone.service[80079]: DEBUG keystone.server.flask.request_processing.middleware.auth_context [None req-a8d19b95-cb10-48ab-97a0-9094de98ea58 None admin] RBAC: auth_context: {'token': , 'domain_id': None, 'trust_id': None, 'trustor_id': None, 'trustee_id': None, 'domain_name': None, 'group_ids': [], 'user_id': 'b8c1c83f1036474f9bd804fc73521ecc', 'user_domain_id': 'default', 'system_scope': 'all', 'project_id': None, 'project_domain_id': None, 'roles': ['admin', 'member', 'reader'], 'is_admin_project': True, 'service_user_id': None, 'service_user_domain_id': None, 'service_project_id': None, 'service_project_domain_id': None, 'service_roles': []} {{(pid=80079) fill_context /opt/stack/keystone/keystone/server/flask/request_processing/middleware/auth_context.py:478}}
Jun 17 07:13:35.572075 dv-cinder-803773-3-iscsi devstack@keystone.service[80079]: DEBUG keystone.server.flask.request_processing.req_logging [None req-a8d19b95-cb10-48ab-97a0-9094de98ea58 None admin] REQUEST_METHOD: `GET` {{(pid=80079) log_request_info /opt/stack/keystone/keystone/server/flask/request_processing/req_logging.py:27}}
Jun 17 07:13:35.572364 dv-cinder-803773-3-iscsi devstack@keystone.service[80079]: DEBUG keystone.server.flask.request_processing.req_logging [None req-a8d19b95-cb10-48ab-97a0-9094de98ea58 None admin] SCRIPT_NAME: `/identity` {{(pid=80079) log_request_info /opt/stack/keystone/keystone/server/flask/request_processing/req_logging.py:28}}
Jun 17 07:13:35.572641 dv-cinder-803773-3-iscsi devstack@keystone.service[80079]: DEBUG keystone.server.flask.request_processing.req_logging [None req-a8d19b95-cb10-48ab-97a0-9094de98ea58 None admin] PATH_INFO: `/v3/projects/9304cc0bba194ff5bca330be4184efed` {{(pid=80079) log_request_info /opt/stack/keystone/keystone/server/flask/request_processing/req_logging.py:29}}
Jun 17 07:13:35.573989 dv-cinder-803773-3-iscsi devstack@keystone.service[80079]: DEBUG keystone.common.rbac_enforcer.enforcer [None req-a8d19b95-cb10-48ab-97a0-9094de98ea58 None admin] RBAC: Authorizing `identity:get_project(project_id=9304cc0bba194ff5bca330be4184efed)` {{(pid=80079) enforce_call /opt/stack/keystone/keystone/common/rbac_enforcer/enforcer.py:449}}
Jun 17 07:13:35.575604 dv-cinder-803773-3-iscsi devstack@keystone.service[80079]: DEBUG keystone.common.rbac_enforcer.enforcer [None req-a8d19b95-cb10-48ab-97a0-9094de98ea58 None admin] RBAC: Authorization granted {{(pid=80079) enforce_call /opt/stack/keystone/keystone/common/rbac_enforcer/enforcer.py:457}}
Jun 17 07:13:35.577937 dv-cinder-803773-3-iscsi devstack@keystone.service[80079]: [pid: 80079|app: 0|req: 178/355] 10.222.0.58 () {56 vars in 1186 bytes} [Fri Jun 17 07:13:35 2022] GET /identity/v3/projects/9304cc0bba194ff5bca330be4184efed => generated 302 bytes in 216 msecs (HTTP/1.1 200) 5 headers in 177 bytes (1 switches on core 0)
Jun 17 07:13:35.578677 dv-cinder-803773-3-iscsi devstack@keystone.service[80079]: DEBUG keystone.server.flask.request_processing.middleware.auth_context [None req-a8d19b95-cb10-48ab-97a0-9094de98ea58 None admin] Authenticating user token {{(pid=80079) process_request /usr/local/lib/python3.8/dist-packages/keystonemiddleware/auth_token/__init__.py:407}}
Jun 17 07:13:35.720417 dv-cinder-803773-3-iscsi devstack@keystone.service[80080]: DEBUG keystone.server.flask.request_processing.middleware.auth_context [None req-9dc5ba98-9be8-4fd8-840a-afc11fc63374 None admin] Validating token access rules against request {{(pid=80080) validate_allowed_request /usr/local/lib/python3.8/dist-packages/keystonemiddleware/auth_token/__init__.py:545}}
Jun 17 07:13:35.721643 dv-cinder-803773-3-iscsi devstack@keystone.service[80079]: DEBUG keystone.server.flask.request_processing.middleware.auth_context [None req-a8d19b95-cb10-48ab-97a0-9094de98ea58 None admin] Validating token access rules against request {{(pid=80079) validate_allowed_request /usr/local/lib/python3.8/dist-packages/keystonemiddleware/auth_token/__init__.py:545}}
Jun 17 07:13:35.724770 dv-cinder-803773-3-iscsi devstack@keystone.service[80079]: DEBUG dbcounter [-] [80079] Writing DB stats keystone:SELECT=100 {{(pid=80079) stat_writer /usr/local/lib/python3.8/dist-packages/dbcounter.py:114}}
Jun 17 07:13:35.749571 dv-cinder-803773-3-iscsi devstack@keystone.service[80080]: DEBUG dbcounter [-] [80080] Writing DB stats keystone:SELECT=100 {{(pid=80080) stat_writer /usr/local/lib/python3.8/dist-packages/dbcounter.py:114}}
Jun 17 07:13:35.774874 dv-cinder-803773-3-iscsi devstack@keystone.service[80079]: DEBUG keystone.server.flask.request_processing.middleware.auth_context [None req-f3e3f319-396c-4740-b7ef-2838ada5161e None admin] RBAC: auth_context: {'token': , 'domain_id': None, 'trust_id': None, 'trustor_id': None, 'trustee_id': None, 'domain_name': None, 'group_ids': [], 'user_id': 'b8c1c83f1036474f9bd804fc73521ecc', 'user_domain_id': 'default', 'system_scope': 'all', 'project_id': None, 'project_domain_id': None, 'roles': ['admin', 'member', 'reader'], 'is_admin_project': True, 'service_user_id': None, 'service_user_domain_id': None, 'service_project_id': None, 'service_project_domain_id': None, 'service_roles': []} {{(pid=80079) fill_context /opt/stack/keystone/keystone/server/flask/request_processing/middleware/auth_context.py:478}}
Jun 17 07:13:35.776329 dv-cinder-803773-3-iscsi devstack@keystone.service[80079]: DEBUG keystone.server.flask.request_processing.req_logging [None req-f3e3f319-396c-4740-b7ef-2838ada5161e None admin] REQUEST_METHOD: `GET` {{(pid=80079) log_request_info /opt/stack/keystone/keystone/server/flask/request_processing/req_logging.py:27}}
Jun 17 07:13:35.776804 dv-cinder-803773-3-iscsi devstack@keystone.service[80079]: DEBUG keystone.server.flask.request_processing.req_logging [None req-f3e3f319-396c-4740-b7ef-2838ada5161e None admin] SCRIPT_NAME: `/identity` {{(pid=80079) log_request_info /opt/stack/keystone/keystone/server/flask/request_processing/req_logging.py:28}}
Jun 17 07:13:35.777103 dv-cinder-803773-3-iscsi devstack@keystone.service[80080]: DEBUG keystone.server.flask.request_processing.middleware.auth_context [None req-89beaaa0-8418-437e-a04c-41c412ab3dc0 None admin] RBAC: auth_context: {'token': , 'domain_id': None, 'trust_id': None, 'trustor_id': None, 'trustee_id': None, 'domain_name': None, 'group_ids': [], 'user_id': 'b8c1c83f1036474f9bd804fc73521ecc', 'user_domain_id': 'default', 'system_scope': 'all', 'project_id': None, 'project_domain_id': None, 'roles': ['admin', 'member', 'reader'], 'is_admin_project': True, 'service_user_id': None, 'service_user_domain_id': None, 'service_project_id': None, 'service_project_domain_id': None, 'service_roles': []} {{(pid=80080) fill_context /opt/stack/keystone/keystone/server/flask/request_processing/middleware/auth_context.py:478}}
Jun 17 07:13:35.777419 dv-cinder-803773-3-iscsi devstack@keystone.service[80079]: DEBUG keystone.server.flask.request_processing.req_logging [None req-f3e3f319-396c-4740-b7ef-2838ada5161e None admin] PATH_INFO: `/v3/roles` {{(pid=80079) log_request_info /opt/stack/keystone/keystone/server/flask/request_processing/req_logging.py:29}}
Jun 17 07:13:35.778233 dv-cinder-803773-3-iscsi devstack@keystone.service[80080]: DEBUG keystone.server.flask.request_processing.req_logging [None req-89beaaa0-8418-437e-a04c-41c412ab3dc0 None admin] REQUEST_METHOD: `GET` {{(pid=80080) log_request_info /opt/stack/keystone/keystone/server/flask/request_processing/req_logging.py:27}}
Jun 17 07:13:35.778523 dv-cinder-803773-3-iscsi devstack@keystone.service[80079]: DEBUG keystone.common.rbac_enforcer.enforcer [None req-f3e3f319-396c-4740-b7ef-2838ada5161e None admin] RBAC: Adding query filter params (name=anotherrole) {{(pid=80079) _extract_filter_values /opt/stack/keystone/keystone/common/rbac_enforcer/enforcer.py:167}}
Jun 17 07:13:35.778756 dv-cinder-803773-3-iscsi devstack@keystone.service[80080]: DEBUG keystone.server.flask.request_processing.req_logging [None req-89beaaa0-8418-437e-a04c-41c412ab3dc0 None admin] SCRIPT_NAME: `/identity` {{(pid=80080) log_request_info /opt/stack/keystone/keystone/server/flask/request_processing/req_logging.py:28}}
Jun 17 07:13:35.779140 dv-cinder-803773-3-iscsi devstack@keystone.service[80080]: DEBUG keystone.server.flask.request_processing.req_logging [None req-89beaaa0-8418-437e-a04c-41c412ab3dc0 None admin] PATH_INFO: `/v3/projects/43c77278a4704b0a83a8ddd7e9eeafc0` {{(pid=80080) log_request_info /opt/stack/keystone/keystone/server/flask/request_processing/req_logging.py:29}}
Jun 17 07:13:35.779259 dv-cinder-803773-3-iscsi devstack@keystone.service[80079]: DEBUG keystone.common.rbac_enforcer.enforcer [None req-f3e3f319-396c-4740-b7ef-2838ada5161e None admin] RBAC: Authorizing `identity:list_roles()` {{(pid=80079) enforce_call /opt/stack/keystone/keystone/common/rbac_enforcer/enforcer.py:449}}
Jun 17 07:13:35.781165 dv-cinder-803773-3-iscsi devstack@keystone.service[80079]: DEBUG keystone.common.rbac_enforcer.enforcer [None req-f3e3f319-396c-4740-b7ef-2838ada5161e None admin] RBAC: Authorization granted {{(pid=80079) enforce_call /opt/stack/keystone/keystone/common/rbac_enforcer/enforcer.py:457}}
Jun 17 07:13:35.781780 dv-cinder-803773-3-iscsi devstack@keystone.service[80080]: DEBUG keystone.common.rbac_enforcer.enforcer [None req-89beaaa0-8418-437e-a04c-41c412ab3dc0 None admin] RBAC: Authorizing `identity:get_project(project_id=43c77278a4704b0a83a8ddd7e9eeafc0)` {{(pid=80080) enforce_call /opt/stack/keystone/keystone/common/rbac_enforcer/enforcer.py:449}}
Jun 17 07:13:35.783271 dv-cinder-803773-3-iscsi devstack@keystone.service[80080]: DEBUG keystone.common.rbac_enforcer.enforcer [None req-89beaaa0-8418-437e-a04c-41c412ab3dc0 None admin] RBAC: Authorization granted {{(pid=80080) enforce_call /opt/stack/keystone/keystone/common/rbac_enforcer/enforcer.py:457}}
Jun 17 07:13:35.785659 dv-cinder-803773-3-iscsi devstack@keystone.service[80080]: [pid: 80080|app: 0|req: 178/356] 10.222.0.58 () {56 vars in 1186 bytes} [Fri Jun 17 07:13:35 2022] GET /identity/v3/projects/43c77278a4704b0a83a8ddd7e9eeafc0 => generated 298 bytes in 221 msecs (HTTP/1.1 200) 5 headers in 177 bytes (1 switches on core 0)
Jun 17 07:13:35.787041 dv-cinder-803773-3-iscsi devstack@keystone.service[80080]: DEBUG keystone.server.flask.request_processing.req_logging [None req-741a4186-0c61-4a4e-9f4a-4cef26afaaf3 None None] REQUEST_METHOD: `POST` {{(pid=80080) log_request_info /opt/stack/keystone/keystone/server/flask/request_processing/req_logging.py:27}}
Jun 17 07:13:35.787332 dv-cinder-803773-3-iscsi devstack@keystone.service[80080]: DEBUG keystone.server.flask.request_processing.req_logging [None req-741a4186-0c61-4a4e-9f4a-4cef26afaaf3 None None] SCRIPT_NAME: `/identity` {{(pid=80080) log_request_info /opt/stack/keystone/keystone/server/flask/request_processing/req_logging.py:28}}
Jun 17 07:13:35.787612 dv-cinder-803773-3-iscsi devstack@keystone.service[80080]: DEBUG keystone.server.flask.request_processing.req_logging [None req-741a4186-0c61-4a4e-9f4a-4cef26afaaf3 None None] PATH_INFO: `/v3/auth/tokens` {{(pid=80080) log_request_info /opt/stack/keystone/keystone/server/flask/request_processing/req_logging.py:29}}
Jun 17 07:13:35.791628 dv-cinder-803773-3-iscsi devstack@keystone.service[80079]: [pid: 80079|app: 0|req: 179/357] 10.222.0.58 () {56 vars in 1111 bytes} [Fri Jun 17 07:13:35 2022] GET /identity/v3/roles?name=anotherrole => generated 334 bytes in 213 msecs (HTTP/1.1 200) 5 headers in 177 bytes (1 switches on core 0)
Jun 17 07:13:35.793321 dv-cinder-803773-3-iscsi devstack@keystone.service[80079]: DEBUG keystone.server.flask.request_processing.req_logging [None req-ee0eef61-20d2-4414-a4bf-b7cfe2bfb5db None None] REQUEST_METHOD: `GET` {{(pid=80079) log_request_info /opt/stack/keystone/keystone/server/flask/request_processing/req_logging.py:27}}
Jun 17 07:13:35.793808 dv-cinder-803773-3-iscsi devstack@keystone.service[80079]: DEBUG keystone.server.flask.request_processing.req_logging [None req-ee0eef61-20d2-4414-a4bf-b7cfe2bfb5db None None] SCRIPT_NAME: `/identity` {{(pid=80079) log_request_info /opt/stack/keystone/keystone/server/flask/request_processing/req_logging.py:28}}
Jun 17 07:13:35.794088 dv-cinder-803773-3-iscsi devstack@keystone.service[80079]: DEBUG keystone.server.flask.request_processing.req_logging [None req-ee0eef61-20d2-4414-a4bf-b7cfe2bfb5db None None] PATH_INFO: `/` {{(pid=80079) log_request_info /opt/stack/keystone/keystone/server/flask/request_processing/req_logging.py:29}}
Jun 17 07:13:35.795546 dv-cinder-803773-3-iscsi devstack@keystone.service[80079]: [pid: 80079|app: 0|req: 180/358] 10.222.0.58 () {54 vars in 926 bytes} [Fri Jun 17 07:13:35 2022] GET /identity => generated 270 bytes in 3 msecs (HTTP/1.1 300) 6 headers in 234 bytes (1 switches on core 0)
Jun 17 07:13:35.796320 dv-cinder-803773-3-iscsi devstack@keystone.service[80079]: DEBUG keystone.server.flask.request_processing.middleware.auth_context [None req-ee0eef61-20d2-4414-a4bf-b7cfe2bfb5db None None] Authenticating user token {{(pid=80079) process_request /usr/local/lib/python3.8/dist-packages/keystonemiddleware/auth_token/__init__.py:407}}
Jun 17 07:13:35.808310 dv-cinder-803773-3-iscsi devstack@keystone.service[80080]: DEBUG keystone.auth.core [None req-741a4186-0c61-4a4e-9f4a-4cef26afaaf3 None None] MFA Rules not processed for user `b8c1c83f1036474f9bd804fc73521ecc`. Rule list: `[]` (Enabled: `True`). {{(pid=80080) check_auth_methods_against_rules /opt/stack/keystone/keystone/auth/core.py:438}}
Jun 17 07:13:35.809818 dv-cinder-803773-3-iscsi devstack@keystone.service[80080]: DEBUG keystone.common.fernet_utils [None req-741a4186-0c61-4a4e-9f4a-4cef26afaaf3 None None] Loaded 2 Fernet keys from /etc/keystone/fernet-keys/, but `[fernet_tokens] max_active_keys = 3`; perhaps there have not been enough key rotations to reach `max_active_keys` yet? {{(pid=80080) load_keys /opt/stack/keystone/keystone/common/fernet_utils.py:286}}
Jun 17 07:13:35.898371 dv-cinder-803773-3-iscsi devstack@keystone.service[80080]: [pid: 80080|app: 0|req: 179/359] 10.222.0.58 () {58 vars in 1023 bytes} [Fri Jun 17 07:13:35 2022] POST /identity/v3/auth/tokens => generated 799 bytes in 112 msecs (HTTP/1.1 201) 6 headers in 363 bytes (1 switches on core 0)
Jun 17 07:13:35.899057 dv-cinder-803773-3-iscsi devstack@keystone.service[80080]: DEBUG keystone.server.flask.request_processing.middleware.auth_context [None req-741a4186-0c61-4a4e-9f4a-4cef26afaaf3 None None] Authenticating user token {{(pid=80080) process_request /usr/local/lib/python3.8/dist-packages/keystonemiddleware/auth_token/__init__.py:407}}
Jun 17 07:13:35.938439 dv-cinder-803773-3-iscsi devstack@keystone.service[80079]: DEBUG keystone.server.flask.request_processing.middleware.auth_context [None req-ee0eef61-20d2-4414-a4bf-b7cfe2bfb5db None None] Validating token access rules against request {{(pid=80079) validate_allowed_request /usr/local/lib/python3.8/dist-packages/keystonemiddleware/auth_token/__init__.py:545}}
Jun 17 07:13:35.991045 dv-cinder-803773-3-iscsi devstack@keystone.service[80079]: DEBUG keystone.server.flask.request_processing.middleware.auth_context [None req-abcfb352-9686-4437-ade9-a2c457a8ecf6 None admin] RBAC: auth_context: {'token': , 'domain_id': None, 'trust_id': None, 'trustor_id': None, 'trustee_id': None, 'domain_name': None, 'group_ids': [], 'user_id': 'b8c1c83f1036474f9bd804fc73521ecc', 'user_domain_id': 'default', 'system_scope': 'all', 'project_id': None, 'project_domain_id': None, 'roles': ['admin', 'member', 'reader'], 'is_admin_project': True, 'service_user_id': None, 'service_user_domain_id': None, 'service_project_id': None, 'service_project_domain_id': None, 'service_roles': []} {{(pid=80079) fill_context /opt/stack/keystone/keystone/server/flask/request_processing/middleware/auth_context.py:478}}
Jun 17 07:13:35.994543 dv-cinder-803773-3-iscsi devstack@keystone.service[80079]: DEBUG keystone.server.flask.request_processing.req_logging [None req-abcfb352-9686-4437-ade9-a2c457a8ecf6 None admin] REQUEST_METHOD: `GET` {{(pid=80079) log_request_info /opt/stack/keystone/keystone/server/flask/request_processing/req_logging.py:27}}
Jun 17 07:13:35.994543 dv-cinder-803773-3-iscsi devstack@keystone.service[80079]: DEBUG keystone.server.flask.request_processing.req_logging [None req-abcfb352-9686-4437-ade9-a2c457a8ecf6 None admin] SCRIPT_NAME: `/identity` {{(pid=80079) log_request_info /opt/stack/keystone/keystone/server/flask/request_processing/req_logging.py:28}}
Jun 17 07:13:35.994543 dv-cinder-803773-3-iscsi devstack@keystone.service[80079]: DEBUG keystone.server.flask.request_processing.req_logging [None req-abcfb352-9686-4437-ade9-a2c457a8ecf6 None admin] PATH_INFO: `/v3/groups/4235934dc57147bb90c717b2406261f7` {{(pid=80079) log_request_info /opt/stack/keystone/keystone/server/flask/request_processing/req_logging.py:29}}
Jun 17 07:13:36.005138 dv-cinder-803773-3-iscsi devstack@keystone.service[80079]: DEBUG keystone.common.rbac_enforcer.enforcer [None req-abcfb352-9686-4437-ade9-a2c457a8ecf6 None admin] RBAC: Authorizing `identity:get_group(group_id=4235934dc57147bb90c717b2406261f7)` {{(pid=80079) enforce_call /opt/stack/keystone/keystone/common/rbac_enforcer/enforcer.py:449}}
Jun 17 07:13:36.006619 dv-cinder-803773-3-iscsi devstack@keystone.service[80079]: DEBUG keystone.common.rbac_enforcer.enforcer [None req-abcfb352-9686-4437-ade9-a2c457a8ecf6 None admin] RBAC: Authorization granted {{(pid=80079) enforce_call /opt/stack/keystone/keystone/common/rbac_enforcer/enforcer.py:457}}
Jun 17 07:13:36.008587 dv-cinder-803773-3-iscsi devstack@keystone.service[80079]: [pid: 80079|app: 0|req: 181/360] 10.222.0.58 () {56 vars in 1180 bytes} [Fri Jun 17 07:13:35 2022] GET /identity/v3/groups/4235934dc57147bb90c717b2406261f7 => generated 226 bytes in 212 msecs (HTTP/1.1 200) 5 headers in 177 bytes (1 switches on core 0)
Jun 17 07:13:36.013712 dv-cinder-803773-3-iscsi devstack@keystone.service[80079]: DEBUG keystone.server.flask.request_processing.middleware.auth_context [None req-abcfb352-9686-4437-ade9-a2c457a8ecf6 None admin] Authenticating user token {{(pid=80079) process_request /usr/local/lib/python3.8/dist-packages/keystonemiddleware/auth_token/__init__.py:407}}
Jun 17 07:13:36.046796 dv-cinder-803773-3-iscsi devstack@keystone.service[80080]: DEBUG keystone.server.flask.request_processing.middleware.auth_context [None req-741a4186-0c61-4a4e-9f4a-4cef26afaaf3 None None] Validating token access rules against request {{(pid=80080) validate_allowed_request /usr/local/lib/python3.8/dist-packages/keystonemiddleware/auth_token/__init__.py:545}}
Jun 17 07:13:36.060733 dv-cinder-803773-3-iscsi devstack@keystone.service[80079]: DEBUG dbcounter [-] [80079] Writing DB stats keystone:SELECT=100 {{(pid=80079) stat_writer /usr/local/lib/python3.8/dist-packages/dbcounter.py:114}}
Jun 17 07:13:36.064061 dv-cinder-803773-3-iscsi devstack@keystone.service[80080]: DEBUG dbcounter [-] [80080] Writing DB stats keystone:SELECT=100 {{(pid=80080) stat_writer /usr/local/lib/python3.8/dist-packages/dbcounter.py:114}}
Jun 17 07:13:36.091591 dv-cinder-803773-3-iscsi devstack@keystone.service[80080]: DEBUG keystone.server.flask.request_processing.middleware.auth_context [None req-3168580e-d7e6-40ba-9fd8-406e995df3f2 None admin] RBAC: auth_context: {'token': , 'domain_id': None, 'trust_id': None, 'trustor_id': None, 'trustee_id': None, 'domain_name': None, 'group_ids': [], 'user_id': 'b8c1c83f1036474f9bd804fc73521ecc', 'user_domain_id': 'default', 'system_scope': 'all', 'project_id': None, 'project_domain_id': None, 'roles': ['admin', 'member', 'reader'], 'is_admin_project': True, 'service_user_id': None, 'service_user_domain_id': None, 'service_project_id': None, 'service_project_domain_id': None, 'service_roles': []} {{(pid=80080) fill_context /opt/stack/keystone/keystone/server/flask/request_processing/middleware/auth_context.py:478}}
Jun 17 07:13:36.092314 dv-cinder-803773-3-iscsi devstack@keystone.service[80080]: DEBUG keystone.server.flask.request_processing.req_logging [None req-3168580e-d7e6-40ba-9fd8-406e995df3f2 None admin] REQUEST_METHOD: `GET` {{(pid=80080) log_request_info /opt/stack/keystone/keystone/server/flask/request_processing/req_logging.py:27}}
Jun 17 07:13:36.092601 dv-cinder-803773-3-iscsi devstack@keystone.service[80080]: DEBUG keystone.server.flask.request_processing.req_logging [None req-3168580e-d7e6-40ba-9fd8-406e995df3f2 None admin] SCRIPT_NAME: `/identity` {{(pid=80080) log_request_info /opt/stack/keystone/keystone/server/flask/request_processing/req_logging.py:28}}
Jun 17 07:13:36.092875 dv-cinder-803773-3-iscsi devstack@keystone.service[80080]: DEBUG keystone.server.flask.request_processing.req_logging [None req-3168580e-d7e6-40ba-9fd8-406e995df3f2 None admin] PATH_INFO: `/v3/groups/4235934dc57147bb90c717b2406261f7` {{(pid=80080) log_request_info /opt/stack/keystone/keystone/server/flask/request_processing/req_logging.py:29}}
Jun 17 07:13:36.094428 dv-cinder-803773-3-iscsi devstack@keystone.service[80080]: DEBUG keystone.common.rbac_enforcer.enforcer [None req-3168580e-d7e6-40ba-9fd8-406e995df3f2 None admin] RBAC: Authorizing `identity:get_group(group_id=4235934dc57147bb90c717b2406261f7)` {{(pid=80080) enforce_call /opt/stack/keystone/keystone/common/rbac_enforcer/enforcer.py:449}}
Jun 17 07:13:36.098613 dv-cinder-803773-3-iscsi devstack@keystone.service[80080]: DEBUG keystone.common.rbac_enforcer.enforcer [None req-3168580e-d7e6-40ba-9fd8-406e995df3f2 None admin] RBAC: Authorization granted {{(pid=80080) enforce_call /opt/stack/keystone/keystone/common/rbac_enforcer/enforcer.py:457}}
Jun 17 07:13:36.100126 dv-cinder-803773-3-iscsi devstack@keystone.service[80080]: [pid: 80080|app: 0|req: 180/361] 10.222.0.58 () {56 vars in 1180 bytes} [Fri Jun 17 07:13:35 2022] GET /identity/v3/groups/4235934dc57147bb90c717b2406261f7 => generated 226 bytes in 201 msecs (HTTP/1.1 200) 5 headers in 177 bytes (1 switches on core 0)
Jun 17 07:13:36.101655 dv-cinder-803773-3-iscsi devstack@keystone.service[80080]: DEBUG keystone.server.flask.request_processing.req_logging [None req-1894393e-03ec-4bc5-ba6f-a3bd8fc19236 None None] REQUEST_METHOD: `POST` {{(pid=80080) log_request_info /opt/stack/keystone/keystone/server/flask/request_processing/req_logging.py:27}}
Jun 17 07:13:36.101948 dv-cinder-803773-3-iscsi devstack@keystone.service[80080]: DEBUG keystone.server.flask.request_processing.req_logging [None req-1894393e-03ec-4bc5-ba6f-a3bd8fc19236 None None] SCRIPT_NAME: `/identity` {{(pid=80080) log_request_info /opt/stack/keystone/keystone/server/flask/request_processing/req_logging.py:28}}
Jun 17 07:13:36.102228 dv-cinder-803773-3-iscsi devstack@keystone.service[80080]: DEBUG keystone.server.flask.request_processing.req_logging [None req-1894393e-03ec-4bc5-ba6f-a3bd8fc19236 None None] PATH_INFO: `/v3/auth/tokens` {{(pid=80080) log_request_info /opt/stack/keystone/keystone/server/flask/request_processing/req_logging.py:29}}
Jun 17 07:13:36.124254 dv-cinder-803773-3-iscsi devstack@keystone.service[80080]: DEBUG keystone.auth.core [None req-1894393e-03ec-4bc5-ba6f-a3bd8fc19236 None None] MFA Rules not processed for user `b8c1c83f1036474f9bd804fc73521ecc`. Rule list: `[]` (Enabled: `True`). {{(pid=80080) check_auth_methods_against_rules /opt/stack/keystone/keystone/auth/core.py:438}}
Jun 17 07:13:36.125302 dv-cinder-803773-3-iscsi devstack@keystone.service[80080]: DEBUG keystone.common.fernet_utils [None req-1894393e-03ec-4bc5-ba6f-a3bd8fc19236 None None] Loaded 2 Fernet keys from /etc/keystone/fernet-keys/, but `[fernet_tokens] max_active_keys = 3`; perhaps there have not been enough key rotations to reach `max_active_keys` yet? {{(pid=80080) load_keys /opt/stack/keystone/keystone/common/fernet_utils.py:286}}
Jun 17 07:13:36.175784 dv-cinder-803773-3-iscsi devstack@keystone.service[80079]: DEBUG keystone.server.flask.request_processing.middleware.auth_context [None req-abcfb352-9686-4437-ade9-a2c457a8ecf6 None admin] Validating token access rules against request {{(pid=80079) validate_allowed_request /usr/local/lib/python3.8/dist-packages/keystonemiddleware/auth_token/__init__.py:545}}
Jun 17 07:13:36.217804 dv-cinder-803773-3-iscsi devstack@keystone.service[80080]: [pid: 80080|app: 0|req: 181/362] 10.222.0.58 () {58 vars in 1023 bytes} [Fri Jun 17 07:13:36 2022] POST /identity/v3/auth/tokens => generated 799 bytes in 117 msecs (HTTP/1.1 201) 6 headers in 363 bytes (1 switches on core 0)
Jun 17 07:13:36.218686 dv-cinder-803773-3-iscsi devstack@keystone.service[80080]: DEBUG keystone.server.flask.request_processing.middleware.auth_context [None req-1894393e-03ec-4bc5-ba6f-a3bd8fc19236 None None] Authenticating user token {{(pid=80080) process_request /usr/local/lib/python3.8/dist-packages/keystonemiddleware/auth_token/__init__.py:407}}
Jun 17 07:13:36.219312 dv-cinder-803773-3-iscsi devstack@keystone.service[80079]: DEBUG keystone.server.flask.request_processing.middleware.auth_context [None req-2c2e6c73-404e-4d3c-98a4-b7888c69e401 None admin] RBAC: auth_context: {'token': , 'domain_id': None, 'trust_id': None, 'trustor_id': None, 'trustee_id': None, 'domain_name': None, 'group_ids': [], 'user_id': 'b8c1c83f1036474f9bd804fc73521ecc', 'user_domain_id': 'default', 'system_scope': 'all', 'project_id': None, 'project_domain_id': None, 'roles': ['admin', 'member', 'reader'], 'is_admin_project': True, 'service_user_id': None, 'service_user_domain_id': None, 'service_project_id': None, 'service_project_domain_id': None, 'service_roles': []} {{(pid=80079) fill_context /opt/stack/keystone/keystone/server/flask/request_processing/middleware/auth_context.py:478}}
Jun 17 07:13:36.220207 dv-cinder-803773-3-iscsi devstack@keystone.service[80079]: DEBUG keystone.server.flask.request_processing.req_logging [None req-2c2e6c73-404e-4d3c-98a4-b7888c69e401 None admin] REQUEST_METHOD: `GET` {{(pid=80079) log_request_info /opt/stack/keystone/keystone/server/flask/request_processing/req_logging.py:27}}
Jun 17 07:13:36.220639 dv-cinder-803773-3-iscsi devstack@keystone.service[80079]: DEBUG keystone.server.flask.request_processing.req_logging [None req-2c2e6c73-404e-4d3c-98a4-b7888c69e401 None admin] SCRIPT_NAME: `/identity` {{(pid=80079) log_request_info /opt/stack/keystone/keystone/server/flask/request_processing/req_logging.py:28}}
Jun 17 07:13:36.221097 dv-cinder-803773-3-iscsi devstack@keystone.service[80079]: DEBUG keystone.server.flask.request_processing.req_logging [None req-2c2e6c73-404e-4d3c-98a4-b7888c69e401 None admin] PATH_INFO: `/v3/auth/tokens` {{(pid=80079) log_request_info /opt/stack/keystone/keystone/server/flask/request_processing/req_logging.py:29}}
Jun 17 07:13:36.329414 dv-cinder-803773-3-iscsi devstack@keystone.service[80079]: DEBUG keystone.common.rbac_enforcer.enforcer [None req-2c2e6c73-404e-4d3c-98a4-b7888c69e401 None admin] RBAC: Authorizing `identity:validate_token()` {{(pid=80079) enforce_call /opt/stack/keystone/keystone/common/rbac_enforcer/enforcer.py:449}}
Jun 17 07:13:36.331619 dv-cinder-803773-3-iscsi devstack@keystone.service[80079]: DEBUG keystone.common.rbac_enforcer.enforcer [None req-2c2e6c73-404e-4d3c-98a4-b7888c69e401 None admin] RBAC: Authorization granted {{(pid=80079) enforce_call /opt/stack/keystone/keystone/common/rbac_enforcer/enforcer.py:457}}
Jun 17 07:13:36.374221 dv-cinder-803773-3-iscsi devstack@keystone.service[80080]: DEBUG keystone.server.flask.request_processing.middleware.auth_context [None req-1894393e-03ec-4bc5-ba6f-a3bd8fc19236 None None] Validating token access rules against request {{(pid=80080) validate_allowed_request /usr/local/lib/python3.8/dist-packages/keystonemiddleware/auth_token/__init__.py:545}}
Jun 17 07:13:36.375365 dv-cinder-803773-3-iscsi devstack@keystone.service[80079]: DEBUG dbcounter [-] [80079] Writing DB stats keystone:SELECT=100 {{(pid=80079) stat_writer /usr/local/lib/python3.8/dist-packages/dbcounter.py:114}}
Jun 17 07:13:36.393793 dv-cinder-803773-3-iscsi devstack@keystone.service[80080]: DEBUG dbcounter [-] [80080] Writing DB stats keystone:SELECT=100 {{(pid=80080) stat_writer /usr/local/lib/python3.8/dist-packages/dbcounter.py:114}}
Jun 17 07:13:36.423640 dv-cinder-803773-3-iscsi devstack@keystone.service[80080]: DEBUG keystone.server.flask.request_processing.middleware.auth_context [None req-747dddba-eae1-4753-99a3-5edd6c5e6ef3 None admin] RBAC: auth_context: {'token': , 'domain_id': None, 'trust_id': None, 'trustor_id': None, 'trustee_id': None, 'domain_name': None, 'group_ids': [], 'user_id': 'b8c1c83f1036474f9bd804fc73521ecc', 'user_domain_id': 'default', 'system_scope': 'all', 'project_id': None, 'project_domain_id': None, 'roles': ['admin', 'member', 'reader'], 'is_admin_project': True, 'service_user_id': None, 'service_user_domain_id': None, 'service_project_id': None, 'service_project_domain_id': None, 'service_roles': []} {{(pid=80080) fill_context /opt/stack/keystone/keystone/server/flask/request_processing/middleware/auth_context.py:478}}
Jun 17 07:13:36.424556 dv-cinder-803773-3-iscsi devstack@keystone.service[80080]: DEBUG keystone.server.flask.request_processing.req_logging [None req-747dddba-eae1-4753-99a3-5edd6c5e6ef3 None admin] REQUEST_METHOD: `GET` {{(pid=80080) log_request_info /opt/stack/keystone/keystone/server/flask/request_processing/req_logging.py:27}}
Jun 17 07:13:36.424842 dv-cinder-803773-3-iscsi devstack@keystone.service[80080]: DEBUG keystone.server.flask.request_processing.req_logging [None req-747dddba-eae1-4753-99a3-5edd6c5e6ef3 None admin] SCRIPT_NAME: `/identity` {{(pid=80080) log_request_info /opt/stack/keystone/keystone/server/flask/request_processing/req_logging.py:28}}
Jun 17 07:13:36.425120 dv-cinder-803773-3-iscsi devstack@keystone.service[80080]: DEBUG keystone.server.flask.request_processing.req_logging [None req-747dddba-eae1-4753-99a3-5edd6c5e6ef3 None admin] PATH_INFO: `/v3/roles/anotherrole` {{(pid=80080) log_request_info /opt/stack/keystone/keystone/server/flask/request_processing/req_logging.py:29}}
Jun 17 07:13:36.441534 dv-cinder-803773-3-iscsi devstack@keystone.service[80080]: DEBUG keystone.common.rbac_enforcer.enforcer [None req-747dddba-eae1-4753-99a3-5edd6c5e6ef3 None admin] Extracting inferred target data resulted in "NOT FOUND (404)". {{(pid=80080) enforce_call /opt/stack/keystone/keystone/common/rbac_enforcer/enforcer.py:409}}
Jun 17 07:13:36.450801 dv-cinder-803773-3-iscsi devstack@keystone.service[80080]: ERROR keystone.server.flask.application [None req-747dddba-eae1-4753-99a3-5edd6c5e6ef3 None admin] Could not find role: anotherrole.: keystone.exception.RoleNotFound: Could not find role: anotherrole.
Jun 17 07:13:36.450801 dv-cinder-803773-3-iscsi devstack@keystone.service[80080]: ERROR keystone.server.flask.application
Traceback (most recent call last):
Jun 17 07:13:36.450801 dv-cinder-803773-3-iscsi devstack@keystone.service[80080]: ERROR keystone.server.flask.application
File "/usr/local/lib/python3.8/dist-packages/flask/app.py", line 1523, in full_dispatch_request
Jun 17 07:13:36.450801 dv-cinder-803773-3-iscsi devstack@keystone.service[80080]: ERROR keystone.server.flask.application rv = self.dispatch_request()
Jun 17 07:13:36.450801 dv-cinder-803773-3-iscsi devstack@keystone.service[80080]: ERROR keystone.server.flask.application
File "/usr/local/lib/python3.8/dist-packages/flask/app.py", line 1509, in dispatch_request
Jun 17 07:13:36.450801 dv-cinder-803773-3-iscsi devstack@keystone.service[80080]: ERROR keystone.server.flask.application return self.ensure_sync(self.view_functions[rule.endpoint])(**req.view_args)
Jun 17 07:13:36.450801 dv-cinder-803773-3-iscsi devstack@keystone.service[80080]: ERROR keystone.server.flask.application
File "/usr/local/lib/python3.8/dist-packages/flask_restful/__init__.py", line 467, in wrapper
Jun 17 07:13:36.450801 dv-cinder-803773-3-iscsi devstack@keystone.service[80080]: ERROR keystone.server.flask.application resp = resource(*args, **kwargs)
Jun 17 07:13:36.450801 dv-cinder-803773-3-iscsi devstack@keystone.service[80080]: ERROR keystone.server.flask.application
File "/usr/local/lib/python3.8/dist-packages/flask/views.py", line 84, in view
Jun 17 07:13:36.450801 dv-cinder-803773-3-iscsi devstack@keystone.service[80080]: ERROR keystone.server.flask.application return current_app.ensure_sync(self.dispatch_request)(*args, **kwargs)
Jun 17 07:13:36.450801 dv-cinder-803773-3-iscsi devstack@keystone.service[80080]: ERROR keystone.server.flask.application
File "/usr/local/lib/python3.8/dist-packages/flask_restful/__init__.py", line 582, in dispatch_request
Jun 17 07:13:36.450801 dv-cinder-803773-3-iscsi devstack@keystone.service[80080]: ERROR keystone.server.flask.application resp = meth(*args, **kwargs)
Jun 17 07:13:36.450801 dv-cinder-803773-3-iscsi devstack@keystone.service[80080]: ERROR keystone.server.flask.application
File "/opt/stack/keystone/keystone/api/roles.py", line 50, in get
Jun 17 07:13:36.450801 dv-cinder-803773-3-iscsi devstack@keystone.service[80080]: ERROR keystone.server.flask.application return self._get_role(role_id)
Jun 17 07:13:36.450801 dv-cinder-803773-3-iscsi devstack@keystone.service[80080]: ERROR keystone.server.flask.application
File "/opt/stack/keystone/keystone/api/roles.py", line 70, in _get_role
Jun 17 07:13:36.450801 dv-cinder-803773-3-iscsi devstack@keystone.service[80080]: ERROR keystone.server.flask.application ENFORCER.enforce_call(action='identity:get_role')
Jun 17 07:13:36.451744 dv-cinder-803773-3-iscsi devstack@keystone.service[80080]: ERROR keystone.server.flask.application
File "/opt/stack/keystone/keystone/common/rbac_enforcer/enforcer.py", line 402, in enforce_call
Jun 17 07:13:36.451744 dv-cinder-803773-3-iscsi devstack@keystone.service[80080]: ERROR keystone.server.flask.application policy_dict.update(cls._extract_member_target_data(
Jun 17 07:13:36.451744 dv-cinder-803773-3-iscsi devstack@keystone.service[80080]: ERROR keystone.server.flask.application
File "/opt/stack/keystone/keystone/common/rbac_enforcer/enforcer.py", line 234, in _extract_member_target_data
Jun 17 07:13:36.451744 dv-cinder-803773-3-iscsi devstack@keystone.service[80080]: ERROR keystone.server.flask.application member_name: func(flask.request.view_args[key])
Jun 17 07:13:36.451744 dv-cinder-803773-3-iscsi devstack@keystone.service[80080]: ERROR keystone.server.flask.application
File "/opt/stack/keystone/keystone/common/manager.py", line 115, in wrapped
Jun 17 07:13:36.451744 dv-cinder-803773-3-iscsi devstack@keystone.service[80080]: ERROR keystone.server.flask.application __ret_val = __f(*args, **kwargs)
Jun 17 07:13:36.451744 dv-cinder-803773-3-iscsi devstack@keystone.service[80080]: ERROR keystone.server.flask.application
File "/usr/local/lib/python3.8/dist-packages/decorator.py", line 232, in fun
Jun 17 07:13:36.451744 dv-cinder-803773-3-iscsi devstack@keystone.service[80080]: ERROR keystone.server.flask.application return caller(func, *(extras + args), **kw)
Jun 17 07:13:36.451744 dv-cinder-803773-3-iscsi devstack@keystone.service[80080]: ERROR keystone.server.flask.application
File "/usr/local/lib/python3.8/dist-packages/dogpile/cache/region.py", line 1577, in get_or_create_for_user_func
Jun 17 07:13:36.451744 dv-cinder-803773-3-iscsi devstack@keystone.service[80080]: ERROR keystone.server.flask.application return self.get_or_create(
Jun 17 07:13:36.451744 dv-cinder-803773-3-iscsi devstack@keystone.service[80080]: ERROR keystone.server.flask.application
File "/usr/local/lib/python3.8/dist-packages/dogpile/cache/region.py", line 1042, in get_or_create
Jun 17 07:13:36.451744 dv-cinder-803773-3-iscsi devstack@keystone.service[80080]: ERROR keystone.server.flask.application with Lock(
Jun 17 07:13:36.451744 dv-cinder-803773-3-iscsi devstack@keystone.service[80080]: ERROR keystone.server.flask.application
File "/usr/local/lib/python3.8/dist-packages/dogpile/lock.py", line 185, in __enter__
Jun 17 07:13:36.451744 dv-cinder-803773-3-iscsi devstack@keystone.service[80080]: ERROR keystone.server.flask.application return self._enter()
Jun 17 07:13:36.451744 dv-cinder-803773-3-iscsi devstack@keystone.service[80080]: ERROR keystone.server.flask.application
File "/usr/local/lib/python3.8/dist-packages/dogpile/lock.py", line 94, in _enter
Jun 17 07:13:36.451744 dv-cinder-803773-3-iscsi devstack@keystone.service[80080]: ERROR keystone.server.flask.application generated = self._enter_create(value, createdtime)
Jun 17 07:13:36.452746 dv-cinder-803773-3-iscsi devstack@keystone.service[80080]: ERROR keystone.server.flask.application
File "/usr/local/lib/python3.8/dist-packages/dogpile/lock.py", line 178, in _enter_create
Jun 17 07:13:36.452746 dv-cinder-803773-3-iscsi devstack@keystone.service[80080]: ERROR keystone.server.flask.application return self.creator()
Jun 17 07:13:36.452746 dv-cinder-803773-3-iscsi devstack@keystone.service[80080]: ERROR keystone.server.flask.application
File "/usr/local/lib/python3.8/dist-packages/dogpile/cache/region.py", line 995, in gen_value
Jun 17 07:13:36.452746 dv-cinder-803773-3-iscsi devstack@keystone.service[80080]: ERROR keystone.server.flask.application created_value = creator(
Jun 17 07:13:36.452746 dv-cinder-803773-3-iscsi devstack@keystone.service[80080]: ERROR keystone.server.flask.application
File "/opt/stack/keystone/keystone/assignment/core.py", line 1276, in get_role
Jun 17 07:13:36.452746 dv-cinder-803773-3-iscsi devstack@keystone.service[80080]: ERROR keystone.server.flask.application return self.driver.get_role(role_id)
Jun 17 07:13:36.452746 dv-cinder-803773-3-iscsi devstack@keystone.service[80080]: ERROR keystone.server.flask.application
File "/opt/stack/keystone/keystone/assignment/role_backends/sql.py", line 70, in get_role
Jun 17 07:13:36.452746 dv-cinder-803773-3-iscsi devstack@keystone.service[80080]: ERROR keystone.server.flask.application return self._get_role(session, role_id).to_dict()
Jun 17 07:13:36.452746 dv-cinder-803773-3-iscsi devstack@keystone.service[80080]: ERROR keystone.server.flask.application
File "/opt/stack/keystone/keystone/assignment/role_backends/sql.py", line 65, in _get_role
Jun 17 07:13:36.452746 dv-cinder-803773-3-iscsi devstack@keystone.service[80080]: ERROR keystone.server.flask.application raise exception.RoleNotFound(role_id=role_id)
Jun 17 07:13:36.452746 dv-cinder-803773-3-iscsi devstack@keystone.service[80080]: ERROR keystone.server.flask.application keystone.exception.RoleNotFound: Could not find role: anotherrole.
Jun 17 07:13:36.452746 dv-cinder-803773-3-iscsi devstack@keystone.service[80080]: ERROR keystone.server.flask.application
Jun 17 07:13:36.452746 dv-cinder-803773-3-iscsi devstack@keystone.service[80080]: [pid: 80080|app: 0|req: 182/363] 10.222.0.58 () {56 vars in 1114 bytes} [Fri Jun 17 07:13:36 2022] GET /identity/v3/roles/anotherrole => generated 89 bytes in 234 msecs (HTTP/1.1 404) 5 headers in 183 bytes (1 switches on core 0)
Jun 17 07:13:36.456768 dv-cinder-803773-3-iscsi devstack@keystone.service[80080]: DEBUG keystone.server.flask.request_processing.middleware.auth_context [None req-747dddba-eae1-4753-99a3-5edd6c5e6ef3 None admin] Authenticating user token {{(pid=80080) process_request /usr/local/lib/python3.8/dist-packages/keystonemiddleware/auth_token/__init__.py:407}}
Jun 17 07:13:36.468989 dv-cinder-803773-3-iscsi devstack@keystone.service[80079]: [pid: 80079|app: 0|req: 182/364] 10.222.0.58 () {58 vars in 1282 bytes} [Fri Jun 17 07:13:36 2022] GET /identity/v3/auth/tokens => generated 799 bytes in 460 msecs (HTTP/1.1 200) 6 headers in 358 bytes (1 switches on core 0)
Jun 17 07:13:36.469989 dv-cinder-803773-3-iscsi devstack@keystone.service[80079]: DEBUG keystone.server.flask.request_processing.middleware.auth_context [None req-2c2e6c73-404e-4d3c-98a4-b7888c69e401 None admin] Authenticating user token {{(pid=80079) process_request /usr/local/lib/python3.8/dist-packages/keystonemiddleware/auth_token/__init__.py:407}}
Jun 17 07:13:36.586151 dv-cinder-803773-3-iscsi devstack@keystone.service[80080]: DEBUG keystone.server.flask.request_processing.middleware.auth_context [None req-747dddba-eae1-4753-99a3-5edd6c5e6ef3 None admin] Validating token access rules against request {{(pid=80080) validate_allowed_request /usr/local/lib/python3.8/dist-packages/keystonemiddleware/auth_token/__init__.py:545}}
Jun 17 07:13:36.605773 dv-cinder-803773-3-iscsi devstack@keystone.service[80079]: DEBUG keystone.server.flask.request_processing.middleware.auth_context [None req-2c2e6c73-404e-4d3c-98a4-b7888c69e401 None admin] Validating token access rules against request {{(pid=80079) validate_allowed_request /usr/local/lib/python3.8/dist-packages/keystonemiddleware/auth_token/__init__.py:545}}
Jun 17 07:13:36.636664 dv-cinder-803773-3-iscsi devstack@keystone.service[80080]: DEBUG keystone.server.flask.request_processing.middleware.auth_context [None req-c48651b1-d314-4037-9956-d805b645b506 None admin] RBAC: auth_context: {'token': , 'domain_id': None, 'trust_id': None, 'trustor_id': None, 'trustee_id': None, 'domain_name': None, 'group_ids': [], 'user_id': 'b8c1c83f1036474f9bd804fc73521ecc', 'user_domain_id': 'default', 'system_scope': 'all', 'project_id': None, 'project_domain_id': None, 'roles': ['admin', 'member', 'reader'], 'is_admin_project': True, 'service_user_id': None, 'service_user_domain_id': None, 'service_project_id': None, 'service_project_domain_id': None, 'service_roles': []} {{(pid=80080) fill_context /opt/stack/keystone/keystone/server/flask/request_processing/middleware/auth_context.py:478}}
Jun 17 07:13:36.637338 dv-cinder-803773-3-iscsi devstack@keystone.service[80080]: DEBUG keystone.server.flask.request_processing.req_logging [None req-c48651b1-d314-4037-9956-d805b645b506 None admin] REQUEST_METHOD: `GET` {{(pid=80080) log_request_info /opt/stack/keystone/keystone/server/flask/request_processing/req_logging.py:27}}
Jun 17 07:13:36.637624 dv-cinder-803773-3-iscsi devstack@keystone.service[80080]: DEBUG keystone.server.flask.request_processing.req_logging [None req-c48651b1-d314-4037-9956-d805b645b506 None admin] SCRIPT_NAME: `/identity` {{(pid=80080) log_request_info /opt/stack/keystone/keystone/server/flask/request_processing/req_logging.py:28}}
Jun 17 07:13:36.637898 dv-cinder-803773-3-iscsi devstack@keystone.service[80080]: DEBUG keystone.server.flask.request_processing.req_logging [None req-c48651b1-d314-4037-9956-d805b645b506 None admin] PATH_INFO: `/v3/role_assignments` {{(pid=80080) log_request_info /opt/stack/keystone/keystone/server/flask/request_processing/req_logging.py:29}}
Jun 17 07:13:36.638747 dv-cinder-803773-3-iscsi devstack@keystone.service[80080]: DEBUG keystone.common.rbac_enforcer.enforcer [None req-c48651b1-d314-4037-9956-d805b645b506 None admin] RBAC: Adding query filter params (group.id=4235934dc57147bb90c717b2406261f7, role.id=ab8f66c9c17141c78f03d685bacac0dd, scope.project.id=9304cc0bba194ff5bca330be4184efed) {{(pid=80080) _extract_filter_values /opt/stack/keystone/keystone/common/rbac_enforcer/enforcer.py:167}}
Jun 17 07:13:36.639063 dv-cinder-803773-3-iscsi devstack@keystone.service[80080]: DEBUG keystone.common.rbac_enforcer.enforcer [None req-c48651b1-d314-4037-9956-d805b645b506 None admin] RBAC: Authorizing `identity:list_role_assignments()` {{(pid=80080) enforce_call /opt/stack/keystone/keystone/common/rbac_enforcer/enforcer.py:449}}
Jun 17 07:13:36.641158 dv-cinder-803773-3-iscsi devstack@keystone.service[80080]: DEBUG keystone.common.rbac_enforcer.enforcer [None req-c48651b1-d314-4037-9956-d805b645b506 None admin] RBAC: Authorization granted {{(pid=80080) enforce_call /opt/stack/keystone/keystone/common/rbac_enforcer/enforcer.py:457}}
Jun 17 07:13:36.647974 dv-cinder-803773-3-iscsi devstack@keystone.service[80080]: [pid: 80080|app: 0|req: 183/365] 10.222.0.58 () {56 vars in 1376 bytes} [Fri Jun 17 07:13:36 2022] GET /identity/v3/role_assignments?group.id=4235934dc57147bb90c717b2406261f7&scope.project.id=9304cc0bba194ff5bca330be4184efed&role.id=ab8f66c9c17141c78f03d685bacac0dd => generated 260 bytes in 195 msecs (HTTP/1.1 200) 5 headers in 177 bytes (1 switches on core 0)
Jun 17 07:13:36.649194 dv-cinder-803773-3-iscsi devstack@keystone.service[80080]: DEBUG keystone.server.flask.request_processing.middleware.auth_context [None req-c48651b1-d314-4037-9956-d805b645b506 None admin] Authenticating user token {{(pid=80080) process_request /usr/local/lib/python3.8/dist-packages/keystonemiddleware/auth_token/__init__.py:407}}
Jun 17 07:13:36.649790 dv-cinder-803773-3-iscsi devstack@keystone.service[80079]: DEBUG dbcounter [-] [80079] Writing DB stats keystone:SELECT=100 {{(pid=80079) stat_writer /usr/local/lib/python3.8/dist-packages/dbcounter.py:114}}
Jun 17 07:13:36.658832 dv-cinder-803773-3-iscsi devstack@keystone.service[80079]: DEBUG keystone.server.flask.request_processing.middleware.auth_context [None req-247e9eea-4a52-4f25-b04f-cd88df282bf5 None admin] RBAC: auth_context: {'token': , 'domain_id': None, 'trust_id': None, 'trustor_id': None, 'trustee_id': None, 'domain_name': None, 'group_ids': [], 'user_id': 'b8c1c83f1036474f9bd804fc73521ecc', 'user_domain_id': 'default', 'system_scope': 'all', 'project_id': None, 'project_domain_id': None, 'roles': ['admin', 'member', 'reader'], 'is_admin_project': True, 'service_user_id': None, 'service_user_domain_id': None, 'service_project_id': None, 'service_project_domain_id': None, 'service_roles': []} {{(pid=80079) fill_context /opt/stack/keystone/keystone/server/flask/request_processing/middleware/auth_context.py:478}}
Jun 17 07:13:36.659842 dv-cinder-803773-3-iscsi devstack@keystone.service[80079]: DEBUG keystone.server.flask.request_processing.req_logging [None req-247e9eea-4a52-4f25-b04f-cd88df282bf5 None admin] REQUEST_METHOD: `GET` {{(pid=80079) log_request_info /opt/stack/keystone/keystone/server/flask/request_processing/req_logging.py:27}}
Jun 17 07:13:36.660297 dv-cinder-803773-3-iscsi devstack@keystone.service[80079]: DEBUG keystone.server.flask.request_processing.req_logging [None req-247e9eea-4a52-4f25-b04f-cd88df282bf5 None admin] SCRIPT_NAME: `/identity` {{(pid=80079) log_request_info /opt/stack/keystone/keystone/server/flask/request_processing/req_logging.py:28}}
Jun 17 07:13:36.660731 dv-cinder-803773-3-iscsi devstack@keystone.service[80079]: DEBUG keystone.server.flask.request_processing.req_logging [None req-247e9eea-4a52-4f25-b04f-cd88df282bf5 None admin] PATH_INFO: `/v3/role_assignments` {{(pid=80079) log_request_info /opt/stack/keystone/keystone/server/flask/request_processing/req_logging.py:29}}
Jun 17 07:13:36.661862 dv-cinder-803773-3-iscsi devstack@keystone.service[80079]: DEBUG keystone.common.rbac_enforcer.enforcer [None req-247e9eea-4a52-4f25-b04f-cd88df282bf5 None admin] RBAC: Adding query filter params (group.id=4235934dc57147bb90c717b2406261f7, role.id=ab8f66c9c17141c78f03d685bacac0dd, scope.project.id=43c77278a4704b0a83a8ddd7e9eeafc0) {{(pid=80079) _extract_filter_values /opt/stack/keystone/keystone/common/rbac_enforcer/enforcer.py:167}}
Jun 17 07:13:36.662172 dv-cinder-803773-3-iscsi devstack@keystone.service[80079]: DEBUG keystone.common.rbac_enforcer.enforcer [None req-247e9eea-4a52-4f25-b04f-cd88df282bf5 None admin] RBAC: Authorizing `identity:list_role_assignments()` {{(pid=80079) enforce_call /opt/stack/keystone/keystone/common/rbac_enforcer/enforcer.py:449}}
Jun 17 07:13:36.663849 dv-cinder-803773-3-iscsi devstack@keystone.service[80079]: DEBUG keystone.common.rbac_enforcer.enforcer [None req-247e9eea-4a52-4f25-b04f-cd88df282bf5 None admin] RBAC: Authorization granted {{(pid=80079) enforce_call /opt/stack/keystone/keystone/common/rbac_enforcer/enforcer.py:457}}
