Aug 06 17:23:29.717323 dv-cinder-803773-1-iscsi devstack@c-api.service[100138]: INFO cinder.api.openstack.wsgi [req-bb8fe554-167c-4dae-b9c5-65d26fa41e0b req-d040e33e-0639-4d55-a1fd-700ea88cca25 tempest-VolumesGetTestJSON-1852450212 tempest-VolumesGetTestJSON-1852450212-project] http://10.222.0.89/volume/v3/9f8acaf945c944578bd73d8a953e41d2/volumes/bc0111b1-1bda-4f8a-9341-36e24836e8f6 returned with HTTP 200
Aug 06 17:23:29.719472 dv-cinder-803773-1-iscsi devstack@c-api.service[100138]: [pid: 100138|app: 0|req: 15/19] 10.222.0.89 () {60 vars in 1579 bytes} [Fri Aug 6 17:23:29 2021] GET /volume/v3/9f8acaf945c944578bd73d8a953e41d2/volumes/bc0111b1-1bda-4f8a-9341-36e24836e8f6 => generated 900 bytes in 79 msecs (HTTP/1.1 200) 7 headers in 285 bytes (2 switches on core 0)
Aug 06 17:23:29.760415 dv-cinder-803773-1-iscsi devstack@c-api.service[100139]: INFO cinder.api.openstack.wsgi [None req-786474bf-45a6-4fb5-8101-c81512383aad tempest-GroupsV314Test-1010917987 tempest-GroupsV314Test-1010917987-project] POST http://10.222.0.89/volume/v3/beca1fbad2374f39bbe452cd42c84fc1/groups
Aug 06 17:23:29.760921 dv-cinder-803773-1-iscsi devstack@c-api.service[100139]: /usr/local/lib/python3.8/dist-packages/webob/acceptparse.py:1047: DeprecationWarning: The behavior of AcceptValidHeader.best_match is currently being maintained for backward compatibility, but it will be deprecated in the future, as it does not conform to the RFC.
Aug 06 17:23:29.760921 dv-cinder-803773-1-iscsi devstack@c-api.service[100139]: warnings.warn(
Aug 06 17:23:29.761190 dv-cinder-803773-1-iscsi devstack@c-api.service[100139]: DEBUG cinder.api.openstack.wsgi [None req-786474bf-45a6-4fb5-8101-c81512383aad tempest-GroupsV314Test-1010917987 tempest-GroupsV314Test-1010917987-project] Action: 'create', calling method: version_select, body: {"group": {"group_type": "bf1bba67-bb7c-41e8-94e3-9226295b6e25", "volume_types": ["a2c9f885-8847-40e3-ac58-83e6d7b6e75b"], "name": "tempest-GroupsV314Test-Group-1092741264"}} {{(pid=100139) _process_stack /opt/stack/cinder/cinder/api/openstack/wsgi.py:854}}
Aug 06 17:23:29.762195 dv-cinder-803773-1-iscsi devstack@c-api.service[100139]: DEBUG cinder.api.v3.groups [None req-786474bf-45a6-4fb5-8101-c81512383aad tempest-GroupsV314Test-1010917987 tempest-GroupsV314Test-1010917987-project] Creating new group {'group': {'group_type': 'bf1bba67-bb7c-41e8-94e3-9226295b6e25', 'volume_types': ['a2c9f885-8847-40e3-ac58-83e6d7b6e75b'], 'name': 'tempest-GroupsV314Test-Group-1092741264'}} {{(pid=100139) create /opt/stack/cinder/cinder/api/v3/groups.py:190}}
Aug 06 17:23:29.795984 dv-cinder-803773-1-iscsi devstack@c-api.service[100139]: INFO cinder.api.v3.groups [None req-786474bf-45a6-4fb5-8101-c81512383aad tempest-GroupsV314Test-1010917987 tempest-GroupsV314Test-1010917987-project] Creating group tempest-GroupsV314Test-Group-1092741264.
Aug 06 17:23:29.797158 dv-cinder-803773-1-iscsi devstack@c-api.service[100139]: /usr/local/lib/python3.8/dist-packages/oslo_context/context.py:105: DeprecationWarning: Policy enforcement is depending on the value of is_admin. This key is deprecated. Please update your policy file to use the standard policy values.
Aug 06 17:23:29.797158 dv-cinder-803773-1-iscsi devstack@c-api.service[100139]: warnings.warn('Policy enforcement is depending on the value of '
Aug 06 17:23:29.831064 dv-cinder-803773-1-iscsi devstack@c-api.service[100139]: DEBUG cinder.volume.api [None req-786474bf-45a6-4fb5-8101-c81512383aad tempest-GroupsV314Test-1010917987 tempest-GroupsV314Test-1010917987-project] Availability zone cache updated, next update will occur around 2021-08-06 18:23:29.830528. {{(pid=100139) list_availability_zones /opt/stack/cinder/cinder/volume/api.py:148}}
Aug 06 17:23:29.831594 dv-cinder-803773-1-iscsi devstack@c-api.service[100139]: INFO cinder.volume.api [None req-786474bf-45a6-4fb5-8101-c81512383aad tempest-GroupsV314Test-1010917987 tempest-GroupsV314Test-1010917987-project] Availability Zones retrieved successfully.
Aug 06 17:23:29.891801 dv-cinder-803773-1-iscsi devstack@c-api.service[100139]: DEBUG cinder.quota [None req-786474bf-45a6-4fb5-8101-c81512383aad tempest-GroupsV314Test-1010917987 tempest-GroupsV314Test-1010917987-project] Created reservations ['debdad52-5c5b-41ae-97d9-42125467deab'] {{(pid=100139) reserve /opt/stack/cinder/cinder/quota.py:755}}
Aug 06 17:23:29.971050 dv-cinder-803773-1-iscsi devstack@c-api.service[100139]: INFO cinder.api.openstack.wsgi [None req-786474bf-45a6-4fb5-8101-c81512383aad tempest-GroupsV314Test-1010917987 tempest-GroupsV314Test-1010917987-project] http://10.222.0.89/volume/v3/beca1fbad2374f39bbe452cd42c84fc1/groups returned with HTTP 202
Aug 06 17:23:29.974470 dv-cinder-803773-1-iscsi devstack@c-api.service[100139]: [pid: 100139|app: 0|req: 5/20] 10.222.0.89 () {62 vars in 1274 bytes} [Fri Aug 6 17:23:29 2021] POST /volume/v3/beca1fbad2374f39bbe452cd42c84fc1/groups => generated 108 bytes in 521 msecs (HTTP/1.1 202) 7 headers in 292 bytes (1 switches on core 0)
Aug 06 17:23:29.983753 dv-cinder-803773-1-iscsi devstack@c-api.service[100138]: INFO cinder.api.openstack.wsgi [None req-0dec2580-1c86-4d90-a40c-ea2da2a9290c tempest-GroupsV314Test-1010917987 tempest-GroupsV314Test-1010917987-project] GET http://10.222.0.89/volume/v3/beca1fbad2374f39bbe452cd42c84fc1/groups/71e791ba-f447-453d-bcad-02d91cfdef3a
Aug 06 17:23:29.984282 dv-cinder-803773-1-iscsi devstack@c-api.service[100138]: DEBUG cinder.api.openstack.wsgi [None req-0dec2580-1c86-4d90-a40c-ea2da2a9290c tempest-GroupsV314Test-1010917987 tempest-GroupsV314Test-1010917987-project] Empty body provided in request {{(pid=100138) get_body /opt/stack/cinder/cinder/api/openstack/wsgi.py:703}}
Aug 06 17:23:29.984450 dv-cinder-803773-1-iscsi devstack@c-api.service[100138]: /usr/local/lib/python3.8/dist-packages/webob/acceptparse.py:1047: DeprecationWarning: The behavior of AcceptValidHeader.best_match is currently being maintained for backward compatibility, but it will be deprecated in the future, as it does not conform to the RFC.
Aug 06 17:23:29.984450 dv-cinder-803773-1-iscsi devstack@c-api.service[100138]: warnings.warn(
Aug 06 17:23:29.985011 dv-cinder-803773-1-iscsi devstack@c-api.service[100138]: DEBUG cinder.api.openstack.wsgi [None req-0dec2580-1c86-4d90-a40c-ea2da2a9290c tempest-GroupsV314Test-1010917987 tempest-GroupsV314Test-1010917987-project] Calling method 'version_select' {{(pid=100138) _process_stack /opt/stack/cinder/cinder/api/openstack/wsgi.py:856}}
Aug 06 17:23:29.985762 dv-cinder-803773-1-iscsi devstack@c-api.service[100138]: DEBUG cinder.api.v3.groups [None req-0dec2580-1c86-4d90-a40c-ea2da2a9290c tempest-GroupsV314Test-1010917987 tempest-GroupsV314Test-1010917987-project] show called for member 71e791ba-f447-453d-bcad-02d91cfdef3a {{(pid=100138) show /opt/stack/cinder/cinder/api/v3/groups.py:58}}
Aug 06 17:23:30.001697 dv-cinder-803773-1-iscsi devstack@c-api.service[100138]: /usr/local/lib/python3.8/dist-packages/oslo_context/context.py:105: DeprecationWarning: Policy enforcement is depending on the value of is_admin. This key is deprecated. Please update your policy file to use the standard policy values.
Aug 06 17:23:30.001697 dv-cinder-803773-1-iscsi devstack@c-api.service[100138]: warnings.warn('Policy enforcement is depending on the value of '
Aug 06 17:23:30.031318 dv-cinder-803773-1-iscsi devstack@c-api.service[100138]: INFO cinder.api.openstack.wsgi [None req-0dec2580-1c86-4d90-a40c-ea2da2a9290c tempest-GroupsV314Test-1010917987 tempest-GroupsV314Test-1010917987-project] http://10.222.0.89/volume/v3/beca1fbad2374f39bbe452cd42c84fc1/groups/71e791ba-f447-453d-bcad-02d91cfdef3a returned with HTTP 200
Aug 06 17:23:30.032294 dv-cinder-803773-1-iscsi devstack@c-api.service[100138]: [pid: 100138|app: 0|req: 16/21] 10.222.0.89 () {60 vars in 1363 bytes} [Fri Aug 6 17:23:29 2021] GET /volume/v3/beca1fbad2374f39bbe452cd42c84fc1/groups/71e791ba-f447-453d-bcad-02d91cfdef3a => generated 388 bytes in 54 msecs (HTTP/1.1 200) 7 headers in 286 bytes (1 switches on core 0)
Aug 06 17:23:30.775743 dv-cinder-803773-1-iscsi devstack@c-api.service[100139]: INFO cinder.api.openstack.wsgi [req-63944cff-c322-48b6-a0e5-efbd5f342fe0 req-902c3bf4-d2be-43eb-8a61-66775e2a0dc1 tempest-VolumesGetTestJSON-1852450212 tempest-VolumesGetTestJSON-1852450212-project] GET http://10.222.0.89/volume/v3/9f8acaf945c944578bd73d8a953e41d2/volumes/bc0111b1-1bda-4f8a-9341-36e24836e8f6
Aug 06 17:23:30.776328 dv-cinder-803773-1-iscsi devstack@c-api.service[100139]: DEBUG cinder.api.openstack.wsgi [req-63944cff-c322-48b6-a0e5-efbd5f342fe0 req-902c3bf4-d2be-43eb-8a61-66775e2a0dc1 tempest-VolumesGetTestJSON-1852450212 tempest-VolumesGetTestJSON-1852450212-project] Empty body provided in request {{(pid=100139) get_body /opt/stack/cinder/cinder/api/openstack/wsgi.py:703}}
Aug 06 17:23:30.776328 dv-cinder-803773-1-iscsi devstack@c-api.service[100139]: /usr/local/lib/python3.8/dist-packages/webob/acceptparse.py:1047: DeprecationWarning: The behavior of AcceptValidHeader.best_match is currently being maintained for backward compatibility, but it will be deprecated in the future, as it does not conform to the RFC.
Aug 06 17:23:30.776328 dv-cinder-803773-1-iscsi devstack@c-api.service[100139]: warnings.warn(
Aug 06 17:23:30.776672 dv-cinder-803773-1-iscsi devstack@c-api.service[100139]: DEBUG cinder.api.openstack.wsgi [req-63944cff-c322-48b6-a0e5-efbd5f342fe0 req-902c3bf4-d2be-43eb-8a61-66775e2a0dc1 tempest-VolumesGetTestJSON-1852450212 tempest-VolumesGetTestJSON-1852450212-project] Calling method 'show' {{(pid=100139) _process_stack /opt/stack/cinder/cinder/api/openstack/wsgi.py:856}}
Aug 06 17:23:30.817711 dv-cinder-803773-1-iscsi devstack@c-api.service[100139]: /usr/local/lib/python3.8/dist-packages/oslo_context/context.py:105: DeprecationWarning: Policy enforcement is depending on the value of is_admin. This key is deprecated. Please update your policy file to use the standard policy values.
Aug 06 17:23:30.817711 dv-cinder-803773-1-iscsi devstack@c-api.service[100139]: warnings.warn('Policy enforcement is depending on the value of '
Aug 06 17:23:30.848098 dv-cinder-803773-1-iscsi devstack@c-api.service[100139]: INFO cinder.volume.api [req-63944cff-c322-48b6-a0e5-efbd5f342fe0 req-902c3bf4-d2be-43eb-8a61-66775e2a0dc1 tempest-VolumesGetTestJSON-1852450212 tempest-VolumesGetTestJSON-1852450212-project] Volume info retrieved successfully.
Aug 06 17:23:30.906117 dv-cinder-803773-1-iscsi devstack@c-api.service[100139]: INFO cinder.api.openstack.wsgi [req-63944cff-c322-48b6-a0e5-efbd5f342fe0 req-902c3bf4-d2be-43eb-8a61-66775e2a0dc1 tempest-VolumesGetTestJSON-1852450212 tempest-VolumesGetTestJSON-1852450212-project] http://10.222.0.89/volume/v3/9f8acaf945c944578bd73d8a953e41d2/volumes/bc0111b1-1bda-4f8a-9341-36e24836e8f6 returned with HTTP 200
Aug 06 17:23:30.906945 dv-cinder-803773-1-iscsi devstack@c-api.service[100139]: [pid: 100139|app: 0|req: 6/22] 10.222.0.89 () {60 vars in 1579 bytes} [Fri Aug 6 17:23:30 2021] GET /volume/v3/9f8acaf945c944578bd73d8a953e41d2/volumes/bc0111b1-1bda-4f8a-9341-36e24836e8f6 => generated 925 bytes in 135 msecs (HTTP/1.1 200) 7 headers in 285 bytes (1 switches on core 0)
Aug 06 17:23:30.942315 dv-cinder-803773-1-iscsi devstack@c-api.service[100138]: INFO cinder.api.openstack.wsgi [req-efcf948b-b86f-42e8-b642-74173ce0de75 req-99d570bf-16e3-47be-aba9-4fdfb6ffe782 tempest-VolumesGetTestJSON-1852450212 tempest-VolumesGetTestJSON-1852450212-project] GET http://10.222.0.89/volume/v3/9f8acaf945c944578bd73d8a953e41d2/volumes/bc0111b1-1bda-4f8a-9341-36e24836e8f6
Aug 06 17:23:30.943885 dv-cinder-803773-1-iscsi devstack@c-api.service[100138]: DEBUG cinder.api.openstack.wsgi [req-efcf948b-b86f-42e8-b642-74173ce0de75 req-99d570bf-16e3-47be-aba9-4fdfb6ffe782 tempest-VolumesGetTestJSON-1852450212 tempest-VolumesGetTestJSON-1852450212-project] Empty body provided in request {{(pid=100138) get_body /opt/stack/cinder/cinder/api/openstack/wsgi.py:703}}
Aug 06 17:23:30.944201 dv-cinder-803773-1-iscsi devstack@c-api.service[100138]: /usr/local/lib/python3.8/dist-packages/webob/acceptparse.py:1047: DeprecationWarning: The behavior of AcceptValidHeader.best_match is currently being maintained for backward compatibility, but it will be deprecated in the future, as it does not conform to the RFC.
Aug 06 17:23:30.944201 dv-cinder-803773-1-iscsi devstack@c-api.service[100138]: warnings.warn(
Aug 06 17:23:30.944816 dv-cinder-803773-1-iscsi devstack@c-api.service[100138]: DEBUG cinder.api.openstack.wsgi [req-efcf948b-b86f-42e8-b642-74173ce0de75 req-99d570bf-16e3-47be-aba9-4fdfb6ffe782 tempest-VolumesGetTestJSON-1852450212 tempest-VolumesGetTestJSON-1852450212-project] Calling method 'show' {{(pid=100138) _process_stack /opt/stack/cinder/cinder/api/openstack/wsgi.py:856}}
Aug 06 17:23:30.981119 dv-cinder-803773-1-iscsi devstack@c-api.service[100138]: /usr/local/lib/python3.8/dist-packages/oslo_context/context.py:105: DeprecationWarning: Policy enforcement is depending on the value of is_admin. This key is deprecated. Please update your policy file to use the standard policy values.
Aug 06 17:23:30.981119 dv-cinder-803773-1-iscsi devstack@c-api.service[100138]: warnings.warn('Policy enforcement is depending on the value of '
Aug 06 17:23:31.005564 dv-cinder-803773-1-iscsi devstack@c-api.service[100138]: INFO cinder.volume.api [req-efcf948b-b86f-42e8-b642-74173ce0de75 req-99d570bf-16e3-47be-aba9-4fdfb6ffe782 tempest-VolumesGetTestJSON-1852450212 tempest-VolumesGetTestJSON-1852450212-project] Volume info retrieved successfully.
Aug 06 17:23:31.028919 dv-cinder-803773-1-iscsi devstack@c-api.service[100138]: INFO cinder.api.openstack.wsgi [req-efcf948b-b86f-42e8-b642-74173ce0de75 req-99d570bf-16e3-47be-aba9-4fdfb6ffe782 tempest-VolumesGetTestJSON-1852450212 tempest-VolumesGetTestJSON-1852450212-project] http://10.222.0.89/volume/v3/9f8acaf945c944578bd73d8a953e41d2/volumes/bc0111b1-1bda-4f8a-9341-36e24836e8f6 returned with HTTP 200
Aug 06 17:23:31.033384 dv-cinder-803773-1-iscsi devstack@c-api.service[100138]: [pid: 100138|app: 0|req: 17/23] 10.222.0.89 () {60 vars in 1579 bytes} [Fri Aug 6 17:23:30 2021] GET /volume/v3/9f8acaf945c944578bd73d8a953e41d2/volumes/bc0111b1-1bda-4f8a-9341-36e24836e8f6 => generated 925 bytes in 95 msecs (HTTP/1.1 200) 7 headers in 285 bytes (1 switches on core 0)
Aug 06 17:23:31.044391 dv-cinder-803773-1-iscsi devstack@c-api.service[100139]: INFO cinder.api.openstack.wsgi [None req-0703d9bc-ecd4-4b76-be5d-e3d297af3f2a tempest-GroupsV314Test-1010917987 tempest-GroupsV314Test-1010917987-project] GET http://10.222.0.89/volume/v3/beca1fbad2374f39bbe452cd42c84fc1/groups/71e791ba-f447-453d-bcad-02d91cfdef3a
Aug 06 17:23:31.044991 dv-cinder-803773-1-iscsi devstack@c-api.service[100139]: DEBUG cinder.api.openstack.wsgi [None req-0703d9bc-ecd4-4b76-be5d-e3d297af3f2a tempest-GroupsV314Test-1010917987 tempest-GroupsV314Test-1010917987-project] Empty body provided in request {{(pid=100139) get_body /opt/stack/cinder/cinder/api/openstack/wsgi.py:703}}
Aug 06 17:23:31.045544 dv-cinder-803773-1-iscsi devstack@c-api.service[100139]: /usr/local/lib/python3.8/dist-packages/webob/acceptparse.py:1047: DeprecationWarning: The behavior of AcceptValidHeader.best_match is currently being maintained for backward compatibility, but it will be deprecated in the future, as it does not conform to the RFC.
Aug 06 17:23:31.045544 dv-cinder-803773-1-iscsi devstack@c-api.service[100139]: warnings.warn(
Aug 06 17:23:31.045984 dv-cinder-803773-1-iscsi devstack@c-api.service[100139]: DEBUG cinder.api.openstack.wsgi [None req-0703d9bc-ecd4-4b76-be5d-e3d297af3f2a tempest-GroupsV314Test-1010917987 tempest-GroupsV314Test-1010917987-project] Calling method 'version_select' {{(pid=100139) _process_stack /opt/stack/cinder/cinder/api/openstack/wsgi.py:856}}
Aug 06 17:23:31.046463 dv-cinder-803773-1-iscsi devstack@c-api.service[100139]: DEBUG cinder.api.v3.groups [None req-0703d9bc-ecd4-4b76-be5d-e3d297af3f2a tempest-GroupsV314Test-1010917987 tempest-GroupsV314Test-1010917987-project] show called for member 71e791ba-f447-453d-bcad-02d91cfdef3a {{(pid=100139) show /opt/stack/cinder/cinder/api/v3/groups.py:58}}
Aug 06 17:23:31.052247 dv-cinder-803773-1-iscsi devstack@c-api.service[100139]: /usr/local/lib/python3.8/dist-packages/oslo_context/context.py:105: DeprecationWarning: Policy enforcement is depending on the value of is_admin. This key is deprecated. Please update your policy file to use the standard policy values.
Aug 06 17:23:31.052247 dv-cinder-803773-1-iscsi devstack@c-api.service[100139]: warnings.warn('Policy enforcement is depending on the value of '
Aug 06 17:23:31.062845 dv-cinder-803773-1-iscsi devstack@c-api.service[100138]: INFO cinder.api.openstack.wsgi [req-4c540752-80ba-4a57-8028-3696c17a2135 req-4c99631d-13fc-4d97-be06-4323557a23ed tempest-VolumesGetTestJSON-1852450212 tempest-VolumesGetTestJSON-1852450212-project] DELETE http://10.222.0.89/volume/v3/9f8acaf945c944578bd73d8a953e41d2/volumes/bc0111b1-1bda-4f8a-9341-36e24836e8f6
Aug 06 17:23:31.063339 dv-cinder-803773-1-iscsi devstack@c-api.service[100138]: DEBUG cinder.api.openstack.wsgi [req-4c540752-80ba-4a57-8028-3696c17a2135 req-4c99631d-13fc-4d97-be06-4323557a23ed tempest-VolumesGetTestJSON-1852450212 tempest-VolumesGetTestJSON-1852450212-project] Empty body provided in request {{(pid=100138) get_body /opt/stack/cinder/cinder/api/openstack/wsgi.py:703}}
Aug 06 17:23:31.063573 dv-cinder-803773-1-iscsi devstack@c-api.service[100138]: /usr/local/lib/python3.8/dist-packages/webob/acceptparse.py:1047: DeprecationWarning: The behavior of AcceptValidHeader.best_match is currently being maintained for backward compatibility, but it will be deprecated in the future, as it does not conform to the RFC.
Aug 06 17:23:31.063573 dv-cinder-803773-1-iscsi devstack@c-api.service[100138]: warnings.warn(
Aug 06 17:23:31.063997 dv-cinder-803773-1-iscsi devstack@c-api.service[100138]: DEBUG cinder.api.openstack.wsgi [req-4c540752-80ba-4a57-8028-3696c17a2135 req-4c99631d-13fc-4d97-be06-4323557a23ed tempest-VolumesGetTestJSON-1852450212 tempest-VolumesGetTestJSON-1852450212-project] Calling method 'delete' {{(pid=100138) _process_stack /opt/stack/cinder/cinder/api/openstack/wsgi.py:856}}
Aug 06 17:23:31.064459 dv-cinder-803773-1-iscsi devstack@c-api.service[100138]: INFO cinder.api.v3.volumes [req-4c540752-80ba-4a57-8028-3696c17a2135 req-4c99631d-13fc-4d97-be06-4323557a23ed tempest-VolumesGetTestJSON-1852450212 tempest-VolumesGetTestJSON-1852450212-project] Delete volume with id: bc0111b1-1bda-4f8a-9341-36e24836e8f6
Aug 06 17:23:31.096904 dv-cinder-803773-1-iscsi devstack@c-api.service[100138]: /usr/local/lib/python3.8/dist-packages/oslo_context/context.py:105: DeprecationWarning: Policy enforcement is depending on the value of is_admin. This key is deprecated. Please update your policy file to use the standard policy values.
Aug 06 17:23:31.096904 dv-cinder-803773-1-iscsi devstack@c-api.service[100138]: warnings.warn('Policy enforcement is depending on the value of '
Aug 06 17:23:31.109170 dv-cinder-803773-1-iscsi devstack@c-api.service[100138]: INFO cinder.volume.api [req-4c540752-80ba-4a57-8028-3696c17a2135 req-4c99631d-13fc-4d97-be06-4323557a23ed tempest-VolumesGetTestJSON-1852450212 tempest-VolumesGetTestJSON-1852450212-project] Volume info retrieved successfully.
Aug 06 17:23:31.143640 dv-cinder-803773-1-iscsi devstack@c-api.service[100139]: INFO cinder.api.openstack.wsgi [None req-0703d9bc-ecd4-4b76-be5d-e3d297af3f2a tempest-GroupsV314Test-1010917987 tempest-GroupsV314Test-1010917987-project] http://10.222.0.89/volume/v3/beca1fbad2374f39bbe452cd42c84fc1/groups/71e791ba-f447-453d-bcad-02d91cfdef3a returned with HTTP 200
Aug 06 17:23:31.147670 dv-cinder-803773-1-iscsi devstack@c-api.service[100139]: [pid: 100139|app: 0|req: 7/24] 10.222.0.89 () {60 vars in 1363 bytes} [Fri Aug 6 17:23:31 2021] GET /volume/v3/beca1fbad2374f39bbe452cd42c84fc1/groups/71e791ba-f447-453d-bcad-02d91cfdef3a => generated 389 bytes in 108 msecs (HTTP/1.1 200) 7 headers in 286 bytes (2 switches on core 0)
Aug 06 17:23:31.158407 dv-cinder-803773-1-iscsi devstack@c-api.service[100139]: INFO cinder.api.openstack.wsgi [None req-df5e19bb-1a94-44be-89ef-bb8d788a0ece tempest-GroupsV314Test-1010917987 tempest-GroupsV314Test-1010917987-project] POST http://10.222.0.89/volume/v3/beca1fbad2374f39bbe452cd42c84fc1/volumes
Aug 06 17:23:31.159119 dv-cinder-803773-1-iscsi devstack@c-api.service[100139]: /usr/local/lib/python3.8/dist-packages/webob/acceptparse.py:1047: DeprecationWarning: The behavior of AcceptValidHeader.best_match is currently being maintained for backward compatibility, but it will be deprecated in the future, as it does not conform to the RFC.
Aug 06 17:23:31.159119 dv-cinder-803773-1-iscsi devstack@c-api.service[100139]: warnings.warn(
Aug 06 17:23:31.159711 dv-cinder-803773-1-iscsi devstack@c-api.service[100139]: DEBUG cinder.api.openstack.wsgi [None req-df5e19bb-1a94-44be-89ef-bb8d788a0ece tempest-GroupsV314Test-1010917987 tempest-GroupsV314Test-1010917987-project] Action: 'create', calling method: create, body: {"volume": {"volume_type": "a2c9f885-8847-40e3-ac58-83e6d7b6e75b", "group_id": "71e791ba-f447-453d-bcad-02d91cfdef3a", "size": 1, "name": "tempest-GroupsV314Test-Volume-455087916"}} {{(pid=100139) _process_stack /opt/stack/cinder/cinder/api/openstack/wsgi.py:854}}
Aug 06 17:23:31.160915 dv-cinder-803773-1-iscsi devstack@c-api.service[100139]: DEBUG cinder.api.v3.volumes [None req-df5e19bb-1a94-44be-89ef-bb8d788a0ece tempest-GroupsV314Test-1010917987 tempest-GroupsV314Test-1010917987-project] Create volume request body: {'volume': {'volume_type': 'a2c9f885-8847-40e3-ac58-83e6d7b6e75b', 'group_id': '71e791ba-f447-453d-bcad-02d91cfdef3a', 'size': 1, 'name': 'tempest-GroupsV314Test-Volume-455087916'}} {{(pid=100139) create /opt/stack/cinder/cinder/api/v3/volumes.py:290}}
Aug 06 17:23:31.219327 dv-cinder-803773-1-iscsi devstack@c-api.service[100138]: INFO cinder.volume.api [req-4c540752-80ba-4a57-8028-3696c17a2135 req-4c99631d-13fc-4d97-be06-4323557a23ed tempest-VolumesGetTestJSON-1852450212 tempest-VolumesGetTestJSON-1852450212-project] Delete volume request issued successfully.
Aug 06 17:23:31.219752 dv-cinder-803773-1-iscsi devstack@c-api.service[100139]: /usr/local/lib/python3.8/dist-packages/oslo_context/context.py:105: DeprecationWarning: Policy enforcement is depending on the value of is_admin. This key is deprecated. Please update your policy file to use the standard policy values.
Aug 06 17:23:31.219752 dv-cinder-803773-1-iscsi devstack@c-api.service[100139]: warnings.warn('Policy enforcement is depending on the value of '
Aug 06 17:23:31.220361 dv-cinder-803773-1-iscsi devstack@c-api.service[100138]: INFO cinder.api.openstack.wsgi [req-4c540752-80ba-4a57-8028-3696c17a2135 req-4c99631d-13fc-4d97-be06-4323557a23ed tempest-VolumesGetTestJSON-1852450212 tempest-VolumesGetTestJSON-1852450212-project] http://10.222.0.89/volume/v3/9f8acaf945c944578bd73d8a953e41d2/volumes/bc0111b1-1bda-4f8a-9341-36e24836e8f6 returned with HTTP 202
Aug 06 17:23:31.221442 dv-cinder-803773-1-iscsi devstack@c-api.service[100138]: [pid: 100138|app: 0|req: 18/25] 10.222.0.89 () {62 vars in 1601 bytes} [Fri Aug 6 17:23:31 2021] DELETE /volume/v3/9f8acaf945c944578bd73d8a953e41d2/volumes/bc0111b1-1bda-4f8a-9341-36e24836e8f6 => generated 0 bytes in 163 msecs (HTTP/1.1 202) 6 headers in 233 bytes (2 switches on core 0)
Aug 06 17:23:31.225790 dv-cinder-803773-1-iscsi devstack@c-api.service[100139]: INFO cinder.api.v3.volumes [None req-df5e19bb-1a94-44be-89ef-bb8d788a0ece tempest-GroupsV314Test-1010917987 tempest-GroupsV314Test-1010917987-project] Create volume of 1 GB
Aug 06 17:23:31.266745 dv-cinder-803773-1-iscsi devstack@c-api.service[100138]: INFO cinder.api.openstack.wsgi [req-46d9abe5-9c8b-487f-8edc-ef0c4a6ec747 req-7f5b862b-0aa5-4b61-a401-ccd7c62656d9 tempest-VolumesGetTestJSON-1852450212 tempest-VolumesGetTestJSON-1852450212-project] GET http://10.222.0.89/volume/v3/9f8acaf945c944578bd73d8a953e41d2/volumes/bc0111b1-1bda-4f8a-9341-36e24836e8f6
Aug 06 17:23:31.269228 dv-cinder-803773-1-iscsi devstack@c-api.service[100138]: DEBUG cinder.api.openstack.wsgi [req-46d9abe5-9c8b-487f-8edc-ef0c4a6ec747 req-7f5b862b-0aa5-4b61-a401-ccd7c62656d9 tempest-VolumesGetTestJSON-1852450212 tempest-VolumesGetTestJSON-1852450212-project] Empty body provided in request {{(pid=100138) get_body /opt/stack/cinder/cinder/api/openstack/wsgi.py:703}}
Aug 06 17:23:31.269785 dv-cinder-803773-1-iscsi devstack@c-api.service[100138]: /usr/local/lib/python3.8/dist-packages/webob/acceptparse.py:1047: DeprecationWarning: The behavior of AcceptValidHeader.best_match is currently being maintained for backward compatibility, but it will be deprecated in the future, as it does not conform to the RFC.
Aug 06 17:23:31.269785 dv-cinder-803773-1-iscsi devstack@c-api.service[100138]: warnings.warn(
Aug 06 17:23:31.270568 dv-cinder-803773-1-iscsi devstack@c-api.service[100138]: DEBUG cinder.api.openstack.wsgi [req-46d9abe5-9c8b-487f-8edc-ef0c4a6ec747 req-7f5b862b-0aa5-4b61-a401-ccd7c62656d9 tempest-VolumesGetTestJSON-1852450212 tempest-VolumesGetTestJSON-1852450212-project] Calling method 'show' {{(pid=100138) _process_stack /opt/stack/cinder/cinder/api/openstack/wsgi.py:856}}
Aug 06 17:23:31.272996 dv-cinder-803773-1-iscsi devstack@c-api.service[100139]: INFO cinder.volume.api [None req-df5e19bb-1a94-44be-89ef-bb8d788a0ece tempest-GroupsV314Test-1010917987 tempest-GroupsV314Test-1010917987-project] Availability Zones retrieved successfully.
Aug 06 17:23:31.296601 dv-cinder-803773-1-iscsi devstack@c-api.service[100138]: /usr/local/lib/python3.8/dist-packages/oslo_context/context.py:105: DeprecationWarning: Policy enforcement is depending on the value of is_admin. This key is deprecated. Please update your policy file to use the standard policy values.
Aug 06 17:23:31.296601 dv-cinder-803773-1-iscsi devstack@c-api.service[100138]: warnings.warn('Policy enforcement is depending on the value of '
Aug 06 17:23:31.305033 dv-cinder-803773-1-iscsi devstack@c-api.service[100139]: DEBUG cinder.volume.api [None req-df5e19bb-1a94-44be-89ef-bb8d788a0ece tempest-GroupsV314Test-1010917987 tempest-GroupsV314Test-1010917987-project] Flow 'volume_create_api' (bf22e890-7ac3-4aa1-9d7a-0584f2fab36c) transitioned into state 'RUNNING' from state 'PENDING' {{(pid=100139) _flow_receiver /usr/local/lib/python3.8/dist-packages/taskflow/listeners/logging.py:141}}
Aug 06 17:23:31.312323 dv-cinder-803773-1-iscsi devstack@c-api.service[100139]: DEBUG cinder.volume.api [None req-df5e19bb-1a94-44be-89ef-bb8d788a0ece tempest-GroupsV314Test-1010917987 tempest-GroupsV314Test-1010917987-project] Task 'cinder.volume.flows.api.create_volume.ExtractVolumeRequestTask;volume:create' (ddfa7049-c302-4caf-b89f-e4300b2a28d3) transitioned into state 'RUNNING' from state 'PENDING' {{(pid=100139) _task_receiver /usr/local/lib/python3.8/dist-packages/taskflow/listeners/logging.py:190}}
Aug 06 17:23:31.319641 dv-cinder-803773-1-iscsi devstack@c-api.service[100139]: /usr/local/lib/python3.8/dist-packages/oslo_context/context.py:105: DeprecationWarning: Policy enforcement is depending on the value of is_admin. This key is deprecated. Please update your policy file to use the standard policy values.
Aug 06 17:23:31.319641 dv-cinder-803773-1-iscsi devstack@c-api.service[100139]: warnings.warn('Policy enforcement is depending on the value of '
Aug 06 17:23:31.322345 dv-cinder-803773-1-iscsi devstack@c-api.service[100139]: DEBUG cinder.volume.flows.api.create_volume [None req-df5e19bb-1a94-44be-89ef-bb8d788a0ece tempest-GroupsV314Test-1010917987 tempest-GroupsV314Test-1010917987-project] Validating volume size '1' using validate_int {{(pid=100139) _extract_size /opt/stack/cinder/cinder/volume/flows/api/create_volume.py:201}}
Aug 06 17:23:31.324683 dv-cinder-803773-1-iscsi devstack@c-api.service[100138]: INFO cinder.volume.api [req-46d9abe5-9c8b-487f-8edc-ef0c4a6ec747 req-7f5b862b-0aa5-4b61-a401-ccd7c62656d9 tempest-VolumesGetTestJSON-1852450212 tempest-VolumesGetTestJSON-1852450212-project] Volume info retrieved successfully.
Aug 06 17:23:31.367721 dv-cinder-803773-1-iscsi devstack@c-api.service[100138]: INFO cinder.api.openstack.wsgi [req-46d9abe5-9c8b-487f-8edc-ef0c4a6ec747 req-7f5b862b-0aa5-4b61-a401-ccd7c62656d9 tempest-VolumesGetTestJSON-1852450212 tempest-VolumesGetTestJSON-1852450212-project] http://10.222.0.89/volume/v3/9f8acaf945c944578bd73d8a953e41d2/volumes/bc0111b1-1bda-4f8a-9341-36e24836e8f6 returned with HTTP 200
Aug 06 17:23:31.370569 dv-cinder-803773-1-iscsi devstack@c-api.service[100139]: DEBUG cinder.volume.api [None req-df5e19bb-1a94-44be-89ef-bb8d788a0ece tempest-GroupsV314Test-1010917987 tempest-GroupsV314Test-1010917987-project] Task 'cinder.volume.flows.api.create_volume.ExtractVolumeRequestTask;volume:create' (ddfa7049-c302-4caf-b89f-e4300b2a28d3) transitioned into state 'SUCCESS' from state 'RUNNING' with result '{'size': 1, 'snapshot_id': None, 'source_volid': None, 'volume_type': VolumeType(created_at=2021-08-06T17:23:29Z,deleted=False,deleted_at=None,description=None,extra_specs={},id=a2c9f885-8847-40e3-ac58-83e6d7b6e75b,is_public=True,name='tempest-GroupsV314Test-volume-type-1099086252',projects=[],qos_specs=,qos_specs_id=None,updated_at=None), 'volume_type_id': 'a2c9f885-8847-40e3-ac58-83e6d7b6e75b', 'encryption_key_id': None, 'qos_specs': None, 'consistencygroup_id': None, 'cgsnapshot_id': None, 'group_id': '71e791ba-f447-453d-bcad-02d91cfdef3a', 'replication_status': 'disabled', 'refresh_az': False, 'backup_id': None, 'multiattach': False, 'availability_zones': ['nova']}' {{(pid=100139) _task_receiver /usr/local/lib/python3.8/dist-packages/taskflow/listeners/logging.py:178}}
Aug 06 17:23:31.374214 dv-cinder-803773-1-iscsi devstack@c-api.service[100139]: DEBUG cinder.volume.api [None req-df5e19bb-1a94-44be-89ef-bb8d788a0ece tempest-GroupsV314Test-1010917987 tempest-GroupsV314Test-1010917987-project] Task 'cinder.volume.flows.api.create_volume.QuotaReserveTask;volume:create' (9d061764-562c-4dfb-9e81-edbc9cf892bb) transitioned into state 'RUNNING' from state 'PENDING' {{(pid=100139) _task_receiver /usr/local/lib/python3.8/dist-packages/taskflow/listeners/logging.py:190}}
Aug 06 17:23:31.375801 dv-cinder-803773-1-iscsi devstack@c-api.service[100138]: [pid: 100138|app: 0|req: 19/26] 10.222.0.89 () {60 vars in 1579 bytes} [Fri Aug 6 17:23:31 2021] GET /volume/v3/9f8acaf945c944578bd73d8a953e41d2/volumes/bc0111b1-1bda-4f8a-9341-36e24836e8f6 => generated 924 bytes in 122 msecs (HTTP/1.1 200) 7 headers in 285 bytes (2 switches on core 0)
Aug 06 17:23:31.447241 dv-cinder-803773-1-iscsi devstack@c-api.service[100139]: WARNING cinder.quota [None req-df5e19bb-1a94-44be-89ef-bb8d788a0ece tempest-GroupsV314Test-1010917987 tempest-GroupsV314Test-1010917987-project] Deprecated: Default quota for resource: volumes_tempest-GroupsV314Test-volume-type-1099086252 is set by the default quota flag: quota_volumes_tempest-GroupsV314Test-volume-type-1099086252, it is now deprecated. Please use the default quota class for default quota.
Aug 06 17:23:31.447998 dv-cinder-803773-1-iscsi devstack@c-api.service[100139]: WARNING cinder.quota [None req-df5e19bb-1a94-44be-89ef-bb8d788a0ece tempest-GroupsV314Test-1010917987 tempest-GroupsV314Test-1010917987-project] Deprecated: Default quota for resource: gigabytes_tempest-GroupsV314Test-volume-type-1099086252 is set by the default quota flag: quota_gigabytes_tempest-GroupsV314Test-volume-type-1099086252, it is now deprecated. Please use the default quota class for default quota.
Aug 06 17:23:31.547989 dv-cinder-803773-1-iscsi devstack@c-api.service[100139]: DEBUG cinder.quota [None req-df5e19bb-1a94-44be-89ef-bb8d788a0ece tempest-GroupsV314Test-1010917987 tempest-GroupsV314Test-1010917987-project] Created reservations ['5e29c288-c7f5-409e-88be-fb22b55fc7ae', '85179b4c-3cdc-43b5-a51e-c02ed1134ccf', 'bd73c193-9cf5-4d1d-aec6-b0542d0b4336', 'afad1f4a-7d8e-4899-8e4e-f17add122eed'] {{(pid=100139) reserve /opt/stack/cinder/cinder/quota.py:755}}
Aug 06 17:23:31.549810 dv-cinder-803773-1-iscsi devstack@c-api.service[100139]: DEBUG cinder.volume.api [None req-df5e19bb-1a94-44be-89ef-bb8d788a0ece tempest-GroupsV314Test-1010917987 tempest-GroupsV314Test-1010917987-project] Task 'cinder.volume.flows.api.create_volume.QuotaReserveTask;volume:create' (9d061764-562c-4dfb-9e81-edbc9cf892bb) transitioned into state 'SUCCESS' from state 'RUNNING' with result '{'reservations': ['5e29c288-c7f5-409e-88be-fb22b55fc7ae', '85179b4c-3cdc-43b5-a51e-c02ed1134ccf', 'bd73c193-9cf5-4d1d-aec6-b0542d0b4336', 'afad1f4a-7d8e-4899-8e4e-f17add122eed']}' {{(pid=100139) _task_receiver /usr/local/lib/python3.8/dist-packages/taskflow/listeners/logging.py:178}}
Aug 06 17:23:31.552290 dv-cinder-803773-1-iscsi devstack@c-api.service[100139]: DEBUG cinder.volume.api [None req-df5e19bb-1a94-44be-89ef-bb8d788a0ece tempest-GroupsV314Test-1010917987 tempest-GroupsV314Test-1010917987-project] Task 'cinder.volume.flows.api.create_volume.EntryCreateTask;volume:create' (69834163-02bc-43a4-a3b2-dc3bd7508d3e) transitioned into state 'RUNNING' from state 'PENDING' {{(pid=100139) _task_receiver /usr/local/lib/python3.8/dist-packages/taskflow/listeners/logging.py:190}}
Aug 06 17:23:31.598929 dv-cinder-803773-1-iscsi devstack@c-api.service[100139]: DEBUG cinder.volume.api [None req-df5e19bb-1a94-44be-89ef-bb8d788a0ece tempest-GroupsV314Test-1010917987 tempest-GroupsV314Test-1010917987-project] Task 'cinder.volume.flows.api.create_volume.EntryCreateTask;volume:create' (69834163-02bc-43a4-a3b2-dc3bd7508d3e) transitioned into state 'SUCCESS' from state 'RUNNING' with result '{'volume_id': '517df266-199c-44a9-abd7-81f90d7f50a1', 'volume_properties': VolumeProperties(attach_status='detached',availability_zone='nova',cgsnapshot_id=None,consistencygroup_id=None,display_description=None,display_name='tempest-GroupsV314Test-Volume-455087916',encryption_key_id=None,group_id=71e791ba-f447-453d-bcad-02d91cfdef3a,group_type_id=,metadata={},multiattach=False,project_id='beca1fbad2374f39bbe452cd42c84fc1',qos_specs=None,replication_status=,reservations=['5e29c288-c7f5-409e-88be-fb22b55fc7ae','85179b4c-3cdc-43b5-a51e-c02ed1134ccf','bd73c193-9cf5-4d1d-aec6-b0542d0b4336','afad1f4a-7d8e-4899-8e4e-f17add122eed'],size=1,snapshot_id=None,source_replicaid=,source_volid=None,status='creating',user_id='68ae88718e4645f18a2623a42de36f08',volume_type_id=a2c9f885-8847-40e3-ac58-83e6d7b6e75b), 'volume': Volume(_name_id=None,admin_metadata=,attach_status='detached',availability_zone='nova',bootable=False,cluster=,cluster_name=None,consistencygroup=,consistencygroup_id=None,created_at=2021-08-06T17:23:31Z,deleted=False,deleted_at=None,display_description=None,display_name='tempest-GroupsV314Test-Volume-455087916',ec2_id=None,encryption_key_id=None,glance_metadata=,group=,group_id=71e791ba-f447-453d-bcad-02d91cfdef3a,host=None,id=517df266-199c-44a9-abd7-81f90d7f50a1,launched_at=None,metadata={},migration_status=None,multiattach=False,previous_status=None,project_id='beca1fbad2374f39bbe452cd42c84fc1',provider_auth=None,provider_geometry=None,provider_id=None,provider_location=None,replication_driver_data=None,replication_extended_status=None,replication_status=None,scheduled_at=None,service_uuid=None,shared_targets=True,size=1,snapshot_id=None,snapshots=,source_volid=None,status='creating',terminated_at=None,updated_at=None,user_id='68ae88718e4645f18a2623a42de36f08',volume_attachment=,volume_type=VolumeType(a2c9f885-8847-40e3-ac58-83e6d7b6e75b),volume_type_id=a2c9f885-8847-40e3-ac58-83e6d7b6e75b)}' {{(pid=100139) _task_receiver /usr/local/lib/python3.8/dist-packages/taskflow/listeners/logging.py:178}}
Aug 06 17:23:31.600827 dv-cinder-803773-1-iscsi devstack@c-api.service[100139]: DEBUG cinder.volume.api [None req-df5e19bb-1a94-44be-89ef-bb8d788a0ece tempest-GroupsV314Test-1010917987 tempest-GroupsV314Test-1010917987-project] Task 'cinder.volume.flows.api.create_volume.QuotaCommitTask;volume:create' (46e724fe-0943-48fd-a9c3-5448cffa7aee) transitioned into state 'RUNNING' from state 'PENDING' {{(pid=100139) _task_receiver /usr/local/lib/python3.8/dist-packages/taskflow/listeners/logging.py:190}}
Aug 06 17:23:31.672198 dv-cinder-803773-1-iscsi devstack@c-api.service[100139]: DEBUG cinder.volume.api [None req-df5e19bb-1a94-44be-89ef-bb8d788a0ece tempest-GroupsV314Test-1010917987 tempest-GroupsV314Test-1010917987-project] Task 'cinder.volume.flows.api.create_volume.QuotaCommitTask;volume:create' (46e724fe-0943-48fd-a9c3-5448cffa7aee) transitioned into state 'SUCCESS' from state 'RUNNING' with result '{'volume_properties': VolumeProperties(attach_status='detached',availability_zone='nova',cgsnapshot_id=None,consistencygroup_id=None,display_description=None,display_name='tempest-GroupsV314Test-Volume-455087916',encryption_key_id=None,group_id=71e791ba-f447-453d-bcad-02d91cfdef3a,group_type_id=,metadata={},multiattach=False,project_id='beca1fbad2374f39bbe452cd42c84fc1',qos_specs=None,replication_status=,reservations=['5e29c288-c7f5-409e-88be-fb22b55fc7ae','85179b4c-3cdc-43b5-a51e-c02ed1134ccf','bd73c193-9cf5-4d1d-aec6-b0542d0b4336','afad1f4a-7d8e-4899-8e4e-f17add122eed'],size=1,snapshot_id=None,source_replicaid=,source_volid=None,status='creating',user_id='68ae88718e4645f18a2623a42de36f08',volume_type_id=a2c9f885-8847-40e3-ac58-83e6d7b6e75b)}' {{(pid=100139) _task_receiver /usr/local/lib/python3.8/dist-packages/taskflow/listeners/logging.py:178}}
Aug 06 17:23:31.673870 dv-cinder-803773-1-iscsi devstack@c-api.service[100139]: DEBUG cinder.volume.api [None req-df5e19bb-1a94-44be-89ef-bb8d788a0ece tempest-GroupsV314Test-1010917987 tempest-GroupsV314Test-1010917987-project] Task 'cinder.volume.flows.api.create_volume.VolumeCastTask;volume:create' (ddfe8a90-8483-415c-99ff-ef26936ddd5e) transitioned into state 'RUNNING' from state 'PENDING' {{(pid=100139) _task_receiver /usr/local/lib/python3.8/dist-packages/taskflow/listeners/logging.py:190}}
Aug 06 17:23:31.717619 dv-cinder-803773-1-iscsi devstack@c-api.service[100139]: DEBUG cinder.volume.api [None req-df5e19bb-1a94-44be-89ef-bb8d788a0ece tempest-GroupsV314Test-1010917987 tempest-GroupsV314Test-1010917987-project] Task 'cinder.volume.flows.api.create_volume.VolumeCastTask;volume:create' (ddfe8a90-8483-415c-99ff-ef26936ddd5e) transitioned into state 'SUCCESS' from state 'RUNNING' with result 'None' {{(pid=100139) _task_receiver /usr/local/lib/python3.8/dist-packages/taskflow/listeners/logging.py:178}}
Aug 06 17:23:31.720506 dv-cinder-803773-1-iscsi devstack@c-api.service[100139]: DEBUG cinder.volume.api [None req-df5e19bb-1a94-44be-89ef-bb8d788a0ece tempest-GroupsV314Test-1010917987 tempest-GroupsV314Test-1010917987-project] Flow 'volume_create_api' (bf22e890-7ac3-4aa1-9d7a-0584f2fab36c) transitioned into state 'SUCCESS' from state 'RUNNING' {{(pid=100139) _flow_receiver /usr/local/lib/python3.8/dist-packages/taskflow/listeners/logging.py:141}}
Aug 06 17:23:31.727883 dv-cinder-803773-1-iscsi devstack@c-api.service[100139]: INFO cinder.volume.api [None req-df5e19bb-1a94-44be-89ef-bb8d788a0ece tempest-GroupsV314Test-1010917987 tempest-GroupsV314Test-1010917987-project] Create volume request issued successfully.
Aug 06 17:23:31.743801 dv-cinder-803773-1-iscsi devstack@c-api.service[100139]: WARNING stevedore.named [None req-df5e19bb-1a94-44be-89ef-bb8d788a0ece tempest-GroupsV314Test-1010917987 tempest-GroupsV314Test-1010917987-project] Could not load cinder.keymgr.conf_key_mgr.ConfKeyManager
Aug 06 17:23:31.744443 dv-cinder-803773-1-iscsi devstack@c-api.service[100139]: WARNING castellan.key_manager [None req-df5e19bb-1a94-44be-89ef-bb8d788a0ece tempest-GroupsV314Test-1010917987 tempest-GroupsV314Test-1010917987-project] Deprecation Warning : cinder.keymgr.conf_key_mgr.ConfKeyManager is not a stevedore based driver, trying to load it as a class: stevedore.exception.NoMatches: No 'castellan.drivers' driver found, looking for 'cinder.keymgr.conf_key_mgr.ConfKeyManager'
Aug 06 17:23:31.753700 dv-cinder-803773-1-iscsi devstack@c-api.service[100139]: DEBUG oslo_db.sqlalchemy.engines [None req-df5e19bb-1a94-44be-89ef-bb8d788a0ece tempest-GroupsV314Test-1010917987 tempest-GroupsV314Test-1010917987-project] MySQL server mode set to STRICT_TRANS_TABLES,STRICT_ALL_TABLES,NO_ZERO_IN_DATE,NO_ZERO_DATE,ERROR_FOR_DIVISION_BY_ZERO,TRADITIONAL,NO_ENGINE_SUBSTITUTION {{(pid=100139) _check_effective_sql_mode /usr/local/lib/python3.8/dist-packages/oslo_db/sqlalchemy/engines.py:314}}
Aug 06 17:23:31.765223 dv-cinder-803773-1-iscsi devstack@c-api.service[100139]: /usr/local/lib/python3.8/dist-packages/oslo_context/context.py:105: DeprecationWarning: Policy enforcement is depending on the value of is_admin. This key is deprecated. Please update your policy file to use the standard policy values.
Aug 06 17:23:31.765223 dv-cinder-803773-1-iscsi devstack@c-api.service[100139]: warnings.warn('Policy enforcement is depending on the value of '
Aug 06 17:23:31.781888 dv-cinder-803773-1-iscsi devstack@c-api.service[100139]: INFO cinder.api.openstack.wsgi [None req-df5e19bb-1a94-44be-89ef-bb8d788a0ece tempest-GroupsV314Test-1010917987 tempest-GroupsV314Test-1010917987-project] http://10.222.0.89/volume/v3/beca1fbad2374f39bbe452cd42c84fc1/volumes returned with HTTP 202
Aug 06 17:23:31.784243 dv-cinder-803773-1-iscsi devstack@c-api.service[100139]: [pid: 100139|app: 0|req: 8/27] 10.222.0.89 () {62 vars in 1277 bytes} [Fri Aug 6 17:23:31 2021] POST /volume/v3/beca1fbad2374f39bbe452cd42c84fc1/volumes => generated 899 bytes in 630 msecs (HTTP/1.1 202) 7 headers in 292 bytes (2 switches on core 0)
Aug 06 17:23:31.797708 dv-cinder-803773-1-iscsi devstack@c-api.service[100138]: INFO cinder.api.openstack.wsgi [None req-05d04df5-cf48-462a-8574-5da9a09358ed tempest-GroupsV314Test-1010917987 tempest-GroupsV314Test-1010917987-project] GET http://10.222.0.89/volume/v3/beca1fbad2374f39bbe452cd42c84fc1/volumes/517df266-199c-44a9-abd7-81f90d7f50a1
Aug 06 17:23:31.798683 dv-cinder-803773-1-iscsi devstack@c-api.service[100138]: DEBUG cinder.api.openstack.wsgi [None req-05d04df5-cf48-462a-8574-5da9a09358ed tempest-GroupsV314Test-1010917987 tempest-GroupsV314Test-1010917987-project] Empty body provided in request {{(pid=100138) get_body /opt/stack/cinder/cinder/api/openstack/wsgi.py:703}}
Aug 06 17:23:31.799668 dv-cinder-803773-1-iscsi devstack@c-api.service[100138]: /usr/local/lib/python3.8/dist-packages/webob/acceptparse.py:1047: DeprecationWarning: The behavior of AcceptValidHeader.best_match is currently being maintained for backward compatibility, but it will be deprecated in the future, as it does not conform to the RFC.
Aug 06 17:23:31.799668 dv-cinder-803773-1-iscsi devstack@c-api.service[100138]: warnings.warn(
Aug 06 17:23:31.800167 dv-cinder-803773-1-iscsi devstack@c-api.service[100138]: DEBUG cinder.api.openstack.wsgi [None req-05d04df5-cf48-462a-8574-5da9a09358ed tempest-GroupsV314Test-1010917987 tempest-GroupsV314Test-1010917987-project] Calling method 'show' {{(pid=100138) _process_stack /opt/stack/cinder/cinder/api/openstack/wsgi.py:856}}
Aug 06 17:23:31.839830 dv-cinder-803773-1-iscsi devstack@c-api.service[100138]: /usr/local/lib/python3.8/dist-packages/oslo_context/context.py:105: DeprecationWarning: Policy enforcement is depending on the value of is_admin. This key is deprecated. Please update your policy file to use the standard policy values.
Aug 06 17:23:31.839830 dv-cinder-803773-1-iscsi devstack@c-api.service[100138]: warnings.warn('Policy enforcement is depending on the value of '
Aug 06 17:23:31.865973 dv-cinder-803773-1-iscsi devstack@c-api.service[100138]: INFO cinder.volume.api [None req-05d04df5-cf48-462a-8574-5da9a09358ed tempest-GroupsV314Test-1010917987 tempest-GroupsV314Test-1010917987-project] Volume info retrieved successfully.
Aug 06 17:23:31.899216 dv-cinder-803773-1-iscsi devstack@c-api.service[100138]: WARNING stevedore.named [None req-05d04df5-cf48-462a-8574-5da9a09358ed tempest-GroupsV314Test-1010917987 tempest-GroupsV314Test-1010917987-project] Could not load cinder.keymgr.conf_key_mgr.ConfKeyManager
Aug 06 17:23:31.903608 dv-cinder-803773-1-iscsi devstack@c-api.service[100138]: WARNING castellan.key_manager [None req-05d04df5-cf48-462a-8574-5da9a09358ed tempest-GroupsV314Test-1010917987 tempest-GroupsV314Test-1010917987-project] Deprecation Warning : cinder.keymgr.conf_key_mgr.ConfKeyManager is not a stevedore based driver, trying to load it as a class: stevedore.exception.NoMatches: No 'castellan.drivers' driver found, looking for 'cinder.keymgr.conf_key_mgr.ConfKeyManager'
Aug 06 17:23:31.923575 dv-cinder-803773-1-iscsi devstack@c-api.service[100138]: DEBUG oslo_db.sqlalchemy.engines [None req-05d04df5-cf48-462a-8574-5da9a09358ed tempest-GroupsV314Test-1010917987 tempest-GroupsV314Test-1010917987-project] MySQL server mode set to STRICT_TRANS_TABLES,STRICT_ALL_TABLES,NO_ZERO_IN_DATE,NO_ZERO_DATE,ERROR_FOR_DIVISION_BY_ZERO,TRADITIONAL,NO_ENGINE_SUBSTITUTION {{(pid=100138) _check_effective_sql_mode /usr/local/lib/python3.8/dist-packages/oslo_db/sqlalchemy/engines.py:314}}
Aug 06 17:23:31.942949 dv-cinder-803773-1-iscsi devstack@c-api.service[100138]: /usr/local/lib/python3.8/dist-packages/oslo_context/context.py:105: DeprecationWarning: Policy enforcement is depending on the value of is_admin. This key is deprecated. Please update your policy file to use the standard policy values.
Aug 06 17:23:31.942949 dv-cinder-803773-1-iscsi devstack@c-api.service[100138]: warnings.warn('Policy enforcement is depending on the value of '
Aug 06 17:23:31.998292 dv-cinder-803773-1-iscsi devstack@c-api.service[100138]: INFO cinder.api.openstack.wsgi [None req-05d04df5-cf48-462a-8574-5da9a09358ed tempest-GroupsV314Test-1010917987 tempest-GroupsV314Test-1010917987-project] http://10.222.0.89/volume/v3/beca1fbad2374f39bbe452cd42c84fc1/volumes/517df266-199c-44a9-abd7-81f90d7f50a1 returned with HTTP 200
Aug 06 17:23:32.005991 dv-cinder-803773-1-iscsi devstack@c-api.service[100138]: [pid: 100138|app: 0|req: 20/28] 10.222.0.89 () {60 vars in 1366 bytes} [Fri Aug 6 17:23:31 2021] GET /volume/v3/beca1fbad2374f39bbe452cd42c84fc1/volumes/517df266-199c-44a9-abd7-81f90d7f50a1 => generated 967 bytes in 211 msecs (HTTP/1.1 200) 7 headers in 286 bytes (1 switches on core 0)
Aug 06 17:23:32.411821 dv-cinder-803773-1-iscsi devstack@c-api.service[100139]: INFO cinder.api.openstack.wsgi [req-738f3112-46d7-4a8f-86df-b05d49e0ca5a req-5b22fd05-6da5-42c8-86ff-26fecae3b805 tempest-VolumesGetTestJSON-1852450212 tempest-VolumesGetTestJSON-1852450212-project] GET http://10.222.0.89/volume/v3/9f8acaf945c944578bd73d8a953e41d2/volumes/bc0111b1-1bda-4f8a-9341-36e24836e8f6
Aug 06 17:23:32.412589 dv-cinder-803773-1-iscsi devstack@c-api.service[100139]: DEBUG cinder.api.openstack.wsgi [req-738f3112-46d7-4a8f-86df-b05d49e0ca5a req-5b22fd05-6da5-42c8-86ff-26fecae3b805 tempest-VolumesGetTestJSON-1852450212 tempest-VolumesGetTestJSON-1852450212-project] Empty body provided in request {{(pid=100139) get_body /opt/stack/cinder/cinder/api/openstack/wsgi.py:703}}
Aug 06 17:23:32.412946 dv-cinder-803773-1-iscsi devstack@c-api.service[100139]: /usr/local/lib/python3.8/dist-packages/webob/acceptparse.py:1047: DeprecationWarning: The behavior of AcceptValidHeader.best_match is currently being maintained for backward compatibility, but it will be deprecated in the future, as it does not conform to the RFC.
Aug 06 17:23:32.412946 dv-cinder-803773-1-iscsi devstack@c-api.service[100139]: warnings.warn(
Aug 06 17:23:32.413453 dv-cinder-803773-1-iscsi devstack@c-api.service[100139]: DEBUG cinder.api.openstack.wsgi [req-738f3112-46d7-4a8f-86df-b05d49e0ca5a req-5b22fd05-6da5-42c8-86ff-26fecae3b805 tempest-VolumesGetTestJSON-1852450212 tempest-VolumesGetTestJSON-1852450212-project] Calling method 'show' {{(pid=100139) _process_stack /opt/stack/cinder/cinder/api/openstack/wsgi.py:856}}
Aug 06 17:23:32.437364 dv-cinder-803773-1-iscsi devstack@c-api.service[100139]: INFO cinder.api.openstack.wsgi [req-738f3112-46d7-4a8f-86df-b05d49e0ca5a req-5b22fd05-6da5-42c8-86ff-26fecae3b805 tempest-VolumesGetTestJSON-1852450212 tempest-VolumesGetTestJSON-1852450212-project] http://10.222.0.89/volume/v3/9f8acaf945c944578bd73d8a953e41d2/volumes/bc0111b1-1bda-4f8a-9341-36e24836e8f6 returned with HTTP 404
Aug 06 17:23:32.440457 dv-cinder-803773-1-iscsi devstack@c-api.service[100139]: [pid: 100139|app: 0|req: 9/29] 10.222.0.89 () {60 vars in 1579 bytes} [Fri Aug 6 17:23:32 2021] GET /volume/v3/9f8acaf945c944578bd73d8a953e41d2/volumes/bc0111b1-1bda-4f8a-9341-36e24836e8f6 => generated 109 bytes in 33 msecs (HTTP/1.1 404) 7 headers in 292 bytes (1 switches on core 0)
Aug 06 17:23:33.020666 dv-cinder-803773-1-iscsi devstack@c-api.service[100138]: INFO cinder.api.openstack.wsgi [None req-5ba72714-639c-4c68-8fbe-ed1da109bbb8 tempest-GroupsV314Test-1010917987 tempest-GroupsV314Test-1010917987-project] GET http://10.222.0.89/volume/v3/beca1fbad2374f39bbe452cd42c84fc1/volumes/517df266-199c-44a9-abd7-81f90d7f50a1
Aug 06 17:23:33.021151 dv-cinder-803773-1-iscsi devstack@c-api.service[100138]: DEBUG cinder.api.openstack.wsgi [None req-5ba72714-639c-4c68-8fbe-ed1da109bbb8 tempest-GroupsV314Test-1010917987 tempest-GroupsV314Test-1010917987-project] Empty body provided in request {{(pid=100138) get_body /opt/stack/cinder/cinder/api/openstack/wsgi.py:703}}
Aug 06 17:23:33.021332 dv-cinder-803773-1-iscsi devstack@c-api.service[100138]: /usr/local/lib/python3.8/dist-packages/webob/acceptparse.py:1047: DeprecationWarning: The behavior of AcceptValidHeader.best_match is currently being maintained for backward compatibility, but it will be deprecated in the future, as it does not conform to the RFC.
Aug 06 17:23:33.021332 dv-cinder-803773-1-iscsi devstack@c-api.service[100138]: warnings.warn(
