Aug 04 10:02:48.913057 dv-cinder-803450-1-iscsi devstack@c-api.service[100841]: INFO cinder.volume.api [req-4ed52a5b-806a-41da-a414-c50c98135e06 req-df1daf14-4073-46b6-a48a-fa117981e0b6 tempest-VolumesSnapshotsTestJSON-1928771689 tempest-VolumesSnapshotsTestJSON-1928771689-project] Volume info retrieved successfully.
Aug 04 10:02:48.935307 dv-cinder-803450-1-iscsi devstack@c-api.service[100841]: INFO cinder.api.openstack.wsgi [req-4ed52a5b-806a-41da-a414-c50c98135e06 req-df1daf14-4073-46b6-a48a-fa117981e0b6 tempest-VolumesSnapshotsTestJSON-1928771689 tempest-VolumesSnapshotsTestJSON-1928771689-project] http://10.222.0.52/volume/v3/058d92d3132f4d76a4b44d78bf3b1534/volumes/5b4abfcf-5343-4ac7-bec6-ffcf8aa50730 returned with HTTP 200
Aug 04 10:02:48.936441 dv-cinder-803450-1-iscsi devstack@c-api.service[100841]: [pid: 100841|app: 0|req: 6/11] 10.222.0.52 () {60 vars in 1579 bytes} [Wed Aug 4 10:02:48 2021] GET /volume/v3/058d92d3132f4d76a4b44d78bf3b1534/volumes/5b4abfcf-5343-4ac7-bec6-ffcf8aa50730 => generated 892 bytes in 70 msecs (HTTP/1.1 200) 7 headers in 285 bytes (1 switches on core 0)
Aug 04 10:02:48.941897 dv-cinder-803450-1-iscsi devstack@c-api.service[100841]: INFO cinder.api.openstack.wsgi [req-25a66147-6ba8-40dd-8d59-3f5c0d914fbd req-8a31fe48-3aeb-4441-a01b-908f1b1db6af tempest-VolumesGetTestJSON-1928566488 tempest-VolumesGetTestJSON-1928566488-project] GET http://10.222.0.52/volume/v3/f7e35210de1c435b9b1dfa04d34fe285/volumes/5d037312-9f9a-457d-8236-b28f20aa861a
Aug 04 10:02:48.943929 dv-cinder-803450-1-iscsi devstack@c-api.service[100841]: DEBUG cinder.api.openstack.wsgi [req-25a66147-6ba8-40dd-8d59-3f5c0d914fbd req-8a31fe48-3aeb-4441-a01b-908f1b1db6af tempest-VolumesGetTestJSON-1928566488 tempest-VolumesGetTestJSON-1928566488-project] Empty body provided in request {{(pid=100841) get_body /opt/stack/cinder/cinder/api/openstack/wsgi.py:703}}
Aug 04 10:02:48.943929 dv-cinder-803450-1-iscsi devstack@c-api.service[100841]: /usr/local/lib/python3.8/dist-packages/webob/acceptparse.py:1047: DeprecationWarning: The behavior of AcceptValidHeader.best_match is currently being maintained for backward compatibility, but it will be deprecated in the future, as it does not conform to the RFC.
Aug 04 10:02:48.943929 dv-cinder-803450-1-iscsi devstack@c-api.service[100841]: warnings.warn(
Aug 04 10:02:48.943929 dv-cinder-803450-1-iscsi devstack@c-api.service[100841]: DEBUG cinder.api.openstack.wsgi [req-25a66147-6ba8-40dd-8d59-3f5c0d914fbd req-8a31fe48-3aeb-4441-a01b-908f1b1db6af tempest-VolumesGetTestJSON-1928566488 tempest-VolumesGetTestJSON-1928566488-project] Calling method 'show' {{(pid=100841) _process_stack /opt/stack/cinder/cinder/api/openstack/wsgi.py:856}}
Aug 04 10:02:48.963228 dv-cinder-803450-1-iscsi devstack@c-api.service[100841]: /usr/local/lib/python3.8/dist-packages/oslo_context/context.py:105: DeprecationWarning: Policy enforcement is depending on the value of is_admin. This key is deprecated. Please update your policy file to use the standard policy values.
Aug 04 10:02:48.963228 dv-cinder-803450-1-iscsi devstack@c-api.service[100841]: warnings.warn('Policy enforcement is depending on the value of '
Aug 04 10:02:48.973382 dv-cinder-803450-1-iscsi devstack@c-api.service[100841]: INFO cinder.volume.api [req-25a66147-6ba8-40dd-8d59-3f5c0d914fbd req-8a31fe48-3aeb-4441-a01b-908f1b1db6af tempest-VolumesGetTestJSON-1928566488 tempest-VolumesGetTestJSON-1928566488-project] Volume info retrieved successfully.
Aug 04 10:02:48.978583 dv-cinder-803450-1-iscsi devstack@c-api.service[100842]: INFO cinder.api.openstack.wsgi [None req-55dafc98-f82e-47ad-b262-07277b68c225 tempest-GroupSnapshotsTest-2086228993 tempest-GroupSnapshotsTest-2086228993-project-admin] http://10.222.0.52/volume/v3/d6b49059f71b46a69d2f89889447aad3/types returned with HTTP 200
Aug 04 10:02:48.979812 dv-cinder-803450-1-iscsi devstack@c-api.service[100842]: [pid: 100842|app: 0|req: 6/12] 10.222.0.52 () {60 vars in 1229 bytes} [Wed Aug 4 10:02:48 2021] POST /volume/v3/d6b49059f71b46a69d2f89889447aad3/types => generated 223 bytes in 239 msecs (HTTP/1.1 200) 7 headers in 285 bytes (1 switches on core 0)
Aug 04 10:02:48.989387 dv-cinder-803450-1-iscsi devstack@c-api.service[100842]: INFO cinder.api.openstack.wsgi [None req-0b29f4e8-76c5-4e80-9f30-2dbea4b17849 tempest-GroupSnapshotsTest-2086228993 tempest-GroupSnapshotsTest-2086228993-project-admin] POST http://10.222.0.52/volume/v3/d6b49059f71b46a69d2f89889447aad3/group_types
Aug 04 10:02:48.990354 dv-cinder-803450-1-iscsi devstack@c-api.service[100842]: DEBUG cinder.api.openstack.wsgi [None req-0b29f4e8-76c5-4e80-9f30-2dbea4b17849 tempest-GroupSnapshotsTest-2086228993 tempest-GroupSnapshotsTest-2086228993-project-admin] Action: 'create', calling method: version_select, body: {"group_type": {"name": "tempest-GroupSnapshotsTest-group-type-2108578555"}} {{(pid=100842) _process_stack /opt/stack/cinder/cinder/api/openstack/wsgi.py:854}}
Aug 04 10:02:49.007053 dv-cinder-803450-1-iscsi devstack@c-api.service[100841]: INFO cinder.api.openstack.wsgi [req-25a66147-6ba8-40dd-8d59-3f5c0d914fbd req-8a31fe48-3aeb-4441-a01b-908f1b1db6af tempest-VolumesGetTestJSON-1928566488 tempest-VolumesGetTestJSON-1928566488-project] http://10.222.0.52/volume/v3/f7e35210de1c435b9b1dfa04d34fe285/volumes/5d037312-9f9a-457d-8236-b28f20aa861a returned with HTTP 200
Aug 04 10:02:49.007053 dv-cinder-803450-1-iscsi devstack@c-api.service[100841]: [pid: 100841|app: 0|req: 7/13] 10.222.0.52 () {60 vars in 1579 bytes} [Wed Aug 4 10:02:48 2021] GET /volume/v3/f7e35210de1c435b9b1dfa04d34fe285/volumes/5d037312-9f9a-457d-8236-b28f20aa861a => generated 899 bytes in 68 msecs (HTTP/1.1 200) 7 headers in 285 bytes (1 switches on core 0)
Aug 04 10:02:49.029241 dv-cinder-803450-1-iscsi devstack@c-api.service[100841]: INFO cinder.api.openstack.wsgi [req-e0aa01ca-ebca-4e3e-a0c9-61e312f773f2 req-b1fe12ea-2e65-4a2d-bf51-7626b11de076 tempest-VolumesSnapshotsTestJSON-1928771689 tempest-VolumesSnapshotsTestJSON-1928771689-project] GET http://10.222.0.52/volume/v3/058d92d3132f4d76a4b44d78bf3b1534/volumes/5b4abfcf-5343-4ac7-bec6-ffcf8aa50730
Aug 04 10:02:49.029938 dv-cinder-803450-1-iscsi devstack@c-api.service[100841]: DEBUG cinder.api.openstack.wsgi [req-e0aa01ca-ebca-4e3e-a0c9-61e312f773f2 req-b1fe12ea-2e65-4a2d-bf51-7626b11de076 tempest-VolumesSnapshotsTestJSON-1928771689 tempest-VolumesSnapshotsTestJSON-1928771689-project] Empty body provided in request {{(pid=100841) get_body /opt/stack/cinder/cinder/api/openstack/wsgi.py:703}}
Aug 04 10:02:49.030248 dv-cinder-803450-1-iscsi devstack@c-api.service[100841]: /usr/local/lib/python3.8/dist-packages/webob/acceptparse.py:1047: DeprecationWarning: The behavior of AcceptValidHeader.best_match is currently being maintained for backward compatibility, but it will be deprecated in the future, as it does not conform to the RFC.
Aug 04 10:02:49.030248 dv-cinder-803450-1-iscsi devstack@c-api.service[100841]: warnings.warn(
Aug 04 10:02:49.030801 dv-cinder-803450-1-iscsi devstack@c-api.service[100841]: DEBUG cinder.api.openstack.wsgi [req-e0aa01ca-ebca-4e3e-a0c9-61e312f773f2 req-b1fe12ea-2e65-4a2d-bf51-7626b11de076 tempest-VolumesSnapshotsTestJSON-1928771689 tempest-VolumesSnapshotsTestJSON-1928771689-project] Calling method 'show' {{(pid=100841) _process_stack /opt/stack/cinder/cinder/api/openstack/wsgi.py:856}}
Aug 04 10:02:49.051133 dv-cinder-803450-1-iscsi devstack@c-api.service[100841]: /usr/local/lib/python3.8/dist-packages/oslo_context/context.py:105: DeprecationWarning: Policy enforcement is depending on the value of is_admin. This key is deprecated. Please update your policy file to use the standard policy values.
Aug 04 10:02:49.051133 dv-cinder-803450-1-iscsi devstack@c-api.service[100841]: warnings.warn('Policy enforcement is depending on the value of '
Aug 04 10:02:49.062234 dv-cinder-803450-1-iscsi devstack@c-api.service[100841]: INFO cinder.volume.api [req-e0aa01ca-ebca-4e3e-a0c9-61e312f773f2 req-b1fe12ea-2e65-4a2d-bf51-7626b11de076 tempest-VolumesSnapshotsTestJSON-1928771689 tempest-VolumesSnapshotsTestJSON-1928771689-project] Volume info retrieved successfully.
Aug 04 10:02:49.082455 dv-cinder-803450-1-iscsi devstack@c-api.service[100841]: INFO cinder.api.openstack.wsgi [req-e0aa01ca-ebca-4e3e-a0c9-61e312f773f2 req-b1fe12ea-2e65-4a2d-bf51-7626b11de076 tempest-VolumesSnapshotsTestJSON-1928771689 tempest-VolumesSnapshotsTestJSON-1928771689-project] http://10.222.0.52/volume/v3/058d92d3132f4d76a4b44d78bf3b1534/volumes/5b4abfcf-5343-4ac7-bec6-ffcf8aa50730 returned with HTTP 200
Aug 04 10:02:49.083766 dv-cinder-803450-1-iscsi devstack@c-api.service[100841]: [pid: 100841|app: 0|req: 8/14] 10.222.0.52 () {60 vars in 1579 bytes} [Wed Aug 4 10:02:49 2021] GET /volume/v3/058d92d3132f4d76a4b44d78bf3b1534/volumes/5b4abfcf-5343-4ac7-bec6-ffcf8aa50730 => generated 892 bytes in 58 msecs (HTTP/1.1 200) 7 headers in 285 bytes (1 switches on core 0)
Aug 04 10:02:49.122104 dv-cinder-803450-1-iscsi devstack@c-api.service[100841]: INFO cinder.api.openstack.wsgi [req-58ea9442-1040-4bc6-ac66-e781c181029e req-237b5713-db37-4fd1-9498-b3a1dcca3d84 tempest-VolumesGetTestJSON-1928566488 tempest-VolumesGetTestJSON-1928566488-project] GET http://10.222.0.52/volume/v3/f7e35210de1c435b9b1dfa04d34fe285/volumes/5d037312-9f9a-457d-8236-b28f20aa861a
Aug 04 10:02:49.122472 dv-cinder-803450-1-iscsi devstack@c-api.service[100841]: DEBUG cinder.api.openstack.wsgi [req-58ea9442-1040-4bc6-ac66-e781c181029e req-237b5713-db37-4fd1-9498-b3a1dcca3d84 tempest-VolumesGetTestJSON-1928566488 tempest-VolumesGetTestJSON-1928566488-project] Empty body provided in request {{(pid=100841) get_body /opt/stack/cinder/cinder/api/openstack/wsgi.py:703}}
Aug 04 10:02:49.122647 dv-cinder-803450-1-iscsi devstack@c-api.service[100841]: /usr/local/lib/python3.8/dist-packages/webob/acceptparse.py:1047: DeprecationWarning: The behavior of AcceptValidHeader.best_match is currently being maintained for backward compatibility, but it will be deprecated in the future, as it does not conform to the RFC.
Aug 04 10:02:49.122647 dv-cinder-803450-1-iscsi devstack@c-api.service[100841]: warnings.warn(
Aug 04 10:02:49.122969 dv-cinder-803450-1-iscsi devstack@c-api.service[100841]: DEBUG cinder.api.openstack.wsgi [req-58ea9442-1040-4bc6-ac66-e781c181029e req-237b5713-db37-4fd1-9498-b3a1dcca3d84 tempest-VolumesGetTestJSON-1928566488 tempest-VolumesGetTestJSON-1928566488-project] Calling method 'show' {{(pid=100841) _process_stack /opt/stack/cinder/cinder/api/openstack/wsgi.py:856}}
Aug 04 10:02:49.144669 dv-cinder-803450-1-iscsi devstack@c-api.service[100841]: /usr/local/lib/python3.8/dist-packages/oslo_context/context.py:105: DeprecationWarning: Policy enforcement is depending on the value of is_admin. This key is deprecated. Please update your policy file to use the standard policy values.
Aug 04 10:02:49.144669 dv-cinder-803450-1-iscsi devstack@c-api.service[100841]: warnings.warn('Policy enforcement is depending on the value of '
Aug 04 10:02:49.150545 dv-cinder-803450-1-iscsi devstack@c-api.service[100841]: INFO cinder.volume.api [req-58ea9442-1040-4bc6-ac66-e781c181029e req-237b5713-db37-4fd1-9498-b3a1dcca3d84 tempest-VolumesGetTestJSON-1928566488 tempest-VolumesGetTestJSON-1928566488-project] Volume info retrieved successfully.
Aug 04 10:02:49.171528 dv-cinder-803450-1-iscsi devstack@c-api.service[100842]: INFO cinder.api.openstack.wsgi [None req-0b29f4e8-76c5-4e80-9f30-2dbea4b17849 tempest-GroupSnapshotsTest-2086228993 tempest-GroupSnapshotsTest-2086228993-project-admin] http://10.222.0.52/volume/v3/d6b49059f71b46a69d2f89889447aad3/group_types returned with HTTP 202
Aug 04 10:02:49.178277 dv-cinder-803450-1-iscsi devstack@c-api.service[100842]: [pid: 100842|app: 0|req: 7/15] 10.222.0.52 () {62 vars in 1288 bytes} [Wed Aug 4 10:02:48 2021] POST /volume/v3/d6b49059f71b46a69d2f89889447aad3/group_types => generated 181 bytes in 188 msecs (HTTP/1.1 202) 7 headers in 292 bytes (2 switches on core 0)
Aug 04 10:02:49.190561 dv-cinder-803450-1-iscsi devstack@c-api.service[100841]: INFO cinder.api.openstack.wsgi [req-58ea9442-1040-4bc6-ac66-e781c181029e req-237b5713-db37-4fd1-9498-b3a1dcca3d84 tempest-VolumesGetTestJSON-1928566488 tempest-VolumesGetTestJSON-1928566488-project] http://10.222.0.52/volume/v3/f7e35210de1c435b9b1dfa04d34fe285/volumes/5d037312-9f9a-457d-8236-b28f20aa861a returned with HTTP 200
Aug 04 10:02:49.192039 dv-cinder-803450-1-iscsi devstack@c-api.service[100841]: [pid: 100841|app: 0|req: 9/16] 10.222.0.52 () {60 vars in 1579 bytes} [Wed Aug 4 10:02:49 2021] GET /volume/v3/f7e35210de1c435b9b1dfa04d34fe285/volumes/5d037312-9f9a-457d-8236-b28f20aa861a => generated 899 bytes in 74 msecs (HTTP/1.1 200) 7 headers in 285 bytes (1 switches on core 0)
Aug 04 10:02:49.233293 dv-cinder-803450-1-iscsi devstack@c-api.service[100841]: INFO cinder.api.openstack.wsgi [req-bc2560cd-648e-47c2-ae9a-ca7f09ed78ec req-120aa97a-c203-45c6-a308-b2087e4383f8 tempest-VolumesNegativeTest-120495444 tempest-VolumesNegativeTest-120495444-project] DELETE http://10.222.0.52/volume/v3/8be5614d8e5342e4bbecfd7fd4747d42/volumes/e99ba5bc-05a1-484a-9769-97a16ddd3ce4
Aug 04 10:02:49.233910 dv-cinder-803450-1-iscsi devstack@c-api.service[100841]: DEBUG cinder.api.openstack.wsgi [req-bc2560cd-648e-47c2-ae9a-ca7f09ed78ec req-120aa97a-c203-45c6-a308-b2087e4383f8 tempest-VolumesNegativeTest-120495444 tempest-VolumesNegativeTest-120495444-project] Empty body provided in request {{(pid=100841) get_body /opt/stack/cinder/cinder/api/openstack/wsgi.py:703}}
Aug 04 10:02:49.234283 dv-cinder-803450-1-iscsi devstack@c-api.service[100841]: /usr/local/lib/python3.8/dist-packages/webob/acceptparse.py:1047: DeprecationWarning: The behavior of AcceptValidHeader.best_match is currently being maintained for backward compatibility, but it will be deprecated in the future, as it does not conform to the RFC.
Aug 04 10:02:49.234283 dv-cinder-803450-1-iscsi devstack@c-api.service[100841]: warnings.warn(
Aug 04 10:02:49.235097 dv-cinder-803450-1-iscsi devstack@c-api.service[100841]: DEBUG cinder.api.openstack.wsgi [req-bc2560cd-648e-47c2-ae9a-ca7f09ed78ec req-120aa97a-c203-45c6-a308-b2087e4383f8 tempest-VolumesNegativeTest-120495444 tempest-VolumesNegativeTest-120495444-project] Calling method 'delete' {{(pid=100841) _process_stack /opt/stack/cinder/cinder/api/openstack/wsgi.py:856}}
Aug 04 10:02:49.235521 dv-cinder-803450-1-iscsi devstack@c-api.service[100841]: INFO cinder.api.v3.volumes [req-bc2560cd-648e-47c2-ae9a-ca7f09ed78ec req-120aa97a-c203-45c6-a308-b2087e4383f8 tempest-VolumesNegativeTest-120495444 tempest-VolumesNegativeTest-120495444-project] Delete volume with id: e99ba5bc-05a1-484a-9769-97a16ddd3ce4
Aug 04 10:02:49.254948 dv-cinder-803450-1-iscsi devstack@c-api.service[100841]: INFO cinder.api.openstack.wsgi [req-bc2560cd-648e-47c2-ae9a-ca7f09ed78ec req-120aa97a-c203-45c6-a308-b2087e4383f8 tempest-VolumesNegativeTest-120495444 tempest-VolumesNegativeTest-120495444-project] http://10.222.0.52/volume/v3/8be5614d8e5342e4bbecfd7fd4747d42/volumes/e99ba5bc-05a1-484a-9769-97a16ddd3ce4 returned with HTTP 404
Aug 04 10:02:49.255947 dv-cinder-803450-1-iscsi devstack@c-api.service[100841]: [pid: 100841|app: 0|req: 10/17] 10.222.0.52 () {62 vars in 1601 bytes} [Wed Aug 4 10:02:49 2021] DELETE /volume/v3/8be5614d8e5342e4bbecfd7fd4747d42/volumes/e99ba5bc-05a1-484a-9769-97a16ddd3ce4 => generated 109 bytes in 27 msecs (HTTP/1.1 404) 7 headers in 292 bytes (2 switches on core 0)
Aug 04 10:02:49.314848 dv-cinder-803450-1-iscsi devstack@c-api.service[100841]: INFO cinder.api.openstack.wsgi [req-6ddcaf08-a0c1-49a0-8ff3-af9645240cea req-5bc46f0a-d9b1-46d1-8751-76183e1fd621 tempest-VolumesNegativeTest-120495444 tempest-VolumesNegativeTest-120495444-project] GET http://10.222.0.52/volume/v3/8be5614d8e5342e4bbecfd7fd4747d42/volumes/f40d3d1c-870a-4e80-81dc-416e0080c627
Aug 04 10:02:49.314848 dv-cinder-803450-1-iscsi devstack@c-api.service[100841]: DEBUG cinder.api.openstack.wsgi [req-6ddcaf08-a0c1-49a0-8ff3-af9645240cea req-5bc46f0a-d9b1-46d1-8751-76183e1fd621 tempest-VolumesNegativeTest-120495444 tempest-VolumesNegativeTest-120495444-project] Empty body provided in request {{(pid=100841) get_body /opt/stack/cinder/cinder/api/openstack/wsgi.py:703}}
Aug 04 10:02:49.314848 dv-cinder-803450-1-iscsi devstack@c-api.service[100841]: DEBUG cinder.api.openstack.wsgi [req-6ddcaf08-a0c1-49a0-8ff3-af9645240cea req-5bc46f0a-d9b1-46d1-8751-76183e1fd621 tempest-VolumesNegativeTest-120495444 tempest-VolumesNegativeTest-120495444-project] Calling method 'show' {{(pid=100841) _process_stack /opt/stack/cinder/cinder/api/openstack/wsgi.py:856}}
Aug 04 10:02:49.339211 dv-cinder-803450-1-iscsi devstack@c-api.service[100841]: INFO cinder.api.openstack.wsgi [req-6ddcaf08-a0c1-49a0-8ff3-af9645240cea req-5bc46f0a-d9b1-46d1-8751-76183e1fd621 tempest-VolumesNegativeTest-120495444 tempest-VolumesNegativeTest-120495444-project] http://10.222.0.52/volume/v3/8be5614d8e5342e4bbecfd7fd4747d42/volumes/f40d3d1c-870a-4e80-81dc-416e0080c627 returned with HTTP 404
Aug 04 10:02:49.350332 dv-cinder-803450-1-iscsi devstack@c-api.service[100841]: [pid: 100841|app: 0|req: 11/18] 10.222.0.52 () {60 vars in 1579 bytes} [Wed Aug 4 10:02:49 2021] GET /volume/v3/8be5614d8e5342e4bbecfd7fd4747d42/volumes/f40d3d1c-870a-4e80-81dc-416e0080c627 => generated 109 bytes in 59 msecs (HTTP/1.1 404) 7 headers in 292 bytes (2 switches on core 0)
Aug 04 10:02:49.357908 dv-cinder-803450-1-iscsi devstack@c-api.service[100842]: INFO cinder.api.openstack.wsgi [None req-288d349f-f8aa-489f-b5af-ff9f53ad0768 tempest-GroupSnapshotsTest-1995770046 tempest-GroupSnapshotsTest-1995770046-project] POST http://10.222.0.52/volume/v3/5362efcc8a154f6ea2f3778aae162525/groups
Aug 04 10:02:49.359688 dv-cinder-803450-1-iscsi devstack@c-api.service[100842]: DEBUG cinder.api.openstack.wsgi [None req-288d349f-f8aa-489f-b5af-ff9f53ad0768 tempest-GroupSnapshotsTest-1995770046 tempest-GroupSnapshotsTest-1995770046-project] Action: 'create', calling method: version_select, body: {"group": {"group_type": "9245abfd-e5b2-451e-9be4-c6b6ae6557d1", "volume_types": ["a576bf85-f5f7-4839-a6be-86cdeb8259e0"], "name": "tempest-GroupSnapshotsTest-Group-2109187470"}} {{(pid=100842) _process_stack /opt/stack/cinder/cinder/api/openstack/wsgi.py:854}}
Aug 04 10:02:49.362405 dv-cinder-803450-1-iscsi devstack@c-api.service[100842]: DEBUG cinder.api.v3.groups [None req-288d349f-f8aa-489f-b5af-ff9f53ad0768 tempest-GroupSnapshotsTest-1995770046 tempest-GroupSnapshotsTest-1995770046-project] Creating new group {'group': {'group_type': '9245abfd-e5b2-451e-9be4-c6b6ae6557d1', 'volume_types': ['a576bf85-f5f7-4839-a6be-86cdeb8259e0'], 'name': 'tempest-GroupSnapshotsTest-Group-2109187470'}} {{(pid=100842) create /opt/stack/cinder/cinder/api/v3/groups.py:190}}
Aug 04 10:02:49.382042 dv-cinder-803450-1-iscsi devstack@c-api.service[100842]: INFO cinder.api.v3.groups [None req-288d349f-f8aa-489f-b5af-ff9f53ad0768 tempest-GroupSnapshotsTest-1995770046 tempest-GroupSnapshotsTest-1995770046-project] Creating group tempest-GroupSnapshotsTest-Group-2109187470.
Aug 04 10:02:49.437464 dv-cinder-803450-1-iscsi devstack@c-api.service[100842]: DEBUG cinder.volume.api [None req-288d349f-f8aa-489f-b5af-ff9f53ad0768 tempest-GroupSnapshotsTest-1995770046 tempest-GroupSnapshotsTest-1995770046-project] Availability zone cache updated, next update will occur around 2021-08-04 11:02:49.436892. {{(pid=100842) list_availability_zones /opt/stack/cinder/cinder/volume/api.py:148}}
Aug 04 10:02:49.439707 dv-cinder-803450-1-iscsi devstack@c-api.service[100842]: INFO cinder.volume.api [None req-288d349f-f8aa-489f-b5af-ff9f53ad0768 tempest-GroupSnapshotsTest-1995770046 tempest-GroupSnapshotsTest-1995770046-project] Availability Zones retrieved successfully.
Aug 04 10:02:49.683919 dv-cinder-803450-1-iscsi devstack@c-api.service[100842]: DEBUG cinder.quota [None req-288d349f-f8aa-489f-b5af-ff9f53ad0768 tempest-GroupSnapshotsTest-1995770046 tempest-GroupSnapshotsTest-1995770046-project] Created reservations ['04fb47d9-1cef-48c3-86e3-92686aa46f90'] {{(pid=100842) reserve /opt/stack/cinder/cinder/quota.py:755}}
Aug 04 10:02:49.962956 dv-cinder-803450-1-iscsi devstack@c-api.service[100842]: INFO cinder.api.openstack.wsgi [None req-288d349f-f8aa-489f-b5af-ff9f53ad0768 tempest-GroupSnapshotsTest-1995770046 tempest-GroupSnapshotsTest-1995770046-project] http://10.222.0.52/volume/v3/5362efcc8a154f6ea2f3778aae162525/groups returned with HTTP 202
Aug 04 10:02:49.966296 dv-cinder-803450-1-iscsi devstack@c-api.service[100842]: [pid: 100842|app: 0|req: 8/19] 10.222.0.52 () {62 vars in 1274 bytes} [Wed Aug 4 10:02:49 2021] POST /volume/v3/5362efcc8a154f6ea2f3778aae162525/groups => generated 112 bytes in 787 msecs (HTTP/1.1 202) 7 headers in 292 bytes (2 switches on core 0)
Aug 04 10:02:49.977534 dv-cinder-803450-1-iscsi devstack@c-api.service[100841]: INFO cinder.api.openstack.wsgi [None req-250ecf79-a2a2-4ab2-a3d8-c3824efc895f tempest-GroupSnapshotsTest-1995770046 tempest-GroupSnapshotsTest-1995770046-project] GET http://10.222.0.52/volume/v3/5362efcc8a154f6ea2f3778aae162525/groups/94221636-0dda-4818-96a8-f98e6cb335e6
Aug 04 10:02:49.978388 dv-cinder-803450-1-iscsi devstack@c-api.service[100841]: DEBUG cinder.api.openstack.wsgi [None req-250ecf79-a2a2-4ab2-a3d8-c3824efc895f tempest-GroupSnapshotsTest-1995770046 tempest-GroupSnapshotsTest-1995770046-project] Empty body provided in request {{(pid=100841) get_body /opt/stack/cinder/cinder/api/openstack/wsgi.py:703}}
Aug 04 10:02:49.979000 dv-cinder-803450-1-iscsi devstack@c-api.service[100841]: DEBUG cinder.api.openstack.wsgi [None req-250ecf79-a2a2-4ab2-a3d8-c3824efc895f tempest-GroupSnapshotsTest-1995770046 tempest-GroupSnapshotsTest-1995770046-project] Calling method 'version_select' {{(pid=100841) _process_stack /opt/stack/cinder/cinder/api/openstack/wsgi.py:856}}
Aug 04 10:02:49.979536 dv-cinder-803450-1-iscsi devstack@c-api.service[100841]: DEBUG cinder.api.v3.groups [None req-250ecf79-a2a2-4ab2-a3d8-c3824efc895f tempest-GroupSnapshotsTest-1995770046 tempest-GroupSnapshotsTest-1995770046-project] show called for member 94221636-0dda-4818-96a8-f98e6cb335e6 {{(pid=100841) show /opt/stack/cinder/cinder/api/v3/groups.py:58}}
Aug 04 10:02:50.000650 dv-cinder-803450-1-iscsi devstack@c-api.service[100841]: /usr/local/lib/python3.8/dist-packages/oslo_context/context.py:105: DeprecationWarning: Policy enforcement is depending on the value of is_admin. This key is deprecated. Please update your policy file to use the standard policy values.
Aug 04 10:02:50.000650 dv-cinder-803450-1-iscsi devstack@c-api.service[100841]: warnings.warn('Policy enforcement is depending on the value of '
Aug 04 10:02:50.105693 dv-cinder-803450-1-iscsi devstack@c-api.service[100841]: INFO cinder.api.openstack.wsgi [None req-250ecf79-a2a2-4ab2-a3d8-c3824efc895f tempest-GroupSnapshotsTest-1995770046 tempest-GroupSnapshotsTest-1995770046-project] http://10.222.0.52/volume/v3/5362efcc8a154f6ea2f3778aae162525/groups/94221636-0dda-4818-96a8-f98e6cb335e6 returned with HTTP 200
Aug 04 10:02:50.109239 dv-cinder-803450-1-iscsi devstack@c-api.service[100841]: [pid: 100841|app: 0|req: 12/20] 10.222.0.52 () {60 vars in 1363 bytes} [Wed Aug 4 10:02:49 2021] GET /volume/v3/5362efcc8a154f6ea2f3778aae162525/groups/94221636-0dda-4818-96a8-f98e6cb335e6 => generated 392 bytes in 135 msecs (HTTP/1.1 200) 7 headers in 286 bytes (1 switches on core 0)
Aug 04 10:02:51.112845 dv-cinder-803450-1-iscsi devstack@c-api.service[100842]: INFO cinder.api.openstack.wsgi [req-d7d3e3fd-4912-4db7-a31c-f305524e514b req-79dd07e1-76cb-4a46-9467-6977e4330cef tempest-VolumesSnapshotsTestJSON-1928771689 tempest-VolumesSnapshotsTestJSON-1928771689-project] GET http://10.222.0.52/volume/v3/058d92d3132f4d76a4b44d78bf3b1534/volumes/5b4abfcf-5343-4ac7-bec6-ffcf8aa50730
Aug 04 10:02:51.112845 dv-cinder-803450-1-iscsi devstack@c-api.service[100842]: DEBUG cinder.api.openstack.wsgi [req-d7d3e3fd-4912-4db7-a31c-f305524e514b req-79dd07e1-76cb-4a46-9467-6977e4330cef tempest-VolumesSnapshotsTestJSON-1928771689 tempest-VolumesSnapshotsTestJSON-1928771689-project] Empty body provided in request {{(pid=100842) get_body /opt/stack/cinder/cinder/api/openstack/wsgi.py:703}}
Aug 04 10:02:51.112845 dv-cinder-803450-1-iscsi devstack@c-api.service[100842]: /usr/local/lib/python3.8/dist-packages/webob/acceptparse.py:1047: DeprecationWarning: The behavior of AcceptValidHeader.best_match is currently being maintained for backward compatibility, but it will be deprecated in the future, as it does not conform to the RFC.
Aug 04 10:02:51.112845 dv-cinder-803450-1-iscsi devstack@c-api.service[100842]: warnings.warn(
Aug 04 10:02:51.112845 dv-cinder-803450-1-iscsi devstack@c-api.service[100842]: DEBUG cinder.api.openstack.wsgi [req-d7d3e3fd-4912-4db7-a31c-f305524e514b req-79dd07e1-76cb-4a46-9467-6977e4330cef tempest-VolumesSnapshotsTestJSON-1928771689 tempest-VolumesSnapshotsTestJSON-1928771689-project] Calling method 'show' {{(pid=100842) _process_stack /opt/stack/cinder/cinder/api/openstack/wsgi.py:856}}
Aug 04 10:02:51.122722 dv-cinder-803450-1-iscsi devstack@c-api.service[100841]: INFO cinder.api.openstack.wsgi [None req-faeb5f3f-e955-488c-9c30-a95822c432b1 tempest-GroupSnapshotsTest-1995770046 tempest-GroupSnapshotsTest-1995770046-project] GET http://10.222.0.52/volume/v3/5362efcc8a154f6ea2f3778aae162525/groups/94221636-0dda-4818-96a8-f98e6cb335e6
Aug 04 10:02:51.126006 dv-cinder-803450-1-iscsi devstack@c-api.service[100841]: DEBUG cinder.api.openstack.wsgi [None req-faeb5f3f-e955-488c-9c30-a95822c432b1 tempest-GroupSnapshotsTest-1995770046 tempest-GroupSnapshotsTest-1995770046-project] Empty body provided in request {{(pid=100841) get_body /opt/stack/cinder/cinder/api/openstack/wsgi.py:703}}
Aug 04 10:02:51.126346 dv-cinder-803450-1-iscsi devstack@c-api.service[100841]: /usr/local/lib/python3.8/dist-packages/webob/acceptparse.py:1047: DeprecationWarning: The behavior of AcceptValidHeader.best_match is currently being maintained for backward compatibility, but it will be deprecated in the future, as it does not conform to the RFC.
Aug 04 10:02:51.126346 dv-cinder-803450-1-iscsi devstack@c-api.service[100841]: warnings.warn(
Aug 04 10:02:51.129470 dv-cinder-803450-1-iscsi devstack@c-api.service[100841]: DEBUG cinder.api.openstack.wsgi [None req-faeb5f3f-e955-488c-9c30-a95822c432b1 tempest-GroupSnapshotsTest-1995770046 tempest-GroupSnapshotsTest-1995770046-project] Calling method 'version_select' {{(pid=100841) _process_stack /opt/stack/cinder/cinder/api/openstack/wsgi.py:856}}
Aug 04 10:02:51.130114 dv-cinder-803450-1-iscsi devstack@c-api.service[100841]: DEBUG cinder.api.v3.groups [None req-faeb5f3f-e955-488c-9c30-a95822c432b1 tempest-GroupSnapshotsTest-1995770046 tempest-GroupSnapshotsTest-1995770046-project] show called for member 94221636-0dda-4818-96a8-f98e6cb335e6 {{(pid=100841) show /opt/stack/cinder/cinder/api/v3/groups.py:58}}
Aug 04 10:02:51.139167 dv-cinder-803450-1-iscsi devstack@c-api.service[100842]: /usr/local/lib/python3.8/dist-packages/oslo_context/context.py:105: DeprecationWarning: Policy enforcement is depending on the value of is_admin. This key is deprecated. Please update your policy file to use the standard policy values.
Aug 04 10:02:51.139167 dv-cinder-803450-1-iscsi devstack@c-api.service[100842]: warnings.warn('Policy enforcement is depending on the value of '
Aug 04 10:02:51.141176 dv-cinder-803450-1-iscsi devstack@c-api.service[100841]: /usr/local/lib/python3.8/dist-packages/oslo_context/context.py:105: DeprecationWarning: Policy enforcement is depending on the value of is_admin. This key is deprecated. Please update your policy file to use the standard policy values.
Aug 04 10:02:51.141176 dv-cinder-803450-1-iscsi devstack@c-api.service[100841]: warnings.warn('Policy enforcement is depending on the value of '
Aug 04 10:02:51.158897 dv-cinder-803450-1-iscsi devstack@c-api.service[100842]: INFO cinder.volume.api [req-d7d3e3fd-4912-4db7-a31c-f305524e514b req-79dd07e1-76cb-4a46-9467-6977e4330cef tempest-VolumesSnapshotsTestJSON-1928771689 tempest-VolumesSnapshotsTestJSON-1928771689-project] Volume info retrieved successfully.
Aug 04 10:02:51.173883 dv-cinder-803450-1-iscsi devstack@c-api.service[100841]: INFO cinder.api.openstack.wsgi [None req-faeb5f3f-e955-488c-9c30-a95822c432b1 tempest-GroupSnapshotsTest-1995770046 tempest-GroupSnapshotsTest-1995770046-project] http://10.222.0.52/volume/v3/5362efcc8a154f6ea2f3778aae162525/groups/94221636-0dda-4818-96a8-f98e6cb335e6 returned with HTTP 200
Aug 04 10:02:51.174907 dv-cinder-803450-1-iscsi devstack@c-api.service[100841]: [pid: 100841|app: 0|req: 13/21] 10.222.0.52 () {60 vars in 1363 bytes} [Wed Aug 4 10:02:51 2021] GET /volume/v3/5362efcc8a154f6ea2f3778aae162525/groups/94221636-0dda-4818-96a8-f98e6cb335e6 => generated 393 bytes in 57 msecs (HTTP/1.1 200) 7 headers in 286 bytes (1 switches on core 0)
Aug 04 10:02:51.184638 dv-cinder-803450-1-iscsi devstack@c-api.service[100841]: INFO cinder.api.openstack.wsgi [req-16ba0177-3320-489e-84b1-5f0ba1df7fc9 req-96a2b65b-359d-4c23-b0ab-e40c2664d135 tempest-VolumesGetTestJSON-1928566488 tempest-VolumesGetTestJSON-1928566488-project] GET http://10.222.0.52/volume/v3/f7e35210de1c435b9b1dfa04d34fe285/volumes/5d037312-9f9a-457d-8236-b28f20aa861a
Aug 04 10:02:51.185357 dv-cinder-803450-1-iscsi devstack@c-api.service[100841]: DEBUG cinder.api.openstack.wsgi [req-16ba0177-3320-489e-84b1-5f0ba1df7fc9 req-96a2b65b-359d-4c23-b0ab-e40c2664d135 tempest-VolumesGetTestJSON-1928566488 tempest-VolumesGetTestJSON-1928566488-project] Empty body provided in request {{(pid=100841) get_body /opt/stack/cinder/cinder/api/openstack/wsgi.py:703}}
Aug 04 10:02:51.186190 dv-cinder-803450-1-iscsi devstack@c-api.service[100841]: /usr/local/lib/python3.8/dist-packages/webob/acceptparse.py:1047: DeprecationWarning: The behavior of AcceptValidHeader.best_match is currently being maintained for backward compatibility, but it will be deprecated in the future, as it does not conform to the RFC.
Aug 04 10:02:51.186190 dv-cinder-803450-1-iscsi devstack@c-api.service[100841]: warnings.warn(
Aug 04 10:02:51.187115 dv-cinder-803450-1-iscsi devstack@c-api.service[100841]: DEBUG cinder.api.openstack.wsgi [req-16ba0177-3320-489e-84b1-5f0ba1df7fc9 req-96a2b65b-359d-4c23-b0ab-e40c2664d135 tempest-VolumesGetTestJSON-1928566488 tempest-VolumesGetTestJSON-1928566488-project] Calling method 'show' {{(pid=100841) _process_stack /opt/stack/cinder/cinder/api/openstack/wsgi.py:856}}
Aug 04 10:02:51.196966 dv-cinder-803450-1-iscsi devstack@c-api.service[100842]: INFO cinder.api.openstack.wsgi [req-d7d3e3fd-4912-4db7-a31c-f305524e514b req-79dd07e1-76cb-4a46-9467-6977e4330cef tempest-VolumesSnapshotsTestJSON-1928771689 tempest-VolumesSnapshotsTestJSON-1928771689-project] http://10.222.0.52/volume/v3/058d92d3132f4d76a4b44d78bf3b1534/volumes/5b4abfcf-5343-4ac7-bec6-ffcf8aa50730 returned with HTTP 200
Aug 04 10:02:51.197737 dv-cinder-803450-1-iscsi devstack@c-api.service[100842]: [pid: 100842|app: 0|req: 9/22] 10.222.0.52 () {60 vars in 1579 bytes} [Wed Aug 4 10:02:51 2021] GET /volume/v3/058d92d3132f4d76a4b44d78bf3b1534/volumes/5b4abfcf-5343-4ac7-bec6-ffcf8aa50730 => generated 917 bytes in 101 msecs (HTTP/1.1 200) 7 headers in 285 bytes (1 switches on core 0)
Aug 04 10:02:51.207409 dv-cinder-803450-1-iscsi devstack@c-api.service[100842]: INFO cinder.api.openstack.wsgi [None req-4a1d5435-4cec-41d4-a0bd-52c20c782936 tempest-GroupSnapshotsTest-1995770046 tempest-GroupSnapshotsTest-1995770046-project] POST http://10.222.0.52/volume/v3/5362efcc8a154f6ea2f3778aae162525/volumes
Aug 04 10:02:51.210086 dv-cinder-803450-1-iscsi devstack@c-api.service[100842]: /usr/local/lib/python3.8/dist-packages/webob/acceptparse.py:1047: DeprecationWarning: The behavior of AcceptValidHeader.best_match is currently being maintained for backward compatibility, but it will be deprecated in the future, as it does not conform to the RFC.
Aug 04 10:02:51.210086 dv-cinder-803450-1-iscsi devstack@c-api.service[100842]: warnings.warn(
Aug 04 10:02:51.210765 dv-cinder-803450-1-iscsi devstack@c-api.service[100842]: DEBUG cinder.api.openstack.wsgi [None req-4a1d5435-4cec-41d4-a0bd-52c20c782936 tempest-GroupSnapshotsTest-1995770046 tempest-GroupSnapshotsTest-1995770046-project] Action: 'create', calling method: create, body: {"volume": {"volume_type": "a576bf85-f5f7-4839-a6be-86cdeb8259e0", "group_id": "94221636-0dda-4818-96a8-f98e6cb335e6", "size": 1, "name": "tempest-GroupSnapshotsTest-Volume-1902361242"}} {{(pid=100842) _process_stack /opt/stack/cinder/cinder/api/openstack/wsgi.py:854}}
Aug 04 10:02:51.212183 dv-cinder-803450-1-iscsi devstack@c-api.service[100842]: DEBUG cinder.api.v3.volumes [None req-4a1d5435-4cec-41d4-a0bd-52c20c782936 tempest-GroupSnapshotsTest-1995770046 tempest-GroupSnapshotsTest-1995770046-project] Create volume request body: {'volume': {'volume_type': 'a576bf85-f5f7-4839-a6be-86cdeb8259e0', 'group_id': '94221636-0dda-4818-96a8-f98e6cb335e6', 'size': 1, 'name': 'tempest-GroupSnapshotsTest-Volume-1902361242'}} {{(pid=100842) create /opt/stack/cinder/cinder/api/v3/volumes.py:290}}
Aug 04 10:02:51.218552 dv-cinder-803450-1-iscsi devstack@c-api.service[100841]: /usr/local/lib/python3.8/dist-packages/oslo_context/context.py:105: DeprecationWarning: Policy enforcement is depending on the value of is_admin. This key is deprecated. Please update your policy file to use the standard policy values.
Aug 04 10:02:51.218552 dv-cinder-803450-1-iscsi devstack@c-api.service[100841]: warnings.warn('Policy enforcement is depending on the value of '
Aug 04 10:02:51.238963 dv-cinder-803450-1-iscsi devstack@c-api.service[100842]: /usr/local/lib/python3.8/dist-packages/oslo_context/context.py:105: DeprecationWarning: Policy enforcement is depending on the value of is_admin. This key is deprecated. Please update your policy file to use the standard policy values.
Aug 04 10:02:51.238963 dv-cinder-803450-1-iscsi devstack@c-api.service[100842]: warnings.warn('Policy enforcement is depending on the value of '
Aug 04 10:02:51.240369 dv-cinder-803450-1-iscsi devstack@c-api.service[100841]: INFO cinder.volume.api [req-16ba0177-3320-489e-84b1-5f0ba1df7fc9 req-96a2b65b-359d-4c23-b0ab-e40c2664d135 tempest-VolumesGetTestJSON-1928566488 tempest-VolumesGetTestJSON-1928566488-project] Volume info retrieved successfully.
Aug 04 10:02:51.241776 dv-cinder-803450-1-iscsi devstack@c-api.service[100842]: INFO cinder.api.v3.volumes [None req-4a1d5435-4cec-41d4-a0bd-52c20c782936 tempest-GroupSnapshotsTest-1995770046 tempest-GroupSnapshotsTest-1995770046-project] Create volume of 1 GB
Aug 04 10:02:51.287899 dv-cinder-803450-1-iscsi devstack@c-api.service[100841]: INFO cinder.api.openstack.wsgi [req-16ba0177-3320-489e-84b1-5f0ba1df7fc9 req-96a2b65b-359d-4c23-b0ab-e40c2664d135 tempest-VolumesGetTestJSON-1928566488 tempest-VolumesGetTestJSON-1928566488-project] http://10.222.0.52/volume/v3/f7e35210de1c435b9b1dfa04d34fe285/volumes/5d037312-9f9a-457d-8236-b28f20aa861a returned with HTTP 200
Aug 04 10:02:51.293064 dv-cinder-803450-1-iscsi devstack@c-api.service[100841]: [pid: 100841|app: 0|req: 14/23] 10.222.0.52 () {60 vars in 1579 bytes} [Wed Aug 4 10:02:51 2021] GET /volume/v3/f7e35210de1c435b9b1dfa04d34fe285/volumes/5d037312-9f9a-457d-8236-b28f20aa861a => generated 924 bytes in 115 msecs (HTTP/1.1 200) 7 headers in 285 bytes (1 switches on core 0)
Aug 04 10:02:51.294069 dv-cinder-803450-1-iscsi devstack@c-api.service[100842]: INFO cinder.volume.api [None req-4a1d5435-4cec-41d4-a0bd-52c20c782936 tempest-GroupSnapshotsTest-1995770046 tempest-GroupSnapshotsTest-1995770046-project] Availability Zones retrieved successfully.
Aug 04 10:02:51.336681 dv-cinder-803450-1-iscsi devstack@c-api.service[100842]: DEBUG cinder.volume.api [None req-4a1d5435-4cec-41d4-a0bd-52c20c782936 tempest-GroupSnapshotsTest-1995770046 tempest-GroupSnapshotsTest-1995770046-project] Flow 'volume_create_api' (8c2b2b7e-feb6-49de-97eb-f5a1fcd292c3) transitioned into state 'RUNNING' from state 'PENDING' {{(pid=100842) _flow_receiver /usr/local/lib/python3.8/dist-packages/taskflow/listeners/logging.py:141}}
Aug 04 10:02:51.343235 dv-cinder-803450-1-iscsi devstack@c-api.service[100842]: DEBUG cinder.volume.api [None req-4a1d5435-4cec-41d4-a0bd-52c20c782936 tempest-GroupSnapshotsTest-1995770046 tempest-GroupSnapshotsTest-1995770046-project] Task 'cinder.volume.flows.api.create_volume.ExtractVolumeRequestTask;volume:create' (71c2627b-8026-48e5-9772-fe91ababe347) transitioned into state 'RUNNING' from state 'PENDING' {{(pid=100842) _task_receiver /usr/local/lib/python3.8/dist-packages/taskflow/listeners/logging.py:190}}
Aug 04 10:02:51.346368 dv-cinder-803450-1-iscsi devstack@c-api.service[100842]: /usr/local/lib/python3.8/dist-packages/oslo_context/context.py:105: DeprecationWarning: Policy enforcement is depending on the value of is_admin. This key is deprecated. Please update your policy file to use the standard policy values.
Aug 04 10:02:51.346368 dv-cinder-803450-1-iscsi devstack@c-api.service[100842]: warnings.warn('Policy enforcement is depending on the value of '
Aug 04 10:02:51.350737 dv-cinder-803450-1-iscsi devstack@c-api.service[100842]: DEBUG cinder.volume.flows.api.create_volume [None req-4a1d5435-4cec-41d4-a0bd-52c20c782936 tempest-GroupSnapshotsTest-1995770046 tempest-GroupSnapshotsTest-1995770046-project] Validating volume size '1' using validate_int {{(pid=100842) _extract_size /opt/stack/cinder/cinder/volume/flows/api/create_volume.py:201}}
Aug 04 10:02:51.387522 dv-cinder-803450-1-iscsi devstack@c-api.service[100842]: DEBUG cinder.volume.api [None req-4a1d5435-4cec-41d4-a0bd-52c20c782936 tempest-GroupSnapshotsTest-1995770046 tempest-GroupSnapshotsTest-1995770046-project] Task 'cinder.volume.flows.api.create_volume.ExtractVolumeRequestTask;volume:create' (71c2627b-8026-48e5-9772-fe91ababe347) transitioned into state 'SUCCESS' from state 'RUNNING' with result '{'size': 1, 'snapshot_id': None, 'source_volid': None, 'volume_type': VolumeType(created_at=2021-08-04T10:02:49Z,deleted=False,deleted_at=None,description=None,extra_specs={},id=a576bf85-f5f7-4839-a6be-86cdeb8259e0,is_public=True,name='tempest-GroupSnapshotsTest-volume-type-742941954',projects=[],qos_specs=,qos_specs_id=None,updated_at=None), 'volume_type_id': 'a576bf85-f5f7-4839-a6be-86cdeb8259e0', 'encryption_key_id': None, 'qos_specs': None, 'consistencygroup_id': None, 'cgsnapshot_id': None, 'group_id': '94221636-0dda-4818-96a8-f98e6cb335e6', 'replication_status': 'disabled', 'refresh_az': False, 'backup_id': None, 'multiattach': False, 'availability_zones': ['nova']}' {{(pid=100842) _task_receiver /usr/local/lib/python3.8/dist-packages/taskflow/listeners/logging.py:178}}
Aug 04 10:02:51.389843 dv-cinder-803450-1-iscsi devstack@c-api.service[100842]: DEBUG cinder.volume.api [None req-4a1d5435-4cec-41d4-a0bd-52c20c782936 tempest-GroupSnapshotsTest-1995770046 tempest-GroupSnapshotsTest-1995770046-project] Task 'cinder.volume.flows.api.create_volume.QuotaReserveTask;volume:create' (44d6aa4d-009d-4fb0-ab6b-75bbfc6bd463) transitioned into state 'RUNNING' from state 'PENDING' {{(pid=100842) _task_receiver /usr/local/lib/python3.8/dist-packages/taskflow/listeners/logging.py:190}}
Aug 04 10:02:51.416305 dv-cinder-803450-1-iscsi devstack@c-api.service[100841]: INFO cinder.api.openstack.wsgi [req-c1e30a3a-4bcf-4db7-9037-0cdba3b14daf req-e535a1f0-bd75-4d4e-a618-25c23cda8c8b tempest-VolumesSnapshotsTestJSON-1928771689 tempest-VolumesSnapshotsTestJSON-1928771689-project] POST http://10.222.0.52/volume/v3/058d92d3132f4d76a4b44d78bf3b1534/snapshots
Aug 04 10:02:51.425993 dv-cinder-803450-1-iscsi devstack@c-api.service[100841]: /usr/local/lib/python3.8/dist-packages/webob/acceptparse.py:1047: DeprecationWarning: The behavior of AcceptValidHeader.best_match is currently being maintained for backward compatibility, but it will be deprecated in the future, as it does not conform to the RFC.
Aug 04 10:02:51.425993 dv-cinder-803450-1-iscsi devstack@c-api.service[100841]: warnings.warn(
Aug 04 10:02:51.426578 dv-cinder-803450-1-iscsi devstack@c-api.service[100841]: DEBUG cinder.api.openstack.wsgi [req-c1e30a3a-4bcf-4db7-9037-0cdba3b14daf req-e535a1f0-bd75-4d4e-a618-25c23cda8c8b tempest-VolumesSnapshotsTestJSON-1928771689 tempest-VolumesSnapshotsTestJSON-1928771689-project] Action: 'create', calling method: create, body: {"snapshot": {"volume_id": "5b4abfcf-5343-4ac7-bec6-ffcf8aa50730", "force": false, "name": "tempest-VolumesSnapshotsTestJSON-Snapshot-1312440764", "description": null, "metadata": {}}} {{(pid=100841) _process_stack /opt/stack/cinder/cinder/api/openstack/wsgi.py:854}}
Aug 04 10:02:51.428884 dv-cinder-803450-1-iscsi devstack@c-api.service[100842]: WARNING cinder.quota [None req-4a1d5435-4cec-41d4-a0bd-52c20c782936 tempest-GroupSnapshotsTest-1995770046 tempest-GroupSnapshotsTest-1995770046-project] Deprecated: Default quota for resource: volumes_tempest-GroupSnapshotsTest-volume-type-742941954 is set by the default quota flag: quota_volumes_tempest-GroupSnapshotsTest-volume-type-742941954, it is now deprecated. Please use the default quota class for default quota.
Aug 04 10:02:51.430062 dv-cinder-803450-1-iscsi devstack@c-api.service[100842]: WARNING cinder.quota [None req-4a1d5435-4cec-41d4-a0bd-52c20c782936 tempest-GroupSnapshotsTest-1995770046 tempest-GroupSnapshotsTest-1995770046-project] Deprecated: Default quota for resource: gigabytes_tempest-GroupSnapshotsTest-volume-type-742941954 is set by the default quota flag: quota_gigabytes_tempest-GroupSnapshotsTest-volume-type-742941954, it is now deprecated. Please use the default quota class for default quota.
Aug 04 10:02:51.461312 dv-cinder-803450-1-iscsi devstack@c-api.service[100841]: /usr/local/lib/python3.8/dist-packages/oslo_context/context.py:105: DeprecationWarning: Policy enforcement is depending on the value of is_admin. This key is deprecated. Please update your policy file to use the standard policy values.
Aug 04 10:02:51.461312 dv-cinder-803450-1-iscsi devstack@c-api.service[100841]: warnings.warn('Policy enforcement is depending on the value of '
Aug 04 10:02:51.468699 dv-cinder-803450-1-iscsi devstack@c-api.service[100841]: INFO cinder.volume.api [req-c1e30a3a-4bcf-4db7-9037-0cdba3b14daf req-e535a1f0-bd75-4d4e-a618-25c23cda8c8b tempest-VolumesSnapshotsTestJSON-1928771689 tempest-VolumesSnapshotsTestJSON-1928771689-project] Volume info retrieved successfully.
Aug 04 10:02:51.469401 dv-cinder-803450-1-iscsi devstack@c-api.service[100841]: INFO cinder.api.v2.snapshots [req-c1e30a3a-4bcf-4db7-9037-0cdba3b14daf req-e535a1f0-bd75-4d4e-a618-25c23cda8c8b tempest-VolumesSnapshotsTestJSON-1928771689 tempest-VolumesSnapshotsTestJSON-1928771689-project] Create snapshot from volume 5b4abfcf-5343-4ac7-bec6-ffcf8aa50730
Aug 04 10:02:51.510293 dv-cinder-803450-1-iscsi devstack@c-api.service[100841]: WARNING cinder.quota [req-c1e30a3a-4bcf-4db7-9037-0cdba3b14daf req-e535a1f0-bd75-4d4e-a618-25c23cda8c8b tempest-VolumesSnapshotsTestJSON-1928771689 tempest-VolumesSnapshotsTestJSON-1928771689-project] Deprecated: Default quota for resource: snapshots___DEFAULT__ is set by the default quota flag: quota_snapshots___DEFAULT__, it is now deprecated. Please use the default quota class for default quota.
Aug 04 10:02:51.712580 dv-cinder-803450-1-iscsi devstack@c-api.service[100842]: DEBUG cinder.quota [None req-4a1d5435-4cec-41d4-a0bd-52c20c782936 tempest-GroupSnapshotsTest-1995770046 tempest-GroupSnapshotsTest-1995770046-project] Created reservations ['ba6fda21-3153-42d2-839d-06d095649ca2', '8cc83f9c-1835-4f0d-8b3a-1fb9f434aec6', '46578cba-9482-4944-91d8-4f1fefd41550', '5bdaed05-5903-4838-9e25-a2f51bc5acdc'] {{(pid=100842) reserve /opt/stack/cinder/cinder/quota.py:755}}
Aug 04 10:02:51.715677 dv-cinder-803450-1-iscsi devstack@c-api.service[100842]: DEBUG cinder.volume.api [None req-4a1d5435-4cec-41d4-a0bd-52c20c782936 tempest-GroupSnapshotsTest-1995770046 tempest-GroupSnapshotsTest-1995770046-project] Task 'cinder.volume.flows.api.create_volume.QuotaReserveTask;volume:create' (44d6aa4d-009d-4fb0-ab6b-75bbfc6bd463) transitioned into state 'SUCCESS' from state 'RUNNING' with result '{'reservations': ['ba6fda21-3153-42d2-839d-06d095649ca2', '8cc83f9c-1835-4f0d-8b3a-1fb9f434aec6', '46578cba-9482-4944-91d8-4f1fefd41550', '5bdaed05-5903-4838-9e25-a2f51bc5acdc']}' {{(pid=100842) _task_receiver /usr/local/lib/python3.8/dist-packages/taskflow/listeners/logging.py:178}}
Aug 04 10:02:51.718328 dv-cinder-803450-1-iscsi devstack@c-api.service[100842]: DEBUG cinder.volume.api [None req-4a1d5435-4cec-41d4-a0bd-52c20c782936 tempest-GroupSnapshotsTest-1995770046 tempest-GroupSnapshotsTest-1995770046-project] Task 'cinder.volume.flows.api.create_volume.EntryCreateTask;volume:create' (663bcb97-33a8-40fd-84af-4927e3d8e787) transitioned into state 'RUNNING' from state 'PENDING' {{(pid=100842) _task_receiver /usr/local/lib/python3.8/dist-packages/taskflow/listeners/logging.py:190}}
Aug 04 10:02:51.959811 dv-cinder-803450-1-iscsi devstack@c-api.service[100842]: DEBUG cinder.volume.api [None req-4a1d5435-4cec-41d4-a0bd-52c20c782936 tempest-GroupSnapshotsTest-1995770046 tempest-GroupSnapshotsTest-1995770046-project] Task 'cinder.volume.flows.api.create_volume.EntryCreateTask;volume:create' (663bcb97-33a8-40fd-84af-4927e3d8e787) transitioned into state 'SUCCESS' from state 'RUNNING' with result '{'volume_id': '684e9f4d-2c73-4bd6-ba73-1758be22ca37', 'volume_properties': VolumeProperties(attach_status='detached',availability_zone='nova',cgsnapshot_id=None,consistencygroup_id=None,display_description=None,display_name='tempest-GroupSnapshotsTest-Volume-1902361242',encryption_key_id=None,group_id=94221636-0dda-4818-96a8-f98e6cb335e6,group_type_id=,metadata={},multiattach=False,project_id='5362efcc8a154f6ea2f3778aae162525',qos_specs=None,replication_status=,reservations=['ba6fda21-3153-42d2-839d-06d095649ca2','8cc83f9c-1835-4f0d-8b3a-1fb9f434aec6','46578cba-9482-4944-91d8-4f1fefd41550','5bdaed05-5903-4838-9e25-a2f51bc5acdc'],size=1,snapshot_id=None,source_replicaid=,source_volid=None,status='creating',user_id='cdca335322c24b85971d3527da6e7d48',volume_type_id=a576bf85-f5f7-4839-a6be-86cdeb8259e0), 'volume': Volume(_name_id=None,admin_metadata=,attach_status='detached',availability_zone='nova',bootable=False,cluster=,cluster_name=None,consistencygroup=,consistencygroup_id=None,created_at=2021-08-04T10:02:51Z,deleted=False,deleted_at=None,display_description=None,display_name='tempest-GroupSnapshotsTest-Volume-1902361242',ec2_id=None,encryption_key_id=None,glance_metadata=,group=,group_id=94221636-0dda-4818-96a8-f98e6cb335e6,host=None,id=684e9f4d-2c73-4bd6-ba73-1758be22ca37,launched_at=None,metadata={},migration_status=None,multiattach=False,previous_status=None,project_id='5362efcc8a154f6ea2f3778aae162525',provider_auth=None,provider_geometry=None,provider_id=None,provider_location=None,replication_driver_data=None,replication_extended_status=None,replication_status=None,scheduled_at=None,service_uuid=None,shared_targets=True,size=1,snapshot_id=None,snapshots=,source_volid=None,status='creating',terminated_at=None,updated_at=None,user_id='cdca335322c24b85971d3527da6e7d48',volume_attachment=,volume_type=VolumeType(a576bf85-f5f7-4839-a6be-86cdeb8259e0),volume_type_id=a576bf85-f5f7-4839-a6be-86cdeb8259e0)}' {{(pid=100842) _task_receiver /usr/local/lib/python3.8/dist-packages/taskflow/listeners/logging.py:178}}
Aug 04 10:02:51.959811 dv-cinder-803450-1-iscsi devstack@c-api.service[100842]: DEBUG cinder.volume.api [None req-4a1d5435-4cec-41d4-a0bd-52c20c782936 tempest-GroupSnapshotsTest-1995770046 tempest-GroupSnapshotsTest-1995770046-project] Task 'cinder.volume.flows.api.create_volume.QuotaCommitTask;volume:create' (be86cc74-437f-4446-a3c3-eb522ebf18eb) transitioned into state 'RUNNING' from state 'PENDING' {{(pid=100842) _task_receiver /usr/local/lib/python3.8/dist-packages/taskflow/listeners/logging.py:190}}
Aug 04 10:02:52.095279 dv-cinder-803450-1-iscsi devstack@c-api.service[100841]: DEBUG cinder.quota [req-c1e30a3a-4bcf-4db7-9037-0cdba3b14daf req-e535a1f0-bd75-4d4e-a618-25c23cda8c8b tempest-VolumesSnapshotsTestJSON-1928771689 tempest-VolumesSnapshotsTestJSON-1928771689-project] Created reservations ['23d412b5-3b0a-4181-b0e1-41c3687624f6', 'a2d5f7cf-3cad-4093-823d-5feff5621a61', 'd7523b34-a501-4d29-bc3b-2f31d03896b6', 'db1b9591-bb3c-4df0-a255-9f3efd19439e'] {{(pid=100841) reserve /opt/stack/cinder/cinder/quota.py:755}}
Aug 04 10:02:52.212721 dv-cinder-803450-1-iscsi devstack@c-api.service[100842]: DEBUG cinder.volume.api [None req-4a1d5435-4cec-41d4-a0bd-52c20c782936 tempest-GroupSnapshotsTest-1995770046 tempest-GroupSnapshotsTest-1995770046-project] Task 'cinder.volume.flows.api.create_volume.QuotaCommitTask;volume:create' (be86cc74-437f-4446-a3c3-eb522ebf18eb) transitioned into state 'SUCCESS' from state 'RUNNING' with result '{'volume_properties': VolumeProperties(attach_status='detached',availability_zone='nova',cgsnapshot_id=None,consistencygroup_id=None,display_description=None,display_name='tempest-GroupSnapshotsTest-Volume-1902361242',encryption_key_id=None,group_id=94221636-0dda-4818-96a8-f98e6cb335e6,group_type_id=,metadata={},multiattach=False,project_id='5362efcc8a154f6ea2f3778aae162525',qos_specs=None,replication_status=,reservations=['ba6fda21-3153-42d2-839d-06d095649ca2','8cc83f9c-1835-4f0d-8b3a-1fb9f434aec6','46578cba-9482-4944-91d8-4f1fefd41550','5bdaed05-5903-4838-9e25-a2f51bc5acdc'],size=1,snapshot_id=None,source_replicaid=,source_volid=None,status='creating',user_id='cdca335322c24b85971d3527da6e7d48',volume_type_id=a576bf85-f5f7-4839-a6be-86cdeb8259e0)}' {{(pid=100842) _task_receiver /usr/local/lib/python3.8/dist-packages/taskflow/listeners/logging.py:178}}
