Jul 30 16:06:12.105343 dv-cinder-803046-3-smb devstack@n-api.service[107519]: DEBUG nova.api.openstack.wsgi_app [-] oslo_messaging_rabbit.rabbit_retry_interval = 1 {{(pid=107519) log_opt_values /usr/local/lib/python3.8/dist-packages/oslo_config/cfg.py:2609}}
Jul 30 16:06:12.105658 dv-cinder-803046-3-smb devstack@n-api.service[107519]: DEBUG nova.api.openstack.wsgi_app [-] oslo_messaging_rabbit.rabbit_transient_queues_ttl = 1800 {{(pid=107519) log_opt_values /usr/local/lib/python3.8/dist-packages/oslo_config/cfg.py:2609}}
Jul 30 16:06:12.105987 dv-cinder-803046-3-smb devstack@n-api.service[107519]: DEBUG nova.api.openstack.wsgi_app [-] oslo_messaging_rabbit.rpc_conn_pool_size = 30 {{(pid=107519) log_opt_values /usr/local/lib/python3.8/dist-packages/oslo_config/cfg.py:2609}}
Jul 30 16:06:12.106304 dv-cinder-803046-3-smb devstack@n-api.service[107519]: DEBUG nova.api.openstack.wsgi_app [-] oslo_messaging_rabbit.ssl = False {{(pid=107519) log_opt_values /usr/local/lib/python3.8/dist-packages/oslo_config/cfg.py:2609}}
Jul 30 16:06:12.106629 dv-cinder-803046-3-smb devstack@n-api.service[107519]: DEBUG nova.api.openstack.wsgi_app [-] oslo_messaging_rabbit.ssl_ca_file = {{(pid=107519) log_opt_values /usr/local/lib/python3.8/dist-packages/oslo_config/cfg.py:2609}}
Jul 30 16:06:12.106982 dv-cinder-803046-3-smb devstack@n-api.service[107519]: DEBUG nova.api.openstack.wsgi_app [-] oslo_messaging_rabbit.ssl_cert_file = {{(pid=107519) log_opt_values /usr/local/lib/python3.8/dist-packages/oslo_config/cfg.py:2609}}
Jul 30 16:06:12.107311 dv-cinder-803046-3-smb devstack@n-api.service[107519]: DEBUG nova.api.openstack.wsgi_app [-] oslo_messaging_rabbit.ssl_key_file = {{(pid=107519) log_opt_values /usr/local/lib/python3.8/dist-packages/oslo_config/cfg.py:2609}}
Jul 30 16:06:12.107636 dv-cinder-803046-3-smb devstack@n-api.service[107519]: DEBUG nova.api.openstack.wsgi_app [-] oslo_messaging_rabbit.ssl_version = {{(pid=107519) log_opt_values /usr/local/lib/python3.8/dist-packages/oslo_config/cfg.py:2609}}
Jul 30 16:06:12.107985 dv-cinder-803046-3-smb devstack@n-api.service[107519]: DEBUG nova.api.openstack.wsgi_app [-] oslo_messaging_notifications.driver = ['messagingv2'] {{(pid=107519) log_opt_values /usr/local/lib/python3.8/dist-packages/oslo_config/cfg.py:2609}}
Jul 30 16:06:12.108297 dv-cinder-803046-3-smb devstack@n-api.service[107519]: DEBUG nova.api.openstack.wsgi_app [-] oslo_messaging_notifications.retry = -1 {{(pid=107519) log_opt_values /usr/local/lib/python3.8/dist-packages/oslo_config/cfg.py:2609}}
Jul 30 16:06:12.108640 dv-cinder-803046-3-smb devstack@n-api.service[107519]: DEBUG nova.api.openstack.wsgi_app [-] oslo_messaging_notifications.topics = ['notifications'] {{(pid=107519) log_opt_values /usr/local/lib/python3.8/dist-packages/oslo_config/cfg.py:2609}}
Jul 30 16:06:12.108967 dv-cinder-803046-3-smb devstack@n-api.service[107519]: DEBUG nova.api.openstack.wsgi_app [-] oslo_messaging_notifications.transport_url = **** {{(pid=107519) log_opt_values /usr/local/lib/python3.8/dist-packages/oslo_config/cfg.py:2609}}
Jul 30 16:06:12.109211 dv-cinder-803046-3-smb devstack@n-api.service[107519]: DEBUG nova.api.openstack.wsgi_app [-] ******************************************************************************** {{(pid=107519) log_opt_values /usr/local/lib/python3.8/dist-packages/oslo_config/cfg.py:2613}}
Jul 30 16:06:12.118828 dv-cinder-803046-3-smb devstack@n-api.service[107520]: DEBUG oslo_db.sqlalchemy.engines [None req-58271d71-883c-4ad3-a658-b7db51321a02 None None] MySQL server mode set to STRICT_TRANS_TABLES,STRICT_ALL_TABLES,NO_ZERO_IN_DATE,NO_ZERO_DATE,ERROR_FOR_DIVISION_BY_ZERO,TRADITIONAL,NO_ENGINE_SUBSTITUTION {{(pid=107520) _check_effective_sql_mode /usr/local/lib/python3.8/dist-packages/oslo_db/sqlalchemy/engines.py:314}}
Jul 30 16:06:12.134264 dv-cinder-803046-3-smb devstack@n-api.service[107519]: DEBUG oslo_db.sqlalchemy.engines [None req-71b964e8-7a21-484b-955a-a3b5ccd6879a None None] MySQL server mode set to STRICT_TRANS_TABLES,STRICT_ALL_TABLES,NO_ZERO_IN_DATE,NO_ZERO_DATE,ERROR_FOR_DIVISION_BY_ZERO,TRADITIONAL,NO_ENGINE_SUBSTITUTION {{(pid=107519) _check_effective_sql_mode /usr/local/lib/python3.8/dist-packages/oslo_db/sqlalchemy/engines.py:314}}
Jul 30 16:06:12.289186 dv-cinder-803046-3-smb devstack@n-api.service[107520]: DEBUG nova.context [None req-58271d71-883c-4ad3-a658-b7db51321a02 None None] Found 2 cells: 00000000-0000-0000-0000-000000000000(cell0),28e56efd-e786-48ab-9b4f-dd2754769f16(cell1) {{(pid=107520) load_cells /opt/stack/nova/nova/context.py:464}}
Jul 30 16:06:12.293481 dv-cinder-803046-3-smb devstack@n-api.service[107520]: DEBUG oslo_concurrency.lockutils [None req-58271d71-883c-4ad3-a658-b7db51321a02 None None] Lock "00000000-0000-0000-0000-000000000000" acquired by "nova.context.set_target_cell..get_or_set_cached_cell_and_set_connections" :: waited 0.000s {{(pid=107520) inner /usr/local/lib/python3.8/dist-packages/oslo_concurrency/lockutils.py:355}}
Jul 30 16:06:12.295111 dv-cinder-803046-3-smb devstack@n-api.service[107520]: DEBUG oslo_concurrency.lockutils [None req-58271d71-883c-4ad3-a658-b7db51321a02 None None] Lock "00000000-0000-0000-0000-000000000000" released by "nova.context.set_target_cell..get_or_set_cached_cell_and_set_connections" :: held 0.002s {{(pid=107520) inner /usr/local/lib/python3.8/dist-packages/oslo_concurrency/lockutils.py:367}}
Jul 30 16:06:12.295927 dv-cinder-803046-3-smb devstack@n-api.service[107520]: DEBUG oslo_concurrency.lockutils [None req-58271d71-883c-4ad3-a658-b7db51321a02 None None] Lock "28e56efd-e786-48ab-9b4f-dd2754769f16" acquired by "nova.context.set_target_cell..get_or_set_cached_cell_and_set_connections" :: waited 0.000s {{(pid=107520) inner /usr/local/lib/python3.8/dist-packages/oslo_concurrency/lockutils.py:355}}
Jul 30 16:06:12.297890 dv-cinder-803046-3-smb devstack@n-api.service[107520]: DEBUG oslo_concurrency.lockutils [None req-58271d71-883c-4ad3-a658-b7db51321a02 None None] Lock "28e56efd-e786-48ab-9b4f-dd2754769f16" released by "nova.context.set_target_cell..get_or_set_cached_cell_and_set_connections" :: held 0.002s {{(pid=107520) inner /usr/local/lib/python3.8/dist-packages/oslo_concurrency/lockutils.py:367}}
Jul 30 16:06:12.308203 dv-cinder-803046-3-smb devstack@n-api.service[107519]: DEBUG nova.context [None req-71b964e8-7a21-484b-955a-a3b5ccd6879a None None] Found 2 cells: 00000000-0000-0000-0000-000000000000(cell0),28e56efd-e786-48ab-9b4f-dd2754769f16(cell1) {{(pid=107519) load_cells /opt/stack/nova/nova/context.py:464}}
Jul 30 16:06:12.309096 dv-cinder-803046-3-smb devstack@n-api.service[107520]: DEBUG oslo_db.sqlalchemy.engines [None req-58271d71-883c-4ad3-a658-b7db51321a02 None None] MySQL server mode set to STRICT_TRANS_TABLES,STRICT_ALL_TABLES,NO_ZERO_IN_DATE,NO_ZERO_DATE,ERROR_FOR_DIVISION_BY_ZERO,TRADITIONAL,NO_ENGINE_SUBSTITUTION {{(pid=107520) _check_effective_sql_mode /usr/local/lib/python3.8/dist-packages/oslo_db/sqlalchemy/engines.py:314}}
Jul 30 16:06:12.310384 dv-cinder-803046-3-smb devstack@n-api.service[107520]: DEBUG oslo_db.sqlalchemy.engines [None req-58271d71-883c-4ad3-a658-b7db51321a02 None None] MySQL server mode set to STRICT_TRANS_TABLES,STRICT_ALL_TABLES,NO_ZERO_IN_DATE,NO_ZERO_DATE,ERROR_FOR_DIVISION_BY_ZERO,TRADITIONAL,NO_ENGINE_SUBSTITUTION {{(pid=107520) _check_effective_sql_mode /usr/local/lib/python3.8/dist-packages/oslo_db/sqlalchemy/engines.py:314}}
Jul 30 16:06:12.313209 dv-cinder-803046-3-smb devstack@n-api.service[107519]: DEBUG oslo_concurrency.lockutils [None req-71b964e8-7a21-484b-955a-a3b5ccd6879a None None] Lock "00000000-0000-0000-0000-000000000000" acquired by "nova.context.set_target_cell..get_or_set_cached_cell_and_set_connections" :: waited 0.000s {{(pid=107519) inner /usr/local/lib/python3.8/dist-packages/oslo_concurrency/lockutils.py:355}}
Jul 30 16:06:12.314858 dv-cinder-803046-3-smb devstack@n-api.service[107519]: DEBUG oslo_concurrency.lockutils [None req-71b964e8-7a21-484b-955a-a3b5ccd6879a None None] Lock "00000000-0000-0000-0000-000000000000" released by "nova.context.set_target_cell..get_or_set_cached_cell_and_set_connections" :: held 0.002s {{(pid=107519) inner /usr/local/lib/python3.8/dist-packages/oslo_concurrency/lockutils.py:367}}
Jul 30 16:06:12.315681 dv-cinder-803046-3-smb devstack@n-api.service[107519]: DEBUG oslo_concurrency.lockutils [None req-71b964e8-7a21-484b-955a-a3b5ccd6879a None None] Lock "28e56efd-e786-48ab-9b4f-dd2754769f16" acquired by "nova.context.set_target_cell..get_or_set_cached_cell_and_set_connections" :: waited 0.000s {{(pid=107519) inner /usr/local/lib/python3.8/dist-packages/oslo_concurrency/lockutils.py:355}}
Jul 30 16:06:12.317638 dv-cinder-803046-3-smb devstack@n-api.service[107519]: DEBUG oslo_concurrency.lockutils [None req-71b964e8-7a21-484b-955a-a3b5ccd6879a None None] Lock "28e56efd-e786-48ab-9b4f-dd2754769f16" released by "nova.context.set_target_cell..get_or_set_cached_cell_and_set_connections" :: held 0.002s {{(pid=107519) inner /usr/local/lib/python3.8/dist-packages/oslo_concurrency/lockutils.py:367}}
Jul 30 16:06:12.328824 dv-cinder-803046-3-smb devstack@n-api.service[107519]: DEBUG oslo_db.sqlalchemy.engines [None req-71b964e8-7a21-484b-955a-a3b5ccd6879a None None] MySQL server mode set to STRICT_TRANS_TABLES,STRICT_ALL_TABLES,NO_ZERO_IN_DATE,NO_ZERO_DATE,ERROR_FOR_DIVISION_BY_ZERO,TRADITIONAL,NO_ENGINE_SUBSTITUTION {{(pid=107519) _check_effective_sql_mode /usr/local/lib/python3.8/dist-packages/oslo_db/sqlalchemy/engines.py:314}}
Jul 30 16:06:12.329664 dv-cinder-803046-3-smb devstack@n-api.service[107519]: DEBUG oslo_db.sqlalchemy.engines [None req-71b964e8-7a21-484b-955a-a3b5ccd6879a None None] MySQL server mode set to STRICT_TRANS_TABLES,STRICT_ALL_TABLES,NO_ZERO_IN_DATE,NO_ZERO_DATE,ERROR_FOR_DIVISION_BY_ZERO,TRADITIONAL,NO_ENGINE_SUBSTITUTION {{(pid=107519) _check_effective_sql_mode /usr/local/lib/python3.8/dist-packages/oslo_db/sqlalchemy/engines.py:314}}
Jul 30 16:06:12.572419 dv-cinder-803046-3-smb devstack@n-api.service[107520]: DEBUG oslo_db.sqlalchemy.engines [None req-58271d71-883c-4ad3-a658-b7db51321a02 None None] MySQL server mode set to STRICT_TRANS_TABLES,STRICT_ALL_TABLES,NO_ZERO_IN_DATE,NO_ZERO_DATE,ERROR_FOR_DIVISION_BY_ZERO,TRADITIONAL,NO_ENGINE_SUBSTITUTION {{(pid=107520) _check_effective_sql_mode /usr/local/lib/python3.8/dist-packages/oslo_db/sqlalchemy/engines.py:314}}
Jul 30 16:06:12.590491 dv-cinder-803046-3-smb devstack@n-api.service[107519]: DEBUG oslo_db.sqlalchemy.engines [None req-71b964e8-7a21-484b-955a-a3b5ccd6879a None None] MySQL server mode set to STRICT_TRANS_TABLES,STRICT_ALL_TABLES,NO_ZERO_IN_DATE,NO_ZERO_DATE,ERROR_FOR_DIVISION_BY_ZERO,TRADITIONAL,NO_ENGINE_SUBSTITUTION {{(pid=107519) _check_effective_sql_mode /usr/local/lib/python3.8/dist-packages/oslo_db/sqlalchemy/engines.py:314}}
Jul 30 16:06:12.904991 dv-cinder-803046-3-smb devstack@n-api.service[107520]: WARNING keystonemiddleware.auth_token [None req-58271d71-883c-4ad3-a658-b7db51321a02 None None] AuthToken middleware is set with keystone_authtoken.service_token_roles_required set to False. This is backwards compatible but deprecated behaviour. Please set this to True.
Jul 30 16:06:12.911610 dv-cinder-803046-3-smb devstack@n-api.service[107520]: WARNING keystonemiddleware.auth_token [None req-58271d71-883c-4ad3-a658-b7db51321a02 None None] Configuring www_authenticate_uri to point to the public identity endpoint is required; clients may not be able to authenticate against an admin endpoint
Jul 30 16:06:12.914851 dv-cinder-803046-3-smb devstack@n-api.service[107519]: WARNING keystonemiddleware.auth_token [None req-71b964e8-7a21-484b-955a-a3b5ccd6879a None None] AuthToken middleware is set with keystone_authtoken.service_token_roles_required set to False. This is backwards compatible but deprecated behaviour. Please set this to True.
Jul 30 16:06:12.921375 dv-cinder-803046-3-smb devstack@n-api.service[107519]: WARNING keystonemiddleware.auth_token [None req-71b964e8-7a21-484b-955a-a3b5ccd6879a None None] Configuring www_authenticate_uri to point to the public identity endpoint is required; clients may not be able to authenticate against an admin endpoint
Jul 30 16:06:13.259011 dv-cinder-803046-3-smb devstack@n-api.service[107520]: WARNING keystonemiddleware.auth_token [None req-58271d71-883c-4ad3-a658-b7db51321a02 None None] AuthToken middleware is set with keystone_authtoken.service_token_roles_required set to False. This is backwards compatible but deprecated behaviour. Please set this to True.
Jul 30 16:06:13.264718 dv-cinder-803046-3-smb devstack@n-api.service[107520]: WARNING keystonemiddleware.auth_token [None req-58271d71-883c-4ad3-a658-b7db51321a02 None None] Configuring www_authenticate_uri to point to the public identity endpoint is required; clients may not be able to authenticate against an admin endpoint
Jul 30 16:06:13.269835 dv-cinder-803046-3-smb devstack@n-api.service[107520]: WSGI app 0 (mountpoint='') ready in 6 seconds on interpreter 0x55c20ddf19c0 pid: 107520 (default app)
Jul 30 16:06:13.269957 dv-cinder-803046-3-smb devstack@n-api.service[107519]: WARNING keystonemiddleware.auth_token [None req-71b964e8-7a21-484b-955a-a3b5ccd6879a None None] AuthToken middleware is set with keystone_authtoken.service_token_roles_required set to False. This is backwards compatible but deprecated behaviour. Please set this to True.
Jul 30 16:06:13.275250 dv-cinder-803046-3-smb devstack@n-api.service[107519]: WARNING keystonemiddleware.auth_token [None req-71b964e8-7a21-484b-955a-a3b5ccd6879a None None] Configuring www_authenticate_uri to point to the public identity endpoint is required; clients may not be able to authenticate against an admin endpoint
Jul 30 16:06:13.280617 dv-cinder-803046-3-smb devstack@n-api.service[107519]: WSGI app 0 (mountpoint='') ready in 6 seconds on interpreter 0x55c20ddf19c0 pid: 107519 (default app)
Jul 30 16:06:46.916339 dv-cinder-803046-3-smb devstack@n-api.service[107519]: DEBUG nova.api.openstack.wsgi [None req-18139171-20c9-4b4d-92ad-245e107f7713 tempest-VolumesGetTestJSON-1377802211 tempest-VolumesGetTestJSON-1377802211-project] Action: 'create', calling method: .version_select at 0x7f3234bdb160>, body: {"volume": {"size": 1, "display_name": "tempest-VolumesGetTestJSON-Volume-2131321769", "metadata": {"Type": "work"}}} {{(pid=107519) _process_stack /opt/stack/nova/nova/api/openstack/wsgi.py:511}}
Jul 30 16:06:46.953505 dv-cinder-803046-3-smb devstack@n-api.service[107520]: DEBUG nova.api.openstack.wsgi [None req-202f9471-81e7-4073-bcb8-e75192a2e2a7 tempest-VolumesNegativeTest-972639180 tempest-VolumesNegativeTest-972639180-project] Action: 'create', calling method: .version_select at 0x7f3234bde160>, body: {"volume": {"size": "#$%", "display_name": "tempest-VolumesNegativeTest-Volume-614002571", "metadata": {"Type": "work"}}} {{(pid=107520) _process_stack /opt/stack/nova/nova/api/openstack/wsgi.py:511}}
Jul 30 16:06:46.959763 dv-cinder-803046-3-smb devstack@n-api.service[107520]: DEBUG nova.api.openstack.wsgi [None req-202f9471-81e7-4073-bcb8-e75192a2e2a7 tempest-VolumesNegativeTest-972639180 tempest-VolumesNegativeTest-972639180-project] Returning 400 to user: Invalid input for field/attribute size. Value: #$%. '#$%' does not match '^[0-9]+$' {{(pid=107520) __call__ /opt/stack/nova/nova/api/openstack/wsgi.py:927}}
Jul 30 16:06:46.960926 dv-cinder-803046-3-smb devstack@n-api.service[107520]: INFO nova.api.openstack.requestlog [None req-202f9471-81e7-4073-bcb8-e75192a2e2a7 tempest-VolumesNegativeTest-972639180 tempest-VolumesNegativeTest-972639180-project] 10.222.0.65 "POST /compute/v2.1/os-volumes" status: 400 len: 127 microversion: 2.1 time: 1.550762
Jul 30 16:06:46.965434 dv-cinder-803046-3-smb devstack@n-api.service[107520]: [pid: 107520|app: 0|req: 1/1] 10.222.0.65 () {60 vars in 1156 bytes} [Fri Jul 30 16:06:45 2021] POST /compute/v2.1/os-volumes => generated 127 bytes in 1557 msecs (HTTP/1.1 400) 9 headers in 381 bytes (1 switches on core 0)
Jul 30 16:06:46.978561 dv-cinder-803046-3-smb devstack@n-api.service[107520]: DEBUG nova.api.openstack.wsgi [None req-70461d0b-0626-4ab1-b8ff-19ed91ee7735 tempest-VolumesNegativeTest-972639180 tempest-VolumesNegativeTest-972639180-project] Action: 'create', calling method: .version_select at 0x7f3234bded30>, body: {"volume": {"size": "0", "display_name": "tempest-VolumesNegativeTest-Volume-1237882112", "metadata": {"Type": "work"}}} {{(pid=107520) _process_stack /opt/stack/nova/nova/api/openstack/wsgi.py:511}}
Jul 30 16:06:46.980127 dv-cinder-803046-3-smb devstack@n-api.service[107520]: DEBUG nova.api.openstack.wsgi [None req-70461d0b-0626-4ab1-b8ff-19ed91ee7735 tempest-VolumesNegativeTest-972639180 tempest-VolumesNegativeTest-972639180-project] Returning 400 to user: Invalid input for field/attribute size. Value: 0. 0 is less than the minimum of 1 {{(pid=107520) __call__ /opt/stack/nova/nova/api/openstack/wsgi.py:927}}
Jul 30 16:06:46.981477 dv-cinder-803046-3-smb devstack@n-api.service[107520]: INFO nova.api.openstack.requestlog [None req-70461d0b-0626-4ab1-b8ff-19ed91ee7735 tempest-VolumesNegativeTest-972639180 tempest-VolumesNegativeTest-972639180-project] 10.222.0.65 "POST /compute/v2.1/os-volumes" status: 400 len: 125 microversion: 2.1 time: 0.006450
Jul 30 16:06:46.990128 dv-cinder-803046-3-smb devstack@n-api.service[107520]: [pid: 107520|app: 0|req: 2/2] 10.222.0.65 () {60 vars in 1156 bytes} [Fri Jul 30 16:06:46 2021] POST /compute/v2.1/os-volumes => generated 125 bytes in 16 msecs (HTTP/1.1 400) 9 headers in 381 bytes (1 switches on core 0)
Jul 30 16:06:47.003234 dv-cinder-803046-3-smb devstack@n-api.service[107520]: DEBUG nova.api.openstack.wsgi [None req-1d8e44eb-1f9e-42a3-a1c4-61011fb9ad2b tempest-VolumesNegativeTest-972639180 tempest-VolumesNegativeTest-972639180-project] Action: 'create', calling method: .version_select at 0x7f3234bde940>, body: {"volume": {"size": "", "display_name": "tempest-VolumesNegativeTest-Volume-500820698", "metadata": {"Type": "work"}}} {{(pid=107520) _process_stack /opt/stack/nova/nova/api/openstack/wsgi.py:511}}
Jul 30 16:06:47.007195 dv-cinder-803046-3-smb devstack@n-api.service[107520]: DEBUG nova.api.openstack.wsgi [None req-1d8e44eb-1f9e-42a3-a1c4-61011fb9ad2b tempest-VolumesNegativeTest-972639180 tempest-VolumesNegativeTest-972639180-project] Returning 400 to user: Invalid input for field/attribute size. Value: . '' does not match '^[0-9]+$' {{(pid=107520) __call__ /opt/stack/nova/nova/api/openstack/wsgi.py:927}}
Jul 30 16:06:47.008320 dv-cinder-803046-3-smb devstack@n-api.service[107520]: INFO nova.api.openstack.requestlog [None req-1d8e44eb-1f9e-42a3-a1c4-61011fb9ad2b tempest-VolumesNegativeTest-972639180 tempest-VolumesNegativeTest-972639180-project] 10.222.0.65 "POST /compute/v2.1/os-volumes" status: 400 len: 121 microversion: 2.1 time: 0.012921
Jul 30 16:06:47.010078 dv-cinder-803046-3-smb devstack@n-api.service[107520]: [pid: 107520|app: 0|req: 3/3] 10.222.0.65 () {60 vars in 1156 bytes} [Fri Jul 30 16:06:46 2021] POST /compute/v2.1/os-volumes => generated 121 bytes in 15 msecs (HTTP/1.1 400) 9 headers in 381 bytes (2 switches on core 0)
Jul 30 16:06:47.019289 dv-cinder-803046-3-smb devstack@n-api.service[107520]: DEBUG nova.api.openstack.wsgi [None req-e21d3326-3c36-4a98-8785-48abe8facb05 tempest-VolumesNegativeTest-972639180 tempest-VolumesNegativeTest-972639180-project] Calling method '.version_select at 0x7f3234bde4c0>' {{(pid=107520) _process_stack /opt/stack/nova/nova/api/openstack/wsgi.py:513}}
Jul 30 16:06:48.123232 dv-cinder-803046-3-smb devstack@n-api.service[107520]: INFO nova.api.openstack.wsgi [None req-e21d3326-3c36-4a98-8785-48abe8facb05 tempest-VolumesNegativeTest-972639180 tempest-VolumesNegativeTest-972639180-project] HTTP exception thrown: Volume tempest-invalid-1797936577 could not be found.
Jul 30 16:06:48.124881 dv-cinder-803046-3-smb devstack@n-api.service[107520]: DEBUG nova.api.openstack.wsgi [None req-e21d3326-3c36-4a98-8785-48abe8facb05 tempest-VolumesNegativeTest-972639180 tempest-VolumesNegativeTest-972639180-project] Returning 404 to user: Volume tempest-invalid-1797936577 could not be found. {{(pid=107520) __call__ /opt/stack/nova/nova/api/openstack/wsgi.py:927}}
Jul 30 16:06:48.126122 dv-cinder-803046-3-smb devstack@n-api.service[107520]: INFO nova.api.openstack.requestlog [None req-e21d3326-3c36-4a98-8785-48abe8facb05 tempest-VolumesNegativeTest-972639180 tempest-VolumesNegativeTest-972639180-project] 10.222.0.65 "DELETE /compute/v2.1/os-volumes/tempest-invalid-1797936577" status: 404 len: 99 microversion: 2.1 time: 1.111610
Jul 30 16:06:48.126890 dv-cinder-803046-3-smb devstack@n-api.service[107520]: [pid: 107520|app: 0|req: 4/4] 10.222.0.65 () {58 vars in 1218 bytes} [Fri Jul 30 16:06:47 2021] DELETE /compute/v2.1/os-volumes/tempest-invalid-1797936577 => generated 99 bytes in 1113 msecs (HTTP/1.1 404) 9 headers in 378 bytes (2 switches on core 0)
Jul 30 16:06:48.138837 dv-cinder-803046-3-smb devstack@n-api.service[107520]: INFO nova.api.openstack.requestlog [None req-59cdc6d9-5e72-4714-a9b2-a173ec26430f tempest-VolumesNegativeTest-972639180 tempest-VolumesNegativeTest-972639180-project] 10.222.0.65 "DELETE /compute/v2.1/os-volumes/" status: 404 len: 112 microversion: - time: 0.004715
Jul 30 16:06:48.139939 dv-cinder-803046-3-smb devstack@n-api.service[107520]: [pid: 107520|app: 0|req: 5/5] 10.222.0.65 () {58 vars in 1140 bytes} [Fri Jul 30 16:06:48 2021] DELETE /compute/v2.1/os-volumes/ => generated 112 bytes in 8 msecs (HTTP/1.1 404) 5 headers in 228 bytes (2 switches on core 0)
Jul 30 16:06:48.151897 dv-cinder-803046-3-smb devstack@n-api.service[107520]: INFO nova.api.openstack.requestlog [None req-1991acef-1a2f-4907-966d-a76f9ce59430 tempest-VolumesNegativeTest-972639180 tempest-VolumesNegativeTest-972639180-project] 10.222.0.65 "GET /compute/v2.1/os-volumes/" status: 404 len: 112 microversion: - time: 0.004526
Jul 30 16:06:48.155117 dv-cinder-803046-3-smb devstack@n-api.service[107520]: [pid: 107520|app: 0|req: 6/6] 10.222.0.65 () {58 vars in 1137 bytes} [Fri Jul 30 16:06:48 2021] GET /compute/v2.1/os-volumes/ => generated 112 bytes in 9 msecs (HTTP/1.1 404) 5 headers in 228 bytes (1 switches on core 0)
Jul 30 16:06:48.171707 dv-cinder-803046-3-smb devstack@n-api.service[107520]: DEBUG nova.api.openstack.wsgi [None req-9fc92f7c-97e4-49ed-8a93-f84e2ce5e0c6 tempest-VolumesNegativeTest-972639180 tempest-VolumesNegativeTest-972639180-project] Calling method '.version_select at 0x7f3234a47160>' {{(pid=107520) _process_stack /opt/stack/nova/nova/api/openstack/wsgi.py:513}}
Jul 30 16:06:48.383268 dv-cinder-803046-3-smb devstack@n-api.service[107520]: INFO nova.api.openstack.wsgi [None req-9fc92f7c-97e4-49ed-8a93-f84e2ce5e0c6 tempest-VolumesNegativeTest-972639180 tempest-VolumesNegativeTest-972639180-project] HTTP exception thrown: Volume 2f99aeff-57cb-4e60-8722-b6304d8f0e7a could not be found.
Jul 30 16:06:48.384014 dv-cinder-803046-3-smb devstack@n-api.service[107520]: DEBUG nova.api.openstack.wsgi [None req-9fc92f7c-97e4-49ed-8a93-f84e2ce5e0c6 tempest-VolumesNegativeTest-972639180 tempest-VolumesNegativeTest-972639180-project] Returning 404 to user: Volume 2f99aeff-57cb-4e60-8722-b6304d8f0e7a could not be found. {{(pid=107520) __call__ /opt/stack/nova/nova/api/openstack/wsgi.py:927}}
Jul 30 16:06:48.384928 dv-cinder-803046-3-smb devstack@n-api.service[107520]: INFO nova.api.openstack.requestlog [None req-9fc92f7c-97e4-49ed-8a93-f84e2ce5e0c6 tempest-VolumesNegativeTest-972639180 tempest-VolumesNegativeTest-972639180-project] 10.222.0.65 "DELETE /compute/v2.1/os-volumes/2f99aeff-57cb-4e60-8722-b6304d8f0e7a" status: 404 len: 109 microversion: 2.1 time: 0.224107
Jul 30 16:06:48.385669 dv-cinder-803046-3-smb devstack@n-api.service[107520]: [pid: 107520|app: 0|req: 7/7] 10.222.0.65 () {58 vars in 1248 bytes} [Fri Jul 30 16:06:48 2021] DELETE /compute/v2.1/os-volumes/2f99aeff-57cb-4e60-8722-b6304d8f0e7a => generated 109 bytes in 225 msecs (HTTP/1.1 404) 9 headers in 379 bytes (1 switches on core 0)
Jul 30 16:06:48.399849 dv-cinder-803046-3-smb devstack@n-api.service[107520]: DEBUG nova.api.openstack.wsgi [None req-4a604994-76ee-494a-b35b-35b6ab0f25fb tempest-VolumesNegativeTest-972639180 tempest-VolumesNegativeTest-972639180-project] Calling method '.version_select at 0x7f3234a2eca0>' {{(pid=107520) _process_stack /opt/stack/nova/nova/api/openstack/wsgi.py:513}}
Jul 30 16:06:48.577739 dv-cinder-803046-3-smb devstack@n-api.service[107520]: INFO nova.api.openstack.wsgi [None req-4a604994-76ee-494a-b35b-35b6ab0f25fb tempest-VolumesNegativeTest-972639180 tempest-VolumesNegativeTest-972639180-project] HTTP exception thrown: Volume 9b87ec79-0309-4617-8d39-79418f031918 could not be found.
Jul 30 16:06:48.578345 dv-cinder-803046-3-smb devstack@n-api.service[107520]: DEBUG nova.api.openstack.wsgi [None req-4a604994-76ee-494a-b35b-35b6ab0f25fb tempest-VolumesNegativeTest-972639180 tempest-VolumesNegativeTest-972639180-project] Returning 404 to user: Volume 9b87ec79-0309-4617-8d39-79418f031918 could not be found. {{(pid=107520) __call__ /opt/stack/nova/nova/api/openstack/wsgi.py:927}}
Jul 30 16:06:48.579193 dv-cinder-803046-3-smb devstack@n-api.service[107520]: INFO nova.api.openstack.requestlog [None req-4a604994-76ee-494a-b35b-35b6ab0f25fb tempest-VolumesNegativeTest-972639180 tempest-VolumesNegativeTest-972639180-project] 10.222.0.65 "GET /compute/v2.1/os-volumes/9b87ec79-0309-4617-8d39-79418f031918" status: 404 len: 109 microversion: 2.1 time: 0.188345
Jul 30 16:06:48.579750 dv-cinder-803046-3-smb devstack@n-api.service[107520]: [pid: 107520|app: 0|req: 8/8] 10.222.0.65 () {58 vars in 1245 bytes} [Fri Jul 30 16:06:48 2021] GET /compute/v2.1/os-volumes/9b87ec79-0309-4617-8d39-79418f031918 => generated 109 bytes in 189 msecs (HTTP/1.1 404) 9 headers in 379 bytes (2 switches on core 0)
Jul 30 16:06:48.844415 dv-cinder-803046-3-smb devstack@n-api.service[107519]: INFO nova.api.openstack.requestlog [None req-18139171-20c9-4b4d-92ad-245e107f7713 tempest-VolumesGetTestJSON-1377802211 tempest-VolumesGetTestJSON-1377802211-project] 10.222.0.65 "POST /compute/v2.1/os-volumes" status: 200 len: 353 microversion: 2.1 time: 3.278579
Jul 30 16:06:48.854129 dv-cinder-803046-3-smb devstack@n-api.service[107519]: [pid: 107519|app: 0|req: 1/9] 10.222.0.65 () {60 vars in 1156 bytes} [Fri Jul 30 16:06:45 2021] POST /compute/v2.1/os-volumes => generated 353 bytes in 3290 msecs (HTTP/1.1 200) 10 headers in 448 bytes (1 switches on core 0)
Jul 30 16:06:48.859198 dv-cinder-803046-3-smb devstack@n-api.service[107520]: DEBUG nova.api.openstack.wsgi [None req-0c1a9a95-0123-40c8-9d1b-d502da164126 tempest-VolumesGetTestJSON-1377802211 tempest-VolumesGetTestJSON-1377802211-project] Calling method '.version_select at 0x7f3234a50160>' {{(pid=107520) _process_stack /opt/stack/nova/nova/api/openstack/wsgi.py:513}}
Jul 30 16:06:49.065551 dv-cinder-803046-3-smb devstack@n-api.service[107520]: INFO nova.api.openstack.requestlog [None req-0c1a9a95-0123-40c8-9d1b-d502da164126 tempest-VolumesGetTestJSON-1377802211 tempest-VolumesGetTestJSON-1377802211-project] 10.222.0.65 "GET /compute/v2.1/os-volumes/213e9ddc-90d3-4e46-8543-e6fc9f30d9bc" status: 200 len: 353 microversion: 2.1 time: 0.210861
Jul 30 16:06:49.066416 dv-cinder-803046-3-smb devstack@n-api.service[107520]: [pid: 107520|app: 0|req: 9/10] 10.222.0.65 () {58 vars in 1245 bytes} [Fri Jul 30 16:06:48 2021] GET /compute/v2.1/os-volumes/213e9ddc-90d3-4e46-8543-e6fc9f30d9bc => generated 353 bytes in 213 msecs (HTTP/1.1 200) 9 headers in 357 bytes (1 switches on core 0)
Jul 30 16:06:49.852754 dv-cinder-803046-3-smb devstack@n-api.service[107519]: DEBUG nova.api.openstack.wsgi [None req-bab25867-6a11-45a2-a24d-9f7184d67452 tempest-DeleteServersTestJSON-1536374863 tempest-DeleteServersTestJSON-1536374863-project] Action: 'create', calling method: >, body: {"server": {"name": "tempest-DeleteServersTestJSON-server-2014072753", "imageRef": "7f136a37-3e0b-4ce4-beb8-8d35d03bbf0b", "flavorRef": "452", "networks": [{"uuid": "13e5dba4-b8df-469e-b671-984d7efb110f"}]}} {{(pid=107519) _process_stack /opt/stack/nova/nova/api/openstack/wsgi.py:511}}
Jul 30 16:06:50.069855 dv-cinder-803046-3-smb devstack@n-api.service[107519]: DEBUG nova.network.neutron [None req-bab25867-6a11-45a2-a24d-9f7184d67452 tempest-DeleteServersTestJSON-1536374863 tempest-DeleteServersTestJSON-1536374863-project] validate_networks() for [('13e5dba4-b8df-469e-b671-984d7efb110f', None, None, None)] {{(pid=107519) validate_networks /opt/stack/nova/nova/network/neutron.py:2255}}
Jul 30 16:06:50.079813 dv-cinder-803046-3-smb devstack@n-api.service[107520]: DEBUG nova.api.openstack.wsgi [None req-d2bd0865-a0b1-4a5e-96f6-3c8780bfcff8 tempest-VolumesGetTestJSON-1377802211 tempest-VolumesGetTestJSON-1377802211-project] Calling method '.version_select at 0x7f3234a470d0>' {{(pid=107520) _process_stack /opt/stack/nova/nova/api/openstack/wsgi.py:513}}
Jul 30 16:06:50.189076 dv-cinder-803046-3-smb devstack@n-api.service[107520]: INFO nova.api.openstack.requestlog [None req-d2bd0865-a0b1-4a5e-96f6-3c8780bfcff8 tempest-VolumesGetTestJSON-1377802211 tempest-VolumesGetTestJSON-1377802211-project] 10.222.0.65 "GET /compute/v2.1/os-volumes/213e9ddc-90d3-4e46-8543-e6fc9f30d9bc" status: 200 len: 354 microversion: 2.1 time: 0.113097
Jul 30 16:06:50.194240 dv-cinder-803046-3-smb devstack@n-api.service[107520]: [pid: 107520|app: 0|req: 10/11] 10.222.0.65 () {58 vars in 1245 bytes} [Fri Jul 30 16:06:50 2021] GET /compute/v2.1/os-volumes/213e9ddc-90d3-4e46-8543-e6fc9f30d9bc => generated 354 bytes in 119 msecs (HTTP/1.1 200) 9 headers in 357 bytes (1 switches on core 0)
Jul 30 16:06:50.202168 dv-cinder-803046-3-smb devstack@n-api.service[107520]: DEBUG nova.api.openstack.wsgi [None req-f7653d9f-4ef3-4621-bb3f-99bb435abee5 tempest-VolumesGetTestJSON-1377802211 tempest-VolumesGetTestJSON-1377802211-project] Calling method '.version_select at 0x7f3234a47040>' {{(pid=107520) _process_stack /opt/stack/nova/nova/api/openstack/wsgi.py:513}}
Jul 30 16:06:50.305652 dv-cinder-803046-3-smb devstack@n-api.service[107520]: INFO nova.api.openstack.requestlog [None req-f7653d9f-4ef3-4621-bb3f-99bb435abee5 tempest-VolumesGetTestJSON-1377802211 tempest-VolumesGetTestJSON-1377802211-project] 10.222.0.65 "GET /compute/v2.1/os-volumes/213e9ddc-90d3-4e46-8543-e6fc9f30d9bc" status: 200 len: 354 microversion: 2.1 time: 0.107002
Jul 30 16:06:50.319167 dv-cinder-803046-3-smb devstack@n-api.service[107520]: [pid: 107520|app: 0|req: 11/12] 10.222.0.65 () {58 vars in 1245 bytes} [Fri Jul 30 16:06:50 2021] GET /compute/v2.1/os-volumes/213e9ddc-90d3-4e46-8543-e6fc9f30d9bc => generated 354 bytes in 122 msecs (HTTP/1.1 200) 9 headers in 357 bytes (2 switches on core 0)
Jul 30 16:06:50.327555 dv-cinder-803046-3-smb devstack@n-api.service[107520]: DEBUG nova.api.openstack.wsgi [None req-df1e4d25-711b-4584-910b-2a14c132b4f1 tempest-VolumesGetTestJSON-1377802211 tempest-VolumesGetTestJSON-1377802211-project] Calling method '.version_select at 0x7f3234a50790>' {{(pid=107520) _process_stack /opt/stack/nova/nova/api/openstack/wsgi.py:513}}
Jul 30 16:06:50.486926 dv-cinder-803046-3-smb devstack@n-api.service[107520]: INFO nova.api.openstack.requestlog [None req-df1e4d25-711b-4584-910b-2a14c132b4f1 tempest-VolumesGetTestJSON-1377802211 tempest-VolumesGetTestJSON-1377802211-project] 10.222.0.65 "DELETE /compute/v2.1/os-volumes/213e9ddc-90d3-4e46-8543-e6fc9f30d9bc" status: 202 len: 0 microversion: 2.1 time: 0.165103
Jul 30 16:06:50.487487 dv-cinder-803046-3-smb devstack@n-api.service[107520]: [pid: 107520|app: 0|req: 12/13] 10.222.0.65 () {58 vars in 1248 bytes} [Fri Jul 30 16:06:50 2021] DELETE /compute/v2.1/os-volumes/213e9ddc-90d3-4e46-8543-e6fc9f30d9bc => generated 0 bytes in 167 msecs (HTTP/1.1 202) 9 headers in 361 bytes (1 switches on core 0)
Jul 30 16:06:50.496418 dv-cinder-803046-3-smb devstack@n-api.service[107520]: DEBUG nova.api.openstack.wsgi [None req-dd523dd1-c420-4b9c-b820-6c991b091bd4 tempest-VolumesGetTestJSON-1377802211 tempest-VolumesGetTestJSON-1377802211-project] Calling method '.version_select at 0x7f3234a473a0>' {{(pid=107520) _process_stack /opt/stack/nova/nova/api/openstack/wsgi.py:513}}
Jul 30 16:06:50.610651 dv-cinder-803046-3-smb devstack@n-api.service[107520]: INFO nova.api.openstack.requestlog [None req-dd523dd1-c420-4b9c-b820-6c991b091bd4 tempest-VolumesGetTestJSON-1377802211 tempest-VolumesGetTestJSON-1377802211-project] 10.222.0.65 "GET /compute/v2.1/os-volumes/213e9ddc-90d3-4e46-8543-e6fc9f30d9bc" status: 200 len: 353 microversion: 2.1 time: 0.118274
Jul 30 16:06:50.617156 dv-cinder-803046-3-smb devstack@n-api.service[107520]: [pid: 107520|app: 0|req: 13/14] 10.222.0.65 () {58 vars in 1245 bytes} [Fri Jul 30 16:06:50 2021] GET /compute/v2.1/os-volumes/213e9ddc-90d3-4e46-8543-e6fc9f30d9bc => generated 353 bytes in 126 msecs (HTTP/1.1 200) 9 headers in 357 bytes (2 switches on core 0)
Jul 30 16:06:51.626378 dv-cinder-803046-3-smb devstack@n-api.service[107520]: DEBUG nova.api.openstack.wsgi [None req-4fac74a6-48b6-4132-926b-1bff3c7a67fb tempest-VolumesGetTestJSON-1377802211 tempest-VolumesGetTestJSON-1377802211-project] Calling method '.version_select at 0x7f3234a47ca0>' {{(pid=107520) _process_stack /opt/stack/nova/nova/api/openstack/wsgi.py:513}}
Jul 30 16:06:51.712421 dv-cinder-803046-3-smb devstack@n-api.service[107520]: INFO nova.api.openstack.wsgi [None req-4fac74a6-48b6-4132-926b-1bff3c7a67fb tempest-VolumesGetTestJSON-1377802211 tempest-VolumesGetTestJSON-1377802211-project] HTTP exception thrown: Volume 213e9ddc-90d3-4e46-8543-e6fc9f30d9bc could not be found.
Jul 30 16:06:51.712634 dv-cinder-803046-3-smb devstack@n-api.service[107520]: DEBUG nova.api.openstack.wsgi [None req-4fac74a6-48b6-4132-926b-1bff3c7a67fb tempest-VolumesGetTestJSON-1377802211 tempest-VolumesGetTestJSON-1377802211-project] Returning 404 to user: Volume 213e9ddc-90d3-4e46-8543-e6fc9f30d9bc could not be found. {{(pid=107520) __call__ /opt/stack/nova/nova/api/openstack/wsgi.py:927}}
Jul 30 16:06:51.713797 dv-cinder-803046-3-smb devstack@n-api.service[107520]: INFO nova.api.openstack.requestlog [None req-4fac74a6-48b6-4132-926b-1bff3c7a67fb tempest-VolumesGetTestJSON-1377802211 tempest-VolumesGetTestJSON-1377802211-project] 10.222.0.65 "GET /compute/v2.1/os-volumes/213e9ddc-90d3-4e46-8543-e6fc9f30d9bc" status: 404 len: 109 microversion: 2.1 time: 0.093468
Jul 30 16:06:51.714877 dv-cinder-803046-3-smb devstack@n-api.service[107520]: [pid: 107520|app: 0|req: 14/15] 10.222.0.65 () {58 vars in 1245 bytes} [Fri Jul 30 16:06:51 2021] GET /compute/v2.1/os-volumes/213e9ddc-90d3-4e46-8543-e6fc9f30d9bc => generated 109 bytes in 95 msecs (HTTP/1.1 404) 9 headers in 379 bytes (2 switches on core 0)
Jul 30 16:06:53.091435 dv-cinder-803046-3-smb devstack@n-api.service[107519]: DEBUG nova.virt.hardware [None req-bab25867-6a11-45a2-a24d-9f7184d67452 tempest-DeleteServersTestJSON-1536374863 tempest-DeleteServersTestJSON-1536374863-project] Flavor limits 0:0:0 {{(pid=107519) get_cpu_topology_constraints /opt/stack/nova/nova/virt/hardware.py:343}}
Jul 30 16:06:53.091957 dv-cinder-803046-3-smb devstack@n-api.service[107519]: DEBUG nova.virt.hardware [None req-bab25867-6a11-45a2-a24d-9f7184d67452 tempest-DeleteServersTestJSON-1536374863 tempest-DeleteServersTestJSON-1536374863-project] Image limits 0:0:0 {{(pid=107519) get_cpu_topology_constraints /opt/stack/nova/nova/virt/hardware.py:347}}
Jul 30 16:06:53.092574 dv-cinder-803046-3-smb devstack@n-api.service[107519]: DEBUG nova.virt.hardware [None req-bab25867-6a11-45a2-a24d-9f7184d67452 tempest-DeleteServersTestJSON-1536374863 tempest-DeleteServersTestJSON-1536374863-project] Flavor pref 0:0:0 {{(pid=107519) get_cpu_topology_constraints /opt/stack/nova/nova/virt/hardware.py:383}}
Jul 30 16:06:53.093153 dv-cinder-803046-3-smb devstack@n-api.service[107519]: DEBUG nova.virt.hardware [None req-bab25867-6a11-45a2-a24d-9f7184d67452 tempest-DeleteServersTestJSON-1536374863 tempest-DeleteServersTestJSON-1536374863-project] Image pref 0:0:0 {{(pid=107519) get_cpu_topology_constraints /opt/stack/nova/nova/virt/hardware.py:387}}
Jul 30 16:06:53.093801 dv-cinder-803046-3-smb devstack@n-api.service[107519]: DEBUG nova.virt.hardware [None req-bab25867-6a11-45a2-a24d-9f7184d67452 tempest-DeleteServersTestJSON-1536374863 tempest-DeleteServersTestJSON-1536374863-project] Chose sockets=0, cores=0, threads=0; limits were sockets=65536, cores=65536, threads=65536 {{(pid=107519) get_cpu_topology_constraints /opt/stack/nova/nova/virt/hardware.py:425}}
Jul 30 16:06:53.136696 dv-cinder-803046-3-smb devstack@n-api.service[107519]: DEBUG oslo_concurrency.lockutils [None req-bab25867-6a11-45a2-a24d-9f7184d67452 tempest-DeleteServersTestJSON-1536374863 tempest-DeleteServersTestJSON-1536374863-project] Lock "00000000-0000-0000-0000-000000000000" acquired by "nova.context.set_target_cell..get_or_set_cached_cell_and_set_connections" :: waited 0.000s {{(pid=107519) inner /usr/local/lib/python3.8/dist-packages/oslo_concurrency/lockutils.py:355}}
Jul 30 16:06:53.137578 dv-cinder-803046-3-smb devstack@n-api.service[107519]: DEBUG oslo_concurrency.lockutils [None req-bab25867-6a11-45a2-a24d-9f7184d67452 tempest-DeleteServersTestJSON-1536374863 tempest-DeleteServersTestJSON-1536374863-project] Lock "00000000-0000-0000-0000-000000000000" released by "nova.context.set_target_cell..get_or_set_cached_cell_and_set_connections" :: held 0.010s {{(pid=107519) inner /usr/local/lib/python3.8/dist-packages/oslo_concurrency/lockutils.py:367}}
Jul 30 16:06:53.139345 dv-cinder-803046-3-smb devstack@n-api.service[107519]: DEBUG oslo_concurrency.lockutils [None req-bab25867-6a11-45a2-a24d-9f7184d67452 tempest-DeleteServersTestJSON-1536374863 tempest-DeleteServersTestJSON-1536374863-project] Lock "28e56efd-e786-48ab-9b4f-dd2754769f16" acquired by "nova.context.set_target_cell..get_or_set_cached_cell_and_set_connections" :: waited 0.000s {{(pid=107519) inner /usr/local/lib/python3.8/dist-packages/oslo_concurrency/lockutils.py:355}}
Jul 30 16:06:53.139958 dv-cinder-803046-3-smb devstack@n-api.service[107519]: DEBUG oslo_concurrency.lockutils [None req-bab25867-6a11-45a2-a24d-9f7184d67452 tempest-DeleteServersTestJSON-1536374863 tempest-DeleteServersTestJSON-1536374863-project] Lock "28e56efd-e786-48ab-9b4f-dd2754769f16" released by "nova.context.set_target_cell..get_or_set_cached_cell_and_set_connections" :: held 0.001s {{(pid=107519) inner /usr/local/lib/python3.8/dist-packages/oslo_concurrency/lockutils.py:367}}
Jul 30 16:06:53.257032 dv-cinder-803046-3-smb devstack@n-api.service[107519]: DEBUG nova.quota [None req-bab25867-6a11-45a2-a24d-9f7184d67452 tempest-DeleteServersTestJSON-1536374863 tempest-DeleteServersTestJSON-1536374863-project] Getting quotas for project aa307f400e044e1da53e7d7cf2933d77. Resources: {'cores', 'ram', 'instances'} {{(pid=107519) _get_quotas /opt/stack/nova/nova/quota.py:387}}
Jul 30 16:06:53.278345 dv-cinder-803046-3-smb devstack@n-api.service[107519]: DEBUG nova.quota [None req-bab25867-6a11-45a2-a24d-9f7184d67452 tempest-DeleteServersTestJSON-1536374863 tempest-DeleteServersTestJSON-1536374863-project] Getting quotas for user 2617f8339ba249559c9f469b0d4cdd72 and project aa307f400e044e1da53e7d7cf2933d77. Resources: {'cores', 'ram', 'instances'} {{(pid=107519) _get_quotas /opt/stack/nova/nova/quota.py:377}}
Jul 30 16:06:53.307956 dv-cinder-803046-3-smb devstack@n-api.service[107519]: DEBUG nova.compute.api [None req-bab25867-6a11-45a2-a24d-9f7184d67452 tempest-DeleteServersTestJSON-1536374863 tempest-DeleteServersTestJSON-1536374863-project] Going to run 1 instances... {{(pid=107519) _provision_instances /opt/stack/nova/nova/compute/api.py:1280}}
Jul 30 16:06:53.317047 dv-cinder-803046-3-smb devstack@n-api.service[107519]: DEBUG nova.compute.api [None req-bab25867-6a11-45a2-a24d-9f7184d67452 tempest-DeleteServersTestJSON-1536374863 tempest-DeleteServersTestJSON-1536374863-project] [instance: 530facf6-602a-4835-85b1-fc8fc3317408] block_device_mapping [BlockDeviceMapping(attachment_id=,boot_index=0,connection_info=None,created_at=,delete_on_termination=True,deleted=,deleted_at=,destination_type='local',device_name=None,device_type='disk',disk_bus=None,guest_format=None,id=,image_id='7f136a37-3e0b-4ce4-beb8-8d35d03bbf0b',instance=,instance_uuid=,no_device=False,snapshot_id=None,source_type='image',tag=None,updated_at=,uuid=,volume_id=None,volume_size=None,volume_type=None)] {{(pid=107519) _bdm_validate_set_size_and_instance /opt/stack/nova/nova/compute/api.py:1685}}
Jul 30 16:06:53.528489 dv-cinder-803046-3-smb devstack@n-api.service[107519]: INFO nova.api.openstack.requestlog [None req-bab25867-6a11-45a2-a24d-9f7184d67452 tempest-DeleteServersTestJSON-1536374863 tempest-DeleteServersTestJSON-1536374863-project] 10.222.0.65 "POST /compute/v2.1/servers" status: 202 len: 380 microversion: 2.1 time: 3.964329
Jul 30 16:06:53.529210 dv-cinder-803046-3-smb devstack@n-api.service[107519]: [pid: 107519|app: 0|req: 2/16] 10.222.0.65 () {60 vars in 1147 bytes} [Fri Jul 30 16:06:49 2021] POST /compute/v2.1/servers => generated 380 bytes in 3967 msecs (HTTP/1.1 202) 10 headers in 451 bytes (1 switches on core 0)
Jul 30 16:06:53.540813 dv-cinder-803046-3-smb devstack@n-api.service[107520]: DEBUG nova.api.openstack.wsgi [None req-c7c3a881-5f42-4389-b955-f4a5fcd1615f tempest-DeleteServersTestJSON-1536374863 tempest-DeleteServersTestJSON-1536374863-project] Calling method '>' {{(pid=107520) _process_stack /opt/stack/nova/nova/api/openstack/wsgi.py:513}}
Jul 30 16:06:53.541570 dv-cinder-803046-3-smb devstack@n-api.service[107520]: DEBUG nova.compute.api [None req-c7c3a881-5f42-4389-b955-f4a5fcd1615f tempest-DeleteServersTestJSON-1536374863 tempest-DeleteServersTestJSON-1536374863-project] [instance: 530facf6-602a-4835-85b1-fc8fc3317408] Fetching instance by UUID {{(pid=107520) get /opt/stack/nova/nova/compute/api.py:2791}}
Jul 30 16:06:54.363686 dv-cinder-803046-3-smb devstack@n-api.service[107520]: DEBUG nova.policy [None req-c7c3a881-5f42-4389-b955-f4a5fcd1615f tempest-DeleteServersTestJSON-1536374863 tempest-DeleteServersTestJSON-1536374863-project] Policy check for os_compute_api:os-extended-server-attributes failed with credentials {'is_admin': False, 'user_id': '2617f8339ba249559c9f469b0d4cdd72', 'user_domain_id': 'default', 'system_scope': None, 'domain_id': None, 'project_id': 'aa307f400e044e1da53e7d7cf2933d77', 'project_domain_id': 'default', 'roles': ['reader', 'member'], 'is_admin_project': True, 'service_user_id': None, 'service_user_domain_id': None, 'service_project_id': None, 'service_project_domain_id': None, 'service_roles': []} {{(pid=107520) authorize /opt/stack/nova/nova/policy.py:199}}
Jul 30 16:06:54.413281 dv-cinder-803046-3-smb devstack@n-api.service[107520]: INFO nova.api.openstack.requestlog [None req-c7c3a881-5f42-4389-b955-f4a5fcd1615f tempest-DeleteServersTestJSON-1536374863 tempest-DeleteServersTestJSON-1536374863-project] 10.222.0.65 "GET /compute/v2.1/servers/530facf6-602a-4835-85b1-fc8fc3317408" status: 200 len: 1215 microversion: 2.1 time: 0.877608
Jul 30 16:06:54.426849 dv-cinder-803046-3-smb devstack@n-api.service[107520]: [pid: 107520|app: 0|req: 15/17] 10.222.0.65 () {58 vars in 1236 bytes} [Fri Jul 30 16:06:53 2021] GET /compute/v2.1/servers/530facf6-602a-4835-85b1-fc8fc3317408 => generated 1215 bytes in 891 msecs (HTTP/1.1 200) 9 headers in 358 bytes (1 switches on core 0)
Jul 30 16:06:55.439414 dv-cinder-803046-3-smb devstack@n-api.service[107519]: DEBUG nova.api.openstack.wsgi [None req-ce7dd8dd-a6d8-44f5-ab37-063fa27b1575 tempest-DeleteServersTestJSON-1536374863 tempest-DeleteServersTestJSON-1536374863-project] Calling method '>' {{(pid=107519) _process_stack /opt/stack/nova/nova/api/openstack/wsgi.py:513}}
Jul 30 16:06:55.444413 dv-cinder-803046-3-smb devstack@n-api.service[107519]: DEBUG nova.compute.api [None req-ce7dd8dd-a6d8-44f5-ab37-063fa27b1575 tempest-DeleteServersTestJSON-1536374863 tempest-DeleteServersTestJSON-1536374863-project] [instance: 530facf6-602a-4835-85b1-fc8fc3317408] Fetching instance by UUID {{(pid=107519) get /opt/stack/nova/nova/compute/api.py:2791}}
Jul 30 16:06:56.136306 dv-cinder-803046-3-smb devstack@n-api.service[107519]: DEBUG nova.policy [None req-ce7dd8dd-a6d8-44f5-ab37-063fa27b1575 tempest-DeleteServersTestJSON-1536374863 tempest-DeleteServersTestJSON-1536374863-project] Policy check for os_compute_api:os-extended-server-attributes failed with credentials {'is_admin': False, 'user_id': '2617f8339ba249559c9f469b0d4cdd72', 'user_domain_id': 'default', 'system_scope': None, 'domain_id': None, 'project_id': 'aa307f400e044e1da53e7d7cf2933d77', 'project_domain_id': 'default', 'roles': ['reader', 'member'], 'is_admin_project': True, 'service_user_id': None, 'service_user_domain_id': None, 'service_project_id': None, 'service_project_domain_id': None, 'service_roles': []} {{(pid=107519) authorize /opt/stack/nova/nova/policy.py:199}}
Jul 30 16:06:56.170920 dv-cinder-803046-3-smb devstack@n-api.service[107519]: INFO nova.api.openstack.requestlog [None req-ce7dd8dd-a6d8-44f5-ab37-063fa27b1575 tempest-DeleteServersTestJSON-1536374863 tempest-DeleteServersTestJSON-1536374863-project] 10.222.0.65 "GET /compute/v2.1/servers/530facf6-602a-4835-85b1-fc8fc3317408" status: 200 len: 1215 microversion: 2.1 time: 0.744809
Jul 30 16:06:56.171517 dv-cinder-803046-3-smb devstack@n-api.service[107519]: [pid: 107519|app: 0|req: 3/18] 10.222.0.65 () {58 vars in 1236 bytes} [Fri Jul 30 16:06:55 2021] GET /compute/v2.1/servers/530facf6-602a-4835-85b1-fc8fc3317408 => generated 1215 bytes in 746 msecs (HTTP/1.1 200) 9 headers in 358 bytes (1 switches on core 0)
Jul 30 16:06:57.188024 dv-cinder-803046-3-smb devstack@n-api.service[107520]: DEBUG nova.api.openstack.wsgi [None req-19e3da40-1026-438d-b41e-5348d2893da9 tempest-DeleteServersTestJSON-1536374863 tempest-DeleteServersTestJSON-1536374863-project] Calling method '>' {{(pid=107520) _process_stack /opt/stack/nova/nova/api/openstack/wsgi.py:513}}
Jul 30 16:06:57.188658 dv-cinder-803046-3-smb devstack@n-api.service[107520]: DEBUG nova.compute.api [None req-19e3da40-1026-438d-b41e-5348d2893da9 tempest-DeleteServersTestJSON-1536374863 tempest-DeleteServersTestJSON-1536374863-project] [instance: 530facf6-602a-4835-85b1-fc8fc3317408] Fetching instance by UUID {{(pid=107520) get /opt/stack/nova/nova/compute/api.py:2791}}
Jul 30 16:06:57.203242 dv-cinder-803046-3-smb devstack@n-api.service[107520]: DEBUG oslo_concurrency.lockutils [None req-19e3da40-1026-438d-b41e-5348d2893da9 tempest-DeleteServersTestJSON-1536374863 tempest-DeleteServersTestJSON-1536374863-project] Lock "28e56efd-e786-48ab-9b4f-dd2754769f16" acquired by "nova.context.set_target_cell..get_or_set_cached_cell_and_set_connections" :: waited 0.000s {{(pid=107520) inner /usr/local/lib/python3.8/dist-packages/oslo_concurrency/lockutils.py:355}}
Jul 30 16:06:57.203692 dv-cinder-803046-3-smb devstack@n-api.service[107520]: DEBUG oslo_concurrency.lockutils [None req-19e3da40-1026-438d-b41e-5348d2893da9 tempest-DeleteServersTestJSON-1536374863 tempest-DeleteServersTestJSON-1536374863-project] Lock "28e56efd-e786-48ab-9b4f-dd2754769f16" released by "nova.context.set_target_cell..get_or_set_cached_cell_and_set_connections" :: held 0.001s {{(pid=107520) inner /usr/local/lib/python3.8/dist-packages/oslo_concurrency/lockutils.py:367}}
Jul 30 16:06:57.204501 dv-cinder-803046-3-smb devstack@n-api.service[107520]: DEBUG oslo_concurrency.lockutils [None req-19e3da40-1026-438d-b41e-5348d2893da9 tempest-DeleteServersTestJSON-1536374863 tempest-DeleteServersTestJSON-1536374863-project] Lock "28e56efd-e786-48ab-9b4f-dd2754769f16" acquired by "nova.context.set_target_cell..get_or_set_cached_cell_and_set_connections" :: waited 0.000s {{(pid=107520) inner /usr/local/lib/python3.8/dist-packages/oslo_concurrency/lockutils.py:355}}
Jul 30 16:06:57.204897 dv-cinder-803046-3-smb devstack@n-api.service[107520]: DEBUG oslo_concurrency.lockutils [None req-19e3da40-1026-438d-b41e-5348d2893da9 tempest-DeleteServersTestJSON-1536374863 tempest-DeleteServersTestJSON-1536374863-project] Lock "28e56efd-e786-48ab-9b4f-dd2754769f16" released by "nova.context.set_target_cell..get_or_set_cached_cell_and_set_connections" :: held 0.000s {{(pid=107520) inner /usr/local/lib/python3.8/dist-packages/oslo_concurrency/lockutils.py:367}}
Jul 30 16:06:57.853209 dv-cinder-803046-3-smb devstack@n-api.service[107519]: DEBUG nova.api.openstack.wsgi [None req-33398bb1-bf5a-489e-b2b6-5a2c2bb93843 tempest-AttachVolumeShelveTestJSON-1555262966 tempest-AttachVolumeShelveTestJSON-1555262966-project] Action: 'create', calling method: .version_select at 0x7f323494eca0>, body: {"keypair": {"name": "tempest-keypair-1867684149"}} {{(pid=107519) _process_stack /opt/stack/nova/nova/api/openstack/wsgi.py:511}}
Jul 30 16:06:57.960667 dv-cinder-803046-3-smb devstack@n-api.service[107519]: DEBUG nova.quota [None req-33398bb1-bf5a-489e-b2b6-5a2c2bb93843 tempest-AttachVolumeShelveTestJSON-1555262966 tempest-AttachVolumeShelveTestJSON-1555262966-project] Getting quotas for project 82ee090855554bd58f799c8c7c37a906. Resources: {'key_pairs'} {{(pid=107519) _get_quotas /opt/stack/nova/nova/quota.py:387}}
Jul 30 16:06:57.978962 dv-cinder-803046-3-smb devstack@n-api.service[107519]: DEBUG nova.quota [None req-33398bb1-bf5a-489e-b2b6-5a2c2bb93843 tempest-AttachVolumeShelveTestJSON-1555262966 tempest-AttachVolumeShelveTestJSON-1555262966-project] Getting quotas for user 295611c5b9174c7da4e61b35be0f6066 and project 82ee090855554bd58f799c8c7c37a906. Resources: {'key_pairs'} {{(pid=107519) _get_quotas /opt/stack/nova/nova/quota.py:377}}
