Aug 09 08:06:36.916150 dv-cinder-803000-6-smb devstack@c-api.service[100221]: DEBUG cinder.volume.api [None req-4c376399-9a56-44fa-a4f5-e3675aec1881 tempest-VolumeTypesAccessTest-204554679 tempest-VolumeTypesAccessTest-204554679-project] Task 'cinder.volume.flows.api.create_volume.EntryCreateTask;volume:create' (30028f6c-4f68-4310-861a-e1f8313157de) transitioned into state 'SUCCESS' from state 'RUNNING' with result '{'volume_id': '0ced20e2-8685-472b-a6b2-edefabc6e77b', 'volume_properties': VolumeProperties(attach_status='detached',availability_zone='nova',cgsnapshot_id=None,consistencygroup_id=None,display_description=None,display_name='tempest-VolumeTypesAccessTest-Volume-165445018',encryption_key_id=None,group_id=None,group_type_id=,metadata={},multiattach=False,project_id='2c61235dbfcc492cb62eac7f2adfb18a',qos_specs=None,replication_status=,reservations=['0fac624f-bede-44ec-a403-c5325a41acff','9daf1e7b-9697-4279-8caa-b8219f5d580f','4cf5490e-a3fe-4943-b8e7-1ab15433861c','46d4f23b-2d07-40fe-b6f8-41bdcbdd3db0'],size=1,snapshot_id=None,source_replicaid=,source_volid=None,status='creating',user_id='255dd57890d44842accd294fc5033ab0',volume_type_id=a77a1216-81ed-4eac-9164-dbb1aeb71e6f), 'volume': Volume(_name_id=None,admin_metadata=,attach_status='detached',availability_zone='nova',bootable=False,cluster=,cluster_name=None,consistencygroup=,consistencygroup_id=None,created_at=2021-08-09T08:06:36Z,deleted=False,deleted_at=None,display_description=None,display_name='tempest-VolumeTypesAccessTest-Volume-165445018',ec2_id=None,encryption_key_id=None,glance_metadata=,group=,group_id=None,host=None,id=0ced20e2-8685-472b-a6b2-edefabc6e77b,launched_at=None,metadata={},migration_status=None,multiattach=False,previous_status=None,project_id='2c61235dbfcc492cb62eac7f2adfb18a',provider_auth=None,provider_geometry=None,provider_id=None,provider_location=None,replication_driver_data=None,replication_extended_status=None,replication_status=None,scheduled_at=None,service_uuid=None,shared_targets=True,size=1,snapshot_id=None,snapshots=,source_volid=None,status='creating',terminated_at=None,updated_at=None,user_id='255dd57890d44842accd294fc5033ab0',volume_attachment=,volume_type=VolumeType(a77a1216-81ed-4eac-9164-dbb1aeb71e6f),volume_type_id=a77a1216-81ed-4eac-9164-dbb1aeb71e6f)}' {{(pid=100221) _task_receiver /usr/local/lib/python3.8/dist-packages/taskflow/listeners/logging.py:178}}
Aug 09 08:06:36.918034 dv-cinder-803000-6-smb devstack@c-api.service[100221]: DEBUG cinder.volume.api [None req-4c376399-9a56-44fa-a4f5-e3675aec1881 tempest-VolumeTypesAccessTest-204554679 tempest-VolumeTypesAccessTest-204554679-project] Task 'cinder.volume.flows.api.create_volume.QuotaCommitTask;volume:create' (18da2f16-f7a2-45c8-bb5c-74a272a68927) transitioned into state 'RUNNING' from state 'PENDING' {{(pid=100221) _task_receiver /usr/local/lib/python3.8/dist-packages/taskflow/listeners/logging.py:190}}
Aug 09 08:06:36.947303 dv-cinder-803000-6-smb devstack@c-api.service[100221]: DEBUG cinder.volume.api [None req-4c376399-9a56-44fa-a4f5-e3675aec1881 tempest-VolumeTypesAccessTest-204554679 tempest-VolumeTypesAccessTest-204554679-project] Task 'cinder.volume.flows.api.create_volume.QuotaCommitTask;volume:create' (18da2f16-f7a2-45c8-bb5c-74a272a68927) transitioned into state 'SUCCESS' from state 'RUNNING' with result '{'volume_properties': VolumeProperties(attach_status='detached',availability_zone='nova',cgsnapshot_id=None,consistencygroup_id=None,display_description=None,display_name='tempest-VolumeTypesAccessTest-Volume-165445018',encryption_key_id=None,group_id=None,group_type_id=,metadata={},multiattach=False,project_id='2c61235dbfcc492cb62eac7f2adfb18a',qos_specs=None,replication_status=,reservations=['0fac624f-bede-44ec-a403-c5325a41acff','9daf1e7b-9697-4279-8caa-b8219f5d580f','4cf5490e-a3fe-4943-b8e7-1ab15433861c','46d4f23b-2d07-40fe-b6f8-41bdcbdd3db0'],size=1,snapshot_id=None,source_replicaid=,source_volid=None,status='creating',user_id='255dd57890d44842accd294fc5033ab0',volume_type_id=a77a1216-81ed-4eac-9164-dbb1aeb71e6f)}' {{(pid=100221) _task_receiver /usr/local/lib/python3.8/dist-packages/taskflow/listeners/logging.py:178}}
Aug 09 08:06:36.949278 dv-cinder-803000-6-smb devstack@c-api.service[100221]: DEBUG cinder.volume.api [None req-4c376399-9a56-44fa-a4f5-e3675aec1881 tempest-VolumeTypesAccessTest-204554679 tempest-VolumeTypesAccessTest-204554679-project] Task 'cinder.volume.flows.api.create_volume.VolumeCastTask;volume:create' (03f9c703-2b01-4466-a04d-3d7e1a6b28ca) transitioned into state 'RUNNING' from state 'PENDING' {{(pid=100221) _task_receiver /usr/local/lib/python3.8/dist-packages/taskflow/listeners/logging.py:190}}
Aug 09 08:06:36.959559 dv-cinder-803000-6-smb devstack@c-api.service[100222]: INFO cinder.volume.api [None req-3ae50fdd-fc79-4c90-a942-220f17b68f90 tempest-VolumesListTestJSON-1226630657 tempest-VolumesListTestJSON-1226630657-project] Get all volumes completed successfully.
Aug 09 08:06:36.961172 dv-cinder-803000-6-smb devstack@c-api.service[100222]: /usr/local/lib/python3.8/dist-packages/oslo_context/context.py:105: DeprecationWarning: Policy enforcement is depending on the value of is_admin. This key is deprecated. Please update your policy file to use the standard policy values.
Aug 09 08:06:36.961172 dv-cinder-803000-6-smb devstack@c-api.service[100222]: warnings.warn('Policy enforcement is depending on the value of '
Aug 09 08:06:36.966001 dv-cinder-803000-6-smb devstack@c-api.service[100221]: DEBUG cinder.volume.api [None req-4c376399-9a56-44fa-a4f5-e3675aec1881 tempest-VolumeTypesAccessTest-204554679 tempest-VolumeTypesAccessTest-204554679-project] Task 'cinder.volume.flows.api.create_volume.VolumeCastTask;volume:create' (03f9c703-2b01-4466-a04d-3d7e1a6b28ca) transitioned into state 'SUCCESS' from state 'RUNNING' with result 'None' {{(pid=100221) _task_receiver /usr/local/lib/python3.8/dist-packages/taskflow/listeners/logging.py:178}}
Aug 09 08:06:36.968414 dv-cinder-803000-6-smb devstack@c-api.service[100221]: DEBUG cinder.volume.api [None req-4c376399-9a56-44fa-a4f5-e3675aec1881 tempest-VolumeTypesAccessTest-204554679 tempest-VolumeTypesAccessTest-204554679-project] Flow 'volume_create_api' (68a97f59-c5a6-4ab3-b52b-5a461740cd00) transitioned into state 'SUCCESS' from state 'RUNNING' {{(pid=100221) _flow_receiver /usr/local/lib/python3.8/dist-packages/taskflow/listeners/logging.py:141}}
Aug 09 08:06:36.969106 dv-cinder-803000-6-smb devstack@c-api.service[100221]: INFO cinder.volume.api [None req-4c376399-9a56-44fa-a4f5-e3675aec1881 tempest-VolumeTypesAccessTest-204554679 tempest-VolumeTypesAccessTest-204554679-project] Create volume request issued successfully.
Aug 09 08:06:36.973743 dv-cinder-803000-6-smb devstack@c-api.service[100222]: INFO cinder.api.openstack.wsgi [None req-3ae50fdd-fc79-4c90-a942-220f17b68f90 tempest-VolumesListTestJSON-1226630657 tempest-VolumesListTestJSON-1226630657-project] http://10.222.0.53/volume/v3/ff4454a90cd5498cb38b897c5190dba0/volumes/detail?limit=1&marker=ea0620c2-e815-471a-bdd0-209ba1d5742e returned with HTTP 200
Aug 09 08:06:36.974579 dv-cinder-803000-6-smb devstack@c-api.service[100222]: [pid: 100222|app: 0|req: 240/443] 10.222.0.53 () {58 vars in 1338 bytes} [Mon Aug 9 08:06:36 2021] GET /volume/v3/ff4454a90cd5498cb38b897c5190dba0/volumes/detail?limit=1&marker=ea0620c2-e815-471a-bdd0-209ba1d5742e => generated 1104 bytes in 84 msecs (HTTP/1.1 200) 7 headers in 286 bytes (2 switches on core 0)
Aug 09 08:06:36.976981 dv-cinder-803000-6-smb devstack@c-api.service[100221]: INFO cinder.api.openstack.wsgi [None req-4c376399-9a56-44fa-a4f5-e3675aec1881 tempest-VolumeTypesAccessTest-204554679 tempest-VolumeTypesAccessTest-204554679-project] http://10.222.0.53/volume/v3/2c61235dbfcc492cb62eac7f2adfb18a/volumes returned with HTTP 202
Aug 09 08:06:36.978110 dv-cinder-803000-6-smb devstack@c-api.service[100221]: [pid: 100221|app: 0|req: 204/444] 10.222.0.53 () {60 vars in 1236 bytes} [Mon Aug 9 08:06:36 2021] POST /volume/v3/2c61235dbfcc492cb62eac7f2adfb18a/volumes => generated 861 bytes in 422 msecs (HTTP/1.1 202) 7 headers in 291 bytes (2 switches on core 0)
Aug 09 08:06:36.990065 dv-cinder-803000-6-smb devstack@c-api.service[100222]: INFO cinder.api.openstack.wsgi [None req-19be4aec-5804-48e9-b1a3-835bf6b09a17 tempest-VolumesListTestJSON-1226630657 tempest-VolumesListTestJSON-1226630657-project] GET http://10.222.0.53/volume/v3/ff4454a90cd5498cb38b897c5190dba0/volumes/detail?limit=1&marker=f4bdad7f-9bad-4a43-8159-0c9054322479
Aug 09 08:06:36.990743 dv-cinder-803000-6-smb devstack@c-api.service[100222]: DEBUG cinder.api.openstack.wsgi [None req-19be4aec-5804-48e9-b1a3-835bf6b09a17 tempest-VolumesListTestJSON-1226630657 tempest-VolumesListTestJSON-1226630657-project] Empty body provided in request {{(pid=100222) get_body /opt/stack/cinder/cinder/api/openstack/wsgi.py:703}}
Aug 09 08:06:36.991090 dv-cinder-803000-6-smb devstack@c-api.service[100222]: /usr/local/lib/python3.8/dist-packages/webob/acceptparse.py:1047: DeprecationWarning: The behavior of AcceptValidHeader.best_match is currently being maintained for backward compatibility, but it will be deprecated in the future, as it does not conform to the RFC.
Aug 09 08:06:36.991090 dv-cinder-803000-6-smb devstack@c-api.service[100222]: warnings.warn(
Aug 09 08:06:36.991700 dv-cinder-803000-6-smb devstack@c-api.service[100222]: DEBUG cinder.api.openstack.wsgi [None req-19be4aec-5804-48e9-b1a3-835bf6b09a17 tempest-VolumesListTestJSON-1226630657 tempest-VolumesListTestJSON-1226630657-project] Calling method 'detail' {{(pid=100222) _process_stack /opt/stack/cinder/cinder/api/openstack/wsgi.py:856}}
Aug 09 08:06:36.992634 dv-cinder-803000-6-smb devstack@c-api.service[100222]: DEBUG cinder.api.api_utils [None req-19be4aec-5804-48e9-b1a3-835bf6b09a17 tempest-VolumesListTestJSON-1226630657 tempest-VolumesListTestJSON-1226630657-project] Removing options '' from query. {{(pid=100222) remove_invalid_filter_options /opt/stack/cinder/cinder/api/api_utils.py:73}}
Aug 09 08:06:36.994510 dv-cinder-803000-6-smb devstack@c-api.service[100221]: INFO cinder.api.openstack.wsgi [None req-28487979-624f-48a1-a375-b33da7f7dbb6 tempest-VolumeTypesAccessTest-204554679 tempest-VolumeTypesAccessTest-204554679-project] GET http://10.222.0.53/volume/v3/2c61235dbfcc492cb62eac7f2adfb18a/volumes/0ced20e2-8685-472b-a6b2-edefabc6e77b
Aug 09 08:06:36.995337 dv-cinder-803000-6-smb devstack@c-api.service[100221]: DEBUG cinder.api.openstack.wsgi [None req-28487979-624f-48a1-a375-b33da7f7dbb6 tempest-VolumeTypesAccessTest-204554679 tempest-VolumeTypesAccessTest-204554679-project] Empty body provided in request {{(pid=100221) get_body /opt/stack/cinder/cinder/api/openstack/wsgi.py:703}}
Aug 09 08:06:36.995549 dv-cinder-803000-6-smb devstack@c-api.service[100222]: DEBUG cinder.volume.api [None req-19be4aec-5804-48e9-b1a3-835bf6b09a17 tempest-VolumesListTestJSON-1226630657 tempest-VolumesListTestJSON-1226630657-project] Searching by: MultiDict([('no_migration_targets', True)]). {{(pid=100222) get_all /opt/stack/cinder/cinder/volume/api.py:619}}
Aug 09 08:06:36.995662 dv-cinder-803000-6-smb devstack@c-api.service[100221]: /usr/local/lib/python3.8/dist-packages/webob/acceptparse.py:1047: DeprecationWarning: The behavior of AcceptValidHeader.best_match is currently being maintained for backward compatibility, but it will be deprecated in the future, as it does not conform to the RFC.
Aug 09 08:06:36.995662 dv-cinder-803000-6-smb devstack@c-api.service[100221]: warnings.warn(
Aug 09 08:06:36.996061 dv-cinder-803000-6-smb devstack@c-api.service[100221]: DEBUG cinder.api.openstack.wsgi [None req-28487979-624f-48a1-a375-b33da7f7dbb6 tempest-VolumeTypesAccessTest-204554679 tempest-VolumeTypesAccessTest-204554679-project] Calling method 'show' {{(pid=100221) _process_stack /opt/stack/cinder/cinder/api/openstack/wsgi.py:856}}
Aug 09 08:06:37.019723 dv-cinder-803000-6-smb devstack@c-api.service[100221]: /usr/local/lib/python3.8/dist-packages/oslo_context/context.py:105: DeprecationWarning: Policy enforcement is depending on the value of is_admin. This key is deprecated. Please update your policy file to use the standard policy values.
Aug 09 08:06:37.019723 dv-cinder-803000-6-smb devstack@c-api.service[100221]: warnings.warn('Policy enforcement is depending on the value of '
Aug 09 08:06:37.041249 dv-cinder-803000-6-smb devstack@c-api.service[100221]: INFO cinder.volume.api [None req-28487979-624f-48a1-a375-b33da7f7dbb6 tempest-VolumeTypesAccessTest-204554679 tempest-VolumeTypesAccessTest-204554679-project] Volume info retrieved successfully.
Aug 09 08:06:37.061064 dv-cinder-803000-6-smb devstack@c-api.service[100221]: INFO cinder.api.openstack.wsgi [None req-28487979-624f-48a1-a375-b33da7f7dbb6 tempest-VolumeTypesAccessTest-204554679 tempest-VolumeTypesAccessTest-204554679-project] http://10.222.0.53/volume/v3/2c61235dbfcc492cb62eac7f2adfb18a/volumes/0ced20e2-8685-472b-a6b2-edefabc6e77b returned with HTTP 200
Aug 09 08:06:37.062516 dv-cinder-803000-6-smb devstack@c-api.service[100221]: [pid: 100221|app: 0|req: 205/445] 10.222.0.53 () {58 vars in 1325 bytes} [Mon Aug 9 08:06:36 2021] GET /volume/v3/2c61235dbfcc492cb62eac7f2adfb18a/volumes/0ced20e2-8685-472b-a6b2-edefabc6e77b => generated 929 bytes in 75 msecs (HTTP/1.1 200) 7 headers in 285 bytes (2 switches on core 0)
Aug 09 08:06:37.066629 dv-cinder-803000-6-smb devstack@c-api.service[100221]: INFO cinder.api.openstack.wsgi [None req-eae5f17f-b4b6-4e0e-9586-c5cd9781712e tempest-VolumeSnapshotQuotasNegativeTestJSON-1407160756 tempest-VolumeSnapshotQuotasNegativeTestJSON-1407160756-project] GET http://10.222.0.53/volume/v3/6aeebe52a7d54eee81de303763685587/volumes/f8bf56e8-bd6f-48a1-90ae-2b100615e710
Aug 09 08:06:37.067415 dv-cinder-803000-6-smb devstack@c-api.service[100221]: DEBUG cinder.api.openstack.wsgi [None req-eae5f17f-b4b6-4e0e-9586-c5cd9781712e tempest-VolumeSnapshotQuotasNegativeTestJSON-1407160756 tempest-VolumeSnapshotQuotasNegativeTestJSON-1407160756-project] Empty body provided in request {{(pid=100221) get_body /opt/stack/cinder/cinder/api/openstack/wsgi.py:703}}
Aug 09 08:06:37.067747 dv-cinder-803000-6-smb devstack@c-api.service[100221]: /usr/local/lib/python3.8/dist-packages/webob/acceptparse.py:1047: DeprecationWarning: The behavior of AcceptValidHeader.best_match is currently being maintained for backward compatibility, but it will be deprecated in the future, as it does not conform to the RFC.
Aug 09 08:06:37.067747 dv-cinder-803000-6-smb devstack@c-api.service[100221]: warnings.warn(
Aug 09 08:06:37.068286 dv-cinder-803000-6-smb devstack@c-api.service[100221]: DEBUG cinder.api.openstack.wsgi [None req-eae5f17f-b4b6-4e0e-9586-c5cd9781712e tempest-VolumeSnapshotQuotasNegativeTestJSON-1407160756 tempest-VolumeSnapshotQuotasNegativeTestJSON-1407160756-project] Calling method 'show' {{(pid=100221) _process_stack /opt/stack/cinder/cinder/api/openstack/wsgi.py:856}}
Aug 09 08:06:37.079710 dv-cinder-803000-6-smb devstack@c-api.service[100221]: INFO cinder.api.openstack.wsgi [None req-eae5f17f-b4b6-4e0e-9586-c5cd9781712e tempest-VolumeSnapshotQuotasNegativeTestJSON-1407160756 tempest-VolumeSnapshotQuotasNegativeTestJSON-1407160756-project] http://10.222.0.53/volume/v3/6aeebe52a7d54eee81de303763685587/volumes/f8bf56e8-bd6f-48a1-90ae-2b100615e710 returned with HTTP 404
Aug 09 08:06:37.084218 dv-cinder-803000-6-smb devstack@c-api.service[100221]: [pid: 100221|app: 0|req: 206/446] 10.222.0.53 () {58 vars in 1325 bytes} [Mon Aug 9 08:06:37 2021] GET /volume/v3/6aeebe52a7d54eee81de303763685587/volumes/f8bf56e8-bd6f-48a1-90ae-2b100615e710 => generated 109 bytes in 20 msecs (HTTP/1.1 404) 7 headers in 292 bytes (1 switches on core 0)
Aug 09 08:06:37.090994 dv-cinder-803000-6-smb devstack@c-api.service[100221]: INFO cinder.api.openstack.wsgi [None req-2a47c19b-7247-4bf7-b744-db93c03bf112 tempest-VolumeSnapshotQuotasNegativeTestJSON-905620676 tempest-VolumeSnapshotQuotasNegativeTestJSON-905620676-project-admin] PUT http://10.222.0.53/volume/v3/1d65dce206dd41de8307a6411db6b616/os-quota-sets/6aeebe52a7d54eee81de303763685587
Aug 09 08:06:37.093066 dv-cinder-803000-6-smb devstack@c-api.service[100221]: DEBUG cinder.api.openstack.wsgi [None req-2a47c19b-7247-4bf7-b744-db93c03bf112 tempest-VolumeSnapshotQuotasNegativeTestJSON-905620676 tempest-VolumeSnapshotQuotasNegativeTestJSON-905620676-project-admin] Action: 'update', calling method: update, body: {"quota_set": {"volumes": 10, "per_volume_gigabytes": -1, "snapshots": 10, "gigabytes": 1000, "backups": 10, "backup_gigabytes": 1000}} {{(pid=100221) _process_stack /opt/stack/cinder/cinder/api/openstack/wsgi.py:854}}
Aug 09 08:06:37.191656 dv-cinder-803000-6-smb devstack@c-api.service[100222]: INFO cinder.volume.api [None req-19be4aec-5804-48e9-b1a3-835bf6b09a17 tempest-VolumesListTestJSON-1226630657 tempest-VolumesListTestJSON-1226630657-project] Get all volumes completed successfully.
Aug 09 08:06:37.197759 dv-cinder-803000-6-smb devstack@c-api.service[100222]: INFO cinder.api.openstack.wsgi [None req-19be4aec-5804-48e9-b1a3-835bf6b09a17 tempest-VolumesListTestJSON-1226630657 tempest-VolumesListTestJSON-1226630657-project] http://10.222.0.53/volume/v3/ff4454a90cd5498cb38b897c5190dba0/volumes/detail?limit=1&marker=f4bdad7f-9bad-4a43-8159-0c9054322479 returned with HTTP 200
Aug 09 08:06:37.198467 dv-cinder-803000-6-smb devstack@c-api.service[100222]: [pid: 100222|app: 0|req: 241/447] 10.222.0.53 () {58 vars in 1338 bytes} [Mon Aug 9 08:06:36 2021] GET /volume/v3/ff4454a90cd5498cb38b897c5190dba0/volumes/detail?limit=1&marker=f4bdad7f-9bad-4a43-8159-0c9054322479 => generated 15 bytes in 213 msecs (HTTP/1.1 200) 7 headers in 284 bytes (1 switches on core 0)
Aug 09 08:06:37.213482 dv-cinder-803000-6-smb devstack@c-api.service[100222]: INFO cinder.api.openstack.wsgi [None req-79560529-f24d-4879-b198-5802c3339144 tempest-VolumesListTestJSON-1226630657 tempest-VolumesListTestJSON-1226630657-project] GET http://10.222.0.53/volume/v3/ff4454a90cd5498cb38b897c5190dba0/volumes/detail?limit=2&status=available&sort_dir=asc&sort_key=id
Aug 09 08:06:37.213912 dv-cinder-803000-6-smb devstack@c-api.service[100222]: DEBUG cinder.api.openstack.wsgi [None req-79560529-f24d-4879-b198-5802c3339144 tempest-VolumesListTestJSON-1226630657 tempest-VolumesListTestJSON-1226630657-project] Empty body provided in request {{(pid=100222) get_body /opt/stack/cinder/cinder/api/openstack/wsgi.py:703}}
Aug 09 08:06:37.214332 dv-cinder-803000-6-smb devstack@c-api.service[100222]: DEBUG cinder.api.openstack.wsgi [None req-79560529-f24d-4879-b198-5802c3339144 tempest-VolumesListTestJSON-1226630657 tempest-VolumesListTestJSON-1226630657-project] Calling method 'detail' {{(pid=100222) _process_stack /opt/stack/cinder/cinder/api/openstack/wsgi.py:856}}
Aug 09 08:06:37.214928 dv-cinder-803000-6-smb devstack@c-api.service[100222]: DEBUG cinder.api.api_utils [None req-79560529-f24d-4879-b198-5802c3339144 tempest-VolumesListTestJSON-1226630657 tempest-VolumesListTestJSON-1226630657-project] Removing options '' from query. {{(pid=100222) remove_invalid_filter_options /opt/stack/cinder/cinder/api/api_utils.py:73}}
Aug 09 08:06:37.215470 dv-cinder-803000-6-smb devstack@c-api.service[100222]: DEBUG cinder.volume.api [None req-79560529-f24d-4879-b198-5802c3339144 tempest-VolumesListTestJSON-1226630657 tempest-VolumesListTestJSON-1226630657-project] Could not evaluate value available, assuming string {{(pid=100222) check_volume_filters /opt/stack/cinder/cinder/volume/api.py:2047}}
Aug 09 08:06:37.216907 dv-cinder-803000-6-smb devstack@c-api.service[100222]: DEBUG cinder.volume.api [None req-79560529-f24d-4879-b198-5802c3339144 tempest-VolumesListTestJSON-1226630657 tempest-VolumesListTestJSON-1226630657-project] Searching by: MultiDict([('status', 'available'), ('no_migration_targets', True)]). {{(pid=100222) get_all /opt/stack/cinder/cinder/volume/api.py:619}}
Aug 09 08:06:37.226675 dv-cinder-803000-6-smb devstack@c-api.service[100221]: WARNING cinder.quota [None req-2a47c19b-7247-4bf7-b744-db93c03bf112 tempest-VolumeSnapshotQuotasNegativeTestJSON-905620676 tempest-VolumeSnapshotQuotasNegativeTestJSON-905620676-project-admin] Deprecated: Default quota for resource: snapshots_tempest-VolumeTypesAccessTest-volume-type-1562503365 is set by the default quota flag: quota_snapshots_tempest-VolumeTypesAccessTest-volume-type-1562503365, it is now deprecated. Please use the default quota class for default quota.
Aug 09 08:06:37.228211 dv-cinder-803000-6-smb devstack@c-api.service[100221]: WARNING cinder.quota [None req-2a47c19b-7247-4bf7-b744-db93c03bf112 tempest-VolumeSnapshotQuotasNegativeTestJSON-905620676 tempest-VolumeSnapshotQuotasNegativeTestJSON-905620676-project-admin] Deprecated: Default quota for resource: snapshots_tempest-GroupsTest-volume-type-1520613842 is set by the default quota flag: quota_snapshots_tempest-GroupsTest-volume-type-1520613842, it is now deprecated. Please use the default quota class for default quota.
Aug 09 08:06:37.238979 dv-cinder-803000-6-smb devstack@c-api.service[100221]: INFO cinder.api.openstack.wsgi [None req-2a47c19b-7247-4bf7-b744-db93c03bf112 tempest-VolumeSnapshotQuotasNegativeTestJSON-905620676 tempest-VolumeSnapshotQuotasNegativeTestJSON-905620676-project-admin] http://10.222.0.53/volume/v3/1d65dce206dd41de8307a6411db6b616/os-quota-sets/6aeebe52a7d54eee81de303763685587 returned with HTTP 200
Aug 09 08:06:37.239781 dv-cinder-803000-6-smb devstack@c-api.service[100221]: [pid: 100221|app: 0|req: 207/448] 10.222.0.53 () {60 vars in 1352 bytes} [Mon Aug 9 08:06:37 2021] PUT /volume/v3/1d65dce206dd41de8307a6411db6b616/os-quota-sets/6aeebe52a7d54eee81de303763685587 => generated 874 bytes in 155 msecs (HTTP/1.1 200) 7 headers in 285 bytes (2 switches on core 0)
Aug 09 08:06:37.265284 dv-cinder-803000-6-smb devstack@c-api.service[100222]: INFO cinder.volume.api [None req-79560529-f24d-4879-b198-5802c3339144 tempest-VolumesListTestJSON-1226630657 tempest-VolumesListTestJSON-1226630657-project] Get all volumes completed successfully.
Aug 09 08:06:37.267359 dv-cinder-803000-6-smb devstack@c-api.service[100222]: /usr/local/lib/python3.8/dist-packages/oslo_context/context.py:105: DeprecationWarning: Policy enforcement is depending on the value of is_admin. This key is deprecated. Please update your policy file to use the standard policy values.
Aug 09 08:06:37.267359 dv-cinder-803000-6-smb devstack@c-api.service[100222]: warnings.warn('Policy enforcement is depending on the value of '
Aug 09 08:06:37.274848 dv-cinder-803000-6-smb devstack@c-api.service[100222]: INFO cinder.api.openstack.wsgi [None req-79560529-f24d-4879-b198-5802c3339144 tempest-VolumesListTestJSON-1226630657 tempest-VolumesListTestJSON-1226630657-project] http://10.222.0.53/volume/v3/ff4454a90cd5498cb38b897c5190dba0/volumes/detail?limit=2&status=available&sort_dir=asc&sort_key=id returned with HTTP 200
Aug 09 08:06:37.275759 dv-cinder-803000-6-smb devstack@c-api.service[100222]: [pid: 100222|app: 0|req: 242/449] 10.222.0.53 () {58 vars in 1334 bytes} [Mon Aug 9 08:06:37 2021] GET /volume/v3/ff4454a90cd5498cb38b897c5190dba0/volumes/detail?limit=2&status=available&sort_dir=asc&sort_key=id => generated 2063 bytes in 66 msecs (HTTP/1.1 200) 7 headers in 286 bytes (2 switches on core 0)
Aug 09 08:06:37.291496 dv-cinder-803000-6-smb devstack@c-api.service[100221]: INFO cinder.api.openstack.wsgi [None req-cee66fe1-90e8-410b-8182-6231262d3812 tempest-VolumesListTestJSON-1226630657 tempest-VolumesListTestJSON-1226630657-project] GET http://10.222.0.53/volume/v3/ff4454a90cd5498cb38b897c5190dba0/volumes/detail?limit=2&status=available&sort_dir=desc&sort_key=id
Aug 09 08:06:37.291939 dv-cinder-803000-6-smb devstack@c-api.service[100221]: DEBUG cinder.api.openstack.wsgi [None req-cee66fe1-90e8-410b-8182-6231262d3812 tempest-VolumesListTestJSON-1226630657 tempest-VolumesListTestJSON-1226630657-project] Empty body provided in request {{(pid=100221) get_body /opt/stack/cinder/cinder/api/openstack/wsgi.py:703}}
Aug 09 08:06:37.292350 dv-cinder-803000-6-smb devstack@c-api.service[100221]: DEBUG cinder.api.openstack.wsgi [None req-cee66fe1-90e8-410b-8182-6231262d3812 tempest-VolumesListTestJSON-1226630657 tempest-VolumesListTestJSON-1226630657-project] Calling method 'detail' {{(pid=100221) _process_stack /opt/stack/cinder/cinder/api/openstack/wsgi.py:856}}
Aug 09 08:06:37.293002 dv-cinder-803000-6-smb devstack@c-api.service[100221]: DEBUG cinder.api.api_utils [None req-cee66fe1-90e8-410b-8182-6231262d3812 tempest-VolumesListTestJSON-1226630657 tempest-VolumesListTestJSON-1226630657-project] Removing options '' from query. {{(pid=100221) remove_invalid_filter_options /opt/stack/cinder/cinder/api/api_utils.py:73}}
Aug 09 08:06:37.293503 dv-cinder-803000-6-smb devstack@c-api.service[100221]: DEBUG cinder.volume.api [None req-cee66fe1-90e8-410b-8182-6231262d3812 tempest-VolumesListTestJSON-1226630657 tempest-VolumesListTestJSON-1226630657-project] Could not evaluate value available, assuming string {{(pid=100221) check_volume_filters /opt/stack/cinder/cinder/volume/api.py:2047}}
Aug 09 08:06:37.294907 dv-cinder-803000-6-smb devstack@c-api.service[100221]: DEBUG cinder.volume.api [None req-cee66fe1-90e8-410b-8182-6231262d3812 tempest-VolumesListTestJSON-1226630657 tempest-VolumesListTestJSON-1226630657-project] Searching by: MultiDict([('status', 'available'), ('no_migration_targets', True)]). {{(pid=100221) get_all /opt/stack/cinder/cinder/volume/api.py:619}}
Aug 09 08:06:37.344306 dv-cinder-803000-6-smb devstack@c-api.service[100221]: INFO cinder.volume.api [None req-cee66fe1-90e8-410b-8182-6231262d3812 tempest-VolumesListTestJSON-1226630657 tempest-VolumesListTestJSON-1226630657-project] Get all volumes completed successfully.
Aug 09 08:06:37.346645 dv-cinder-803000-6-smb devstack@c-api.service[100221]: /usr/local/lib/python3.8/dist-packages/oslo_context/context.py:105: DeprecationWarning: Policy enforcement is depending on the value of is_admin. This key is deprecated. Please update your policy file to use the standard policy values.
Aug 09 08:06:37.346645 dv-cinder-803000-6-smb devstack@c-api.service[100221]: warnings.warn('Policy enforcement is depending on the value of '
Aug 09 08:06:37.355077 dv-cinder-803000-6-smb devstack@c-api.service[100221]: INFO cinder.api.openstack.wsgi [None req-cee66fe1-90e8-410b-8182-6231262d3812 tempest-VolumesListTestJSON-1226630657 tempest-VolumesListTestJSON-1226630657-project] http://10.222.0.53/volume/v3/ff4454a90cd5498cb38b897c5190dba0/volumes/detail?limit=2&status=available&sort_dir=desc&sort_key=id returned with HTTP 200
Aug 09 08:06:37.356093 dv-cinder-803000-6-smb devstack@c-api.service[100221]: [pid: 100221|app: 0|req: 208/450] 10.222.0.53 () {58 vars in 1336 bytes} [Mon Aug 9 08:06:37 2021] GET /volume/v3/ff4454a90cd5498cb38b897c5190dba0/volumes/detail?limit=2&status=available&sort_dir=desc&sort_key=id => generated 2063 bytes in 68 msecs (HTTP/1.1 200) 7 headers in 286 bytes (2 switches on core 0)
Aug 09 08:06:37.371724 dv-cinder-803000-6-smb devstack@c-api.service[100222]: INFO cinder.api.openstack.wsgi [None req-e95d2e3e-c77e-4d62-976f-0b767f00d459 tempest-VolumesListTestJSON-1226630657 tempest-VolumesListTestJSON-1226630657-project] GET http://10.222.0.53/volume/v3/ff4454a90cd5498cb38b897c5190dba0/volumes?limit=1
Aug 09 08:06:37.372328 dv-cinder-803000-6-smb devstack@c-api.service[100222]: DEBUG cinder.api.openstack.wsgi [None req-e95d2e3e-c77e-4d62-976f-0b767f00d459 tempest-VolumesListTestJSON-1226630657 tempest-VolumesListTestJSON-1226630657-project] Empty body provided in request {{(pid=100222) get_body /opt/stack/cinder/cinder/api/openstack/wsgi.py:703}}
Aug 09 08:06:37.372503 dv-cinder-803000-6-smb devstack@c-api.service[100222]: /usr/local/lib/python3.8/dist-packages/webob/acceptparse.py:1047: DeprecationWarning: The behavior of AcceptValidHeader.best_match is currently being maintained for backward compatibility, but it will be deprecated in the future, as it does not conform to the RFC.
Aug 09 08:06:37.372503 dv-cinder-803000-6-smb devstack@c-api.service[100222]: warnings.warn(
Aug 09 08:06:37.372980 dv-cinder-803000-6-smb devstack@c-api.service[100222]: DEBUG cinder.api.openstack.wsgi [None req-e95d2e3e-c77e-4d62-976f-0b767f00d459 tempest-VolumesListTestJSON-1226630657 tempest-VolumesListTestJSON-1226630657-project] Calling method 'index' {{(pid=100222) _process_stack /opt/stack/cinder/cinder/api/openstack/wsgi.py:856}}
Aug 09 08:06:37.373537 dv-cinder-803000-6-smb devstack@c-api.service[100222]: DEBUG cinder.api.api_utils [None req-e95d2e3e-c77e-4d62-976f-0b767f00d459 tempest-VolumesListTestJSON-1226630657 tempest-VolumesListTestJSON-1226630657-project] Removing options '' from query. {{(pid=100222) remove_invalid_filter_options /opt/stack/cinder/cinder/api/api_utils.py:73}}
Aug 09 08:06:37.375182 dv-cinder-803000-6-smb devstack@c-api.service[100222]: DEBUG cinder.volume.api [None req-e95d2e3e-c77e-4d62-976f-0b767f00d459 tempest-VolumesListTestJSON-1226630657 tempest-VolumesListTestJSON-1226630657-project] Searching by: MultiDict([('no_migration_targets', True)]). {{(pid=100222) get_all /opt/stack/cinder/cinder/volume/api.py:619}}
Aug 09 08:06:37.429289 dv-cinder-803000-6-smb devstack@c-api.service[100222]: INFO cinder.volume.api [None req-e95d2e3e-c77e-4d62-976f-0b767f00d459 tempest-VolumesListTestJSON-1226630657 tempest-VolumesListTestJSON-1226630657-project] Get all volumes completed successfully.
Aug 09 08:06:37.430525 dv-cinder-803000-6-smb devstack@c-api.service[100222]: INFO cinder.api.openstack.wsgi [None req-e95d2e3e-c77e-4d62-976f-0b767f00d459 tempest-VolumesListTestJSON-1226630657 tempest-VolumesListTestJSON-1226630657-project] http://10.222.0.53/volume/v3/ff4454a90cd5498cb38b897c5190dba0/volumes?limit=1 returned with HTTP 200
Aug 09 08:06:37.431479 dv-cinder-803000-6-smb devstack@c-api.service[100222]: [pid: 100222|app: 0|req: 243/451] 10.222.0.53 () {58 vars in 1229 bytes} [Mon Aug 9 08:06:37 2021] GET /volume/v3/ff4454a90cd5498cb38b897c5190dba0/volumes?limit=1 => generated 569 bytes in 63 msecs (HTTP/1.1 200) 7 headers in 285 bytes (1 switches on core 0)
Aug 09 08:06:37.442115 dv-cinder-803000-6-smb devstack@c-api.service[100221]: INFO cinder.api.openstack.wsgi [None req-49111768-ffa0-4423-b330-1b76f00e8867 tempest-VolumesListTestJSON-1226630657 tempest-VolumesListTestJSON-1226630657-project] GET http://10.222.0.53/volume/v3/ff4454a90cd5498cb38b897c5190dba0/volumes?limit=1&marker=eb2ade02-de9c-4eb4-ab99-8d199039615f
Aug 09 08:06:37.442763 dv-cinder-803000-6-smb devstack@c-api.service[100221]: DEBUG cinder.api.openstack.wsgi [None req-49111768-ffa0-4423-b330-1b76f00e8867 tempest-VolumesListTestJSON-1226630657 tempest-VolumesListTestJSON-1226630657-project] Empty body provided in request {{(pid=100221) get_body /opt/stack/cinder/cinder/api/openstack/wsgi.py:703}}
Aug 09 08:06:37.442904 dv-cinder-803000-6-smb devstack@c-api.service[100221]: /usr/local/lib/python3.8/dist-packages/webob/acceptparse.py:1047: DeprecationWarning: The behavior of AcceptValidHeader.best_match is currently being maintained for backward compatibility, but it will be deprecated in the future, as it does not conform to the RFC.
Aug 09 08:06:37.442904 dv-cinder-803000-6-smb devstack@c-api.service[100221]: warnings.warn(
Aug 09 08:06:37.443346 dv-cinder-803000-6-smb devstack@c-api.service[100221]: DEBUG cinder.api.openstack.wsgi [None req-49111768-ffa0-4423-b330-1b76f00e8867 tempest-VolumesListTestJSON-1226630657 tempest-VolumesListTestJSON-1226630657-project] Calling method 'index' {{(pid=100221) _process_stack /opt/stack/cinder/cinder/api/openstack/wsgi.py:856}}
Aug 09 08:06:37.443974 dv-cinder-803000-6-smb devstack@c-api.service[100221]: DEBUG cinder.api.api_utils [None req-49111768-ffa0-4423-b330-1b76f00e8867 tempest-VolumesListTestJSON-1226630657 tempest-VolumesListTestJSON-1226630657-project] Removing options '' from query. {{(pid=100221) remove_invalid_filter_options /opt/stack/cinder/cinder/api/api_utils.py:73}}
Aug 09 08:06:37.445689 dv-cinder-803000-6-smb devstack@c-api.service[100221]: DEBUG cinder.volume.api [None req-49111768-ffa0-4423-b330-1b76f00e8867 tempest-VolumesListTestJSON-1226630657 tempest-VolumesListTestJSON-1226630657-project] Searching by: MultiDict([('no_migration_targets', True)]). {{(pid=100221) get_all /opt/stack/cinder/cinder/volume/api.py:619}}
Aug 09 08:06:37.466306 dv-cinder-803000-6-smb devstack@c-api.service[100222]: INFO cinder.api.openstack.wsgi [None req-ff9c1ced-1639-4b2a-a6d3-477b34c9e247 tempest-GroupsTest-468792298 tempest-GroupsTest-468792298-project] GET http://10.222.0.53/volume/v3/e6dad3ccd2984fe4bbfc372b962a2ccb/volumes/e392271c-9339-44f3-a8c1-3c46c60b2d25
Aug 09 08:06:37.466850 dv-cinder-803000-6-smb devstack@c-api.service[100222]: DEBUG cinder.api.openstack.wsgi [None req-ff9c1ced-1639-4b2a-a6d3-477b34c9e247 tempest-GroupsTest-468792298 tempest-GroupsTest-468792298-project] Empty body provided in request {{(pid=100222) get_body /opt/stack/cinder/cinder/api/openstack/wsgi.py:703}}
Aug 09 08:06:37.467083 dv-cinder-803000-6-smb devstack@c-api.service[100222]: /usr/local/lib/python3.8/dist-packages/webob/acceptparse.py:1047: DeprecationWarning: The behavior of AcceptValidHeader.best_match is currently being maintained for backward compatibility, but it will be deprecated in the future, as it does not conform to the RFC.
Aug 09 08:06:37.467083 dv-cinder-803000-6-smb devstack@c-api.service[100222]: warnings.warn(
Aug 09 08:06:37.467521 dv-cinder-803000-6-smb devstack@c-api.service[100222]: DEBUG cinder.api.openstack.wsgi [None req-ff9c1ced-1639-4b2a-a6d3-477b34c9e247 tempest-GroupsTest-468792298 tempest-GroupsTest-468792298-project] Calling method 'show' {{(pid=100222) _process_stack /opt/stack/cinder/cinder/api/openstack/wsgi.py:856}}
Aug 09 08:06:37.483771 dv-cinder-803000-6-smb devstack@c-api.service[100222]: /usr/local/lib/python3.8/dist-packages/oslo_context/context.py:105: DeprecationWarning: Policy enforcement is depending on the value of is_admin. This key is deprecated. Please update your policy file to use the standard policy values.
Aug 09 08:06:37.483771 dv-cinder-803000-6-smb devstack@c-api.service[100222]: warnings.warn('Policy enforcement is depending on the value of '
Aug 09 08:06:37.492034 dv-cinder-803000-6-smb devstack@c-api.service[100222]: INFO cinder.volume.api [None req-ff9c1ced-1639-4b2a-a6d3-477b34c9e247 tempest-GroupsTest-468792298 tempest-GroupsTest-468792298-project] Volume info retrieved successfully.
Aug 09 08:06:37.502594 dv-cinder-803000-6-smb devstack@c-api.service[100222]: WARNING stevedore.named [None req-ff9c1ced-1639-4b2a-a6d3-477b34c9e247 tempest-GroupsTest-468792298 tempest-GroupsTest-468792298-project] Could not load cinder.keymgr.conf_key_mgr.ConfKeyManager
Aug 09 08:06:37.503206 dv-cinder-803000-6-smb devstack@c-api.service[100222]: WARNING castellan.key_manager [None req-ff9c1ced-1639-4b2a-a6d3-477b34c9e247 tempest-GroupsTest-468792298 tempest-GroupsTest-468792298-project] Deprecation Warning : cinder.keymgr.conf_key_mgr.ConfKeyManager is not a stevedore based driver, trying to load it as a class: stevedore.exception.NoMatches: No 'castellan.drivers' driver found, looking for 'cinder.keymgr.conf_key_mgr.ConfKeyManager'
Aug 09 08:06:37.511456 dv-cinder-803000-6-smb devstack@c-api.service[100222]: DEBUG oslo_db.sqlalchemy.engines [None req-ff9c1ced-1639-4b2a-a6d3-477b34c9e247 tempest-GroupsTest-468792298 tempest-GroupsTest-468792298-project] MySQL server mode set to STRICT_TRANS_TABLES,STRICT_ALL_TABLES,NO_ZERO_IN_DATE,NO_ZERO_DATE,ERROR_FOR_DIVISION_BY_ZERO,TRADITIONAL,NO_ENGINE_SUBSTITUTION {{(pid=100222) _check_effective_sql_mode /usr/local/lib/python3.8/dist-packages/oslo_db/sqlalchemy/engines.py:314}}
Aug 09 08:06:37.516159 dv-cinder-803000-6-smb devstack@c-api.service[100221]: INFO cinder.volume.api [None req-49111768-ffa0-4423-b330-1b76f00e8867 tempest-VolumesListTestJSON-1226630657 tempest-VolumesListTestJSON-1226630657-project] Get all volumes completed successfully.
Aug 09 08:06:37.517257 dv-cinder-803000-6-smb devstack@c-api.service[100221]: INFO cinder.api.openstack.wsgi [None req-49111768-ffa0-4423-b330-1b76f00e8867 tempest-VolumesListTestJSON-1226630657 tempest-VolumesListTestJSON-1226630657-project] http://10.222.0.53/volume/v3/ff4454a90cd5498cb38b897c5190dba0/volumes?limit=1&marker=eb2ade02-de9c-4eb4-ab99-8d199039615f returned with HTTP 200
Aug 09 08:06:37.517482 dv-cinder-803000-6-smb devstack@c-api.service[100222]: /usr/local/lib/python3.8/dist-packages/oslo_context/context.py:105: DeprecationWarning: Policy enforcement is depending on the value of is_admin. This key is deprecated. Please update your policy file to use the standard policy values.
Aug 09 08:06:37.517482 dv-cinder-803000-6-smb devstack@c-api.service[100222]: warnings.warn('Policy enforcement is depending on the value of '
Aug 09 08:06:37.519477 dv-cinder-803000-6-smb devstack@c-api.service[100221]: [pid: 100221|app: 0|req: 209/452] 10.222.0.53 () {58 vars in 1317 bytes} [Mon Aug 9 08:06:37 2021] GET /volume/v3/ff4454a90cd5498cb38b897c5190dba0/volumes?limit=1&marker=eb2ade02-de9c-4eb4-ab99-8d199039615f => generated 569 bytes in 81 msecs (HTTP/1.1 200) 7 headers in 285 bytes (1 switches on core 0)
Aug 09 08:06:37.527782 dv-cinder-803000-6-smb devstack@c-api.service[100221]: INFO cinder.api.openstack.wsgi [None req-4c905e58-0779-4ddb-9b99-d2af4a2477b7 tempest-VolumesListTestJSON-1226630657 tempest-VolumesListTestJSON-1226630657-project] GET http://10.222.0.53/volume/v3/ff4454a90cd5498cb38b897c5190dba0/volumes?limit=1&marker=ea0620c2-e815-471a-bdd0-209ba1d5742e
Aug 09 08:06:37.528440 dv-cinder-803000-6-smb devstack@c-api.service[100221]: DEBUG cinder.api.openstack.wsgi [None req-4c905e58-0779-4ddb-9b99-d2af4a2477b7 tempest-VolumesListTestJSON-1226630657 tempest-VolumesListTestJSON-1226630657-project] Empty body provided in request {{(pid=100221) get_body /opt/stack/cinder/cinder/api/openstack/wsgi.py:703}}
Aug 09 08:06:37.528703 dv-cinder-803000-6-smb devstack@c-api.service[100221]: /usr/local/lib/python3.8/dist-packages/webob/acceptparse.py:1047: DeprecationWarning: The behavior of AcceptValidHeader.best_match is currently being maintained for backward compatibility, but it will be deprecated in the future, as it does not conform to the RFC.
Aug 09 08:06:37.528703 dv-cinder-803000-6-smb devstack@c-api.service[100221]: warnings.warn(
Aug 09 08:06:37.529186 dv-cinder-803000-6-smb devstack@c-api.service[100221]: DEBUG cinder.api.openstack.wsgi [None req-4c905e58-0779-4ddb-9b99-d2af4a2477b7 tempest-VolumesListTestJSON-1226630657 tempest-VolumesListTestJSON-1226630657-project] Calling method 'index' {{(pid=100221) _process_stack /opt/stack/cinder/cinder/api/openstack/wsgi.py:856}}
Aug 09 08:06:37.529916 dv-cinder-803000-6-smb devstack@c-api.service[100221]: DEBUG cinder.api.api_utils [None req-4c905e58-0779-4ddb-9b99-d2af4a2477b7 tempest-VolumesListTestJSON-1226630657 tempest-VolumesListTestJSON-1226630657-project] Removing options '' from query. {{(pid=100221) remove_invalid_filter_options /opt/stack/cinder/cinder/api/api_utils.py:73}}
Aug 09 08:06:37.530868 dv-cinder-803000-6-smb devstack@c-api.service[100221]: /usr/local/lib/python3.8/dist-packages/oslo_context/context.py:105: DeprecationWarning: Policy enforcement is depending on the value of is_admin. This key is deprecated. Please update your policy file to use the standard policy values.
Aug 09 08:06:37.530868 dv-cinder-803000-6-smb devstack@c-api.service[100221]: warnings.warn('Policy enforcement is depending on the value of '
Aug 09 08:06:37.532007 dv-cinder-803000-6-smb devstack@c-api.service[100221]: DEBUG cinder.volume.api [None req-4c905e58-0779-4ddb-9b99-d2af4a2477b7 tempest-VolumesListTestJSON-1226630657 tempest-VolumesListTestJSON-1226630657-project] Searching by: MultiDict([('no_migration_targets', True)]). {{(pid=100221) get_all /opt/stack/cinder/cinder/volume/api.py:619}}
Aug 09 08:06:37.540963 dv-cinder-803000-6-smb devstack@c-api.service[100222]: INFO cinder.api.openstack.wsgi [None req-ff9c1ced-1639-4b2a-a6d3-477b34c9e247 tempest-GroupsTest-468792298 tempest-GroupsTest-468792298-project] http://10.222.0.53/volume/v3/e6dad3ccd2984fe4bbfc372b962a2ccb/volumes/e392271c-9339-44f3-a8c1-3c46c60b2d25 returned with HTTP 200
Aug 09 08:06:37.549844 dv-cinder-803000-6-smb devstack@c-api.service[100222]: [pid: 100222|app: 0|req: 244/453] 10.222.0.53 () {60 vars in 1366 bytes} [Mon Aug 9 08:06:37 2021] GET /volume/v3/e6dad3ccd2984fe4bbfc372b962a2ccb/volumes/e392271c-9339-44f3-a8c1-3c46c60b2d25 => generated 983 bytes in 85 msecs (HTTP/1.1 200) 7 headers in 286 bytes (2 switches on core 0)
Aug 09 08:06:37.591553 dv-cinder-803000-6-smb devstack@c-api.service[100221]: INFO cinder.volume.api [None req-4c905e58-0779-4ddb-9b99-d2af4a2477b7 tempest-VolumesListTestJSON-1226630657 tempest-VolumesListTestJSON-1226630657-project] Get all volumes completed successfully.
Aug 09 08:06:37.592730 dv-cinder-803000-6-smb devstack@c-api.service[100221]: INFO cinder.api.openstack.wsgi [None req-4c905e58-0779-4ddb-9b99-d2af4a2477b7 tempest-VolumesListTestJSON-1226630657 tempest-VolumesListTestJSON-1226630657-project] http://10.222.0.53/volume/v3/ff4454a90cd5498cb38b897c5190dba0/volumes?limit=1&marker=ea0620c2-e815-471a-bdd0-209ba1d5742e returned with HTTP 200
Aug 09 08:06:37.595339 dv-cinder-803000-6-smb devstack@c-api.service[100221]: [pid: 100221|app: 0|req: 210/454] 10.222.0.53 () {58 vars in 1317 bytes} [Mon Aug 9 08:06:37 2021] GET /volume/v3/ff4454a90cd5498cb38b897c5190dba0/volumes?limit=1&marker=ea0620c2-e815-471a-bdd0-209ba1d5742e => generated 568 bytes in 69 msecs (HTTP/1.1 200) 7 headers in 285 bytes (2 switches on core 0)
Aug 09 08:06:37.603253 dv-cinder-803000-6-smb devstack@c-api.service[100222]: INFO cinder.api.openstack.wsgi [None req-71c7942e-a0f9-4cf4-ad75-b1c504c2fc4f tempest-VolumesListTestJSON-1226630657 tempest-VolumesListTestJSON-1226630657-project] GET http://10.222.0.53/volume/v3/ff4454a90cd5498cb38b897c5190dba0/volumes?limit=1&marker=f4bdad7f-9bad-4a43-8159-0c9054322479
Aug 09 08:06:37.603749 dv-cinder-803000-6-smb devstack@c-api.service[100222]: DEBUG cinder.api.openstack.wsgi [None req-71c7942e-a0f9-4cf4-ad75-b1c504c2fc4f tempest-VolumesListTestJSON-1226630657 tempest-VolumesListTestJSON-1226630657-project] Empty body provided in request {{(pid=100222) get_body /opt/stack/cinder/cinder/api/openstack/wsgi.py:703}}
Aug 09 08:06:37.603902 dv-cinder-803000-6-smb devstack@c-api.service[100222]: /usr/local/lib/python3.8/dist-packages/webob/acceptparse.py:1047: DeprecationWarning: The behavior of AcceptValidHeader.best_match is currently being maintained for backward compatibility, but it will be deprecated in the future, as it does not conform to the RFC.
Aug 09 08:06:37.603902 dv-cinder-803000-6-smb devstack@c-api.service[100222]: warnings.warn(
Aug 09 08:06:37.604213 dv-cinder-803000-6-smb devstack@c-api.service[100222]: DEBUG cinder.api.openstack.wsgi [None req-71c7942e-a0f9-4cf4-ad75-b1c504c2fc4f tempest-VolumesListTestJSON-1226630657 tempest-VolumesListTestJSON-1226630657-project] Calling method 'index' {{(pid=100222) _process_stack /opt/stack/cinder/cinder/api/openstack/wsgi.py:856}}
Aug 09 08:06:37.604836 dv-cinder-803000-6-smb devstack@c-api.service[100222]: DEBUG cinder.api.api_utils [None req-71c7942e-a0f9-4cf4-ad75-b1c504c2fc4f tempest-VolumesListTestJSON-1226630657 tempest-VolumesListTestJSON-1226630657-project] Removing options '' from query. {{(pid=100222) remove_invalid_filter_options /opt/stack/cinder/cinder/api/api_utils.py:73}}
Aug 09 08:06:37.606470 dv-cinder-803000-6-smb devstack@c-api.service[100222]: DEBUG cinder.volume.api [None req-71c7942e-a0f9-4cf4-ad75-b1c504c2fc4f tempest-VolumesListTestJSON-1226630657 tempest-VolumesListTestJSON-1226630657-project] Searching by: MultiDict([('no_migration_targets', True)]). {{(pid=100222) get_all /opt/stack/cinder/cinder/volume/api.py:619}}
Aug 09 08:06:37.662118 dv-cinder-803000-6-smb devstack@c-api.service[100222]: INFO cinder.volume.api [None req-71c7942e-a0f9-4cf4-ad75-b1c504c2fc4f tempest-VolumesListTestJSON-1226630657 tempest-VolumesListTestJSON-1226630657-project] Get all volumes completed successfully.
Aug 09 08:06:37.663014 dv-cinder-803000-6-smb devstack@c-api.service[100222]: INFO cinder.api.openstack.wsgi [None req-71c7942e-a0f9-4cf4-ad75-b1c504c2fc4f tempest-VolumesListTestJSON-1226630657 tempest-VolumesListTestJSON-1226630657-project] http://10.222.0.53/volume/v3/ff4454a90cd5498cb38b897c5190dba0/volumes?limit=1&marker=f4bdad7f-9bad-4a43-8159-0c9054322479 returned with HTTP 200
Aug 09 08:06:37.663853 dv-cinder-803000-6-smb devstack@c-api.service[100222]: [pid: 100222|app: 0|req: 245/455] 10.222.0.53 () {58 vars in 1317 bytes} [Mon Aug 9 08:06:37 2021] GET /volume/v3/ff4454a90cd5498cb38b897c5190dba0/volumes?limit=1&marker=f4bdad7f-9bad-4a43-8159-0c9054322479 => generated 15 bytes in 64 msecs (HTTP/1.1 200) 7 headers in 284 bytes (1 switches on core 0)
Aug 09 08:06:37.673881 dv-cinder-803000-6-smb devstack@c-api.service[100221]: INFO cinder.api.openstack.wsgi [None req-24e02058-4071-4c42-a228-d268db25ee8b tempest-VolumesListTestJSON-1226630657 tempest-VolumesListTestJSON-1226630657-project] GET http://10.222.0.53/volume/v3/ff4454a90cd5498cb38b897c5190dba0/volumes?name=tempest-VolumesListTestJSON-Volume-2027441432&status=available
Aug 09 08:06:37.674577 dv-cinder-803000-6-smb devstack@c-api.service[100221]: DEBUG cinder.api.openstack.wsgi [None req-24e02058-4071-4c42-a228-d268db25ee8b tempest-VolumesListTestJSON-1226630657 tempest-VolumesListTestJSON-1226630657-project] Empty body provided in request {{(pid=100221) get_body /opt/stack/cinder/cinder/api/openstack/wsgi.py:703}}
Aug 09 08:06:37.674738 dv-cinder-803000-6-smb devstack@c-api.service[100221]: /usr/local/lib/python3.8/dist-packages/webob/acceptparse.py:1047: DeprecationWarning: The behavior of AcceptValidHeader.best_match is currently being maintained for backward compatibility, but it will be deprecated in the future, as it does not conform to the RFC.
Aug 09 08:06:37.674738 dv-cinder-803000-6-smb devstack@c-api.service[100221]: warnings.warn(
Aug 09 08:06:37.675071 dv-cinder-803000-6-smb devstack@c-api.service[100221]: DEBUG cinder.api.openstack.wsgi [None req-24e02058-4071-4c42-a228-d268db25ee8b tempest-VolumesListTestJSON-1226630657 tempest-VolumesListTestJSON-1226630657-project] Calling method 'index' {{(pid=100221) _process_stack /opt/stack/cinder/cinder/api/openstack/wsgi.py:856}}
Aug 09 08:06:37.676221 dv-cinder-803000-6-smb devstack@c-api.service[100221]: DEBUG cinder.api.api_utils [None req-24e02058-4071-4c42-a228-d268db25ee8b tempest-VolumesListTestJSON-1226630657 tempest-VolumesListTestJSON-1226630657-project] Removing options '' from query. {{(pid=100221) remove_invalid_filter_options /opt/stack/cinder/cinder/api/api_utils.py:73}}
Aug 09 08:06:37.676773 dv-cinder-803000-6-smb devstack@c-api.service[100221]: DEBUG cinder.volume.api [None req-24e02058-4071-4c42-a228-d268db25ee8b tempest-VolumesListTestJSON-1226630657 tempest-VolumesListTestJSON-1226630657-project] Could not evaluate value available, assuming string {{(pid=100221) check_volume_filters /opt/stack/cinder/cinder/volume/api.py:2047}}
Aug 09 08:06:37.677371 dv-cinder-803000-6-smb devstack@c-api.service[100221]: /usr/local/lib/python3.8/dist-packages/oslo_context/context.py:105: DeprecationWarning: Policy enforcement is depending on the value of is_admin. This key is deprecated. Please update your policy file to use the standard policy values.
Aug 09 08:06:37.677371 dv-cinder-803000-6-smb devstack@c-api.service[100221]: warnings.warn('Policy enforcement is depending on the value of '
Aug 09 08:06:37.678392 dv-cinder-803000-6-smb devstack@c-api.service[100221]: DEBUG cinder.volume.api [None req-24e02058-4071-4c42-a228-d268db25ee8b tempest-VolumesListTestJSON-1226630657 tempest-VolumesListTestJSON-1226630657-project] Searching by: MultiDict([('status', 'available'), ('display_name', 'tempest-VolumesListTestJSON-Volume-2027441432'), ('no_migration_targets', True)]). {{(pid=100221) get_all /opt/stack/cinder/cinder/volume/api.py:619}}
Aug 09 08:06:37.729476 dv-cinder-803000-6-smb devstack@c-api.service[100221]: INFO cinder.volume.api [None req-24e02058-4071-4c42-a228-d268db25ee8b tempest-VolumesListTestJSON-1226630657 tempest-VolumesListTestJSON-1226630657-project] Get all volumes completed successfully.
Aug 09 08:06:37.730580 dv-cinder-803000-6-smb devstack@c-api.service[100221]: INFO cinder.api.openstack.wsgi [None req-24e02058-4071-4c42-a228-d268db25ee8b tempest-VolumesListTestJSON-1226630657 tempest-VolumesListTestJSON-1226630657-project] http://10.222.0.53/volume/v3/ff4454a90cd5498cb38b897c5190dba0/volumes?name=tempest-VolumesListTestJSON-Volume-2027441432&status=available returned with HTTP 200
Aug 09 08:06:37.731676 dv-cinder-803000-6-smb devstack@c-api.service[100221]: [pid: 100221|app: 0|req: 211/456] 10.222.0.53 () {58 vars in 1349 bytes} [Mon Aug 9 08:06:37 2021] GET /volume/v3/ff4454a90cd5498cb38b897c5190dba0/volumes?name=tempest-VolumesListTestJSON-Volume-2027441432&status=available => generated 400 bytes in 61 msecs (HTTP/1.1 200) 7 headers in 285 bytes (1 switches on core 0)
Aug 09 08:06:37.742771 dv-cinder-803000-6-smb devstack@c-api.service[100222]: INFO cinder.api.openstack.wsgi [None req-f36770da-e851-4b4b-9255-2c67e6e0b6db tempest-VolumesListTestJSON-1226630657 tempest-VolumesListTestJSON-1226630657-project] GET http://10.222.0.53/volume/v3/ff4454a90cd5498cb38b897c5190dba0/volumes/detail?name=tempest-VolumesListTestJSON-Volume-917530184&status=available
Aug 09 08:06:37.744331 dv-cinder-803000-6-smb devstack@c-api.service[100222]: DEBUG cinder.api.openstack.wsgi [None req-f36770da-e851-4b4b-9255-2c67e6e0b6db tempest-VolumesListTestJSON-1226630657 tempest-VolumesListTestJSON-1226630657-project] Empty body provided in request {{(pid=100222) get_body /opt/stack/cinder/cinder/api/openstack/wsgi.py:703}}
