Aug 05 04:19:11.945779 dv-cinder-803000-4-smb devstack@c-api.service[100028]: /usr/local/lib/python3.8/dist-packages/webob/acceptparse.py:1047: DeprecationWarning: The behavior of AcceptValidHeader.best_match is currently being maintained for backward compatibility, but it will be deprecated in the future, as it does not conform to the RFC.
Aug 05 04:19:11.945779 dv-cinder-803000-4-smb devstack@c-api.service[100028]: warnings.warn(
Aug 05 04:19:11.946088 dv-cinder-803000-4-smb devstack@c-api.service[100028]: DEBUG cinder.api.openstack.wsgi [None req-fd36356c-a3d8-4df1-bd94-3ba1397026d1 tempest-GroupsTest-798471924 tempest-GroupsTest-798471924-project] Calling method 'version_select' {{(pid=100028) _process_stack /opt/stack/cinder/cinder/api/openstack/wsgi.py:856}}
Aug 05 04:19:11.946428 dv-cinder-803000-4-smb devstack@c-api.service[100028]: DEBUG cinder.api.v3.groups [None req-fd36356c-a3d8-4df1-bd94-3ba1397026d1 tempest-GroupsTest-798471924 tempest-GroupsTest-798471924-project] show called for member b7c9384b-8604-4dc8-b312-b1946a41b0df {{(pid=100028) show /opt/stack/cinder/cinder/api/v3/groups.py:58}}
Aug 05 04:19:11.965878 dv-cinder-803000-4-smb devstack@c-api.service[100028]: /usr/local/lib/python3.8/dist-packages/oslo_context/context.py:105: DeprecationWarning: Policy enforcement is depending on the value of is_admin. This key is deprecated. Please update your policy file to use the standard policy values.
Aug 05 04:19:11.965878 dv-cinder-803000-4-smb devstack@c-api.service[100028]: warnings.warn('Policy enforcement is depending on the value of '
Aug 05 04:19:11.999454 dv-cinder-803000-4-smb devstack@c-api.service[100028]: INFO cinder.api.openstack.wsgi [None req-fd36356c-a3d8-4df1-bd94-3ba1397026d1 tempest-GroupsTest-798471924 tempest-GroupsTest-798471924-project] http://10.222.0.38/volume/v3/4e5a73059fc94b4da1c094d4208c6567/groups/b7c9384b-8604-4dc8-b312-b1946a41b0df returned with HTTP 200
Aug 05 04:19:12.004236 dv-cinder-803000-4-smb devstack@c-api.service[100028]: [pid: 100028|app: 0|req: 111/225] 10.222.0.38 () {60 vars in 1363 bytes} [Thu Aug 5 04:19:11 2021] GET /volume/v3/4e5a73059fc94b4da1c094d4208c6567/groups/b7c9384b-8604-4dc8-b312-b1946a41b0df => generated 321 bytes in 78 msecs (HTTP/1.1 200) 7 headers in 286 bytes (1 switches on core 0)
Aug 05 04:19:12.012423 dv-cinder-803000-4-smb devstack@c-api.service[100027]: INFO cinder.api.openstack.wsgi [None req-50ab4295-9914-46d5-a112-6c72253c3c11 tempest-GroupsTest-798471924 tempest-GroupsTest-798471924-project] GET http://10.222.0.38/volume/v3/4e5a73059fc94b4da1c094d4208c6567/groups/detail
Aug 05 04:19:12.014426 dv-cinder-803000-4-smb devstack@c-api.service[100027]: DEBUG cinder.api.openstack.wsgi [None req-50ab4295-9914-46d5-a112-6c72253c3c11 tempest-GroupsTest-798471924 tempest-GroupsTest-798471924-project] Empty body provided in request {{(pid=100027) get_body /opt/stack/cinder/cinder/api/openstack/wsgi.py:703}}
Aug 05 04:19:12.015090 dv-cinder-803000-4-smb devstack@c-api.service[100027]: /usr/local/lib/python3.8/dist-packages/webob/acceptparse.py:1047: DeprecationWarning: The behavior of AcceptValidHeader.best_match is currently being maintained for backward compatibility, but it will be deprecated in the future, as it does not conform to the RFC.
Aug 05 04:19:12.015090 dv-cinder-803000-4-smb devstack@c-api.service[100027]: warnings.warn(
Aug 05 04:19:12.015803 dv-cinder-803000-4-smb devstack@c-api.service[100027]: DEBUG cinder.api.openstack.wsgi [None req-50ab4295-9914-46d5-a112-6c72253c3c11 tempest-GroupsTest-798471924 tempest-GroupsTest-798471924-project] Calling method 'version_select' {{(pid=100027) _process_stack /opt/stack/cinder/cinder/api/openstack/wsgi.py:856}}
Aug 05 04:19:12.016947 dv-cinder-803000-4-smb devstack@c-api.service[100027]: /usr/local/lib/python3.8/dist-packages/oslo_context/context.py:105: DeprecationWarning: Policy enforcement is depending on the value of is_admin. This key is deprecated. Please update your policy file to use the standard policy values.
Aug 05 04:19:12.016947 dv-cinder-803000-4-smb devstack@c-api.service[100027]: warnings.warn('Policy enforcement is depending on the value of '
Aug 05 04:19:12.098839 dv-cinder-803000-4-smb devstack@c-api.service[100027]: INFO cinder.api.openstack.wsgi [None req-50ab4295-9914-46d5-a112-6c72253c3c11 tempest-GroupsTest-798471924 tempest-GroupsTest-798471924-project] http://10.222.0.38/volume/v3/4e5a73059fc94b4da1c094d4208c6567/groups/detail returned with HTTP 200
Aug 05 04:19:12.099995 dv-cinder-803000-4-smb devstack@c-api.service[100027]: [pid: 100027|app: 0|req: 115/226] 10.222.0.38 () {60 vars in 1273 bytes} [Thu Aug 5 04:19:12 2021] GET /volume/v3/4e5a73059fc94b4da1c094d4208c6567/groups/detail => generated 637 bytes in 93 msecs (HTTP/1.1 200) 7 headers in 286 bytes (1 switches on core 0)
Aug 05 04:19:12.110400 dv-cinder-803000-4-smb devstack@c-api.service[100028]: INFO cinder.api.openstack.wsgi [None req-b2cb9a41-8ab3-4024-83c3-08f45d2577c2 tempest-GroupsTest-798471924 tempest-GroupsTest-798471924-project] GET http://10.222.0.38/volume/v3/4e5a73059fc94b4da1c094d4208c6567/volumes/detail
Aug 05 04:19:12.110400 dv-cinder-803000-4-smb devstack@c-api.service[100028]: DEBUG cinder.api.openstack.wsgi [None req-b2cb9a41-8ab3-4024-83c3-08f45d2577c2 tempest-GroupsTest-798471924 tempest-GroupsTest-798471924-project] Empty body provided in request {{(pid=100028) get_body /opt/stack/cinder/cinder/api/openstack/wsgi.py:703}}
Aug 05 04:19:12.111003 dv-cinder-803000-4-smb devstack@c-api.service[100028]: /usr/local/lib/python3.8/dist-packages/webob/acceptparse.py:1047: DeprecationWarning: The behavior of AcceptValidHeader.best_match is currently being maintained for backward compatibility, but it will be deprecated in the future, as it does not conform to the RFC.
Aug 05 04:19:12.111003 dv-cinder-803000-4-smb devstack@c-api.service[100028]: warnings.warn(
Aug 05 04:19:12.111003 dv-cinder-803000-4-smb devstack@c-api.service[100028]: DEBUG cinder.api.openstack.wsgi [None req-b2cb9a41-8ab3-4024-83c3-08f45d2577c2 tempest-GroupsTest-798471924 tempest-GroupsTest-798471924-project] Calling method 'detail' {{(pid=100028) _process_stack /opt/stack/cinder/cinder/api/openstack/wsgi.py:856}}
Aug 05 04:19:12.111589 dv-cinder-803000-4-smb devstack@c-api.service[100028]: DEBUG cinder.api.api_utils [None req-b2cb9a41-8ab3-4024-83c3-08f45d2577c2 tempest-GroupsTest-798471924 tempest-GroupsTest-798471924-project] Removing options '' from query. {{(pid=100028) remove_invalid_filter_options /opt/stack/cinder/cinder/api/api_utils.py:73}}
Aug 05 04:19:12.112375 dv-cinder-803000-4-smb devstack@c-api.service[100028]: /usr/local/lib/python3.8/dist-packages/oslo_context/context.py:105: DeprecationWarning: Policy enforcement is depending on the value of is_admin. This key is deprecated. Please update your policy file to use the standard policy values.
Aug 05 04:19:12.112375 dv-cinder-803000-4-smb devstack@c-api.service[100028]: warnings.warn('Policy enforcement is depending on the value of '
Aug 05 04:19:12.124250 dv-cinder-803000-4-smb devstack@c-api.service[100028]: DEBUG cinder.volume.api [None req-b2cb9a41-8ab3-4024-83c3-08f45d2577c2 tempest-GroupsTest-798471924 tempest-GroupsTest-798471924-project] Searching by: MultiDict([('no_migration_targets', True)]). {{(pid=100028) get_all /opt/stack/cinder/cinder/volume/api.py:617}}
Aug 05 04:19:12.209104 dv-cinder-803000-4-smb devstack@c-api.service[100028]: INFO cinder.volume.api [None req-b2cb9a41-8ab3-4024-83c3-08f45d2577c2 tempest-GroupsTest-798471924 tempest-GroupsTest-798471924-project] Get all volumes completed successfully.
Aug 05 04:19:12.214373 dv-cinder-803000-4-smb devstack@c-api.service[100028]: WARNING stevedore.named [None req-b2cb9a41-8ab3-4024-83c3-08f45d2577c2 tempest-GroupsTest-798471924 tempest-GroupsTest-798471924-project] Could not load cinder.keymgr.conf_key_mgr.ConfKeyManager
Aug 05 04:19:12.216631 dv-cinder-803000-4-smb devstack@c-api.service[100028]: WARNING castellan.key_manager [None req-b2cb9a41-8ab3-4024-83c3-08f45d2577c2 tempest-GroupsTest-798471924 tempest-GroupsTest-798471924-project] Deprecation Warning : cinder.keymgr.conf_key_mgr.ConfKeyManager is not a stevedore based driver, trying to load it as a class: stevedore.exception.NoMatches: No 'castellan.drivers' driver found, looking for 'cinder.keymgr.conf_key_mgr.ConfKeyManager'
Aug 05 04:19:12.231038 dv-cinder-803000-4-smb devstack@c-api.service[100028]: DEBUG oslo_db.sqlalchemy.engines [None req-b2cb9a41-8ab3-4024-83c3-08f45d2577c2 tempest-GroupsTest-798471924 tempest-GroupsTest-798471924-project] MySQL server mode set to STRICT_TRANS_TABLES,STRICT_ALL_TABLES,NO_ZERO_IN_DATE,NO_ZERO_DATE,ERROR_FOR_DIVISION_BY_ZERO,TRADITIONAL,NO_ENGINE_SUBSTITUTION {{(pid=100028) _check_effective_sql_mode /usr/local/lib/python3.8/dist-packages/oslo_db/sqlalchemy/engines.py:314}}
Aug 05 04:19:12.243686 dv-cinder-803000-4-smb devstack@c-api.service[100028]: /usr/local/lib/python3.8/dist-packages/oslo_context/context.py:105: DeprecationWarning: Policy enforcement is depending on the value of is_admin. This key is deprecated. Please update your policy file to use the standard policy values.
Aug 05 04:19:12.243686 dv-cinder-803000-4-smb devstack@c-api.service[100028]: warnings.warn('Policy enforcement is depending on the value of '
Aug 05 04:19:12.263842 dv-cinder-803000-4-smb devstack@c-api.service[100028]: INFO cinder.api.openstack.wsgi [None req-b2cb9a41-8ab3-4024-83c3-08f45d2577c2 tempest-GroupsTest-798471924 tempest-GroupsTest-798471924-project] http://10.222.0.38/volume/v3/4e5a73059fc94b4da1c094d4208c6567/volumes/detail returned with HTTP 200
Aug 05 04:19:12.265434 dv-cinder-803000-4-smb devstack@c-api.service[100028]: [pid: 100028|app: 0|req: 112/227] 10.222.0.38 () {60 vars in 1276 bytes} [Thu Aug 5 04:19:12 2021] GET /volume/v3/4e5a73059fc94b4da1c094d4208c6567/volumes/detail => generated 976 bytes in 159 msecs (HTTP/1.1 200) 7 headers in 286 bytes (1 switches on core 0)
Aug 05 04:19:12.279848 dv-cinder-803000-4-smb devstack@c-api.service[100027]: INFO cinder.api.openstack.wsgi [None req-2ec28384-ac6d-461e-b41d-04fa218389de tempest-GroupsTest-798471924 tempest-GroupsTest-798471924-project] GET http://10.222.0.38/volume/v3/4e5a73059fc94b4da1c094d4208c6567/volumes/detail
Aug 05 04:19:12.280510 dv-cinder-803000-4-smb devstack@c-api.service[100027]: DEBUG cinder.api.openstack.wsgi [None req-2ec28384-ac6d-461e-b41d-04fa218389de tempest-GroupsTest-798471924 tempest-GroupsTest-798471924-project] Empty body provided in request {{(pid=100027) get_body /opt/stack/cinder/cinder/api/openstack/wsgi.py:703}}
Aug 05 04:19:12.280672 dv-cinder-803000-4-smb devstack@c-api.service[100027]: /usr/local/lib/python3.8/dist-packages/webob/acceptparse.py:1047: DeprecationWarning: The behavior of AcceptValidHeader.best_match is currently being maintained for backward compatibility, but it will be deprecated in the future, as it does not conform to the RFC.
Aug 05 04:19:12.280672 dv-cinder-803000-4-smb devstack@c-api.service[100027]: warnings.warn(
Aug 05 04:19:12.280985 dv-cinder-803000-4-smb devstack@c-api.service[100027]: DEBUG cinder.api.openstack.wsgi [None req-2ec28384-ac6d-461e-b41d-04fa218389de tempest-GroupsTest-798471924 tempest-GroupsTest-798471924-project] Calling method 'detail' {{(pid=100027) _process_stack /opt/stack/cinder/cinder/api/openstack/wsgi.py:856}}
Aug 05 04:19:12.281509 dv-cinder-803000-4-smb devstack@c-api.service[100027]: DEBUG cinder.api.api_utils [None req-2ec28384-ac6d-461e-b41d-04fa218389de tempest-GroupsTest-798471924 tempest-GroupsTest-798471924-project] Removing options '' from query. {{(pid=100027) remove_invalid_filter_options /opt/stack/cinder/cinder/api/api_utils.py:73}}
Aug 05 04:19:12.282239 dv-cinder-803000-4-smb devstack@c-api.service[100027]: /usr/local/lib/python3.8/dist-packages/oslo_context/context.py:105: DeprecationWarning: Policy enforcement is depending on the value of is_admin. This key is deprecated. Please update your policy file to use the standard policy values.
Aug 05 04:19:12.282239 dv-cinder-803000-4-smb devstack@c-api.service[100027]: warnings.warn('Policy enforcement is depending on the value of '
Aug 05 04:19:12.283156 dv-cinder-803000-4-smb devstack@c-api.service[100027]: DEBUG cinder.volume.api [None req-2ec28384-ac6d-461e-b41d-04fa218389de tempest-GroupsTest-798471924 tempest-GroupsTest-798471924-project] Searching by: MultiDict([('no_migration_targets', True)]). {{(pid=100027) get_all /opt/stack/cinder/cinder/volume/api.py:617}}
Aug 05 04:19:12.344197 dv-cinder-803000-4-smb devstack@c-api.service[100028]: INFO cinder.api.openstack.wsgi [None req-d58a90bd-78f7-4dc2-ba8e-ea46451c416c tempest-VolumesTransfersTest-263779065 tempest-VolumesTransfersTest-263779065-project-admin] GET http://10.222.0.38/volume/v3/dfbef94b20f34e3f96badd613fef55c7/volumes/6dca8182-a12e-49f5-928c-fb36349d2af2
Aug 05 04:19:12.344946 dv-cinder-803000-4-smb devstack@c-api.service[100028]: DEBUG cinder.api.openstack.wsgi [None req-d58a90bd-78f7-4dc2-ba8e-ea46451c416c tempest-VolumesTransfersTest-263779065 tempest-VolumesTransfersTest-263779065-project-admin] Empty body provided in request {{(pid=100028) get_body /opt/stack/cinder/cinder/api/openstack/wsgi.py:703}}
Aug 05 04:19:12.345280 dv-cinder-803000-4-smb devstack@c-api.service[100028]: /usr/local/lib/python3.8/dist-packages/webob/acceptparse.py:1047: DeprecationWarning: The behavior of AcceptValidHeader.best_match is currently being maintained for backward compatibility, but it will be deprecated in the future, as it does not conform to the RFC.
Aug 05 04:19:12.345280 dv-cinder-803000-4-smb devstack@c-api.service[100028]: warnings.warn(
Aug 05 04:19:12.345859 dv-cinder-803000-4-smb devstack@c-api.service[100028]: DEBUG cinder.api.openstack.wsgi [None req-d58a90bd-78f7-4dc2-ba8e-ea46451c416c tempest-VolumesTransfersTest-263779065 tempest-VolumesTransfersTest-263779065-project-admin] Calling method 'show' {{(pid=100028) _process_stack /opt/stack/cinder/cinder/api/openstack/wsgi.py:856}}
Aug 05 04:19:12.346868 dv-cinder-803000-4-smb devstack@c-api.service[100027]: INFO cinder.volume.api [None req-2ec28384-ac6d-461e-b41d-04fa218389de tempest-GroupsTest-798471924 tempest-GroupsTest-798471924-project] Get all volumes completed successfully.
Aug 05 04:19:12.348459 dv-cinder-803000-4-smb devstack@c-api.service[100027]: WARNING stevedore.named [None req-2ec28384-ac6d-461e-b41d-04fa218389de tempest-GroupsTest-798471924 tempest-GroupsTest-798471924-project] Could not load cinder.keymgr.conf_key_mgr.ConfKeyManager
Aug 05 04:19:12.349025 dv-cinder-803000-4-smb devstack@c-api.service[100027]: WARNING castellan.key_manager [None req-2ec28384-ac6d-461e-b41d-04fa218389de tempest-GroupsTest-798471924 tempest-GroupsTest-798471924-project] Deprecation Warning : cinder.keymgr.conf_key_mgr.ConfKeyManager is not a stevedore based driver, trying to load it as a class: stevedore.exception.NoMatches: No 'castellan.drivers' driver found, looking for 'cinder.keymgr.conf_key_mgr.ConfKeyManager'
Aug 05 04:19:12.361853 dv-cinder-803000-4-smb devstack@c-api.service[100027]: DEBUG oslo_db.sqlalchemy.engines [None req-2ec28384-ac6d-461e-b41d-04fa218389de tempest-GroupsTest-798471924 tempest-GroupsTest-798471924-project] MySQL server mode set to STRICT_TRANS_TABLES,STRICT_ALL_TABLES,NO_ZERO_IN_DATE,NO_ZERO_DATE,ERROR_FOR_DIVISION_BY_ZERO,TRADITIONAL,NO_ENGINE_SUBSTITUTION {{(pid=100027) _check_effective_sql_mode /usr/local/lib/python3.8/dist-packages/oslo_db/sqlalchemy/engines.py:314}}
Aug 05 04:19:12.369960 dv-cinder-803000-4-smb devstack@c-api.service[100027]: /usr/local/lib/python3.8/dist-packages/oslo_context/context.py:105: DeprecationWarning: Policy enforcement is depending on the value of is_admin. This key is deprecated. Please update your policy file to use the standard policy values.
Aug 05 04:19:12.369960 dv-cinder-803000-4-smb devstack@c-api.service[100027]: warnings.warn('Policy enforcement is depending on the value of '
Aug 05 04:19:12.379223 dv-cinder-803000-4-smb devstack@c-api.service[100028]: INFO cinder.api.openstack.wsgi [None req-d58a90bd-78f7-4dc2-ba8e-ea46451c416c tempest-VolumesTransfersTest-263779065 tempest-VolumesTransfersTest-263779065-project-admin] http://10.222.0.38/volume/v3/dfbef94b20f34e3f96badd613fef55c7/volumes/6dca8182-a12e-49f5-928c-fb36349d2af2 returned with HTTP 404
Aug 05 04:19:12.382409 dv-cinder-803000-4-smb devstack@c-api.service[100028]: [pid: 100028|app: 0|req: 113/228] 10.222.0.38 () {58 vars in 1325 bytes} [Thu Aug 5 04:19:12 2021] GET /volume/v3/dfbef94b20f34e3f96badd613fef55c7/volumes/6dca8182-a12e-49f5-928c-fb36349d2af2 => generated 109 bytes in 44 msecs (HTTP/1.1 404) 7 headers in 292 bytes (1 switches on core 0)
Aug 05 04:19:12.394612 dv-cinder-803000-4-smb devstack@c-api.service[100028]: INFO cinder.api.openstack.wsgi [None req-ace27334-70b2-4d3f-b64d-adf0853b51b5 tempest-VolumesTransfersTest-2049213630 tempest-VolumesTransfersTest-2049213630-project] POST http://10.222.0.38/volume/v3/63bbd826246843a1bf83e556905b7076/volumes
Aug 05 04:19:12.395259 dv-cinder-803000-4-smb devstack@c-api.service[100028]: DEBUG cinder.api.openstack.wsgi [None req-ace27334-70b2-4d3f-b64d-adf0853b51b5 tempest-VolumesTransfersTest-2049213630 tempest-VolumesTransfersTest-2049213630-project] Action: 'create', calling method: create, body: {"volume": {"size": 1, "name": "tempest-VolumesTransfersTest-Volume-975668580"}} {{(pid=100028) _process_stack /opt/stack/cinder/cinder/api/openstack/wsgi.py:854}}
Aug 05 04:19:12.396213 dv-cinder-803000-4-smb devstack@c-api.service[100028]: DEBUG cinder.api.v3.volumes [None req-ace27334-70b2-4d3f-b64d-adf0853b51b5 tempest-VolumesTransfersTest-2049213630 tempest-VolumesTransfersTest-2049213630-project] Create volume request body: {'volume': {'size': 1, 'name': 'tempest-VolumesTransfersTest-Volume-975668580'}} {{(pid=100028) create /opt/stack/cinder/cinder/api/v3/volumes.py:290}}
Aug 05 04:19:12.396509 dv-cinder-803000-4-smb devstack@c-api.service[100028]: INFO cinder.api.v3.volumes [None req-ace27334-70b2-4d3f-b64d-adf0853b51b5 tempest-VolumesTransfersTest-2049213630 tempest-VolumesTransfersTest-2049213630-project] Create volume of 1 GB
Aug 05 04:19:12.404228 dv-cinder-803000-4-smb devstack@c-api.service[100027]: INFO cinder.api.openstack.wsgi [None req-2ec28384-ac6d-461e-b41d-04fa218389de tempest-GroupsTest-798471924 tempest-GroupsTest-798471924-project] http://10.222.0.38/volume/v3/4e5a73059fc94b4da1c094d4208c6567/volumes/detail returned with HTTP 200
Aug 05 04:19:12.404994 dv-cinder-803000-4-smb devstack@c-api.service[100027]: [pid: 100027|app: 0|req: 116/229] 10.222.0.38 () {60 vars in 1276 bytes} [Thu Aug 5 04:19:12 2021] GET /volume/v3/4e5a73059fc94b4da1c094d4208c6567/volumes/detail => generated 976 bytes in 129 msecs (HTTP/1.1 200) 7 headers in 286 bytes (1 switches on core 0)
Aug 05 04:19:12.409665 dv-cinder-803000-4-smb devstack@c-api.service[100028]: INFO cinder.volume.api [None req-ace27334-70b2-4d3f-b64d-adf0853b51b5 tempest-VolumesTransfersTest-2049213630 tempest-VolumesTransfersTest-2049213630-project] Availability Zones retrieved successfully.
Aug 05 04:19:12.421344 dv-cinder-803000-4-smb devstack@c-api.service[100027]: INFO cinder.api.openstack.wsgi [None req-c909dbba-761e-4bb0-a257-c05a817c3ac4 tempest-GroupsTest-798471924 tempest-GroupsTest-798471924-project] POST http://10.222.0.38/volume/v3/4e5a73059fc94b4da1c094d4208c6567/groups/da5ddcc3-d13d-402b-8f3c-57b23f79253d/action
Aug 05 04:19:12.421765 dv-cinder-803000-4-smb devstack@c-api.service[100027]: /usr/local/lib/python3.8/dist-packages/webob/acceptparse.py:1047: DeprecationWarning: The behavior of AcceptValidHeader.best_match is currently being maintained for backward compatibility, but it will be deprecated in the future, as it does not conform to the RFC.
Aug 05 04:19:12.421765 dv-cinder-803000-4-smb devstack@c-api.service[100027]: warnings.warn(
Aug 05 04:19:12.422127 dv-cinder-803000-4-smb devstack@c-api.service[100027]: DEBUG cinder.api.openstack.wsgi [None req-c909dbba-761e-4bb0-a257-c05a817c3ac4 tempest-GroupsTest-798471924 tempest-GroupsTest-798471924-project] Action body: b'{"delete": {"delete-volumes": true}}' {{(pid=100027) get_method /opt/stack/cinder/cinder/api/openstack/wsgi.py:971}}
Aug 05 04:19:12.422454 dv-cinder-803000-4-smb devstack@c-api.service[100027]: DEBUG cinder.api.openstack.wsgi [None req-c909dbba-761e-4bb0-a257-c05a817c3ac4 tempest-GroupsTest-798471924 tempest-GroupsTest-798471924-project] Action: 'action', calling method: version_select, body: {"delete": {"delete-volumes": true}} {{(pid=100027) _process_stack /opt/stack/cinder/cinder/api/openstack/wsgi.py:854}}
Aug 05 04:19:12.423394 dv-cinder-803000-4-smb devstack@c-api.service[100027]: DEBUG cinder.api.v3.groups [None req-c909dbba-761e-4bb0-a257-c05a817c3ac4 tempest-GroupsTest-798471924 tempest-GroupsTest-798471924-project] delete called for group da5ddcc3-d13d-402b-8f3c-57b23f79253d {{(pid=100027) _delete /opt/stack/cinder/cinder/api/v3/groups.py:117}}
Aug 05 04:19:12.423715 dv-cinder-803000-4-smb devstack@c-api.service[100027]: INFO cinder.api.v3.groups [None req-c909dbba-761e-4bb0-a257-c05a817c3ac4 tempest-GroupsTest-798471924 tempest-GroupsTest-798471924-project] Delete group with id: da5ddcc3-d13d-402b-8f3c-57b23f79253d
Aug 05 04:19:12.432345 dv-cinder-803000-4-smb devstack@c-api.service[100027]: /usr/local/lib/python3.8/dist-packages/oslo_context/context.py:105: DeprecationWarning: Policy enforcement is depending on the value of is_admin. This key is deprecated. Please update your policy file to use the standard policy values.
Aug 05 04:19:12.432345 dv-cinder-803000-4-smb devstack@c-api.service[100027]: warnings.warn('Policy enforcement is depending on the value of '
Aug 05 04:19:12.453878 dv-cinder-803000-4-smb devstack@c-api.service[100028]: DEBUG cinder.volume.api [None req-ace27334-70b2-4d3f-b64d-adf0853b51b5 tempest-VolumesTransfersTest-2049213630 tempest-VolumesTransfersTest-2049213630-project] Flow 'volume_create_api' (a8a91ef9-09aa-4273-b565-c414219a1da8) transitioned into state 'RUNNING' from state 'PENDING' {{(pid=100028) _flow_receiver /usr/local/lib/python3.8/dist-packages/taskflow/listeners/logging.py:141}}
Aug 05 04:19:12.456281 dv-cinder-803000-4-smb devstack@c-api.service[100028]: DEBUG cinder.volume.api [None req-ace27334-70b2-4d3f-b64d-adf0853b51b5 tempest-VolumesTransfersTest-2049213630 tempest-VolumesTransfersTest-2049213630-project] Task 'cinder.volume.flows.api.create_volume.ExtractVolumeRequestTask;volume:create' (cecb51bf-b87f-4fd4-a7c3-d41ad2ee7563) transitioned into state 'RUNNING' from state 'PENDING' {{(pid=100028) _task_receiver /usr/local/lib/python3.8/dist-packages/taskflow/listeners/logging.py:190}}
Aug 05 04:19:12.460161 dv-cinder-803000-4-smb devstack@c-api.service[100028]: DEBUG cinder.volume.flows.api.create_volume [None req-ace27334-70b2-4d3f-b64d-adf0853b51b5 tempest-VolumesTransfersTest-2049213630 tempest-VolumesTransfersTest-2049213630-project] Validating volume size '1' using validate_int {{(pid=100028) _extract_size /opt/stack/cinder/cinder/volume/flows/api/create_volume.py:201}}
Aug 05 04:19:12.512313 dv-cinder-803000-4-smb devstack@c-api.service[100028]: DEBUG cinder.volume.api [None req-ace27334-70b2-4d3f-b64d-adf0853b51b5 tempest-VolumesTransfersTest-2049213630 tempest-VolumesTransfersTest-2049213630-project] Task 'cinder.volume.flows.api.create_volume.ExtractVolumeRequestTask;volume:create' (cecb51bf-b87f-4fd4-a7c3-d41ad2ee7563) transitioned into state 'SUCCESS' from state 'RUNNING' with result '{'size': 1, 'snapshot_id': None, 'source_volid': None, 'volume_type': VolumeType(created_at=2021-08-05T04:09:22Z,deleted=False,deleted_at=None,description='Default Volume Type',extra_specs={},id=76514313-94df-42f8-83dd-4d71ba2ff8a0,is_public=True,name='__DEFAULT__',projects=[],qos_specs=,qos_specs_id=None,updated_at=2021-08-05T04:09:22Z), 'volume_type_id': '76514313-94df-42f8-83dd-4d71ba2ff8a0', 'encryption_key_id': None, 'qos_specs': None, 'consistencygroup_id': None, 'cgsnapshot_id': None, 'group_id': None, 'replication_status': 'disabled', 'refresh_az': False, 'backup_id': None, 'multiattach': False, 'availability_zones': ['nova']}' {{(pid=100028) _task_receiver /usr/local/lib/python3.8/dist-packages/taskflow/listeners/logging.py:178}}
Aug 05 04:19:12.515195 dv-cinder-803000-4-smb devstack@c-api.service[100028]: DEBUG cinder.volume.api [None req-ace27334-70b2-4d3f-b64d-adf0853b51b5 tempest-VolumesTransfersTest-2049213630 tempest-VolumesTransfersTest-2049213630-project] Task 'cinder.volume.flows.api.create_volume.QuotaReserveTask;volume:create' (cabd3b9d-b06c-4ad3-9cdd-6d3ef361e390) transitioned into state 'RUNNING' from state 'PENDING' {{(pid=100028) _task_receiver /usr/local/lib/python3.8/dist-packages/taskflow/listeners/logging.py:190}}
Aug 05 04:19:12.566093 dv-cinder-803000-4-smb devstack@c-api.service[100027]: INFO cinder.api.openstack.wsgi [None req-c909dbba-761e-4bb0-a257-c05a817c3ac4 tempest-GroupsTest-798471924 tempest-GroupsTest-798471924-project] http://10.222.0.38/volume/v3/4e5a73059fc94b4da1c094d4208c6567/groups/da5ddcc3-d13d-402b-8f3c-57b23f79253d/action returned with HTTP 202
Aug 05 04:19:12.567527 dv-cinder-803000-4-smb devstack@c-api.service[100027]: [pid: 100027|app: 0|req: 117/230] 10.222.0.38 () {62 vars in 1405 bytes} [Thu Aug 5 04:19:12 2021] POST /volume/v3/4e5a73059fc94b4da1c094d4208c6567/groups/da5ddcc3-d13d-402b-8f3c-57b23f79253d/action => generated 0 bytes in 152 msecs (HTTP/1.1 202) 6 headers in 234 bytes (2 switches on core 0)
Aug 05 04:19:12.576213 dv-cinder-803000-4-smb devstack@c-api.service[100027]: INFO cinder.api.openstack.wsgi [None req-30527624-b239-4e5d-a67b-d3250478bbbe tempest-GroupsTest-798471924 tempest-GroupsTest-798471924-project] GET http://10.222.0.38/volume/v3/4e5a73059fc94b4da1c094d4208c6567/volumes/3ec8c7f7-402b-41bc-8091-29cc1604d92b
Aug 05 04:19:12.576839 dv-cinder-803000-4-smb devstack@c-api.service[100027]: DEBUG cinder.api.openstack.wsgi [None req-30527624-b239-4e5d-a67b-d3250478bbbe tempest-GroupsTest-798471924 tempest-GroupsTest-798471924-project] Empty body provided in request {{(pid=100027) get_body /opt/stack/cinder/cinder/api/openstack/wsgi.py:703}}
Aug 05 04:19:12.577043 dv-cinder-803000-4-smb devstack@c-api.service[100027]: /usr/local/lib/python3.8/dist-packages/webob/acceptparse.py:1047: DeprecationWarning: The behavior of AcceptValidHeader.best_match is currently being maintained for backward compatibility, but it will be deprecated in the future, as it does not conform to the RFC.
Aug 05 04:19:12.577043 dv-cinder-803000-4-smb devstack@c-api.service[100027]: warnings.warn(
Aug 05 04:19:12.578123 dv-cinder-803000-4-smb devstack@c-api.service[100027]: DEBUG cinder.api.openstack.wsgi [None req-30527624-b239-4e5d-a67b-d3250478bbbe tempest-GroupsTest-798471924 tempest-GroupsTest-798471924-project] Calling method 'show' {{(pid=100027) _process_stack /opt/stack/cinder/cinder/api/openstack/wsgi.py:856}}
Aug 05 04:19:12.601096 dv-cinder-803000-4-smb devstack@c-api.service[100027]: /usr/local/lib/python3.8/dist-packages/oslo_context/context.py:105: DeprecationWarning: Policy enforcement is depending on the value of is_admin. This key is deprecated. Please update your policy file to use the standard policy values.
Aug 05 04:19:12.601096 dv-cinder-803000-4-smb devstack@c-api.service[100027]: warnings.warn('Policy enforcement is depending on the value of '
Aug 05 04:19:12.614100 dv-cinder-803000-4-smb devstack@c-api.service[100027]: INFO cinder.volume.api [None req-30527624-b239-4e5d-a67b-d3250478bbbe tempest-GroupsTest-798471924 tempest-GroupsTest-798471924-project] Volume info retrieved successfully.
Aug 05 04:19:12.633762 dv-cinder-803000-4-smb devstack@c-api.service[100027]: WARNING stevedore.named [None req-30527624-b239-4e5d-a67b-d3250478bbbe tempest-GroupsTest-798471924 tempest-GroupsTest-798471924-project] Could not load cinder.keymgr.conf_key_mgr.ConfKeyManager
Aug 05 04:19:12.634527 dv-cinder-803000-4-smb devstack@c-api.service[100027]: WARNING castellan.key_manager [None req-30527624-b239-4e5d-a67b-d3250478bbbe tempest-GroupsTest-798471924 tempest-GroupsTest-798471924-project] Deprecation Warning : cinder.keymgr.conf_key_mgr.ConfKeyManager is not a stevedore based driver, trying to load it as a class: stevedore.exception.NoMatches: No 'castellan.drivers' driver found, looking for 'cinder.keymgr.conf_key_mgr.ConfKeyManager'
Aug 05 04:19:12.645332 dv-cinder-803000-4-smb devstack@c-api.service[100027]: DEBUG oslo_db.sqlalchemy.engines [None req-30527624-b239-4e5d-a67b-d3250478bbbe tempest-GroupsTest-798471924 tempest-GroupsTest-798471924-project] MySQL server mode set to STRICT_TRANS_TABLES,STRICT_ALL_TABLES,NO_ZERO_IN_DATE,NO_ZERO_DATE,ERROR_FOR_DIVISION_BY_ZERO,TRADITIONAL,NO_ENGINE_SUBSTITUTION {{(pid=100027) _check_effective_sql_mode /usr/local/lib/python3.8/dist-packages/oslo_db/sqlalchemy/engines.py:314}}
Aug 05 04:19:12.647417 dv-cinder-803000-4-smb devstack@c-api.service[100028]: DEBUG cinder.quota [None req-ace27334-70b2-4d3f-b64d-adf0853b51b5 tempest-VolumesTransfersTest-2049213630 tempest-VolumesTransfersTest-2049213630-project] Created reservations ['f4c4f226-564d-4896-851c-35b8103f2537', '0dd25281-daad-4b71-9643-ae7713949361', 'a6d14683-1680-444f-b69c-9bb4af10e4f4', '7aac5cff-3cfe-40d5-8a87-2886a95c1263'] {{(pid=100028) reserve /opt/stack/cinder/cinder/quota.py:755}}
Aug 05 04:19:12.649913 dv-cinder-803000-4-smb devstack@c-api.service[100028]: DEBUG cinder.volume.api [None req-ace27334-70b2-4d3f-b64d-adf0853b51b5 tempest-VolumesTransfersTest-2049213630 tempest-VolumesTransfersTest-2049213630-project] Task 'cinder.volume.flows.api.create_volume.QuotaReserveTask;volume:create' (cabd3b9d-b06c-4ad3-9cdd-6d3ef361e390) transitioned into state 'SUCCESS' from state 'RUNNING' with result '{'reservations': ['f4c4f226-564d-4896-851c-35b8103f2537', '0dd25281-daad-4b71-9643-ae7713949361', 'a6d14683-1680-444f-b69c-9bb4af10e4f4', '7aac5cff-3cfe-40d5-8a87-2886a95c1263']}' {{(pid=100028) _task_receiver /usr/local/lib/python3.8/dist-packages/taskflow/listeners/logging.py:178}}
Aug 05 04:19:12.652888 dv-cinder-803000-4-smb devstack@c-api.service[100028]: DEBUG cinder.volume.api [None req-ace27334-70b2-4d3f-b64d-adf0853b51b5 tempest-VolumesTransfersTest-2049213630 tempest-VolumesTransfersTest-2049213630-project] Task 'cinder.volume.flows.api.create_volume.EntryCreateTask;volume:create' (c3033b53-eef7-442f-bbe1-88432c0efb87) transitioned into state 'RUNNING' from state 'PENDING' {{(pid=100028) _task_receiver /usr/local/lib/python3.8/dist-packages/taskflow/listeners/logging.py:190}}
Aug 05 04:19:12.653157 dv-cinder-803000-4-smb devstack@c-api.service[100027]: /usr/local/lib/python3.8/dist-packages/oslo_context/context.py:105: DeprecationWarning: Policy enforcement is depending on the value of is_admin. This key is deprecated. Please update your policy file to use the standard policy values.
Aug 05 04:19:12.653157 dv-cinder-803000-4-smb devstack@c-api.service[100027]: warnings.warn('Policy enforcement is depending on the value of '
Aug 05 04:19:12.673704 dv-cinder-803000-4-smb devstack@c-api.service[100027]: INFO cinder.api.openstack.wsgi [None req-30527624-b239-4e5d-a67b-d3250478bbbe tempest-GroupsTest-798471924 tempest-GroupsTest-798471924-project] http://10.222.0.38/volume/v3/4e5a73059fc94b4da1c094d4208c6567/volumes/3ec8c7f7-402b-41bc-8091-29cc1604d92b returned with HTTP 200
Aug 05 04:19:12.675289 dv-cinder-803000-4-smb devstack@c-api.service[100027]: [pid: 100027|app: 0|req: 118/231] 10.222.0.38 () {60 vars in 1366 bytes} [Thu Aug 5 04:19:12 2021] GET /volume/v3/4e5a73059fc94b4da1c094d4208c6567/volumes/3ec8c7f7-402b-41bc-8091-29cc1604d92b => generated 972 bytes in 104 msecs (HTTP/1.1 200) 7 headers in 286 bytes (1 switches on core 0)
Aug 05 04:19:12.680713 dv-cinder-803000-4-smb devstack@c-api.service[100027]: INFO cinder.api.openstack.wsgi [req-9438c7a4-2703-47c9-bbcf-b0b6220f02de req-114e601b-1377-44e7-bb7a-9d0c7c04ec28 tempest-VolumesNegativeTest-715764816 tempest-VolumesNegativeTest-715764816-project] DELETE http://10.222.0.38/volume/v3/33622d552f0d48559e3c9e6a034edf00/volumes/tempest-invalid-1865587662
Aug 05 04:19:12.681103 dv-cinder-803000-4-smb devstack@c-api.service[100027]: DEBUG cinder.api.openstack.wsgi [req-9438c7a4-2703-47c9-bbcf-b0b6220f02de req-114e601b-1377-44e7-bb7a-9d0c7c04ec28 tempest-VolumesNegativeTest-715764816 tempest-VolumesNegativeTest-715764816-project] Empty body provided in request {{(pid=100027) get_body /opt/stack/cinder/cinder/api/openstack/wsgi.py:703}}
Aug 05 04:19:12.681262 dv-cinder-803000-4-smb devstack@c-api.service[100027]: /usr/local/lib/python3.8/dist-packages/webob/acceptparse.py:1047: DeprecationWarning: The behavior of AcceptValidHeader.best_match is currently being maintained for backward compatibility, but it will be deprecated in the future, as it does not conform to the RFC.
Aug 05 04:19:12.681262 dv-cinder-803000-4-smb devstack@c-api.service[100027]: warnings.warn(
Aug 05 04:19:12.681782 dv-cinder-803000-4-smb devstack@c-api.service[100027]: DEBUG cinder.api.openstack.wsgi [req-9438c7a4-2703-47c9-bbcf-b0b6220f02de req-114e601b-1377-44e7-bb7a-9d0c7c04ec28 tempest-VolumesNegativeTest-715764816 tempest-VolumesNegativeTest-715764816-project] Calling method 'delete' {{(pid=100027) _process_stack /opt/stack/cinder/cinder/api/openstack/wsgi.py:856}}
Aug 05 04:19:12.682301 dv-cinder-803000-4-smb devstack@c-api.service[100027]: INFO cinder.api.v3.volumes [req-9438c7a4-2703-47c9-bbcf-b0b6220f02de req-114e601b-1377-44e7-bb7a-9d0c7c04ec28 tempest-VolumesNegativeTest-715764816 tempest-VolumesNegativeTest-715764816-project] Delete volume with id: tempest-invalid-1865587662
Aug 05 04:19:12.691100 dv-cinder-803000-4-smb devstack@c-api.service[100028]: DEBUG cinder.volume.api [None req-ace27334-70b2-4d3f-b64d-adf0853b51b5 tempest-VolumesTransfersTest-2049213630 tempest-VolumesTransfersTest-2049213630-project] Task 'cinder.volume.flows.api.create_volume.EntryCreateTask;volume:create' (c3033b53-eef7-442f-bbe1-88432c0efb87) transitioned into state 'SUCCESS' from state 'RUNNING' with result '{'volume_id': '0ece7c9a-fd90-4fbd-9850-4dde516661b2', 'volume_properties': VolumeProperties(attach_status='detached',availability_zone='nova',cgsnapshot_id=None,consistencygroup_id=None,display_description=None,display_name='tempest-VolumesTransfersTest-Volume-975668580',encryption_key_id=None,group_id=None,group_type_id=,metadata={},multiattach=False,project_id='63bbd826246843a1bf83e556905b7076',qos_specs=None,replication_status=,reservations=['f4c4f226-564d-4896-851c-35b8103f2537','0dd25281-daad-4b71-9643-ae7713949361','a6d14683-1680-444f-b69c-9bb4af10e4f4','7aac5cff-3cfe-40d5-8a87-2886a95c1263'],size=1,snapshot_id=None,source_replicaid=,source_volid=None,status='creating',user_id='0237460f86a84953b1bf5fe8b581f7d3',volume_type_id=76514313-94df-42f8-83dd-4d71ba2ff8a0), 'volume': Volume(_name_id=None,admin_metadata=,attach_status='detached',availability_zone='nova',bootable=False,cluster=,cluster_name=None,consistencygroup=,consistencygroup_id=None,created_at=2021-08-05T04:19:12Z,deleted=False,deleted_at=None,display_description=None,display_name='tempest-VolumesTransfersTest-Volume-975668580',ec2_id=None,encryption_key_id=None,glance_metadata=,group=,group_id=None,host=None,id=0ece7c9a-fd90-4fbd-9850-4dde516661b2,launched_at=None,metadata={},migration_status=None,multiattach=False,previous_status=None,project_id='63bbd826246843a1bf83e556905b7076',provider_auth=None,provider_geometry=None,provider_id=None,provider_location=None,replication_driver_data=None,replication_extended_status=None,replication_status=None,scheduled_at=None,service_uuid=None,shared_targets=True,size=1,snapshot_id=None,snapshots=,source_volid=None,status='creating',terminated_at=None,updated_at=None,user_id='0237460f86a84953b1bf5fe8b581f7d3',volume_attachment=,volume_type=VolumeType(76514313-94df-42f8-83dd-4d71ba2ff8a0),volume_type_id=76514313-94df-42f8-83dd-4d71ba2ff8a0)}' {{(pid=100028) _task_receiver /usr/local/lib/python3.8/dist-packages/taskflow/listeners/logging.py:178}}
Aug 05 04:19:12.693901 dv-cinder-803000-4-smb devstack@c-api.service[100028]: DEBUG cinder.volume.api [None req-ace27334-70b2-4d3f-b64d-adf0853b51b5 tempest-VolumesTransfersTest-2049213630 tempest-VolumesTransfersTest-2049213630-project] Task 'cinder.volume.flows.api.create_volume.QuotaCommitTask;volume:create' (f546c1f6-eaa8-40d2-97ec-d59498296acb) transitioned into state 'RUNNING' from state 'PENDING' {{(pid=100028) _task_receiver /usr/local/lib/python3.8/dist-packages/taskflow/listeners/logging.py:190}}
Aug 05 04:19:12.696833 dv-cinder-803000-4-smb devstack@c-api.service[100027]: INFO cinder.api.openstack.wsgi [req-9438c7a4-2703-47c9-bbcf-b0b6220f02de req-114e601b-1377-44e7-bb7a-9d0c7c04ec28 tempest-VolumesNegativeTest-715764816 tempest-VolumesNegativeTest-715764816-project] http://10.222.0.38/volume/v3/33622d552f0d48559e3c9e6a034edf00/volumes/tempest-invalid-1865587662 returned with HTTP 404
Aug 05 04:19:12.698454 dv-cinder-803000-4-smb devstack@c-api.service[100027]: [pid: 100027|app: 0|req: 119/232] 10.222.0.38 () {62 vars in 1571 bytes} [Thu Aug 5 04:19:12 2021] DELETE /volume/v3/33622d552f0d48559e3c9e6a034edf00/volumes/tempest-invalid-1865587662 => generated 99 bytes in 22 msecs (HTTP/1.1 404) 7 headers in 291 bytes (1 switches on core 0)
Aug 05 04:19:12.746424 dv-cinder-803000-4-smb devstack@c-api.service[100028]: DEBUG cinder.volume.api [None req-ace27334-70b2-4d3f-b64d-adf0853b51b5 tempest-VolumesTransfersTest-2049213630 tempest-VolumesTransfersTest-2049213630-project] Task 'cinder.volume.flows.api.create_volume.QuotaCommitTask;volume:create' (f546c1f6-eaa8-40d2-97ec-d59498296acb) transitioned into state 'SUCCESS' from state 'RUNNING' with result '{'volume_properties': VolumeProperties(attach_status='detached',availability_zone='nova',cgsnapshot_id=None,consistencygroup_id=None,display_description=None,display_name='tempest-VolumesTransfersTest-Volume-975668580',encryption_key_id=None,group_id=None,group_type_id=,metadata={},multiattach=False,project_id='63bbd826246843a1bf83e556905b7076',qos_specs=None,replication_status=,reservations=['f4c4f226-564d-4896-851c-35b8103f2537','0dd25281-daad-4b71-9643-ae7713949361','a6d14683-1680-444f-b69c-9bb4af10e4f4','7aac5cff-3cfe-40d5-8a87-2886a95c1263'],size=1,snapshot_id=None,source_replicaid=,source_volid=None,status='creating',user_id='0237460f86a84953b1bf5fe8b581f7d3',volume_type_id=76514313-94df-42f8-83dd-4d71ba2ff8a0)}' {{(pid=100028) _task_receiver /usr/local/lib/python3.8/dist-packages/taskflow/listeners/logging.py:178}}
Aug 05 04:19:12.748770 dv-cinder-803000-4-smb devstack@c-api.service[100028]: DEBUG cinder.volume.api [None req-ace27334-70b2-4d3f-b64d-adf0853b51b5 tempest-VolumesTransfersTest-2049213630 tempest-VolumesTransfersTest-2049213630-project] Task 'cinder.volume.flows.api.create_volume.VolumeCastTask;volume:create' (91a3693f-4b43-43f8-9883-9642d6a221d7) transitioned into state 'RUNNING' from state 'PENDING' {{(pid=100028) _task_receiver /usr/local/lib/python3.8/dist-packages/taskflow/listeners/logging.py:190}}
Aug 05 04:19:12.753163 dv-cinder-803000-4-smb devstack@c-api.service[100027]: INFO cinder.api.openstack.wsgi [req-ef8ea6eb-e4af-4560-9741-fc1f1bb92c49 req-a6cf1143-6c10-4e87-b1a3-b1a783fd01a6 tempest-VolumesNegativeTest-715764816 tempest-VolumesNegativeTest-715764816-project] DELETE http://10.222.0.38/volume/v3/33622d552f0d48559e3c9e6a034edf00/volumes/04fda452-ced7-4d5f-9a40-44d124ddb058
Aug 05 04:19:12.753740 dv-cinder-803000-4-smb devstack@c-api.service[100027]: DEBUG cinder.api.openstack.wsgi [req-ef8ea6eb-e4af-4560-9741-fc1f1bb92c49 req-a6cf1143-6c10-4e87-b1a3-b1a783fd01a6 tempest-VolumesNegativeTest-715764816 tempest-VolumesNegativeTest-715764816-project] Empty body provided in request {{(pid=100027) get_body /opt/stack/cinder/cinder/api/openstack/wsgi.py:703}}
Aug 05 04:19:12.754223 dv-cinder-803000-4-smb devstack@c-api.service[100027]: DEBUG cinder.api.openstack.wsgi [req-ef8ea6eb-e4af-4560-9741-fc1f1bb92c49 req-a6cf1143-6c10-4e87-b1a3-b1a783fd01a6 tempest-VolumesNegativeTest-715764816 tempest-VolumesNegativeTest-715764816-project] Calling method 'delete' {{(pid=100027) _process_stack /opt/stack/cinder/cinder/api/openstack/wsgi.py:856}}
Aug 05 04:19:12.754644 dv-cinder-803000-4-smb devstack@c-api.service[100027]: INFO cinder.api.v3.volumes [req-ef8ea6eb-e4af-4560-9741-fc1f1bb92c49 req-a6cf1143-6c10-4e87-b1a3-b1a783fd01a6 tempest-VolumesNegativeTest-715764816 tempest-VolumesNegativeTest-715764816-project] Delete volume with id: 04fda452-ced7-4d5f-9a40-44d124ddb058
Aug 05 04:19:12.768313 dv-cinder-803000-4-smb devstack@c-api.service[100028]: DEBUG cinder.volume.api [None req-ace27334-70b2-4d3f-b64d-adf0853b51b5 tempest-VolumesTransfersTest-2049213630 tempest-VolumesTransfersTest-2049213630-project] Task 'cinder.volume.flows.api.create_volume.VolumeCastTask;volume:create' (91a3693f-4b43-43f8-9883-9642d6a221d7) transitioned into state 'SUCCESS' from state 'RUNNING' with result 'None' {{(pid=100028) _task_receiver /usr/local/lib/python3.8/dist-packages/taskflow/listeners/logging.py:178}}
Aug 05 04:19:12.769811 dv-cinder-803000-4-smb devstack@c-api.service[100027]: INFO cinder.api.openstack.wsgi [req-ef8ea6eb-e4af-4560-9741-fc1f1bb92c49 req-a6cf1143-6c10-4e87-b1a3-b1a783fd01a6 tempest-VolumesNegativeTest-715764816 tempest-VolumesNegativeTest-715764816-project] http://10.222.0.38/volume/v3/33622d552f0d48559e3c9e6a034edf00/volumes/04fda452-ced7-4d5f-9a40-44d124ddb058 returned with HTTP 404
Aug 05 04:19:12.771382 dv-cinder-803000-4-smb devstack@c-api.service[100028]: DEBUG cinder.volume.api [None req-ace27334-70b2-4d3f-b64d-adf0853b51b5 tempest-VolumesTransfersTest-2049213630 tempest-VolumesTransfersTest-2049213630-project] Flow 'volume_create_api' (a8a91ef9-09aa-4273-b565-c414219a1da8) transitioned into state 'SUCCESS' from state 'RUNNING' {{(pid=100028) _flow_receiver /usr/local/lib/python3.8/dist-packages/taskflow/listeners/logging.py:141}}
Aug 05 04:19:12.771497 dv-cinder-803000-4-smb devstack@c-api.service[100027]: [pid: 100027|app: 0|req: 120/233] 10.222.0.38 () {62 vars in 1601 bytes} [Thu Aug 5 04:19:12 2021] DELETE /volume/v3/33622d552f0d48559e3c9e6a034edf00/volumes/04fda452-ced7-4d5f-9a40-44d124ddb058 => generated 109 bytes in 22 msecs (HTTP/1.1 404) 7 headers in 292 bytes (2 switches on core 0)
Aug 05 04:19:12.772675 dv-cinder-803000-4-smb devstack@c-api.service[100028]: INFO cinder.volume.api [None req-ace27334-70b2-4d3f-b64d-adf0853b51b5 tempest-VolumesTransfersTest-2049213630 tempest-VolumesTransfersTest-2049213630-project] Create volume request issued successfully.
Aug 05 04:19:12.790945 dv-cinder-803000-4-smb devstack@c-api.service[100028]: INFO cinder.api.openstack.wsgi [None req-ace27334-70b2-4d3f-b64d-adf0853b51b5 tempest-VolumesTransfersTest-2049213630 tempest-VolumesTransfersTest-2049213630-project] http://10.222.0.38/volume/v3/63bbd826246843a1bf83e556905b7076/volumes returned with HTTP 202
Aug 05 04:19:12.792855 dv-cinder-803000-4-smb devstack@c-api.service[100028]: [pid: 100028|app: 0|req: 114/234] 10.222.0.38 () {60 vars in 1235 bytes} [Thu Aug 5 04:19:12 2021] POST /volume/v3/63bbd826246843a1bf83e556905b7076/volumes => generated 819 bytes in 402 msecs (HTTP/1.1 202) 7 headers in 291 bytes (1 switches on core 0)
Aug 05 04:19:12.803168 dv-cinder-803000-4-smb devstack@c-api.service[100027]: INFO cinder.api.openstack.wsgi [req-2052d4ba-a4fc-45c7-b71f-8e6a7c6d65d8 req-c2e1744a-060d-4922-96d0-41fb060756c2 tempest-VolumesNegativeTest-715764816 tempest-VolumesNegativeTest-715764816-project] GET http://10.222.0.38/volume/v3/33622d552f0d48559e3c9e6a034edf00/volumes/3a88630f-75a6-4028-a8f0-a7620fefb05f
Aug 05 04:19:12.803677 dv-cinder-803000-4-smb devstack@c-api.service[100027]: DEBUG cinder.api.openstack.wsgi [req-2052d4ba-a4fc-45c7-b71f-8e6a7c6d65d8 req-c2e1744a-060d-4922-96d0-41fb060756c2 tempest-VolumesNegativeTest-715764816 tempest-VolumesNegativeTest-715764816-project] Empty body provided in request {{(pid=100027) get_body /opt/stack/cinder/cinder/api/openstack/wsgi.py:703}}
Aug 05 04:19:12.804761 dv-cinder-803000-4-smb devstack@c-api.service[100027]: DEBUG cinder.api.openstack.wsgi [req-2052d4ba-a4fc-45c7-b71f-8e6a7c6d65d8 req-c2e1744a-060d-4922-96d0-41fb060756c2 tempest-VolumesNegativeTest-715764816 tempest-VolumesNegativeTest-715764816-project] Calling method 'show' {{(pid=100027) _process_stack /opt/stack/cinder/cinder/api/openstack/wsgi.py:856}}
Aug 05 04:19:12.811023 dv-cinder-803000-4-smb devstack@c-api.service[100028]: INFO cinder.api.openstack.wsgi [None req-f4415280-e627-40e2-96f9-901f2d957697 tempest-VolumesTransfersTest-2049213630 tempest-VolumesTransfersTest-2049213630-project] GET http://10.222.0.38/volume/v3/63bbd826246843a1bf83e556905b7076/volumes/0ece7c9a-fd90-4fbd-9850-4dde516661b2
Aug 05 04:19:12.811682 dv-cinder-803000-4-smb devstack@c-api.service[100028]: DEBUG cinder.api.openstack.wsgi [None req-f4415280-e627-40e2-96f9-901f2d957697 tempest-VolumesTransfersTest-2049213630 tempest-VolumesTransfersTest-2049213630-project] Empty body provided in request {{(pid=100028) get_body /opt/stack/cinder/cinder/api/openstack/wsgi.py:703}}
Aug 05 04:19:12.811985 dv-cinder-803000-4-smb devstack@c-api.service[100028]: /usr/local/lib/python3.8/dist-packages/webob/acceptparse.py:1047: DeprecationWarning: The behavior of AcceptValidHeader.best_match is currently being maintained for backward compatibility, but it will be deprecated in the future, as it does not conform to the RFC.
Aug 05 04:19:12.811985 dv-cinder-803000-4-smb devstack@c-api.service[100028]: warnings.warn(
Aug 05 04:19:12.812649 dv-cinder-803000-4-smb devstack@c-api.service[100028]: DEBUG cinder.api.openstack.wsgi [None req-f4415280-e627-40e2-96f9-901f2d957697 tempest-VolumesTransfersTest-2049213630 tempest-VolumesTransfersTest-2049213630-project] Calling method 'show' {{(pid=100028) _process_stack /opt/stack/cinder/cinder/api/openstack/wsgi.py:856}}
Aug 05 04:19:12.820587 dv-cinder-803000-4-smb devstack@c-api.service[100027]: INFO cinder.api.openstack.wsgi [req-2052d4ba-a4fc-45c7-b71f-8e6a7c6d65d8 req-c2e1744a-060d-4922-96d0-41fb060756c2 tempest-VolumesNegativeTest-715764816 tempest-VolumesNegativeTest-715764816-project] http://10.222.0.38/volume/v3/33622d552f0d48559e3c9e6a034edf00/volumes/3a88630f-75a6-4028-a8f0-a7620fefb05f returned with HTTP 404
Aug 05 04:19:12.831576 dv-cinder-803000-4-smb devstack@c-api.service[100027]: [pid: 100027|app: 0|req: 121/235] 10.222.0.38 () {60 vars in 1579 bytes} [Thu Aug 5 04:19:12 2021] GET /volume/v3/33622d552f0d48559e3c9e6a034edf00/volumes/3a88630f-75a6-4028-a8f0-a7620fefb05f => generated 109 bytes in 24 msecs (HTTP/1.1 404) 7 headers in 292 bytes (1 switches on core 0)
Aug 05 04:19:12.843530 dv-cinder-803000-4-smb devstack@c-api.service[100028]: /usr/local/lib/python3.8/dist-packages/oslo_context/context.py:105: DeprecationWarning: Policy enforcement is depending on the value of is_admin. This key is deprecated. Please update your policy file to use the standard policy values.
Aug 05 04:19:12.843530 dv-cinder-803000-4-smb devstack@c-api.service[100028]: warnings.warn('Policy enforcement is depending on the value of '
Aug 05 04:19:12.860692 dv-cinder-803000-4-smb devstack@c-api.service[100028]: INFO cinder.volume.api [None req-f4415280-e627-40e2-96f9-901f2d957697 tempest-VolumesTransfersTest-2049213630 tempest-VolumesTransfersTest-2049213630-project] Volume info retrieved successfully.
Aug 05 04:19:12.890687 dv-cinder-803000-4-smb devstack@c-api.service[100028]: INFO cinder.api.openstack.wsgi [None req-f4415280-e627-40e2-96f9-901f2d957697 tempest-VolumesTransfersTest-2049213630 tempest-VolumesTransfersTest-2049213630-project] http://10.222.0.38/volume/v3/63bbd826246843a1bf83e556905b7076/volumes/0ece7c9a-fd90-4fbd-9850-4dde516661b2 returned with HTTP 200
Aug 05 04:19:12.899009 dv-cinder-803000-4-smb devstack@c-api.service[100028]: [pid: 100028|app: 0|req: 115/236] 10.222.0.38 () {58 vars in 1325 bytes} [Thu Aug 5 04:19:12 2021] GET /volume/v3/63bbd826246843a1bf83e556905b7076/volumes/0ece7c9a-fd90-4fbd-9850-4dde516661b2 => generated 887 bytes in 95 msecs (HTTP/1.1 200) 7 headers in 285 bytes (1 switches on core 0)
Aug 05 04:19:13.695619 dv-cinder-803000-4-smb devstack@c-api.service[100027]: INFO cinder.api.openstack.wsgi [None req-d351428f-2d5d-4381-8ff3-da9a7ff4d250 tempest-GroupsTest-798471924 tempest-GroupsTest-798471924-project] GET http://10.222.0.38/volume/v3/4e5a73059fc94b4da1c094d4208c6567/volumes/3ec8c7f7-402b-41bc-8091-29cc1604d92b
Aug 05 04:19:13.696308 dv-cinder-803000-4-smb devstack@c-api.service[100027]: DEBUG cinder.api.openstack.wsgi [None req-d351428f-2d5d-4381-8ff3-da9a7ff4d250 tempest-GroupsTest-798471924 tempest-GroupsTest-798471924-project] Empty body provided in request {{(pid=100027) get_body /opt/stack/cinder/cinder/api/openstack/wsgi.py:703}}
Aug 05 04:19:13.696833 dv-cinder-803000-4-smb devstack@c-api.service[100027]: DEBUG cinder.api.openstack.wsgi [None req-d351428f-2d5d-4381-8ff3-da9a7ff4d250 tempest-GroupsTest-798471924 tempest-GroupsTest-798471924-project] Calling method 'show' {{(pid=100027) _process_stack /opt/stack/cinder/cinder/api/openstack/wsgi.py:856}}
Aug 05 04:19:13.709389 dv-cinder-803000-4-smb devstack@c-api.service[100027]: INFO cinder.api.openstack.wsgi [None req-d351428f-2d5d-4381-8ff3-da9a7ff4d250 tempest-GroupsTest-798471924 tempest-GroupsTest-798471924-project] http://10.222.0.38/volume/v3/4e5a73059fc94b4da1c094d4208c6567/volumes/3ec8c7f7-402b-41bc-8091-29cc1604d92b returned with HTTP 404
Aug 05 04:19:13.710936 dv-cinder-803000-4-smb devstack@c-api.service[100027]: [pid: 100027|app: 0|req: 122/237] 10.222.0.38 () {60 vars in 1366 bytes} [Thu Aug 5 04:19:13 2021] GET /volume/v3/4e5a73059fc94b4da1c094d4208c6567/volumes/3ec8c7f7-402b-41bc-8091-29cc1604d92b => generated 109 bytes in 24 msecs (HTTP/1.1 404) 7 headers in 293 bytes (1 switches on core 0)
