Aug 02 09:55:37.091780 dv-cinder-803000-2-iscsi devstack@n-api.service[107340]: DEBUG nova.api.openstack.wsgi [None req-31f09da0-17f2-45cc-b6e0-62a48dbd47af tempest-DeleteServersTestJSON-1604607181 tempest-DeleteServersTestJSON-1604607181-project] Calling method '>' {{(pid=107340) _process_stack /opt/stack/nova/nova/api/openstack/wsgi.py:513}}
Aug 02 09:55:37.092769 dv-cinder-803000-2-iscsi devstack@n-api.service[107340]: DEBUG nova.compute.api [None req-31f09da0-17f2-45cc-b6e0-62a48dbd47af tempest-DeleteServersTestJSON-1604607181 tempest-DeleteServersTestJSON-1604607181-project] [instance: ce8526d8-a4b1-422c-97da-7366e7d0523a] Fetching instance by UUID {{(pid=107340) get /opt/stack/nova/nova/compute/api.py:2791}}
Aug 02 09:55:37.439135 dv-cinder-803000-2-iscsi devstack@n-api.service[107340]: DEBUG nova.policy [None req-31f09da0-17f2-45cc-b6e0-62a48dbd47af tempest-DeleteServersTestJSON-1604607181 tempest-DeleteServersTestJSON-1604607181-project] Policy check for os_compute_api:os-extended-server-attributes failed with credentials {'is_admin': False, 'user_id': '0f2e53c61c5c41f089bc3f3b6d27bdf2', 'user_domain_id': 'default', 'system_scope': None, 'domain_id': None, 'project_id': 'aa2759a0f5ba4c3d85f615028ad0e960', 'project_domain_id': 'default', 'roles': ['reader', 'member'], 'is_admin_project': True, 'service_user_id': None, 'service_user_domain_id': None, 'service_project_id': None, 'service_project_domain_id': None, 'service_roles': []} {{(pid=107340) authorize /opt/stack/nova/nova/policy.py:199}}
Aug 02 09:55:37.451567 dv-cinder-803000-2-iscsi devstack@n-api.service[107340]: INFO nova.api.openstack.requestlog [None req-31f09da0-17f2-45cc-b6e0-62a48dbd47af tempest-DeleteServersTestJSON-1604607181 tempest-DeleteServersTestJSON-1604607181-project] 10.222.0.18 "GET /compute/v2.1/servers/ce8526d8-a4b1-422c-97da-7366e7d0523a" status: 200 len: 1214 microversion: 2.1 time: 0.362781
Aug 02 09:55:37.452197 dv-cinder-803000-2-iscsi devstack@n-api.service[107340]: [pid: 107340|app: 0|req: 4/13] 10.222.0.18 () {58 vars in 1236 bytes} [Mon Aug 2 09:55:37 2021] GET /compute/v2.1/servers/ce8526d8-a4b1-422c-97da-7366e7d0523a => generated 1214 bytes in 366 msecs (HTTP/1.1 200) 9 headers in 358 bytes (1 switches on core 0)
Aug 02 09:55:37.685205 dv-cinder-803000-2-iscsi devstack@n-api.service[107341]: DEBUG nova.api.openstack.wsgi [None req-921b73ba-dbfb-46ec-88ab-5dde2155c37f tempest-AttachVolumeNegativeTest-416002029 tempest-AttachVolumeNegativeTest-416002029-project] Calling method '>' {{(pid=107341) _process_stack /opt/stack/nova/nova/api/openstack/wsgi.py:513}}
Aug 02 09:55:37.685824 dv-cinder-803000-2-iscsi devstack@n-api.service[107341]: DEBUG nova.compute.api [None req-921b73ba-dbfb-46ec-88ab-5dde2155c37f tempest-AttachVolumeNegativeTest-416002029 tempest-AttachVolumeNegativeTest-416002029-project] [instance: 1b9b8f53-97dd-4e59-8fe3-93d5064da492] Fetching instance by UUID {{(pid=107341) get /opt/stack/nova/nova/compute/api.py:2791}}
Aug 02 09:55:37.694210 dv-cinder-803000-2-iscsi devstack@n-api.service[107341]: DEBUG oslo_concurrency.lockutils [None req-921b73ba-dbfb-46ec-88ab-5dde2155c37f tempest-AttachVolumeNegativeTest-416002029 tempest-AttachVolumeNegativeTest-416002029-project] Lock "87d7fb81-642d-4602-a6b6-0721436f2d08" acquired by "nova.context.set_target_cell..get_or_set_cached_cell_and_set_connections" :: waited 0.000s {{(pid=107341) inner /usr/local/lib/python3.8/dist-packages/oslo_concurrency/lockutils.py:355}}
Aug 02 09:55:37.694659 dv-cinder-803000-2-iscsi devstack@n-api.service[107341]: DEBUG oslo_concurrency.lockutils [None req-921b73ba-dbfb-46ec-88ab-5dde2155c37f tempest-AttachVolumeNegativeTest-416002029 tempest-AttachVolumeNegativeTest-416002029-project] Lock "87d7fb81-642d-4602-a6b6-0721436f2d08" released by "nova.context.set_target_cell..get_or_set_cached_cell_and_set_connections" :: held 0.001s {{(pid=107341) inner /usr/local/lib/python3.8/dist-packages/oslo_concurrency/lockutils.py:367}}
Aug 02 09:55:37.700469 dv-cinder-803000-2-iscsi devstack@n-api.service[107341]: DEBUG oslo_concurrency.lockutils [None req-921b73ba-dbfb-46ec-88ab-5dde2155c37f tempest-AttachVolumeNegativeTest-416002029 tempest-AttachVolumeNegativeTest-416002029-project] Lock "87d7fb81-642d-4602-a6b6-0721436f2d08" acquired by "nova.context.set_target_cell..get_or_set_cached_cell_and_set_connections" :: waited 0.000s {{(pid=107341) inner /usr/local/lib/python3.8/dist-packages/oslo_concurrency/lockutils.py:355}}
Aug 02 09:55:37.704650 dv-cinder-803000-2-iscsi devstack@n-api.service[107341]: DEBUG oslo_concurrency.lockutils [None req-921b73ba-dbfb-46ec-88ab-5dde2155c37f tempest-AttachVolumeNegativeTest-416002029 tempest-AttachVolumeNegativeTest-416002029-project] Lock "87d7fb81-642d-4602-a6b6-0721436f2d08" released by "nova.context.set_target_cell..get_or_set_cached_cell_and_set_connections" :: held 0.002s {{(pid=107341) inner /usr/local/lib/python3.8/dist-packages/oslo_concurrency/lockutils.py:367}}
Aug 02 09:55:37.784649 dv-cinder-803000-2-iscsi devstack@n-api.service[107340]: DEBUG nova.api.openstack.wsgi [None req-5e224f29-ad79-4b22-ae7d-34e620bce999 tempest-VolumesSnapshotsTestJSON-375210901 tempest-VolumesSnapshotsTestJSON-375210901-project] Calling method '.version_select at 0x7f959d8cfaf0>' {{(pid=107340) _process_stack /opt/stack/nova/nova/api/openstack/wsgi.py:513}}
Aug 02 09:55:37.853320 dv-cinder-803000-2-iscsi devstack@n-api.service[107340]: INFO nova.api.openstack.requestlog [None req-5e224f29-ad79-4b22-ae7d-34e620bce999 tempest-VolumesSnapshotsTestJSON-375210901 tempest-VolumesSnapshotsTestJSON-375210901-project] 10.222.0.18 "GET /compute/v2.1/os-snapshots/54ddfa0e-3f43-4bf2-be26-6ceb15f82897" status: 200 len: 286 microversion: 2.1 time: 0.072309
Aug 02 09:55:37.858891 dv-cinder-803000-2-iscsi devstack@n-api.service[107340]: [pid: 107340|app: 0|req: 5/14] 10.222.0.18 () {58 vars in 1251 bytes} [Mon Aug 2 09:55:37 2021] GET /compute/v2.1/os-snapshots/54ddfa0e-3f43-4bf2-be26-6ceb15f82897 => generated 286 bytes in 79 msecs (HTTP/1.1 200) 9 headers in 357 bytes (1 switches on core 0)
Aug 02 09:55:37.982121 dv-cinder-803000-2-iscsi devstack@n-api.service[107341]: DEBUG nova.policy [None req-921b73ba-dbfb-46ec-88ab-5dde2155c37f tempest-AttachVolumeNegativeTest-416002029 tempest-AttachVolumeNegativeTest-416002029-project] Policy check for os_compute_api:os-extended-server-attributes failed with credentials {'is_admin': False, 'user_id': '51b83e51fb7c4221904e3259204787ee', 'user_domain_id': 'default', 'system_scope': None, 'domain_id': None, 'project_id': '714939cf3640407b88bab848aeb4fbdc', 'project_domain_id': 'default', 'roles': ['reader', 'member'], 'is_admin_project': True, 'service_user_id': None, 'service_user_domain_id': None, 'service_project_id': None, 'service_project_domain_id': None, 'service_roles': []} {{(pid=107341) authorize /opt/stack/nova/nova/policy.py:199}}
Aug 02 09:55:38.001073 dv-cinder-803000-2-iscsi devstack@n-api.service[107341]: INFO nova.api.openstack.requestlog [None req-921b73ba-dbfb-46ec-88ab-5dde2155c37f tempest-AttachVolumeNegativeTest-416002029 tempest-AttachVolumeNegativeTest-416002029-project] 10.222.0.18 "GET /compute/v2.1/servers/1b9b8f53-97dd-4e59-8fe3-93d5064da492" status: 200 len: 1221 microversion: 2.1 time: 0.319394
Aug 02 09:55:38.008282 dv-cinder-803000-2-iscsi devstack@n-api.service[107341]: [pid: 107341|app: 0|req: 10/15] 10.222.0.18 () {58 vars in 1236 bytes} [Mon Aug 2 09:55:37 2021] GET /compute/v2.1/servers/1b9b8f53-97dd-4e59-8fe3-93d5064da492 => generated 1221 bytes in 324 msecs (HTTP/1.1 200) 9 headers in 358 bytes (1 switches on core 0)
Aug 02 09:55:38.172998 dv-cinder-803000-2-iscsi devstack@n-api.service[107340]: DEBUG nova.api.openstack.wsgi [None req-30d68e14-1328-4cee-ad88-7b4e0f793c6b tempest-AttachVolumeShelveTestJSON-677097745 tempest-AttachVolumeShelveTestJSON-677097745-project] Action: 'create', calling method: .version_select at 0x7f959d8d8550>, body: {"keypair": {"name": "tempest-keypair-700344917"}} {{(pid=107340) _process_stack /opt/stack/nova/nova/api/openstack/wsgi.py:511}}
Aug 02 09:55:38.216761 dv-cinder-803000-2-iscsi devstack@n-api.service[107340]: DEBUG nova.quota [None req-30d68e14-1328-4cee-ad88-7b4e0f793c6b tempest-AttachVolumeShelveTestJSON-677097745 tempest-AttachVolumeShelveTestJSON-677097745-project] Getting quotas for project 39fac7826381440cb4cc60e503d3a8e9. Resources: {'key_pairs'} {{(pid=107340) _get_quotas /opt/stack/nova/nova/quota.py:384}}
Aug 02 09:55:38.220810 dv-cinder-803000-2-iscsi devstack@n-api.service[107340]: DEBUG nova.quota [None req-30d68e14-1328-4cee-ad88-7b4e0f793c6b tempest-AttachVolumeShelveTestJSON-677097745 tempest-AttachVolumeShelveTestJSON-677097745-project] Getting quotas for user a7ffb74429c84b968af8962cb5dcb5d0 and project 39fac7826381440cb4cc60e503d3a8e9. Resources: {'key_pairs'} {{(pid=107340) _get_quotas /opt/stack/nova/nova/quota.py:374}}
Aug 02 09:55:38.469077 dv-cinder-803000-2-iscsi devstack@n-api.service[107341]: DEBUG nova.api.openstack.wsgi [None req-8701ac6f-39a8-405b-b358-1e23f1dc7546 tempest-DeleteServersTestJSON-1604607181 tempest-DeleteServersTestJSON-1604607181-project] Calling method '>' {{(pid=107341) _process_stack /opt/stack/nova/nova/api/openstack/wsgi.py:513}}
Aug 02 09:55:38.469886 dv-cinder-803000-2-iscsi devstack@n-api.service[107341]: DEBUG nova.compute.api [None req-8701ac6f-39a8-405b-b358-1e23f1dc7546 tempest-DeleteServersTestJSON-1604607181 tempest-DeleteServersTestJSON-1604607181-project] [instance: ce8526d8-a4b1-422c-97da-7366e7d0523a] Fetching instance by UUID {{(pid=107341) get /opt/stack/nova/nova/compute/api.py:2791}}
Aug 02 09:55:38.486803 dv-cinder-803000-2-iscsi devstack@n-api.service[107341]: DEBUG oslo_concurrency.lockutils [None req-8701ac6f-39a8-405b-b358-1e23f1dc7546 tempest-DeleteServersTestJSON-1604607181 tempest-DeleteServersTestJSON-1604607181-project] Lock "87d7fb81-642d-4602-a6b6-0721436f2d08" acquired by "nova.context.set_target_cell..get_or_set_cached_cell_and_set_connections" :: waited 0.000s {{(pid=107341) inner /usr/local/lib/python3.8/dist-packages/oslo_concurrency/lockutils.py:355}}
Aug 02 09:55:38.487408 dv-cinder-803000-2-iscsi devstack@n-api.service[107341]: DEBUG oslo_concurrency.lockutils [None req-8701ac6f-39a8-405b-b358-1e23f1dc7546 tempest-DeleteServersTestJSON-1604607181 tempest-DeleteServersTestJSON-1604607181-project] Lock "87d7fb81-642d-4602-a6b6-0721436f2d08" released by "nova.context.set_target_cell..get_or_set_cached_cell_and_set_connections" :: held 0.001s {{(pid=107341) inner /usr/local/lib/python3.8/dist-packages/oslo_concurrency/lockutils.py:367}}
Aug 02 09:55:38.488242 dv-cinder-803000-2-iscsi devstack@n-api.service[107341]: DEBUG oslo_concurrency.lockutils [None req-8701ac6f-39a8-405b-b358-1e23f1dc7546 tempest-DeleteServersTestJSON-1604607181 tempest-DeleteServersTestJSON-1604607181-project] Lock "87d7fb81-642d-4602-a6b6-0721436f2d08" acquired by "nova.context.set_target_cell..get_or_set_cached_cell_and_set_connections" :: waited 0.000s {{(pid=107341) inner /usr/local/lib/python3.8/dist-packages/oslo_concurrency/lockutils.py:355}}
Aug 02 09:55:38.492665 dv-cinder-803000-2-iscsi devstack@n-api.service[107341]: DEBUG oslo_concurrency.lockutils [None req-8701ac6f-39a8-405b-b358-1e23f1dc7546 tempest-DeleteServersTestJSON-1604607181 tempest-DeleteServersTestJSON-1604607181-project] Lock "87d7fb81-642d-4602-a6b6-0721436f2d08" released by "nova.context.set_target_cell..get_or_set_cached_cell_and_set_connections" :: held 0.004s {{(pid=107341) inner /usr/local/lib/python3.8/dist-packages/oslo_concurrency/lockutils.py:367}}
Aug 02 09:55:38.582392 dv-cinder-803000-2-iscsi devstack@n-api.service[107341]: DEBUG nova.policy [None req-8701ac6f-39a8-405b-b358-1e23f1dc7546 tempest-DeleteServersTestJSON-1604607181 tempest-DeleteServersTestJSON-1604607181-project] Policy check for os_compute_api:os-extended-server-attributes failed with credentials {'is_admin': False, 'user_id': '0f2e53c61c5c41f089bc3f3b6d27bdf2', 'user_domain_id': 'default', 'system_scope': None, 'domain_id': None, 'project_id': 'aa2759a0f5ba4c3d85f615028ad0e960', 'project_domain_id': 'default', 'roles': ['reader', 'member'], 'is_admin_project': True, 'service_user_id': None, 'service_user_domain_id': None, 'service_project_id': None, 'service_project_domain_id': None, 'service_roles': []} {{(pid=107341) authorize /opt/stack/nova/nova/policy.py:199}}
Aug 02 09:55:38.591050 dv-cinder-803000-2-iscsi devstack@n-api.service[107341]: INFO nova.api.openstack.requestlog [None req-8701ac6f-39a8-405b-b358-1e23f1dc7546 tempest-DeleteServersTestJSON-1604607181 tempest-DeleteServersTestJSON-1604607181-project] 10.222.0.18 "GET /compute/v2.1/servers/ce8526d8-a4b1-422c-97da-7366e7d0523a" status: 200 len: 1218 microversion: 2.1 time: 0.125923
Aug 02 09:55:38.594689 dv-cinder-803000-2-iscsi devstack@n-api.service[107341]: [pid: 107341|app: 0|req: 11/16] 10.222.0.18 () {58 vars in 1236 bytes} [Mon Aug 2 09:55:38 2021] GET /compute/v2.1/servers/ce8526d8-a4b1-422c-97da-7366e7d0523a => generated 1218 bytes in 130 msecs (HTTP/1.1 200) 9 headers in 358 bytes (2 switches on core 0)
Aug 02 09:55:38.819339 dv-cinder-803000-2-iscsi devstack@n-api.service[107340]: DEBUG nova.quota [None req-30d68e14-1328-4cee-ad88-7b4e0f793c6b tempest-AttachVolumeShelveTestJSON-677097745 tempest-AttachVolumeShelveTestJSON-677097745-project] Getting quotas for project 39fac7826381440cb4cc60e503d3a8e9. Resources: {'key_pairs'} {{(pid=107340) _get_quotas /opt/stack/nova/nova/quota.py:384}}
Aug 02 09:55:38.825028 dv-cinder-803000-2-iscsi devstack@n-api.service[107340]: DEBUG nova.quota [None req-30d68e14-1328-4cee-ad88-7b4e0f793c6b tempest-AttachVolumeShelveTestJSON-677097745 tempest-AttachVolumeShelveTestJSON-677097745-project] Getting quotas for user a7ffb74429c84b968af8962cb5dcb5d0 and project 39fac7826381440cb4cc60e503d3a8e9. Resources: {'key_pairs'} {{(pid=107340) _get_quotas /opt/stack/nova/nova/quota.py:374}}
Aug 02 09:55:38.841423 dv-cinder-803000-2-iscsi devstack@n-api.service[107340]: INFO nova.api.openstack.requestlog [None req-30d68e14-1328-4cee-ad88-7b4e0f793c6b tempest-AttachVolumeShelveTestJSON-677097745 tempest-AttachVolumeShelveTestJSON-677097745-project] 10.222.0.18 "POST /compute/v2.1/os-keypairs" status: 201 len: 2315 microversion: 2.20 time: 0.735205
Aug 02 09:55:38.848289 dv-cinder-803000-2-iscsi devstack@n-api.service[107340]: [pid: 107340|app: 0|req: 6/17] 10.222.0.18 () {62 vars in 1199 bytes} [Mon Aug 2 09:55:38 2021] POST /compute/v2.1/os-keypairs => generated 2315 bytes in 743 msecs (HTTP/1.1 201) 9 headers in 365 bytes (1 switches on core 0)
Aug 02 09:55:38.870382 dv-cinder-803000-2-iscsi devstack@n-api.service[107341]: DEBUG nova.api.openstack.wsgi [None req-8dec83bd-02b3-4229-8c78-50ff1f59530f tempest-VolumesSnapshotsTestJSON-375210901 tempest-VolumesSnapshotsTestJSON-375210901-project] Calling method '.version_select at 0x7f959d852790>' {{(pid=107341) _process_stack /opt/stack/nova/nova/api/openstack/wsgi.py:513}}
Aug 02 09:55:38.902818 dv-cinder-803000-2-iscsi devstack@n-api.service[107341]: INFO nova.api.openstack.requestlog [None req-8dec83bd-02b3-4229-8c78-50ff1f59530f tempest-VolumesSnapshotsTestJSON-375210901 tempest-VolumesSnapshotsTestJSON-375210901-project] 10.222.0.18 "GET /compute/v2.1/os-snapshots/54ddfa0e-3f43-4bf2-be26-6ceb15f82897" status: 200 len: 286 microversion: 2.1 time: 0.036145
Aug 02 09:55:38.903834 dv-cinder-803000-2-iscsi devstack@n-api.service[107341]: [pid: 107341|app: 0|req: 12/18] 10.222.0.18 () {58 vars in 1251 bytes} [Mon Aug 2 09:55:38 2021] GET /compute/v2.1/os-snapshots/54ddfa0e-3f43-4bf2-be26-6ceb15f82897 => generated 286 bytes in 38 msecs (HTTP/1.1 200) 9 headers in 357 bytes (1 switches on core 0)
Aug 02 09:55:39.020344 dv-cinder-803000-2-iscsi devstack@n-api.service[107340]: DEBUG nova.api.openstack.wsgi [None req-fd98564b-b3ae-4048-af53-6263a2bab697 tempest-AttachVolumeNegativeTest-416002029 tempest-AttachVolumeNegativeTest-416002029-project] Calling method '>' {{(pid=107340) _process_stack /opt/stack/nova/nova/api/openstack/wsgi.py:513}}
Aug 02 09:55:39.020969 dv-cinder-803000-2-iscsi devstack@n-api.service[107340]: DEBUG nova.compute.api [None req-fd98564b-b3ae-4048-af53-6263a2bab697 tempest-AttachVolumeNegativeTest-416002029 tempest-AttachVolumeNegativeTest-416002029-project] [instance: 1b9b8f53-97dd-4e59-8fe3-93d5064da492] Fetching instance by UUID {{(pid=107340) get /opt/stack/nova/nova/compute/api.py:2791}}
Aug 02 09:55:39.066468 dv-cinder-803000-2-iscsi devstack@n-api.service[107340]: DEBUG oslo_concurrency.lockutils [None req-fd98564b-b3ae-4048-af53-6263a2bab697 tempest-AttachVolumeNegativeTest-416002029 tempest-AttachVolumeNegativeTest-416002029-project] Lock "87d7fb81-642d-4602-a6b6-0721436f2d08" acquired by "nova.context.set_target_cell..get_or_set_cached_cell_and_set_connections" :: waited 0.014s {{(pid=107340) inner /usr/local/lib/python3.8/dist-packages/oslo_concurrency/lockutils.py:355}}
Aug 02 09:55:39.068186 dv-cinder-803000-2-iscsi devstack@n-api.service[107340]: DEBUG oslo_concurrency.lockutils [None req-fd98564b-b3ae-4048-af53-6263a2bab697 tempest-AttachVolumeNegativeTest-416002029 tempest-AttachVolumeNegativeTest-416002029-project] Lock "87d7fb81-642d-4602-a6b6-0721436f2d08" released by "nova.context.set_target_cell..get_or_set_cached_cell_and_set_connections" :: held 0.001s {{(pid=107340) inner /usr/local/lib/python3.8/dist-packages/oslo_concurrency/lockutils.py:367}}
Aug 02 09:55:39.070976 dv-cinder-803000-2-iscsi devstack@n-api.service[107340]: DEBUG oslo_concurrency.lockutils [None req-fd98564b-b3ae-4048-af53-6263a2bab697 tempest-AttachVolumeNegativeTest-416002029 tempest-AttachVolumeNegativeTest-416002029-project] Lock "87d7fb81-642d-4602-a6b6-0721436f2d08" acquired by "nova.context.set_target_cell..get_or_set_cached_cell_and_set_connections" :: waited 0.000s {{(pid=107340) inner /usr/local/lib/python3.8/dist-packages/oslo_concurrency/lockutils.py:355}}
Aug 02 09:55:39.072645 dv-cinder-803000-2-iscsi devstack@n-api.service[107340]: DEBUG oslo_concurrency.lockutils [None req-fd98564b-b3ae-4048-af53-6263a2bab697 tempest-AttachVolumeNegativeTest-416002029 tempest-AttachVolumeNegativeTest-416002029-project] Lock "87d7fb81-642d-4602-a6b6-0721436f2d08" released by "nova.context.set_target_cell..get_or_set_cached_cell_and_set_connections" :: held 0.003s {{(pid=107340) inner /usr/local/lib/python3.8/dist-packages/oslo_concurrency/lockutils.py:367}}
Aug 02 09:55:39.346823 dv-cinder-803000-2-iscsi devstack@n-api.service[107340]: DEBUG nova.policy [None req-fd98564b-b3ae-4048-af53-6263a2bab697 tempest-AttachVolumeNegativeTest-416002029 tempest-AttachVolumeNegativeTest-416002029-project] Policy check for os_compute_api:os-extended-server-attributes failed with credentials {'is_admin': False, 'user_id': '51b83e51fb7c4221904e3259204787ee', 'user_domain_id': 'default', 'system_scope': None, 'domain_id': None, 'project_id': '714939cf3640407b88bab848aeb4fbdc', 'project_domain_id': 'default', 'roles': ['reader', 'member'], 'is_admin_project': True, 'service_user_id': None, 'service_user_domain_id': None, 'service_project_id': None, 'service_project_domain_id': None, 'service_roles': []} {{(pid=107340) authorize /opt/stack/nova/nova/policy.py:199}}
Aug 02 09:55:39.369254 dv-cinder-803000-2-iscsi devstack@n-api.service[107340]: INFO nova.api.openstack.requestlog [None req-fd98564b-b3ae-4048-af53-6263a2bab697 tempest-AttachVolumeNegativeTest-416002029 tempest-AttachVolumeNegativeTest-416002029-project] 10.222.0.18 "GET /compute/v2.1/servers/1b9b8f53-97dd-4e59-8fe3-93d5064da492" status: 200 len: 1221 microversion: 2.1 time: 0.351279
Aug 02 09:55:39.386943 dv-cinder-803000-2-iscsi devstack@n-api.service[107340]: [pid: 107340|app: 0|req: 7/19] 10.222.0.18 () {58 vars in 1236 bytes} [Mon Aug 2 09:55:39 2021] GET /compute/v2.1/servers/1b9b8f53-97dd-4e59-8fe3-93d5064da492 => generated 1221 bytes in 372 msecs (HTTP/1.1 200) 9 headers in 358 bytes (1 switches on core 0)
Aug 02 09:55:39.611475 dv-cinder-803000-2-iscsi devstack@n-api.service[107341]: DEBUG nova.api.openstack.wsgi [None req-4294e775-8d10-4130-bbbf-73b5406e6259 tempest-DeleteServersTestJSON-1604607181 tempest-DeleteServersTestJSON-1604607181-project] Calling method '>' {{(pid=107341) _process_stack /opt/stack/nova/nova/api/openstack/wsgi.py:513}}
Aug 02 09:55:39.612526 dv-cinder-803000-2-iscsi devstack@n-api.service[107341]: DEBUG nova.compute.api [None req-4294e775-8d10-4130-bbbf-73b5406e6259 tempest-DeleteServersTestJSON-1604607181 tempest-DeleteServersTestJSON-1604607181-project] [instance: ce8526d8-a4b1-422c-97da-7366e7d0523a] Fetching instance by UUID {{(pid=107341) get /opt/stack/nova/nova/compute/api.py:2791}}
Aug 02 09:55:39.628457 dv-cinder-803000-2-iscsi devstack@n-api.service[107341]: DEBUG oslo_concurrency.lockutils [None req-4294e775-8d10-4130-bbbf-73b5406e6259 tempest-DeleteServersTestJSON-1604607181 tempest-DeleteServersTestJSON-1604607181-project] Lock "87d7fb81-642d-4602-a6b6-0721436f2d08" acquired by "nova.context.set_target_cell..get_or_set_cached_cell_and_set_connections" :: waited 0.000s {{(pid=107341) inner /usr/local/lib/python3.8/dist-packages/oslo_concurrency/lockutils.py:355}}
Aug 02 09:55:39.629106 dv-cinder-803000-2-iscsi devstack@n-api.service[107341]: DEBUG oslo_concurrency.lockutils [None req-4294e775-8d10-4130-bbbf-73b5406e6259 tempest-DeleteServersTestJSON-1604607181 tempest-DeleteServersTestJSON-1604607181-project] Lock "87d7fb81-642d-4602-a6b6-0721436f2d08" released by "nova.context.set_target_cell..get_or_set_cached_cell_and_set_connections" :: held 0.001s {{(pid=107341) inner /usr/local/lib/python3.8/dist-packages/oslo_concurrency/lockutils.py:367}}
Aug 02 09:55:39.630056 dv-cinder-803000-2-iscsi devstack@n-api.service[107341]: DEBUG oslo_concurrency.lockutils [None req-4294e775-8d10-4130-bbbf-73b5406e6259 tempest-DeleteServersTestJSON-1604607181 tempest-DeleteServersTestJSON-1604607181-project] Lock "87d7fb81-642d-4602-a6b6-0721436f2d08" acquired by "nova.context.set_target_cell..get_or_set_cached_cell_and_set_connections" :: waited 0.000s {{(pid=107341) inner /usr/local/lib/python3.8/dist-packages/oslo_concurrency/lockutils.py:355}}
Aug 02 09:55:39.630659 dv-cinder-803000-2-iscsi devstack@n-api.service[107341]: DEBUG oslo_concurrency.lockutils [None req-4294e775-8d10-4130-bbbf-73b5406e6259 tempest-DeleteServersTestJSON-1604607181 tempest-DeleteServersTestJSON-1604607181-project] Lock "87d7fb81-642d-4602-a6b6-0721436f2d08" released by "nova.context.set_target_cell..get_or_set_cached_cell_and_set_connections" :: held 0.001s {{(pid=107341) inner /usr/local/lib/python3.8/dist-packages/oslo_concurrency/lockutils.py:367}}
Aug 02 09:55:39.916598 dv-cinder-803000-2-iscsi devstack@n-api.service[107340]: DEBUG nova.api.openstack.wsgi [None req-aa5e44a0-2912-4fe0-b620-3aceb161ee3c tempest-VolumesSnapshotsTestJSON-375210901 tempest-VolumesSnapshotsTestJSON-375210901-project] Calling method '.version_select at 0x7f959d0175e0>' {{(pid=107340) _process_stack /opt/stack/nova/nova/api/openstack/wsgi.py:513}}
Aug 02 09:55:39.974898 dv-cinder-803000-2-iscsi devstack@n-api.service[107340]: INFO nova.api.openstack.requestlog [None req-aa5e44a0-2912-4fe0-b620-3aceb161ee3c tempest-VolumesSnapshotsTestJSON-375210901 tempest-VolumesSnapshotsTestJSON-375210901-project] 10.222.0.18 "GET /compute/v2.1/os-snapshots/54ddfa0e-3f43-4bf2-be26-6ceb15f82897" status: 200 len: 286 microversion: 2.1 time: 0.063746
Aug 02 09:55:39.975769 dv-cinder-803000-2-iscsi devstack@n-api.service[107340]: [pid: 107340|app: 0|req: 8/20] 10.222.0.18 () {58 vars in 1251 bytes} [Mon Aug 2 09:55:39 2021] GET /compute/v2.1/os-snapshots/54ddfa0e-3f43-4bf2-be26-6ceb15f82897 => generated 286 bytes in 65 msecs (HTTP/1.1 200) 9 headers in 357 bytes (1 switches on core 0)
Aug 02 09:55:40.007677 dv-cinder-803000-2-iscsi devstack@n-api.service[107341]: DEBUG nova.policy [None req-4294e775-8d10-4130-bbbf-73b5406e6259 tempest-DeleteServersTestJSON-1604607181 tempest-DeleteServersTestJSON-1604607181-project] Policy check for os_compute_api:os-extended-server-attributes failed with credentials {'is_admin': False, 'user_id': '0f2e53c61c5c41f089bc3f3b6d27bdf2', 'user_domain_id': 'default', 'system_scope': None, 'domain_id': None, 'project_id': 'aa2759a0f5ba4c3d85f615028ad0e960', 'project_domain_id': 'default', 'roles': ['reader', 'member'], 'is_admin_project': True, 'service_user_id': None, 'service_user_domain_id': None, 'service_project_id': None, 'service_project_domain_id': None, 'service_roles': []} {{(pid=107341) authorize /opt/stack/nova/nova/policy.py:199}}
Aug 02 09:55:40.019368 dv-cinder-803000-2-iscsi devstack@n-api.service[107341]: INFO nova.api.openstack.requestlog [None req-4294e775-8d10-4130-bbbf-73b5406e6259 tempest-DeleteServersTestJSON-1604607181 tempest-DeleteServersTestJSON-1604607181-project] 10.222.0.18 "GET /compute/v2.1/servers/ce8526d8-a4b1-422c-97da-7366e7d0523a" status: 200 len: 1218 microversion: 2.1 time: 0.412258
Aug 02 09:55:40.034370 dv-cinder-803000-2-iscsi devstack@n-api.service[107341]: [pid: 107341|app: 0|req: 13/21] 10.222.0.18 () {58 vars in 1236 bytes} [Mon Aug 2 09:55:39 2021] GET /compute/v2.1/servers/ce8526d8-a4b1-422c-97da-7366e7d0523a => generated 1218 bytes in 428 msecs (HTTP/1.1 200) 9 headers in 358 bytes (1 switches on core 0)
Aug 02 09:55:40.386893 dv-cinder-803000-2-iscsi devstack@n-api.service[107340]: DEBUG nova.api.openstack.wsgi [None req-5bfba102-324c-4121-9b39-3d48b1d19ccf tempest-AttachVolumeNegativeTest-416002029 tempest-AttachVolumeNegativeTest-416002029-project] Calling method '>' {{(pid=107340) _process_stack /opt/stack/nova/nova/api/openstack/wsgi.py:513}}
Aug 02 09:55:40.387507 dv-cinder-803000-2-iscsi devstack@n-api.service[107340]: DEBUG nova.compute.api [None req-5bfba102-324c-4121-9b39-3d48b1d19ccf tempest-AttachVolumeNegativeTest-416002029 tempest-AttachVolumeNegativeTest-416002029-project] [instance: 1b9b8f53-97dd-4e59-8fe3-93d5064da492] Fetching instance by UUID {{(pid=107340) get /opt/stack/nova/nova/compute/api.py:2791}}
Aug 02 09:55:40.398899 dv-cinder-803000-2-iscsi devstack@n-api.service[107340]: DEBUG oslo_concurrency.lockutils [None req-5bfba102-324c-4121-9b39-3d48b1d19ccf tempest-AttachVolumeNegativeTest-416002029 tempest-AttachVolumeNegativeTest-416002029-project] Lock "87d7fb81-642d-4602-a6b6-0721436f2d08" acquired by "nova.context.set_target_cell..get_or_set_cached_cell_and_set_connections" :: waited 0.000s {{(pid=107340) inner /usr/local/lib/python3.8/dist-packages/oslo_concurrency/lockutils.py:355}}
Aug 02 09:55:40.399922 dv-cinder-803000-2-iscsi devstack@n-api.service[107340]: DEBUG oslo_concurrency.lockutils [None req-5bfba102-324c-4121-9b39-3d48b1d19ccf tempest-AttachVolumeNegativeTest-416002029 tempest-AttachVolumeNegativeTest-416002029-project] Lock "87d7fb81-642d-4602-a6b6-0721436f2d08" released by "nova.context.set_target_cell..get_or_set_cached_cell_and_set_connections" :: held 0.001s {{(pid=107340) inner /usr/local/lib/python3.8/dist-packages/oslo_concurrency/lockutils.py:367}}
Aug 02 09:55:40.402538 dv-cinder-803000-2-iscsi devstack@n-api.service[107340]: DEBUG oslo_concurrency.lockutils [None req-5bfba102-324c-4121-9b39-3d48b1d19ccf tempest-AttachVolumeNegativeTest-416002029 tempest-AttachVolumeNegativeTest-416002029-project] Lock "87d7fb81-642d-4602-a6b6-0721436f2d08" acquired by "nova.context.set_target_cell..get_or_set_cached_cell_and_set_connections" :: waited 0.000s {{(pid=107340) inner /usr/local/lib/python3.8/dist-packages/oslo_concurrency/lockutils.py:355}}
Aug 02 09:55:40.405897 dv-cinder-803000-2-iscsi devstack@n-api.service[107340]: DEBUG oslo_concurrency.lockutils [None req-5bfba102-324c-4121-9b39-3d48b1d19ccf tempest-AttachVolumeNegativeTest-416002029 tempest-AttachVolumeNegativeTest-416002029-project] Lock "87d7fb81-642d-4602-a6b6-0721436f2d08" released by "nova.context.set_target_cell..get_or_set_cached_cell_and_set_connections" :: held 0.001s {{(pid=107340) inner /usr/local/lib/python3.8/dist-packages/oslo_concurrency/lockutils.py:367}}
Aug 02 09:55:40.514364 dv-cinder-803000-2-iscsi devstack@n-api.service[107340]: DEBUG nova.policy [None req-5bfba102-324c-4121-9b39-3d48b1d19ccf tempest-AttachVolumeNegativeTest-416002029 tempest-AttachVolumeNegativeTest-416002029-project] Policy check for os_compute_api:os-extended-server-attributes failed with credentials {'is_admin': False, 'user_id': '51b83e51fb7c4221904e3259204787ee', 'user_domain_id': 'default', 'system_scope': None, 'domain_id': None, 'project_id': '714939cf3640407b88bab848aeb4fbdc', 'project_domain_id': 'default', 'roles': ['reader', 'member'], 'is_admin_project': True, 'service_user_id': None, 'service_user_domain_id': None, 'service_project_id': None, 'service_project_domain_id': None, 'service_roles': []} {{(pid=107340) authorize /opt/stack/nova/nova/policy.py:199}}
Aug 02 09:55:40.522202 dv-cinder-803000-2-iscsi devstack@n-api.service[107340]: INFO nova.api.openstack.requestlog [None req-5bfba102-324c-4121-9b39-3d48b1d19ccf tempest-AttachVolumeNegativeTest-416002029 tempest-AttachVolumeNegativeTest-416002029-project] 10.222.0.18 "GET /compute/v2.1/servers/1b9b8f53-97dd-4e59-8fe3-93d5064da492" status: 200 len: 1221 microversion: 2.1 time: 0.139138
Aug 02 09:55:40.525437 dv-cinder-803000-2-iscsi devstack@n-api.service[107340]: [pid: 107340|app: 0|req: 9/22] 10.222.0.18 () {58 vars in 1236 bytes} [Mon Aug 2 09:55:40 2021] GET /compute/v2.1/servers/1b9b8f53-97dd-4e59-8fe3-93d5064da492 => generated 1221 bytes in 143 msecs (HTTP/1.1 200) 9 headers in 358 bytes (1 switches on core 0)
Aug 02 09:55:40.988576 dv-cinder-803000-2-iscsi devstack@n-api.service[107341]: DEBUG nova.api.openstack.wsgi [None req-5de04d6c-024f-4e1b-98bf-b552f74349ae tempest-VolumesSnapshotsTestJSON-375210901 tempest-VolumesSnapshotsTestJSON-375210901-project] Calling method '.version_select at 0x7f959d8d3ee0>' {{(pid=107341) _process_stack /opt/stack/nova/nova/api/openstack/wsgi.py:513}}
Aug 02 09:55:41.041017 dv-cinder-803000-2-iscsi devstack@n-api.service[107341]: INFO nova.api.openstack.requestlog [None req-5de04d6c-024f-4e1b-98bf-b552f74349ae tempest-VolumesSnapshotsTestJSON-375210901 tempest-VolumesSnapshotsTestJSON-375210901-project] 10.222.0.18 "GET /compute/v2.1/os-snapshots/54ddfa0e-3f43-4bf2-be26-6ceb15f82897" status: 200 len: 286 microversion: 2.1 time: 0.057896
Aug 02 09:55:41.045512 dv-cinder-803000-2-iscsi devstack@n-api.service[107341]: [pid: 107341|app: 0|req: 14/23] 10.222.0.18 () {58 vars in 1251 bytes} [Mon Aug 2 09:55:40 2021] GET /compute/v2.1/os-snapshots/54ddfa0e-3f43-4bf2-be26-6ceb15f82897 => generated 286 bytes in 63 msecs (HTTP/1.1 200) 9 headers in 357 bytes (1 switches on core 0)
Aug 02 09:55:41.047943 dv-cinder-803000-2-iscsi devstack@n-api.service[107340]: DEBUG nova.api.openstack.wsgi [None req-04553884-b56e-46b3-9285-47e5cbf71e4a tempest-DeleteServersTestJSON-1604607181 tempest-DeleteServersTestJSON-1604607181-project] Calling method '>' {{(pid=107340) _process_stack /opt/stack/nova/nova/api/openstack/wsgi.py:513}}
Aug 02 09:55:41.050798 dv-cinder-803000-2-iscsi devstack@n-api.service[107340]: DEBUG nova.compute.api [None req-04553884-b56e-46b3-9285-47e5cbf71e4a tempest-DeleteServersTestJSON-1604607181 tempest-DeleteServersTestJSON-1604607181-project] [instance: ce8526d8-a4b1-422c-97da-7366e7d0523a] Fetching instance by UUID {{(pid=107340) get /opt/stack/nova/nova/compute/api.py:2791}}
Aug 02 09:55:41.069301 dv-cinder-803000-2-iscsi devstack@n-api.service[107340]: DEBUG oslo_concurrency.lockutils [None req-04553884-b56e-46b3-9285-47e5cbf71e4a tempest-DeleteServersTestJSON-1604607181 tempest-DeleteServersTestJSON-1604607181-project] Lock "87d7fb81-642d-4602-a6b6-0721436f2d08" acquired by "nova.context.set_target_cell..get_or_set_cached_cell_and_set_connections" :: waited 0.005s {{(pid=107340) inner /usr/local/lib/python3.8/dist-packages/oslo_concurrency/lockutils.py:355}}
Aug 02 09:55:41.073427 dv-cinder-803000-2-iscsi devstack@n-api.service[107340]: DEBUG oslo_concurrency.lockutils [None req-04553884-b56e-46b3-9285-47e5cbf71e4a tempest-DeleteServersTestJSON-1604607181 tempest-DeleteServersTestJSON-1604607181-project] Lock "87d7fb81-642d-4602-a6b6-0721436f2d08" released by "nova.context.set_target_cell..get_or_set_cached_cell_and_set_connections" :: held 0.001s {{(pid=107340) inner /usr/local/lib/python3.8/dist-packages/oslo_concurrency/lockutils.py:367}}
Aug 02 09:55:41.076838 dv-cinder-803000-2-iscsi devstack@n-api.service[107340]: DEBUG oslo_concurrency.lockutils [None req-04553884-b56e-46b3-9285-47e5cbf71e4a tempest-DeleteServersTestJSON-1604607181 tempest-DeleteServersTestJSON-1604607181-project] Lock "87d7fb81-642d-4602-a6b6-0721436f2d08" acquired by "nova.context.set_target_cell..get_or_set_cached_cell_and_set_connections" :: waited 0.000s {{(pid=107340) inner /usr/local/lib/python3.8/dist-packages/oslo_concurrency/lockutils.py:355}}
Aug 02 09:55:41.077373 dv-cinder-803000-2-iscsi devstack@n-api.service[107340]: DEBUG oslo_concurrency.lockutils [None req-04553884-b56e-46b3-9285-47e5cbf71e4a tempest-DeleteServersTestJSON-1604607181 tempest-DeleteServersTestJSON-1604607181-project] Lock "87d7fb81-642d-4602-a6b6-0721436f2d08" released by "nova.context.set_target_cell..get_or_set_cached_cell_and_set_connections" :: held 0.003s {{(pid=107340) inner /usr/local/lib/python3.8/dist-packages/oslo_concurrency/lockutils.py:367}}
Aug 02 09:55:41.204978 dv-cinder-803000-2-iscsi devstack@n-api.service[107340]: DEBUG nova.policy [None req-04553884-b56e-46b3-9285-47e5cbf71e4a tempest-DeleteServersTestJSON-1604607181 tempest-DeleteServersTestJSON-1604607181-project] Policy check for os_compute_api:os-extended-server-attributes failed with credentials {'is_admin': False, 'user_id': '0f2e53c61c5c41f089bc3f3b6d27bdf2', 'user_domain_id': 'default', 'system_scope': None, 'domain_id': None, 'project_id': 'aa2759a0f5ba4c3d85f615028ad0e960', 'project_domain_id': 'default', 'roles': ['reader', 'member'], 'is_admin_project': True, 'service_user_id': None, 'service_user_domain_id': None, 'service_project_id': None, 'service_project_domain_id': None, 'service_roles': []} {{(pid=107340) authorize /opt/stack/nova/nova/policy.py:199}}
Aug 02 09:55:41.233996 dv-cinder-803000-2-iscsi devstack@n-api.service[107340]: INFO nova.api.openstack.requestlog [None req-04553884-b56e-46b3-9285-47e5cbf71e4a tempest-DeleteServersTestJSON-1604607181 tempest-DeleteServersTestJSON-1604607181-project] 10.222.0.18 "GET /compute/v2.1/servers/ce8526d8-a4b1-422c-97da-7366e7d0523a" status: 200 len: 1210 microversion: 2.1 time: 0.195991
Aug 02 09:55:41.237293 dv-cinder-803000-2-iscsi devstack@n-api.service[107340]: [pid: 107340|app: 0|req: 10/24] 10.222.0.18 () {58 vars in 1236 bytes} [Mon Aug 2 09:55:41 2021] GET /compute/v2.1/servers/ce8526d8-a4b1-422c-97da-7366e7d0523a => generated 1210 bytes in 201 msecs (HTTP/1.1 200) 9 headers in 358 bytes (1 switches on core 0)
Aug 02 09:55:41.542637 dv-cinder-803000-2-iscsi devstack@n-api.service[107341]: DEBUG nova.api.openstack.wsgi [None req-2247c856-9156-4bb0-b422-fd9d6e5ade62 tempest-AttachVolumeNegativeTest-416002029 tempest-AttachVolumeNegativeTest-416002029-project] Calling method '>' {{(pid=107341) _process_stack /opt/stack/nova/nova/api/openstack/wsgi.py:513}}
Aug 02 09:55:41.543266 dv-cinder-803000-2-iscsi devstack@n-api.service[107341]: DEBUG nova.compute.api [None req-2247c856-9156-4bb0-b422-fd9d6e5ade62 tempest-AttachVolumeNegativeTest-416002029 tempest-AttachVolumeNegativeTest-416002029-project] [instance: 1b9b8f53-97dd-4e59-8fe3-93d5064da492] Fetching instance by UUID {{(pid=107341) get /opt/stack/nova/nova/compute/api.py:2791}}
Aug 02 09:55:41.557484 dv-cinder-803000-2-iscsi devstack@n-api.service[107341]: DEBUG oslo_concurrency.lockutils [None req-2247c856-9156-4bb0-b422-fd9d6e5ade62 tempest-AttachVolumeNegativeTest-416002029 tempest-AttachVolumeNegativeTest-416002029-project] Lock "87d7fb81-642d-4602-a6b6-0721436f2d08" acquired by "nova.context.set_target_cell..get_or_set_cached_cell_and_set_connections" :: waited 0.000s {{(pid=107341) inner /usr/local/lib/python3.8/dist-packages/oslo_concurrency/lockutils.py:355}}
Aug 02 09:55:41.564725 dv-cinder-803000-2-iscsi devstack@n-api.service[107341]: DEBUG oslo_concurrency.lockutils [None req-2247c856-9156-4bb0-b422-fd9d6e5ade62 tempest-AttachVolumeNegativeTest-416002029 tempest-AttachVolumeNegativeTest-416002029-project] Lock "87d7fb81-642d-4602-a6b6-0721436f2d08" released by "nova.context.set_target_cell..get_or_set_cached_cell_and_set_connections" :: held 0.007s {{(pid=107341) inner /usr/local/lib/python3.8/dist-packages/oslo_concurrency/lockutils.py:367}}
Aug 02 09:55:41.565828 dv-cinder-803000-2-iscsi devstack@n-api.service[107341]: DEBUG oslo_concurrency.lockutils [None req-2247c856-9156-4bb0-b422-fd9d6e5ade62 tempest-AttachVolumeNegativeTest-416002029 tempest-AttachVolumeNegativeTest-416002029-project] Lock "87d7fb81-642d-4602-a6b6-0721436f2d08" acquired by "nova.context.set_target_cell..get_or_set_cached_cell_and_set_connections" :: waited 0.000s {{(pid=107341) inner /usr/local/lib/python3.8/dist-packages/oslo_concurrency/lockutils.py:355}}
Aug 02 09:55:41.567435 dv-cinder-803000-2-iscsi devstack@n-api.service[107341]: DEBUG oslo_concurrency.lockutils [None req-2247c856-9156-4bb0-b422-fd9d6e5ade62 tempest-AttachVolumeNegativeTest-416002029 tempest-AttachVolumeNegativeTest-416002029-project] Lock "87d7fb81-642d-4602-a6b6-0721436f2d08" released by "nova.context.set_target_cell..get_or_set_cached_cell_and_set_connections" :: held 0.001s {{(pid=107341) inner /usr/local/lib/python3.8/dist-packages/oslo_concurrency/lockutils.py:367}}
Aug 02 09:55:41.792016 dv-cinder-803000-2-iscsi devstack@n-api.service[107341]: DEBUG nova.policy [None req-2247c856-9156-4bb0-b422-fd9d6e5ade62 tempest-AttachVolumeNegativeTest-416002029 tempest-AttachVolumeNegativeTest-416002029-project] Policy check for os_compute_api:os-extended-server-attributes failed with credentials {'is_admin': False, 'user_id': '51b83e51fb7c4221904e3259204787ee', 'user_domain_id': 'default', 'system_scope': None, 'domain_id': None, 'project_id': '714939cf3640407b88bab848aeb4fbdc', 'project_domain_id': 'default', 'roles': ['reader', 'member'], 'is_admin_project': True, 'service_user_id': None, 'service_user_domain_id': None, 'service_project_id': None, 'service_project_domain_id': None, 'service_roles': []} {{(pid=107341) authorize /opt/stack/nova/nova/policy.py:199}}
Aug 02 09:55:41.804668 dv-cinder-803000-2-iscsi devstack@n-api.service[107340]: DEBUG nova.api.openstack.wsgi [None req-070c72e2-8bba-4a7a-9992-261991929e6a tempest-AttachVolumeTestJSON-1654029072 tempest-AttachVolumeTestJSON-1654029072-project] Action: 'create', calling method: .version_select at 0x7f959d8dcca0>, body: {"keypair": {"name": "tempest-keypair-1675996922"}} {{(pid=107340) _process_stack /opt/stack/nova/nova/api/openstack/wsgi.py:511}}
Aug 02 09:55:41.813305 dv-cinder-803000-2-iscsi devstack@n-api.service[107341]: INFO nova.api.openstack.requestlog [None req-2247c856-9156-4bb0-b422-fd9d6e5ade62 tempest-AttachVolumeNegativeTest-416002029 tempest-AttachVolumeNegativeTest-416002029-project] 10.222.0.18 "GET /compute/v2.1/servers/1b9b8f53-97dd-4e59-8fe3-93d5064da492" status: 200 len: 1269 microversion: 2.1 time: 0.274488
Aug 02 09:55:41.817563 dv-cinder-803000-2-iscsi devstack@n-api.service[107341]: [pid: 107341|app: 0|req: 15/25] 10.222.0.18 () {58 vars in 1236 bytes} [Mon Aug 2 09:55:41 2021] GET /compute/v2.1/servers/1b9b8f53-97dd-4e59-8fe3-93d5064da492 => generated 1269 bytes in 279 msecs (HTTP/1.1 200) 9 headers in 358 bytes (1 switches on core 0)
Aug 02 09:55:41.865333 dv-cinder-803000-2-iscsi devstack@n-api.service[107340]: DEBUG nova.quota [None req-070c72e2-8bba-4a7a-9992-261991929e6a tempest-AttachVolumeTestJSON-1654029072 tempest-AttachVolumeTestJSON-1654029072-project] Getting quotas for project fb05d85c6c2e424a9fe57bf75e39b86b. Resources: {'key_pairs'} {{(pid=107340) _get_quotas /opt/stack/nova/nova/quota.py:384}}
Aug 02 09:55:41.874220 dv-cinder-803000-2-iscsi devstack@n-api.service[107340]: DEBUG nova.quota [None req-070c72e2-8bba-4a7a-9992-261991929e6a tempest-AttachVolumeTestJSON-1654029072 tempest-AttachVolumeTestJSON-1654029072-project] Getting quotas for user 751ab38131994a28af4e89b354fae096 and project fb05d85c6c2e424a9fe57bf75e39b86b. Resources: {'key_pairs'} {{(pid=107340) _get_quotas /opt/stack/nova/nova/quota.py:374}}
Aug 02 09:55:42.061020 dv-cinder-803000-2-iscsi devstack@n-api.service[107341]: DEBUG nova.api.openstack.wsgi [None req-9c8d93e8-eef6-40af-a3ff-18abf1ab607b tempest-VolumesSnapshotsTestJSON-375210901 tempest-VolumesSnapshotsTestJSON-375210901-project] Calling method '.version_select at 0x7f959d81b670>' {{(pid=107341) _process_stack /opt/stack/nova/nova/api/openstack/wsgi.py:513}}
Aug 02 09:55:42.122592 dv-cinder-803000-2-iscsi devstack@n-api.service[107341]: INFO nova.api.openstack.requestlog [None req-9c8d93e8-eef6-40af-a3ff-18abf1ab607b tempest-VolumesSnapshotsTestJSON-375210901 tempest-VolumesSnapshotsTestJSON-375210901-project] 10.222.0.18 "GET /compute/v2.1/os-snapshots/54ddfa0e-3f43-4bf2-be26-6ceb15f82897" status: 200 len: 287 microversion: 2.1 time: 0.070629
Aug 02 09:55:42.133335 dv-cinder-803000-2-iscsi devstack@n-api.service[107341]: [pid: 107341|app: 0|req: 16/26] 10.222.0.18 () {58 vars in 1251 bytes} [Mon Aug 2 09:55:42 2021] GET /compute/v2.1/os-snapshots/54ddfa0e-3f43-4bf2-be26-6ceb15f82897 => generated 287 bytes in 83 msecs (HTTP/1.1 200) 9 headers in 357 bytes (2 switches on core 0)
Aug 02 09:55:42.143226 dv-cinder-803000-2-iscsi devstack@n-api.service[107341]: DEBUG nova.api.openstack.wsgi [None req-6db1da9c-c873-4631-911d-772feed4f048 tempest-VolumesSnapshotsTestJSON-375210901 tempest-VolumesSnapshotsTestJSON-375210901-project] Calling method '.version_select at 0x7f959d829430>' {{(pid=107341) _process_stack /opt/stack/nova/nova/api/openstack/wsgi.py:513}}
Aug 02 09:55:42.267862 dv-cinder-803000-2-iscsi devstack@n-api.service[107341]: INFO nova.api.openstack.requestlog [None req-6db1da9c-c873-4631-911d-772feed4f048 tempest-VolumesSnapshotsTestJSON-375210901 tempest-VolumesSnapshotsTestJSON-375210901-project] 10.222.0.18 "DELETE /compute/v2.1/os-snapshots/54ddfa0e-3f43-4bf2-be26-6ceb15f82897" status: 202 len: 0 microversion: 2.1 time: 0.133349
Aug 02 09:55:42.268683 dv-cinder-803000-2-iscsi devstack@n-api.service[107341]: [pid: 107341|app: 0|req: 17/27] 10.222.0.18 () {58 vars in 1254 bytes} [Mon Aug 2 09:55:42 2021] DELETE /compute/v2.1/os-snapshots/54ddfa0e-3f43-4bf2-be26-6ceb15f82897 => generated 0 bytes in 135 msecs (HTTP/1.1 202) 9 headers in 361 bytes (1 switches on core 0)
Aug 02 09:55:42.273451 dv-cinder-803000-2-iscsi devstack@n-api.service[107341]: DEBUG nova.api.openstack.wsgi [None req-92f9b9b6-e00e-496a-af4e-424c09dc93c9 tempest-DeleteServersTestJSON-1604607181 tempest-DeleteServersTestJSON-1604607181-project] Calling method '>' {{(pid=107341) _process_stack /opt/stack/nova/nova/api/openstack/wsgi.py:513}}
Aug 02 09:55:42.274088 dv-cinder-803000-2-iscsi devstack@n-api.service[107341]: DEBUG nova.compute.api [None req-92f9b9b6-e00e-496a-af4e-424c09dc93c9 tempest-DeleteServersTestJSON-1604607181 tempest-DeleteServersTestJSON-1604607181-project] [instance: ce8526d8-a4b1-422c-97da-7366e7d0523a] Fetching instance by UUID {{(pid=107341) get /opt/stack/nova/nova/compute/api.py:2791}}
Aug 02 09:55:42.283803 dv-cinder-803000-2-iscsi devstack@n-api.service[107341]: DEBUG oslo_concurrency.lockutils [None req-92f9b9b6-e00e-496a-af4e-424c09dc93c9 tempest-DeleteServersTestJSON-1604607181 tempest-DeleteServersTestJSON-1604607181-project] Lock "87d7fb81-642d-4602-a6b6-0721436f2d08" acquired by "nova.context.set_target_cell..get_or_set_cached_cell_and_set_connections" :: waited 0.000s {{(pid=107341) inner /usr/local/lib/python3.8/dist-packages/oslo_concurrency/lockutils.py:355}}
Aug 02 09:55:42.293416 dv-cinder-803000-2-iscsi devstack@n-api.service[107341]: DEBUG oslo_concurrency.lockutils [None req-92f9b9b6-e00e-496a-af4e-424c09dc93c9 tempest-DeleteServersTestJSON-1604607181 tempest-DeleteServersTestJSON-1604607181-project] Lock "87d7fb81-642d-4602-a6b6-0721436f2d08" released by "nova.context.set_target_cell..get_or_set_cached_cell_and_set_connections" :: held 0.007s {{(pid=107341) inner /usr/local/lib/python3.8/dist-packages/oslo_concurrency/lockutils.py:367}}
Aug 02 09:55:42.294595 dv-cinder-803000-2-iscsi devstack@n-api.service[107341]: DEBUG oslo_concurrency.lockutils [None req-92f9b9b6-e00e-496a-af4e-424c09dc93c9 tempest-DeleteServersTestJSON-1604607181 tempest-DeleteServersTestJSON-1604607181-project] Lock "87d7fb81-642d-4602-a6b6-0721436f2d08" acquired by "nova.context.set_target_cell..get_or_set_cached_cell_and_set_connections" :: waited 0.000s {{(pid=107341) inner /usr/local/lib/python3.8/dist-packages/oslo_concurrency/lockutils.py:355}}
Aug 02 09:55:42.296391 dv-cinder-803000-2-iscsi devstack@n-api.service[107341]: DEBUG oslo_concurrency.lockutils [None req-92f9b9b6-e00e-496a-af4e-424c09dc93c9 tempest-DeleteServersTestJSON-1604607181 tempest-DeleteServersTestJSON-1604607181-project] Lock "87d7fb81-642d-4602-a6b6-0721436f2d08" released by "nova.context.set_target_cell..get_or_set_cached_cell_and_set_connections" :: held 0.001s {{(pid=107341) inner /usr/local/lib/python3.8/dist-packages/oslo_concurrency/lockutils.py:367}}
Aug 02 09:55:42.471780 dv-cinder-803000-2-iscsi devstack@n-api.service[107341]: DEBUG nova.policy [None req-92f9b9b6-e00e-496a-af4e-424c09dc93c9 tempest-DeleteServersTestJSON-1604607181 tempest-DeleteServersTestJSON-1604607181-project] Policy check for os_compute_api:os-extended-server-attributes failed with credentials {'is_admin': False, 'user_id': '0f2e53c61c5c41f089bc3f3b6d27bdf2', 'user_domain_id': 'default', 'system_scope': None, 'domain_id': None, 'project_id': 'aa2759a0f5ba4c3d85f615028ad0e960', 'project_domain_id': 'default', 'roles': ['reader', 'member'], 'is_admin_project': True, 'service_user_id': None, 'service_user_domain_id': None, 'service_project_id': None, 'service_project_domain_id': None, 'service_roles': []} {{(pid=107341) authorize /opt/stack/nova/nova/policy.py:199}}
Aug 02 09:55:42.485363 dv-cinder-803000-2-iscsi devstack@n-api.service[107341]: INFO nova.api.openstack.requestlog [None req-92f9b9b6-e00e-496a-af4e-424c09dc93c9 tempest-DeleteServersTestJSON-1604607181 tempest-DeleteServersTestJSON-1604607181-project] 10.222.0.18 "GET /compute/v2.1/servers/ce8526d8-a4b1-422c-97da-7366e7d0523a" status: 200 len: 1210 microversion: 2.1 time: 0.211057
Aug 02 09:55:42.499457 dv-cinder-803000-2-iscsi devstack@n-api.service[107341]: [pid: 107341|app: 0|req: 18/28] 10.222.0.18 () {58 vars in 1236 bytes} [Mon Aug 2 09:55:42 2021] GET /compute/v2.1/servers/ce8526d8-a4b1-422c-97da-7366e7d0523a => generated 1210 bytes in 224 msecs (HTTP/1.1 200) 9 headers in 358 bytes (1 switches on core 0)
Aug 02 09:55:42.510376 dv-cinder-803000-2-iscsi devstack@n-api.service[107340]: DEBUG nova.quota [None req-070c72e2-8bba-4a7a-9992-261991929e6a tempest-AttachVolumeTestJSON-1654029072 tempest-AttachVolumeTestJSON-1654029072-project] Getting quotas for project fb05d85c6c2e424a9fe57bf75e39b86b. Resources: {'key_pairs'} {{(pid=107340) _get_quotas /opt/stack/nova/nova/quota.py:384}}
Aug 02 09:55:42.517131 dv-cinder-803000-2-iscsi devstack@n-api.service[107341]: DEBUG nova.api.openstack.wsgi [None req-d4bfaa68-117a-4ea5-a137-90aec75adfa0 tempest-VolumesSnapshotsTestJSON-375210901 tempest-VolumesSnapshotsTestJSON-375210901-project] Calling method '.version_select at 0x7f959d87f0d0>' {{(pid=107341) _process_stack /opt/stack/nova/nova/api/openstack/wsgi.py:513}}
Aug 02 09:55:42.520521 dv-cinder-803000-2-iscsi devstack@n-api.service[107340]: DEBUG nova.quota [None req-070c72e2-8bba-4a7a-9992-261991929e6a tempest-AttachVolumeTestJSON-1654029072 tempest-AttachVolumeTestJSON-1654029072-project] Getting quotas for user 751ab38131994a28af4e89b354fae096 and project fb05d85c6c2e424a9fe57bf75e39b86b. Resources: {'key_pairs'} {{(pid=107340) _get_quotas /opt/stack/nova/nova/quota.py:374}}
Aug 02 09:55:42.560903 dv-cinder-803000-2-iscsi devstack@n-api.service[107340]: INFO nova.api.openstack.requestlog [None req-070c72e2-8bba-4a7a-9992-261991929e6a tempest-AttachVolumeTestJSON-1654029072 tempest-AttachVolumeTestJSON-1654029072-project] 10.222.0.18 "POST /compute/v2.1/os-keypairs" status: 200 len: 2305 microversion: 2.1 time: 0.869552
Aug 02 09:55:42.562205 dv-cinder-803000-2-iscsi devstack@n-api.service[107340]: [pid: 107340|app: 0|req: 11/29] 10.222.0.18 () {60 vars in 1158 bytes} [Mon Aug 2 09:55:41 2021] POST /compute/v2.1/os-keypairs => generated 2305 bytes in 871 msecs (HTTP/1.1 200) 9 headers in 358 bytes (2 switches on core 0)
Aug 02 09:55:42.591368 dv-cinder-803000-2-iscsi devstack@n-api.service[107341]: INFO nova.api.openstack.requestlog [None req-d4bfaa68-117a-4ea5-a137-90aec75adfa0 tempest-VolumesSnapshotsTestJSON-375210901 tempest-VolumesSnapshotsTestJSON-375210901-project] 10.222.0.18 "GET /compute/v2.1/os-snapshots/54ddfa0e-3f43-4bf2-be26-6ceb15f82897" status: 200 len: 286 microversion: 2.1 time: 0.095944
Aug 02 09:55:42.591949 dv-cinder-803000-2-iscsi devstack@n-api.service[107341]: [pid: 107341|app: 0|req: 19/30] 10.222.0.18 () {58 vars in 1251 bytes} [Mon Aug 2 09:55:42 2021] GET /compute/v2.1/os-snapshots/54ddfa0e-3f43-4bf2-be26-6ceb15f82897 => generated 286 bytes in 98 msecs (HTTP/1.1 200) 9 headers in 357 bytes (1 switches on core 0)
