Aug 02 09:54:55.761719 dv-cinder-803000-2-iscsi devstack@n-api.service[107341]: DEBUG nova.api.openstack.wsgi_app [-] profiler.es_doc_type = notification {{(pid=107341) log_opt_values /usr/local/lib/python3.8/dist-packages/oslo_config/cfg.py:2609}}
Aug 02 09:54:55.762100 dv-cinder-803000-2-iscsi devstack@n-api.service[107341]: DEBUG nova.api.openstack.wsgi_app [-] profiler.es_scroll_size = 10000 {{(pid=107341) log_opt_values /usr/local/lib/python3.8/dist-packages/oslo_config/cfg.py:2609}}
Aug 02 09:54:55.762434 dv-cinder-803000-2-iscsi devstack@n-api.service[107341]: DEBUG nova.api.openstack.wsgi_app [-] profiler.es_scroll_time = 2m {{(pid=107341) log_opt_values /usr/local/lib/python3.8/dist-packages/oslo_config/cfg.py:2609}}
Aug 02 09:54:55.762752 dv-cinder-803000-2-iscsi devstack@n-api.service[107341]: DEBUG nova.api.openstack.wsgi_app [-] profiler.filter_error_trace = False {{(pid=107341) log_opt_values /usr/local/lib/python3.8/dist-packages/oslo_config/cfg.py:2609}}
Aug 02 09:54:55.763081 dv-cinder-803000-2-iscsi devstack@n-api.service[107341]: DEBUG nova.api.openstack.wsgi_app [-] profiler.hmac_keys = SECRET_KEY {{(pid=107341) log_opt_values /usr/local/lib/python3.8/dist-packages/oslo_config/cfg.py:2609}}
Aug 02 09:54:55.763410 dv-cinder-803000-2-iscsi devstack@n-api.service[107341]: DEBUG nova.api.openstack.wsgi_app [-] profiler.sentinel_service_name = mymaster {{(pid=107341) log_opt_values /usr/local/lib/python3.8/dist-packages/oslo_config/cfg.py:2609}}
Aug 02 09:54:55.763745 dv-cinder-803000-2-iscsi devstack@n-api.service[107341]: DEBUG nova.api.openstack.wsgi_app [-] profiler.socket_timeout = 0.1 {{(pid=107341) log_opt_values /usr/local/lib/python3.8/dist-packages/oslo_config/cfg.py:2609}}
Aug 02 09:54:55.764065 dv-cinder-803000-2-iscsi devstack@n-api.service[107341]: DEBUG nova.api.openstack.wsgi_app [-] profiler.trace_sqlalchemy = False {{(pid=107341) log_opt_values /usr/local/lib/python3.8/dist-packages/oslo_config/cfg.py:2609}}
Aug 02 09:54:55.764430 dv-cinder-803000-2-iscsi devstack@n-api.service[107341]: DEBUG nova.api.openstack.wsgi_app [-] oslo_messaging_rabbit.amqp_auto_delete = False {{(pid=107341) log_opt_values /usr/local/lib/python3.8/dist-packages/oslo_config/cfg.py:2609}}
Aug 02 09:54:55.764752 dv-cinder-803000-2-iscsi devstack@n-api.service[107341]: DEBUG nova.api.openstack.wsgi_app [-] oslo_messaging_rabbit.amqp_durable_queues = False {{(pid=107341) log_opt_values /usr/local/lib/python3.8/dist-packages/oslo_config/cfg.py:2609}}
Aug 02 09:54:55.765073 dv-cinder-803000-2-iscsi devstack@n-api.service[107341]: DEBUG nova.api.openstack.wsgi_app [-] oslo_messaging_rabbit.conn_pool_min_size = 2 {{(pid=107341) log_opt_values /usr/local/lib/python3.8/dist-packages/oslo_config/cfg.py:2609}}
Aug 02 09:54:55.765391 dv-cinder-803000-2-iscsi devstack@n-api.service[107341]: DEBUG nova.api.openstack.wsgi_app [-] oslo_messaging_rabbit.conn_pool_ttl = 1200 {{(pid=107341) log_opt_values /usr/local/lib/python3.8/dist-packages/oslo_config/cfg.py:2609}}
Aug 02 09:54:55.765708 dv-cinder-803000-2-iscsi devstack@n-api.service[107341]: DEBUG nova.api.openstack.wsgi_app [-] oslo_messaging_rabbit.direct_mandatory_flag = True {{(pid=107341) log_opt_values /usr/local/lib/python3.8/dist-packages/oslo_config/cfg.py:2609}}
Aug 02 09:54:55.766028 dv-cinder-803000-2-iscsi devstack@n-api.service[107341]: DEBUG nova.api.openstack.wsgi_app [-] oslo_messaging_rabbit.enable_cancel_on_failover = False {{(pid=107341) log_opt_values /usr/local/lib/python3.8/dist-packages/oslo_config/cfg.py:2609}}
Aug 02 09:54:55.766355 dv-cinder-803000-2-iscsi devstack@n-api.service[107341]: DEBUG nova.api.openstack.wsgi_app [-] oslo_messaging_rabbit.heartbeat_in_pthread = True {{(pid=107341) log_opt_values /usr/local/lib/python3.8/dist-packages/oslo_config/cfg.py:2609}}
Aug 02 09:54:55.766682 dv-cinder-803000-2-iscsi devstack@n-api.service[107341]: DEBUG nova.api.openstack.wsgi_app [-] oslo_messaging_rabbit.heartbeat_rate = 3 {{(pid=107341) log_opt_values /usr/local/lib/python3.8/dist-packages/oslo_config/cfg.py:2609}}
Aug 02 09:54:55.767013 dv-cinder-803000-2-iscsi devstack@n-api.service[107341]: DEBUG nova.api.openstack.wsgi_app [-] oslo_messaging_rabbit.heartbeat_timeout_threshold = 600 {{(pid=107341) log_opt_values /usr/local/lib/python3.8/dist-packages/oslo_config/cfg.py:2609}}
Aug 02 09:54:55.767326 dv-cinder-803000-2-iscsi devstack@n-api.service[107341]: DEBUG nova.api.openstack.wsgi_app [-] oslo_messaging_rabbit.kombu_compression = None {{(pid=107341) log_opt_values /usr/local/lib/python3.8/dist-packages/oslo_config/cfg.py:2609}}
Aug 02 09:54:55.767660 dv-cinder-803000-2-iscsi devstack@n-api.service[107341]: DEBUG nova.api.openstack.wsgi_app [-] oslo_messaging_rabbit.kombu_failover_strategy = round-robin {{(pid=107341) log_opt_values /usr/local/lib/python3.8/dist-packages/oslo_config/cfg.py:2609}}
Aug 02 09:54:55.767985 dv-cinder-803000-2-iscsi devstack@n-api.service[107341]: DEBUG nova.api.openstack.wsgi_app [-] oslo_messaging_rabbit.kombu_missing_consumer_retry_timeout = 60 {{(pid=107341) log_opt_values /usr/local/lib/python3.8/dist-packages/oslo_config/cfg.py:2609}}
Aug 02 09:54:55.768346 dv-cinder-803000-2-iscsi devstack@n-api.service[107341]: DEBUG nova.api.openstack.wsgi_app [-] oslo_messaging_rabbit.kombu_reconnect_delay = 1.0 {{(pid=107341) log_opt_values /usr/local/lib/python3.8/dist-packages/oslo_config/cfg.py:2609}}
Aug 02 09:54:55.768669 dv-cinder-803000-2-iscsi devstack@n-api.service[107341]: DEBUG nova.api.openstack.wsgi_app [-] oslo_messaging_rabbit.rabbit_ha_queues = False {{(pid=107341) log_opt_values /usr/local/lib/python3.8/dist-packages/oslo_config/cfg.py:2609}}
Aug 02 09:54:55.768986 dv-cinder-803000-2-iscsi devstack@n-api.service[107341]: DEBUG nova.api.openstack.wsgi_app [-] oslo_messaging_rabbit.rabbit_interval_max = 30 {{(pid=107341) log_opt_values /usr/local/lib/python3.8/dist-packages/oslo_config/cfg.py:2609}}
Aug 02 09:54:55.769323 dv-cinder-803000-2-iscsi devstack@n-api.service[107341]: DEBUG nova.api.openstack.wsgi_app [-] oslo_messaging_rabbit.rabbit_login_method = AMQPLAIN {{(pid=107341) log_opt_values /usr/local/lib/python3.8/dist-packages/oslo_config/cfg.py:2609}}
Aug 02 09:54:55.769638 dv-cinder-803000-2-iscsi devstack@n-api.service[107341]: DEBUG nova.api.openstack.wsgi_app [-] oslo_messaging_rabbit.rabbit_qos_prefetch_count = 0 {{(pid=107341) log_opt_values /usr/local/lib/python3.8/dist-packages/oslo_config/cfg.py:2609}}
Aug 02 09:54:55.769959 dv-cinder-803000-2-iscsi devstack@n-api.service[107341]: DEBUG nova.api.openstack.wsgi_app [-] oslo_messaging_rabbit.rabbit_retry_backoff = 2 {{(pid=107341) log_opt_values /usr/local/lib/python3.8/dist-packages/oslo_config/cfg.py:2609}}
Aug 02 09:54:55.770275 dv-cinder-803000-2-iscsi devstack@n-api.service[107341]: DEBUG nova.api.openstack.wsgi_app [-] oslo_messaging_rabbit.rabbit_retry_interval = 1 {{(pid=107341) log_opt_values /usr/local/lib/python3.8/dist-packages/oslo_config/cfg.py:2609}}
Aug 02 09:54:55.770589 dv-cinder-803000-2-iscsi devstack@n-api.service[107341]: DEBUG nova.api.openstack.wsgi_app [-] oslo_messaging_rabbit.rabbit_transient_queues_ttl = 1800 {{(pid=107341) log_opt_values /usr/local/lib/python3.8/dist-packages/oslo_config/cfg.py:2609}}
Aug 02 09:54:55.770909 dv-cinder-803000-2-iscsi devstack@n-api.service[107341]: DEBUG nova.api.openstack.wsgi_app [-] oslo_messaging_rabbit.rpc_conn_pool_size = 30 {{(pid=107341) log_opt_values /usr/local/lib/python3.8/dist-packages/oslo_config/cfg.py:2609}}
Aug 02 09:54:55.771230 dv-cinder-803000-2-iscsi devstack@n-api.service[107341]: DEBUG nova.api.openstack.wsgi_app [-] oslo_messaging_rabbit.ssl = False {{(pid=107341) log_opt_values /usr/local/lib/python3.8/dist-packages/oslo_config/cfg.py:2609}}
Aug 02 09:54:55.771561 dv-cinder-803000-2-iscsi devstack@n-api.service[107341]: DEBUG nova.api.openstack.wsgi_app [-] oslo_messaging_rabbit.ssl_ca_file = {{(pid=107341) log_opt_values /usr/local/lib/python3.8/dist-packages/oslo_config/cfg.py:2609}}
Aug 02 09:54:55.771892 dv-cinder-803000-2-iscsi devstack@n-api.service[107341]: DEBUG nova.api.openstack.wsgi_app [-] oslo_messaging_rabbit.ssl_cert_file = {{(pid=107341) log_opt_values /usr/local/lib/python3.8/dist-packages/oslo_config/cfg.py:2609}}
Aug 02 09:54:55.772254 dv-cinder-803000-2-iscsi devstack@n-api.service[107341]: DEBUG nova.api.openstack.wsgi_app [-] oslo_messaging_rabbit.ssl_key_file = {{(pid=107341) log_opt_values /usr/local/lib/python3.8/dist-packages/oslo_config/cfg.py:2609}}
Aug 02 09:54:55.772589 dv-cinder-803000-2-iscsi devstack@n-api.service[107341]: DEBUG nova.api.openstack.wsgi_app [-] oslo_messaging_rabbit.ssl_version = {{(pid=107341) log_opt_values /usr/local/lib/python3.8/dist-packages/oslo_config/cfg.py:2609}}
Aug 02 09:54:55.772952 dv-cinder-803000-2-iscsi devstack@n-api.service[107341]: DEBUG nova.api.openstack.wsgi_app [-] oslo_messaging_notifications.driver = ['messagingv2'] {{(pid=107341) log_opt_values /usr/local/lib/python3.8/dist-packages/oslo_config/cfg.py:2609}}
Aug 02 09:54:55.773267 dv-cinder-803000-2-iscsi devstack@n-api.service[107341]: DEBUG nova.api.openstack.wsgi_app [-] oslo_messaging_notifications.retry = -1 {{(pid=107341) log_opt_values /usr/local/lib/python3.8/dist-packages/oslo_config/cfg.py:2609}}
Aug 02 09:54:55.773620 dv-cinder-803000-2-iscsi devstack@n-api.service[107341]: DEBUG nova.api.openstack.wsgi_app [-] oslo_messaging_notifications.topics = ['notifications'] {{(pid=107341) log_opt_values /usr/local/lib/python3.8/dist-packages/oslo_config/cfg.py:2609}}
Aug 02 09:54:55.773955 dv-cinder-803000-2-iscsi devstack@n-api.service[107341]: DEBUG nova.api.openstack.wsgi_app [-] oslo_messaging_notifications.transport_url = **** {{(pid=107341) log_opt_values /usr/local/lib/python3.8/dist-packages/oslo_config/cfg.py:2609}}
Aug 02 09:54:55.774201 dv-cinder-803000-2-iscsi devstack@n-api.service[107341]: DEBUG nova.api.openstack.wsgi_app [-] ******************************************************************************** {{(pid=107341) log_opt_values /usr/local/lib/python3.8/dist-packages/oslo_config/cfg.py:2613}}
Aug 02 09:54:55.799588 dv-cinder-803000-2-iscsi devstack@n-api.service[107341]: DEBUG oslo_db.sqlalchemy.engines [None req-d834b731-9d67-4052-b30e-827dc0038d60 None None] MySQL server mode set to STRICT_TRANS_TABLES,STRICT_ALL_TABLES,NO_ZERO_IN_DATE,NO_ZERO_DATE,ERROR_FOR_DIVISION_BY_ZERO,TRADITIONAL,NO_ENGINE_SUBSTITUTION {{(pid=107341) _check_effective_sql_mode /usr/local/lib/python3.8/dist-packages/oslo_db/sqlalchemy/engines.py:314}}
Aug 02 09:54:55.915021 dv-cinder-803000-2-iscsi devstack@n-api.service[107340]: DEBUG nova.context [None req-30c35273-3ea0-419a-a985-cda6a12f9b83 None None] Found 2 cells: 00000000-0000-0000-0000-000000000000(cell0),87d7fb81-642d-4602-a6b6-0721436f2d08(cell1) {{(pid=107340) load_cells /opt/stack/nova/nova/context.py:464}}
Aug 02 09:54:55.919363 dv-cinder-803000-2-iscsi devstack@n-api.service[107340]: DEBUG oslo_concurrency.lockutils [None req-30c35273-3ea0-419a-a985-cda6a12f9b83 None None] Lock "00000000-0000-0000-0000-000000000000" acquired by "nova.context.set_target_cell..get_or_set_cached_cell_and_set_connections" :: waited 0.000s {{(pid=107340) inner /usr/local/lib/python3.8/dist-packages/oslo_concurrency/lockutils.py:355}}
Aug 02 09:54:55.921006 dv-cinder-803000-2-iscsi devstack@n-api.service[107340]: DEBUG oslo_concurrency.lockutils [None req-30c35273-3ea0-419a-a985-cda6a12f9b83 None None] Lock "00000000-0000-0000-0000-000000000000" released by "nova.context.set_target_cell..get_or_set_cached_cell_and_set_connections" :: held 0.002s {{(pid=107340) inner /usr/local/lib/python3.8/dist-packages/oslo_concurrency/lockutils.py:367}}
Aug 02 09:54:55.922093 dv-cinder-803000-2-iscsi devstack@n-api.service[107340]: DEBUG oslo_concurrency.lockutils [None req-30c35273-3ea0-419a-a985-cda6a12f9b83 None None] Lock "87d7fb81-642d-4602-a6b6-0721436f2d08" acquired by "nova.context.set_target_cell..get_or_set_cached_cell_and_set_connections" :: waited 0.000s {{(pid=107340) inner /usr/local/lib/python3.8/dist-packages/oslo_concurrency/lockutils.py:355}}
Aug 02 09:54:55.924075 dv-cinder-803000-2-iscsi devstack@n-api.service[107340]: DEBUG oslo_concurrency.lockutils [None req-30c35273-3ea0-419a-a985-cda6a12f9b83 None None] Lock "87d7fb81-642d-4602-a6b6-0721436f2d08" released by "nova.context.set_target_cell..get_or_set_cached_cell_and_set_connections" :: held 0.002s {{(pid=107340) inner /usr/local/lib/python3.8/dist-packages/oslo_concurrency/lockutils.py:367}}
Aug 02 09:54:55.934251 dv-cinder-803000-2-iscsi devstack@n-api.service[107340]: DEBUG oslo_db.sqlalchemy.engines [None req-30c35273-3ea0-419a-a985-cda6a12f9b83 None None] MySQL server mode set to STRICT_TRANS_TABLES,STRICT_ALL_TABLES,NO_ZERO_IN_DATE,NO_ZERO_DATE,ERROR_FOR_DIVISION_BY_ZERO,TRADITIONAL,NO_ENGINE_SUBSTITUTION {{(pid=107340) _check_effective_sql_mode /usr/local/lib/python3.8/dist-packages/oslo_db/sqlalchemy/engines.py:314}}
Aug 02 09:54:55.935761 dv-cinder-803000-2-iscsi devstack@n-api.service[107340]: DEBUG oslo_db.sqlalchemy.engines [None req-30c35273-3ea0-419a-a985-cda6a12f9b83 None None] MySQL server mode set to STRICT_TRANS_TABLES,STRICT_ALL_TABLES,NO_ZERO_IN_DATE,NO_ZERO_DATE,ERROR_FOR_DIVISION_BY_ZERO,TRADITIONAL,NO_ENGINE_SUBSTITUTION {{(pid=107340) _check_effective_sql_mode /usr/local/lib/python3.8/dist-packages/oslo_db/sqlalchemy/engines.py:314}}
Aug 02 09:54:55.966661 dv-cinder-803000-2-iscsi devstack@n-api.service[107341]: DEBUG nova.context [None req-d834b731-9d67-4052-b30e-827dc0038d60 None None] Found 2 cells: 00000000-0000-0000-0000-000000000000(cell0),87d7fb81-642d-4602-a6b6-0721436f2d08(cell1) {{(pid=107341) load_cells /opt/stack/nova/nova/context.py:464}}
Aug 02 09:54:55.970928 dv-cinder-803000-2-iscsi devstack@n-api.service[107341]: DEBUG oslo_concurrency.lockutils [None req-d834b731-9d67-4052-b30e-827dc0038d60 None None] Lock "00000000-0000-0000-0000-000000000000" acquired by "nova.context.set_target_cell..get_or_set_cached_cell_and_set_connections" :: waited 0.000s {{(pid=107341) inner /usr/local/lib/python3.8/dist-packages/oslo_concurrency/lockutils.py:355}}
Aug 02 09:54:55.972573 dv-cinder-803000-2-iscsi devstack@n-api.service[107341]: DEBUG oslo_concurrency.lockutils [None req-d834b731-9d67-4052-b30e-827dc0038d60 None None] Lock "00000000-0000-0000-0000-000000000000" released by "nova.context.set_target_cell..get_or_set_cached_cell_and_set_connections" :: held 0.002s {{(pid=107341) inner /usr/local/lib/python3.8/dist-packages/oslo_concurrency/lockutils.py:367}}
Aug 02 09:54:55.973400 dv-cinder-803000-2-iscsi devstack@n-api.service[107341]: DEBUG oslo_concurrency.lockutils [None req-d834b731-9d67-4052-b30e-827dc0038d60 None None] Lock "87d7fb81-642d-4602-a6b6-0721436f2d08" acquired by "nova.context.set_target_cell..get_or_set_cached_cell_and_set_connections" :: waited 0.000s {{(pid=107341) inner /usr/local/lib/python3.8/dist-packages/oslo_concurrency/lockutils.py:355}}
Aug 02 09:54:55.975359 dv-cinder-803000-2-iscsi devstack@n-api.service[107341]: DEBUG oslo_concurrency.lockutils [None req-d834b731-9d67-4052-b30e-827dc0038d60 None None] Lock "87d7fb81-642d-4602-a6b6-0721436f2d08" released by "nova.context.set_target_cell..get_or_set_cached_cell_and_set_connections" :: held 0.002s {{(pid=107341) inner /usr/local/lib/python3.8/dist-packages/oslo_concurrency/lockutils.py:367}}
Aug 02 09:54:55.986490 dv-cinder-803000-2-iscsi devstack@n-api.service[107341]: DEBUG oslo_db.sqlalchemy.engines [None req-d834b731-9d67-4052-b30e-827dc0038d60 None None] MySQL server mode set to STRICT_TRANS_TABLES,STRICT_ALL_TABLES,NO_ZERO_IN_DATE,NO_ZERO_DATE,ERROR_FOR_DIVISION_BY_ZERO,TRADITIONAL,NO_ENGINE_SUBSTITUTION {{(pid=107341) _check_effective_sql_mode /usr/local/lib/python3.8/dist-packages/oslo_db/sqlalchemy/engines.py:314}}
Aug 02 09:54:55.987812 dv-cinder-803000-2-iscsi devstack@n-api.service[107341]: DEBUG oslo_db.sqlalchemy.engines [None req-d834b731-9d67-4052-b30e-827dc0038d60 None None] MySQL server mode set to STRICT_TRANS_TABLES,STRICT_ALL_TABLES,NO_ZERO_IN_DATE,NO_ZERO_DATE,ERROR_FOR_DIVISION_BY_ZERO,TRADITIONAL,NO_ENGINE_SUBSTITUTION {{(pid=107341) _check_effective_sql_mode /usr/local/lib/python3.8/dist-packages/oslo_db/sqlalchemy/engines.py:314}}
Aug 02 09:54:56.198302 dv-cinder-803000-2-iscsi devstack@n-api.service[107340]: DEBUG oslo_db.sqlalchemy.engines [None req-30c35273-3ea0-419a-a985-cda6a12f9b83 None None] MySQL server mode set to STRICT_TRANS_TABLES,STRICT_ALL_TABLES,NO_ZERO_IN_DATE,NO_ZERO_DATE,ERROR_FOR_DIVISION_BY_ZERO,TRADITIONAL,NO_ENGINE_SUBSTITUTION {{(pid=107340) _check_effective_sql_mode /usr/local/lib/python3.8/dist-packages/oslo_db/sqlalchemy/engines.py:314}}
Aug 02 09:54:56.246618 dv-cinder-803000-2-iscsi devstack@n-api.service[107341]: DEBUG oslo_db.sqlalchemy.engines [None req-d834b731-9d67-4052-b30e-827dc0038d60 None None] MySQL server mode set to STRICT_TRANS_TABLES,STRICT_ALL_TABLES,NO_ZERO_IN_DATE,NO_ZERO_DATE,ERROR_FOR_DIVISION_BY_ZERO,TRADITIONAL,NO_ENGINE_SUBSTITUTION {{(pid=107341) _check_effective_sql_mode /usr/local/lib/python3.8/dist-packages/oslo_db/sqlalchemy/engines.py:314}}
Aug 02 09:54:56.527604 dv-cinder-803000-2-iscsi devstack@n-api.service[107340]: WARNING keystonemiddleware.auth_token [None req-30c35273-3ea0-419a-a985-cda6a12f9b83 None None] AuthToken middleware is set with keystone_authtoken.service_token_roles_required set to False. This is backwards compatible but deprecated behaviour. Please set this to True.
Aug 02 09:54:56.534082 dv-cinder-803000-2-iscsi devstack@n-api.service[107340]: WARNING keystonemiddleware.auth_token [None req-30c35273-3ea0-419a-a985-cda6a12f9b83 None None] Configuring www_authenticate_uri to point to the public identity endpoint is required; clients may not be able to authenticate against an admin endpoint
Aug 02 09:54:56.569892 dv-cinder-803000-2-iscsi devstack@n-api.service[107341]: WARNING keystonemiddleware.auth_token [None req-d834b731-9d67-4052-b30e-827dc0038d60 None None] AuthToken middleware is set with keystone_authtoken.service_token_roles_required set to False. This is backwards compatible but deprecated behaviour. Please set this to True.
Aug 02 09:54:56.577161 dv-cinder-803000-2-iscsi devstack@n-api.service[107341]: WARNING keystonemiddleware.auth_token [None req-d834b731-9d67-4052-b30e-827dc0038d60 None None] Configuring www_authenticate_uri to point to the public identity endpoint is required; clients may not be able to authenticate against an admin endpoint
Aug 02 09:54:56.896688 dv-cinder-803000-2-iscsi devstack@n-api.service[107340]: WARNING keystonemiddleware.auth_token [None req-30c35273-3ea0-419a-a985-cda6a12f9b83 None None] AuthToken middleware is set with keystone_authtoken.service_token_roles_required set to False. This is backwards compatible but deprecated behaviour. Please set this to True.
Aug 02 09:54:56.902325 dv-cinder-803000-2-iscsi devstack@n-api.service[107340]: WARNING keystonemiddleware.auth_token [None req-30c35273-3ea0-419a-a985-cda6a12f9b83 None None] Configuring www_authenticate_uri to point to the public identity endpoint is required; clients may not be able to authenticate against an admin endpoint
Aug 02 09:54:56.907710 dv-cinder-803000-2-iscsi devstack@n-api.service[107340]: WSGI app 0 (mountpoint='') ready in 5 seconds on interpreter 0x56107ae6b9c0 pid: 107340 (default app)
Aug 02 09:54:56.936975 dv-cinder-803000-2-iscsi devstack@n-api.service[107341]: WARNING keystonemiddleware.auth_token [None req-d834b731-9d67-4052-b30e-827dc0038d60 None None] AuthToken middleware is set with keystone_authtoken.service_token_roles_required set to False. This is backwards compatible but deprecated behaviour. Please set this to True.
Aug 02 09:54:56.942211 dv-cinder-803000-2-iscsi devstack@n-api.service[107341]: WARNING keystonemiddleware.auth_token [None req-d834b731-9d67-4052-b30e-827dc0038d60 None None] Configuring www_authenticate_uri to point to the public identity endpoint is required; clients may not be able to authenticate against an admin endpoint
Aug 02 09:54:56.947317 dv-cinder-803000-2-iscsi devstack@n-api.service[107341]: WSGI app 0 (mountpoint='') ready in 5 seconds on interpreter 0x56107ae6b9c0 pid: 107341 (default app)
Aug 02 09:55:30.579794 dv-cinder-803000-2-iscsi devstack@n-api.service[107340]: DEBUG nova.api.openstack.wsgi [None req-5e02f5b3-826f-4f4e-a4e5-29ee889fe457 tempest-VolumesSnapshotsTestJSON-375210901 tempest-VolumesSnapshotsTestJSON-375210901-project] Action: 'create', calling method: .version_select at 0x7f959e3b9c10>, body: {"volume": {"size": 1, "display_name": "tempest-VolumesSnapshotsTestJSON-volume-1635423774"}} {{(pid=107340) _process_stack /opt/stack/nova/nova/api/openstack/wsgi.py:511}}
Aug 02 09:55:31.820933 dv-cinder-803000-2-iscsi devstack@n-api.service[107341]: DEBUG nova.api.openstack.wsgi [None req-2da6815d-0dba-4cbf-81a3-f7e8c9fa663d tempest-AttachVolumeNegativeTest-416002029 tempest-AttachVolumeNegativeTest-416002029-project] Action: 'create', calling method: >, body: {"server": {"name": "tempest-AttachVolumeNegativeTest-server-872356646", "imageRef": "2543cf14-4d19-4eaa-a6cd-8573fc53d43b", "flavorRef": "452", "networks": [{"uuid": "43560b7f-5408-4d0e-8524-7d1c94de8a3a"}]}} {{(pid=107341) _process_stack /opt/stack/nova/nova/api/openstack/wsgi.py:511}}
Aug 02 09:55:32.437377 dv-cinder-803000-2-iscsi devstack@n-api.service[107341]: DEBUG nova.network.neutron [None req-2da6815d-0dba-4cbf-81a3-f7e8c9fa663d tempest-AttachVolumeNegativeTest-416002029 tempest-AttachVolumeNegativeTest-416002029-project] validate_networks() for [('43560b7f-5408-4d0e-8524-7d1c94de8a3a', None, None, None)] {{(pid=107341) validate_networks /opt/stack/nova/nova/network/neutron.py:2255}}
Aug 02 09:55:33.027206 dv-cinder-803000-2-iscsi devstack@n-api.service[107340]: INFO nova.api.openstack.requestlog [None req-5e02f5b3-826f-4f4e-a4e5-29ee889fe457 tempest-VolumesSnapshotsTestJSON-375210901 tempest-VolumesSnapshotsTestJSON-375210901-project] 10.222.0.18 "POST /compute/v2.1/os-volumes" status: 200 len: 345 microversion: 2.1 time: 3.589460
Aug 02 09:55:33.029330 dv-cinder-803000-2-iscsi devstack@n-api.service[107340]: [pid: 107340|app: 0|req: 1/1] 10.222.0.18 () {60 vars in 1155 bytes} [Mon Aug 2 09:55:29 2021] POST /compute/v2.1/os-volumes => generated 345 bytes in 3593 msecs (HTTP/1.1 200) 10 headers in 448 bytes (1 switches on core 0)
Aug 02 09:55:33.145944 dv-cinder-803000-2-iscsi devstack@n-api.service[107340]: DEBUG nova.api.openstack.wsgi [None req-ef09e03c-20a0-4147-b79f-33ab645e923e tempest-DeleteServersTestJSON-1604607181 tempest-DeleteServersTestJSON-1604607181-project] Action: 'create', calling method: >, body: {"server": {"name": "tempest-DeleteServersTestJSON-server-663455001", "imageRef": "2543cf14-4d19-4eaa-a6cd-8573fc53d43b", "flavorRef": "452", "networks": [{"uuid": "5beeb61c-7fde-40b4-b18a-8c05500fce82"}]}} {{(pid=107340) _process_stack /opt/stack/nova/nova/api/openstack/wsgi.py:511}}
Aug 02 09:55:33.340154 dv-cinder-803000-2-iscsi devstack@n-api.service[107340]: DEBUG nova.network.neutron [None req-ef09e03c-20a0-4147-b79f-33ab645e923e tempest-DeleteServersTestJSON-1604607181 tempest-DeleteServersTestJSON-1604607181-project] validate_networks() for [('5beeb61c-7fde-40b4-b18a-8c05500fce82', None, None, None)] {{(pid=107340) validate_networks /opt/stack/nova/nova/network/neutron.py:2255}}
Aug 02 09:55:33.890795 dv-cinder-803000-2-iscsi devstack@n-api.service[107341]: DEBUG nova.virt.hardware [None req-2da6815d-0dba-4cbf-81a3-f7e8c9fa663d tempest-AttachVolumeNegativeTest-416002029 tempest-AttachVolumeNegativeTest-416002029-project] Flavor limits 0:0:0 {{(pid=107341) get_cpu_topology_constraints /opt/stack/nova/nova/virt/hardware.py:343}}
Aug 02 09:55:33.891335 dv-cinder-803000-2-iscsi devstack@n-api.service[107341]: DEBUG nova.virt.hardware [None req-2da6815d-0dba-4cbf-81a3-f7e8c9fa663d tempest-AttachVolumeNegativeTest-416002029 tempest-AttachVolumeNegativeTest-416002029-project] Image limits 0:0:0 {{(pid=107341) get_cpu_topology_constraints /opt/stack/nova/nova/virt/hardware.py:347}}
Aug 02 09:55:33.891684 dv-cinder-803000-2-iscsi devstack@n-api.service[107341]: DEBUG nova.virt.hardware [None req-2da6815d-0dba-4cbf-81a3-f7e8c9fa663d tempest-AttachVolumeNegativeTest-416002029 tempest-AttachVolumeNegativeTest-416002029-project] Flavor pref 0:0:0 {{(pid=107341) get_cpu_topology_constraints /opt/stack/nova/nova/virt/hardware.py:383}}
Aug 02 09:55:33.892359 dv-cinder-803000-2-iscsi devstack@n-api.service[107341]: DEBUG nova.virt.hardware [None req-2da6815d-0dba-4cbf-81a3-f7e8c9fa663d tempest-AttachVolumeNegativeTest-416002029 tempest-AttachVolumeNegativeTest-416002029-project] Image pref 0:0:0 {{(pid=107341) get_cpu_topology_constraints /opt/stack/nova/nova/virt/hardware.py:387}}
Aug 02 09:55:33.892774 dv-cinder-803000-2-iscsi devstack@n-api.service[107341]: DEBUG nova.virt.hardware [None req-2da6815d-0dba-4cbf-81a3-f7e8c9fa663d tempest-AttachVolumeNegativeTest-416002029 tempest-AttachVolumeNegativeTest-416002029-project] Chose sockets=0, cores=0, threads=0; limits were sockets=65536, cores=65536, threads=65536 {{(pid=107341) get_cpu_topology_constraints /opt/stack/nova/nova/virt/hardware.py:425}}
Aug 02 09:55:33.906305 dv-cinder-803000-2-iscsi devstack@n-api.service[107341]: DEBUG oslo_concurrency.lockutils [None req-2da6815d-0dba-4cbf-81a3-f7e8c9fa663d tempest-AttachVolumeNegativeTest-416002029 tempest-AttachVolumeNegativeTest-416002029-project] Lock "00000000-0000-0000-0000-000000000000" acquired by "nova.context.set_target_cell..get_or_set_cached_cell_and_set_connections" :: waited 0.000s {{(pid=107341) inner /usr/local/lib/python3.8/dist-packages/oslo_concurrency/lockutils.py:355}}
Aug 02 09:55:33.906990 dv-cinder-803000-2-iscsi devstack@n-api.service[107341]: DEBUG oslo_concurrency.lockutils [None req-2da6815d-0dba-4cbf-81a3-f7e8c9fa663d tempest-AttachVolumeNegativeTest-416002029 tempest-AttachVolumeNegativeTest-416002029-project] Lock "00000000-0000-0000-0000-000000000000" released by "nova.context.set_target_cell..get_or_set_cached_cell_and_set_connections" :: held 0.001s {{(pid=107341) inner /usr/local/lib/python3.8/dist-packages/oslo_concurrency/lockutils.py:367}}
Aug 02 09:55:33.907967 dv-cinder-803000-2-iscsi devstack@n-api.service[107341]: DEBUG oslo_concurrency.lockutils [None req-2da6815d-0dba-4cbf-81a3-f7e8c9fa663d tempest-AttachVolumeNegativeTest-416002029 tempest-AttachVolumeNegativeTest-416002029-project] Lock "87d7fb81-642d-4602-a6b6-0721436f2d08" acquired by "nova.context.set_target_cell..get_or_set_cached_cell_and_set_connections" :: waited 0.000s {{(pid=107341) inner /usr/local/lib/python3.8/dist-packages/oslo_concurrency/lockutils.py:355}}
Aug 02 09:55:33.908595 dv-cinder-803000-2-iscsi devstack@n-api.service[107341]: DEBUG oslo_concurrency.lockutils [None req-2da6815d-0dba-4cbf-81a3-f7e8c9fa663d tempest-AttachVolumeNegativeTest-416002029 tempest-AttachVolumeNegativeTest-416002029-project] Lock "87d7fb81-642d-4602-a6b6-0721436f2d08" released by "nova.context.set_target_cell..get_or_set_cached_cell_and_set_connections" :: held 0.001s {{(pid=107341) inner /usr/local/lib/python3.8/dist-packages/oslo_concurrency/lockutils.py:367}}
Aug 02 09:55:33.942807 dv-cinder-803000-2-iscsi devstack@n-api.service[107341]: DEBUG nova.quota [None req-2da6815d-0dba-4cbf-81a3-f7e8c9fa663d tempest-AttachVolumeNegativeTest-416002029 tempest-AttachVolumeNegativeTest-416002029-project] Getting quotas for project 714939cf3640407b88bab848aeb4fbdc. Resources: {'instances', 'cores', 'ram'} {{(pid=107341) _get_quotas /opt/stack/nova/nova/quota.py:384}}
Aug 02 09:55:33.952591 dv-cinder-803000-2-iscsi devstack@n-api.service[107341]: DEBUG nova.quota [None req-2da6815d-0dba-4cbf-81a3-f7e8c9fa663d tempest-AttachVolumeNegativeTest-416002029 tempest-AttachVolumeNegativeTest-416002029-project] Getting quotas for user 51b83e51fb7c4221904e3259204787ee and project 714939cf3640407b88bab848aeb4fbdc. Resources: {'instances', 'cores', 'ram'} {{(pid=107341) _get_quotas /opt/stack/nova/nova/quota.py:374}}
Aug 02 09:55:33.966140 dv-cinder-803000-2-iscsi devstack@n-api.service[107341]: DEBUG nova.compute.api [None req-2da6815d-0dba-4cbf-81a3-f7e8c9fa663d tempest-AttachVolumeNegativeTest-416002029 tempest-AttachVolumeNegativeTest-416002029-project] Going to run 1 instances... {{(pid=107341) _provision_instances /opt/stack/nova/nova/compute/api.py:1280}}
Aug 02 09:55:33.972324 dv-cinder-803000-2-iscsi devstack@n-api.service[107341]: DEBUG nova.compute.api [None req-2da6815d-0dba-4cbf-81a3-f7e8c9fa663d tempest-AttachVolumeNegativeTest-416002029 tempest-AttachVolumeNegativeTest-416002029-project] [instance: 1b9b8f53-97dd-4e59-8fe3-93d5064da492] block_device_mapping [BlockDeviceMapping(attachment_id=,boot_index=0,connection_info=None,created_at=,delete_on_termination=True,deleted=,deleted_at=,destination_type='local',device_name=None,device_type='disk',disk_bus=None,guest_format=None,id=,image_id='2543cf14-4d19-4eaa-a6cd-8573fc53d43b',instance=,instance_uuid=,no_device=False,snapshot_id=None,source_type='image',tag=None,updated_at=,uuid=,volume_id=None,volume_size=None,volume_type=None)] {{(pid=107341) _bdm_validate_set_size_and_instance /opt/stack/nova/nova/compute/api.py:1685}}
Aug 02 09:55:34.116832 dv-cinder-803000-2-iscsi devstack@n-api.service[107341]: INFO nova.api.openstack.requestlog [None req-2da6815d-0dba-4cbf-81a3-f7e8c9fa663d tempest-AttachVolumeNegativeTest-416002029 tempest-AttachVolumeNegativeTest-416002029-project] 10.222.0.18 "POST /compute/v2.1/servers" status: 202 len: 380 microversion: 2.1 time: 3.366654
Aug 02 09:55:34.118120 dv-cinder-803000-2-iscsi devstack@n-api.service[107341]: [pid: 107341|app: 0|req: 1/2] 10.222.0.18 () {60 vars in 1147 bytes} [Mon Aug 2 09:55:30 2021] POST /compute/v2.1/servers => generated 380 bytes in 3369 msecs (HTTP/1.1 202) 10 headers in 451 bytes (1 switches on core 0)
Aug 02 09:55:34.128957 dv-cinder-803000-2-iscsi devstack@n-api.service[107341]: DEBUG nova.api.openstack.wsgi [None req-129a5529-111d-4102-b939-661c96dd9bc0 tempest-VolumesSnapshotsTestJSON-375210901 tempest-VolumesSnapshotsTestJSON-375210901-project] Calling method '.version_select at 0x7f959e1af550>' {{(pid=107341) _process_stack /opt/stack/nova/nova/api/openstack/wsgi.py:513}}
Aug 02 09:55:34.465634 dv-cinder-803000-2-iscsi devstack@n-api.service[107341]: INFO nova.api.openstack.requestlog [None req-129a5529-111d-4102-b939-661c96dd9bc0 tempest-VolumesSnapshotsTestJSON-375210901 tempest-VolumesSnapshotsTestJSON-375210901-project] 10.222.0.18 "GET /compute/v2.1/os-volumes/194b3d67-fd01-4142-9f1f-6b1a1f97a061" status: 200 len: 346 microversion: 2.1 time: 0.346033
Aug 02 09:55:34.466342 dv-cinder-803000-2-iscsi devstack@n-api.service[107341]: [pid: 107341|app: 0|req: 2/3] 10.222.0.18 () {58 vars in 1245 bytes} [Mon Aug 2 09:55:34 2021] GET /compute/v2.1/os-volumes/194b3d67-fd01-4142-9f1f-6b1a1f97a061 => generated 346 bytes in 347 msecs (HTTP/1.1 200) 9 headers in 357 bytes (1 switches on core 0)
Aug 02 09:55:34.470827 dv-cinder-803000-2-iscsi devstack@n-api.service[107341]: DEBUG nova.api.openstack.wsgi [None req-2617a73b-9fd4-418c-ad7b-e16c4fab37f9 tempest-AttachVolumeNegativeTest-416002029 tempest-AttachVolumeNegativeTest-416002029-project] Calling method '>' {{(pid=107341) _process_stack /opt/stack/nova/nova/api/openstack/wsgi.py:513}}
Aug 02 09:55:34.471579 dv-cinder-803000-2-iscsi devstack@n-api.service[107341]: DEBUG nova.compute.api [None req-2617a73b-9fd4-418c-ad7b-e16c4fab37f9 tempest-AttachVolumeNegativeTest-416002029 tempest-AttachVolumeNegativeTest-416002029-project] [instance: 1b9b8f53-97dd-4e59-8fe3-93d5064da492] Fetching instance by UUID {{(pid=107341) get /opt/stack/nova/nova/compute/api.py:2791}}
Aug 02 09:55:34.969520 dv-cinder-803000-2-iscsi devstack@n-api.service[107341]: DEBUG nova.policy [None req-2617a73b-9fd4-418c-ad7b-e16c4fab37f9 tempest-AttachVolumeNegativeTest-416002029 tempest-AttachVolumeNegativeTest-416002029-project] Policy check for os_compute_api:os-extended-server-attributes failed with credentials {'is_admin': False, 'user_id': '51b83e51fb7c4221904e3259204787ee', 'user_domain_id': 'default', 'system_scope': None, 'domain_id': None, 'project_id': '714939cf3640407b88bab848aeb4fbdc', 'project_domain_id': 'default', 'roles': ['reader', 'member'], 'is_admin_project': True, 'service_user_id': None, 'service_user_domain_id': None, 'service_project_id': None, 'service_project_domain_id': None, 'service_roles': []} {{(pid=107341) authorize /opt/stack/nova/nova/policy.py:199}}
Aug 02 09:55:35.036514 dv-cinder-803000-2-iscsi devstack@n-api.service[107341]: INFO nova.api.openstack.requestlog [None req-2617a73b-9fd4-418c-ad7b-e16c4fab37f9 tempest-AttachVolumeNegativeTest-416002029 tempest-AttachVolumeNegativeTest-416002029-project] 10.222.0.18 "GET /compute/v2.1/servers/1b9b8f53-97dd-4e59-8fe3-93d5064da492" status: 200 len: 1217 microversion: 2.1 time: 0.562800
Aug 02 09:55:35.037889 dv-cinder-803000-2-iscsi devstack@n-api.service[107341]: [pid: 107341|app: 0|req: 3/4] 10.222.0.18 () {58 vars in 1236 bytes} [Mon Aug 2 09:55:34 2021] GET /compute/v2.1/servers/1b9b8f53-97dd-4e59-8fe3-93d5064da492 => generated 1217 bytes in 571 msecs (HTTP/1.1 200) 9 headers in 358 bytes (1 switches on core 0)
Aug 02 09:55:35.054468 dv-cinder-803000-2-iscsi devstack@n-api.service[107341]: DEBUG nova.api.openstack.wsgi [None req-3d0a365a-a264-491a-b1c1-0d991c961f63 tempest-VolumesSnapshotsTestJSON-375210901 tempest-VolumesSnapshotsTestJSON-375210901-project] Action: 'create', calling method: .version_select at 0x7f959d8c4820>, body: {"snapshot": {"volume_id": "194b3d67-fd01-4142-9f1f-6b1a1f97a061", "display_name": "tempest-VolumesSnapshotsTestJSON-Snapshot-524009198"}} {{(pid=107341) _process_stack /opt/stack/nova/nova/api/openstack/wsgi.py:511}}
Aug 02 09:55:35.397541 dv-cinder-803000-2-iscsi devstack@n-api.service[107340]: DEBUG nova.virt.hardware [None req-ef09e03c-20a0-4147-b79f-33ab645e923e tempest-DeleteServersTestJSON-1604607181 tempest-DeleteServersTestJSON-1604607181-project] Flavor limits 0:0:0 {{(pid=107340) get_cpu_topology_constraints /opt/stack/nova/nova/virt/hardware.py:343}}
Aug 02 09:55:35.398093 dv-cinder-803000-2-iscsi devstack@n-api.service[107340]: DEBUG nova.virt.hardware [None req-ef09e03c-20a0-4147-b79f-33ab645e923e tempest-DeleteServersTestJSON-1604607181 tempest-DeleteServersTestJSON-1604607181-project] Image limits 0:0:0 {{(pid=107340) get_cpu_topology_constraints /opt/stack/nova/nova/virt/hardware.py:347}}
Aug 02 09:55:35.398442 dv-cinder-803000-2-iscsi devstack@n-api.service[107340]: DEBUG nova.virt.hardware [None req-ef09e03c-20a0-4147-b79f-33ab645e923e tempest-DeleteServersTestJSON-1604607181 tempest-DeleteServersTestJSON-1604607181-project] Flavor pref 0:0:0 {{(pid=107340) get_cpu_topology_constraints /opt/stack/nova/nova/virt/hardware.py:383}}
Aug 02 09:55:35.398855 dv-cinder-803000-2-iscsi devstack@n-api.service[107340]: DEBUG nova.virt.hardware [None req-ef09e03c-20a0-4147-b79f-33ab645e923e tempest-DeleteServersTestJSON-1604607181 tempest-DeleteServersTestJSON-1604607181-project] Image pref 0:0:0 {{(pid=107340) get_cpu_topology_constraints /opt/stack/nova/nova/virt/hardware.py:387}}
Aug 02 09:55:35.399455 dv-cinder-803000-2-iscsi devstack@n-api.service[107340]: DEBUG nova.virt.hardware [None req-ef09e03c-20a0-4147-b79f-33ab645e923e tempest-DeleteServersTestJSON-1604607181 tempest-DeleteServersTestJSON-1604607181-project] Chose sockets=0, cores=0, threads=0; limits were sockets=65536, cores=65536, threads=65536 {{(pid=107340) get_cpu_topology_constraints /opt/stack/nova/nova/virt/hardware.py:425}}
Aug 02 09:55:35.474900 dv-cinder-803000-2-iscsi devstack@n-api.service[107340]: DEBUG oslo_concurrency.lockutils [None req-ef09e03c-20a0-4147-b79f-33ab645e923e tempest-DeleteServersTestJSON-1604607181 tempest-DeleteServersTestJSON-1604607181-project] Lock "00000000-0000-0000-0000-000000000000" acquired by "nova.context.set_target_cell..get_or_set_cached_cell_and_set_connections" :: waited 0.000s {{(pid=107340) inner /usr/local/lib/python3.8/dist-packages/oslo_concurrency/lockutils.py:355}}
Aug 02 09:55:35.488961 dv-cinder-803000-2-iscsi devstack@n-api.service[107340]: DEBUG oslo_concurrency.lockutils [None req-ef09e03c-20a0-4147-b79f-33ab645e923e tempest-DeleteServersTestJSON-1604607181 tempest-DeleteServersTestJSON-1604607181-project] Lock "00000000-0000-0000-0000-000000000000" released by "nova.context.set_target_cell..get_or_set_cached_cell_and_set_connections" :: held 0.006s {{(pid=107340) inner /usr/local/lib/python3.8/dist-packages/oslo_concurrency/lockutils.py:367}}
Aug 02 09:55:35.490082 dv-cinder-803000-2-iscsi devstack@n-api.service[107340]: DEBUG oslo_concurrency.lockutils [None req-ef09e03c-20a0-4147-b79f-33ab645e923e tempest-DeleteServersTestJSON-1604607181 tempest-DeleteServersTestJSON-1604607181-project] Lock "87d7fb81-642d-4602-a6b6-0721436f2d08" acquired by "nova.context.set_target_cell..get_or_set_cached_cell_and_set_connections" :: waited 0.000s {{(pid=107340) inner /usr/local/lib/python3.8/dist-packages/oslo_concurrency/lockutils.py:355}}
Aug 02 09:55:35.492233 dv-cinder-803000-2-iscsi devstack@n-api.service[107340]: DEBUG oslo_concurrency.lockutils [None req-ef09e03c-20a0-4147-b79f-33ab645e923e tempest-DeleteServersTestJSON-1604607181 tempest-DeleteServersTestJSON-1604607181-project] Lock "87d7fb81-642d-4602-a6b6-0721436f2d08" released by "nova.context.set_target_cell..get_or_set_cached_cell_and_set_connections" :: held 0.001s {{(pid=107340) inner /usr/local/lib/python3.8/dist-packages/oslo_concurrency/lockutils.py:367}}
Aug 02 09:55:35.518498 dv-cinder-803000-2-iscsi devstack@n-api.service[107341]: INFO nova.api.openstack.requestlog [None req-3d0a365a-a264-491a-b1c1-0d991c961f63 tempest-VolumesSnapshotsTestJSON-375210901 tempest-VolumesSnapshotsTestJSON-375210901-project] 10.222.0.18 "POST /compute/v2.1/os-snapshots" status: 200 len: 286 microversion: 2.1 time: 0.477587
Aug 02 09:55:35.519300 dv-cinder-803000-2-iscsi devstack@n-api.service[107341]: [pid: 107341|app: 0|req: 4/5] 10.222.0.18 () {60 vars in 1162 bytes} [Mon Aug 2 09:55:35 2021] POST /compute/v2.1/os-snapshots => generated 286 bytes in 481 msecs (HTTP/1.1 200) 9 headers in 357 bytes (1 switches on core 0)
Aug 02 09:55:35.532136 dv-cinder-803000-2-iscsi devstack@n-api.service[107341]: DEBUG nova.api.openstack.wsgi [None req-4678770f-9516-43cb-8062-77ed1907d2a5 tempest-VolumesSnapshotsTestJSON-375210901 tempest-VolumesSnapshotsTestJSON-375210901-project] Calling method '.version_select at 0x7f959d8d3af0>' {{(pid=107341) _process_stack /opt/stack/nova/nova/api/openstack/wsgi.py:513}}
Aug 02 09:55:35.568335 dv-cinder-803000-2-iscsi devstack@n-api.service[107341]: INFO nova.api.openstack.requestlog [None req-4678770f-9516-43cb-8062-77ed1907d2a5 tempest-VolumesSnapshotsTestJSON-375210901 tempest-VolumesSnapshotsTestJSON-375210901-project] 10.222.0.18 "GET /compute/v2.1/os-snapshots/54ddfa0e-3f43-4bf2-be26-6ceb15f82897" status: 200 len: 286 microversion: 2.1 time: 0.041501
Aug 02 09:55:35.576065 dv-cinder-803000-2-iscsi devstack@n-api.service[107341]: [pid: 107341|app: 0|req: 5/6] 10.222.0.18 () {58 vars in 1251 bytes} [Mon Aug 2 09:55:35 2021] GET /compute/v2.1/os-snapshots/54ddfa0e-3f43-4bf2-be26-6ceb15f82897 => generated 286 bytes in 50 msecs (HTTP/1.1 200) 9 headers in 357 bytes (1 switches on core 0)
Aug 02 09:55:35.581613 dv-cinder-803000-2-iscsi devstack@n-api.service[107341]: DEBUG nova.api.openstack.wsgi [None req-5d924238-dd38-485e-82b1-828c96e7b134 tempest-VolumesSnapshotsTestJSON-375210901 tempest-VolumesSnapshotsTestJSON-375210901-project] Calling method '.version_select at 0x7f959d8d3dc0>' {{(pid=107341) _process_stack /opt/stack/nova/nova/api/openstack/wsgi.py:513}}
Aug 02 09:55:35.631805 dv-cinder-803000-2-iscsi devstack@n-api.service[107341]: INFO nova.api.openstack.requestlog [None req-5d924238-dd38-485e-82b1-828c96e7b134 tempest-VolumesSnapshotsTestJSON-375210901 tempest-VolumesSnapshotsTestJSON-375210901-project] 10.222.0.18 "GET /compute/v2.1/os-snapshots" status: 200 len: 289 microversion: 2.1 time: 0.054568
Aug 02 09:55:35.632654 dv-cinder-803000-2-iscsi devstack@n-api.service[107341]: [pid: 107341|app: 0|req: 6/7] 10.222.0.18 () {58 vars in 1140 bytes} [Mon Aug 2 09:55:35 2021] GET /compute/v2.1/os-snapshots => generated 289 bytes in 56 msecs (HTTP/1.1 200) 9 headers in 357 bytes (1 switches on core 0)
Aug 02 09:55:35.645516 dv-cinder-803000-2-iscsi devstack@n-api.service[107341]: DEBUG nova.api.openstack.wsgi [None req-c13ddf7a-64a9-4d6d-9fe9-3ba55fea7e02 tempest-VolumesSnapshotsTestJSON-375210901 tempest-VolumesSnapshotsTestJSON-375210901-project] Calling method '.version_select at 0x7f959d932940>' {{(pid=107341) _process_stack /opt/stack/nova/nova/api/openstack/wsgi.py:513}}
Aug 02 09:55:35.659248 dv-cinder-803000-2-iscsi devstack@n-api.service[107340]: DEBUG nova.quota [None req-ef09e03c-20a0-4147-b79f-33ab645e923e tempest-DeleteServersTestJSON-1604607181 tempest-DeleteServersTestJSON-1604607181-project] Getting quotas for project aa2759a0f5ba4c3d85f615028ad0e960. Resources: {'instances', 'cores', 'ram'} {{(pid=107340) _get_quotas /opt/stack/nova/nova/quota.py:384}}
Aug 02 09:55:35.682654 dv-cinder-803000-2-iscsi devstack@n-api.service[107340]: DEBUG nova.quota [None req-ef09e03c-20a0-4147-b79f-33ab645e923e tempest-DeleteServersTestJSON-1604607181 tempest-DeleteServersTestJSON-1604607181-project] Getting quotas for user 0f2e53c61c5c41f089bc3f3b6d27bdf2 and project aa2759a0f5ba4c3d85f615028ad0e960. Resources: {'instances', 'cores', 'ram'} {{(pid=107340) _get_quotas /opt/stack/nova/nova/quota.py:374}}
Aug 02 09:55:35.700599 dv-cinder-803000-2-iscsi devstack@n-api.service[107341]: INFO nova.api.openstack.requestlog [None req-c13ddf7a-64a9-4d6d-9fe9-3ba55fea7e02 tempest-VolumesSnapshotsTestJSON-375210901 tempest-VolumesSnapshotsTestJSON-375210901-project] 10.222.0.18 "GET /compute/v2.1/os-snapshots/54ddfa0e-3f43-4bf2-be26-6ceb15f82897" status: 200 len: 286 microversion: 2.1 time: 0.060011
Aug 02 09:55:35.702021 dv-cinder-803000-2-iscsi devstack@n-api.service[107341]: [pid: 107341|app: 0|req: 7/8] 10.222.0.18 () {58 vars in 1251 bytes} [Mon Aug 2 09:55:35 2021] GET /compute/v2.1/os-snapshots/54ddfa0e-3f43-4bf2-be26-6ceb15f82897 => generated 286 bytes in 62 msecs (HTTP/1.1 200) 9 headers in 357 bytes (2 switches on core 0)
Aug 02 09:55:35.719283 dv-cinder-803000-2-iscsi devstack@n-api.service[107340]: DEBUG nova.compute.api [None req-ef09e03c-20a0-4147-b79f-33ab645e923e tempest-DeleteServersTestJSON-1604607181 tempest-DeleteServersTestJSON-1604607181-project] Going to run 1 instances... {{(pid=107340) _provision_instances /opt/stack/nova/nova/compute/api.py:1280}}
Aug 02 09:55:35.725765 dv-cinder-803000-2-iscsi devstack@n-api.service[107340]: DEBUG nova.compute.api [None req-ef09e03c-20a0-4147-b79f-33ab645e923e tempest-DeleteServersTestJSON-1604607181 tempest-DeleteServersTestJSON-1604607181-project] [instance: ce8526d8-a4b1-422c-97da-7366e7d0523a] block_device_mapping [BlockDeviceMapping(attachment_id=,boot_index=0,connection_info=None,created_at=,delete_on_termination=True,deleted=,deleted_at=,destination_type='local',device_name=None,device_type='disk',disk_bus=None,guest_format=None,id=,image_id='2543cf14-4d19-4eaa-a6cd-8573fc53d43b',instance=,instance_uuid=,no_device=False,snapshot_id=None,source_type='image',tag=None,updated_at=,uuid=,volume_id=None,volume_size=None,volume_type=None)] {{(pid=107340) _bdm_validate_set_size_and_instance /opt/stack/nova/nova/compute/api.py:1685}}
Aug 02 09:55:35.871394 dv-cinder-803000-2-iscsi devstack@n-api.service[107340]: INFO nova.api.openstack.requestlog [None req-ef09e03c-20a0-4147-b79f-33ab645e923e tempest-DeleteServersTestJSON-1604607181 tempest-DeleteServersTestJSON-1604607181-project] 10.222.0.18 "POST /compute/v2.1/servers" status: 202 len: 380 microversion: 2.1 time: 2.838586
Aug 02 09:55:35.872705 dv-cinder-803000-2-iscsi devstack@n-api.service[107340]: [pid: 107340|app: 0|req: 2/9] 10.222.0.18 () {60 vars in 1147 bytes} [Mon Aug 2 09:55:33 2021] POST /compute/v2.1/servers => generated 380 bytes in 2842 msecs (HTTP/1.1 202) 10 headers in 451 bytes (1 switches on core 0)
Aug 02 09:55:35.883664 dv-cinder-803000-2-iscsi devstack@n-api.service[107341]: DEBUG nova.api.openstack.wsgi [None req-d8928fa8-797a-48ce-8a7f-904736c2f253 tempest-DeleteServersTestJSON-1604607181 tempest-DeleteServersTestJSON-1604607181-project] Calling method '>' {{(pid=107341) _process_stack /opt/stack/nova/nova/api/openstack/wsgi.py:513}}
Aug 02 09:55:35.887530 dv-cinder-803000-2-iscsi devstack@n-api.service[107341]: DEBUG nova.compute.api [None req-d8928fa8-797a-48ce-8a7f-904736c2f253 tempest-DeleteServersTestJSON-1604607181 tempest-DeleteServersTestJSON-1604607181-project] [instance: ce8526d8-a4b1-422c-97da-7366e7d0523a] Fetching instance by UUID {{(pid=107341) get /opt/stack/nova/nova/compute/api.py:2791}}
Aug 02 09:55:36.051545 dv-cinder-803000-2-iscsi devstack@n-api.service[107341]: DEBUG nova.policy [None req-d8928fa8-797a-48ce-8a7f-904736c2f253 tempest-DeleteServersTestJSON-1604607181 tempest-DeleteServersTestJSON-1604607181-project] Policy check for os_compute_api:os-extended-server-attributes failed with credentials {'is_admin': False, 'user_id': '0f2e53c61c5c41f089bc3f3b6d27bdf2', 'user_domain_id': 'default', 'system_scope': None, 'domain_id': None, 'project_id': 'aa2759a0f5ba4c3d85f615028ad0e960', 'project_domain_id': 'default', 'roles': ['reader', 'member'], 'is_admin_project': True, 'service_user_id': None, 'service_user_domain_id': None, 'service_project_id': None, 'service_project_domain_id': None, 'service_roles': []} {{(pid=107341) authorize /opt/stack/nova/nova/policy.py:199}}
Aug 02 09:55:36.061923 dv-cinder-803000-2-iscsi devstack@n-api.service[107340]: DEBUG nova.api.openstack.wsgi [None req-64be379a-d577-4240-bcbb-6fc6e2da92d6 tempest-AttachVolumeNegativeTest-416002029 tempest-AttachVolumeNegativeTest-416002029-project] Calling method '>' {{(pid=107340) _process_stack /opt/stack/nova/nova/api/openstack/wsgi.py:513}}
Aug 02 09:55:36.062778 dv-cinder-803000-2-iscsi devstack@n-api.service[107340]: DEBUG nova.compute.api [None req-64be379a-d577-4240-bcbb-6fc6e2da92d6 tempest-AttachVolumeNegativeTest-416002029 tempest-AttachVolumeNegativeTest-416002029-project] [instance: 1b9b8f53-97dd-4e59-8fe3-93d5064da492] Fetching instance by UUID {{(pid=107340) get /opt/stack/nova/nova/compute/api.py:2791}}
Aug 02 09:55:36.069359 dv-cinder-803000-2-iscsi devstack@n-api.service[107341]: INFO nova.api.openstack.requestlog [None req-d8928fa8-797a-48ce-8a7f-904736c2f253 tempest-DeleteServersTestJSON-1604607181 tempest-DeleteServersTestJSON-1604607181-project] 10.222.0.18 "GET /compute/v2.1/servers/ce8526d8-a4b1-422c-97da-7366e7d0523a" status: 200 len: 1214 microversion: 2.1 time: 0.190385
Aug 02 09:55:36.093183 dv-cinder-803000-2-iscsi devstack@n-api.service[107341]: [pid: 107341|app: 0|req: 8/10] 10.222.0.18 () {58 vars in 1236 bytes} [Mon Aug 2 09:55:35 2021] GET /compute/v2.1/servers/ce8526d8-a4b1-422c-97da-7366e7d0523a => generated 1214 bytes in 210 msecs (HTTP/1.1 200) 9 headers in 358 bytes (1 switches on core 0)
Aug 02 09:55:36.635050 dv-cinder-803000-2-iscsi devstack@n-api.service[107340]: DEBUG nova.policy [None req-64be379a-d577-4240-bcbb-6fc6e2da92d6 tempest-AttachVolumeNegativeTest-416002029 tempest-AttachVolumeNegativeTest-416002029-project] Policy check for os_compute_api:os-extended-server-attributes failed with credentials {'is_admin': False, 'user_id': '51b83e51fb7c4221904e3259204787ee', 'user_domain_id': 'default', 'system_scope': None, 'domain_id': None, 'project_id': '714939cf3640407b88bab848aeb4fbdc', 'project_domain_id': 'default', 'roles': ['reader', 'member'], 'is_admin_project': True, 'service_user_id': None, 'service_user_domain_id': None, 'service_project_id': None, 'service_project_domain_id': None, 'service_roles': []} {{(pid=107340) authorize /opt/stack/nova/nova/policy.py:199}}
Aug 02 09:55:36.669088 dv-cinder-803000-2-iscsi devstack@n-api.service[107340]: INFO nova.api.openstack.requestlog [None req-64be379a-d577-4240-bcbb-6fc6e2da92d6 tempest-AttachVolumeNegativeTest-416002029 tempest-AttachVolumeNegativeTest-416002029-project] 10.222.0.18 "GET /compute/v2.1/servers/1b9b8f53-97dd-4e59-8fe3-93d5064da492" status: 200 len: 1217 microversion: 2.1 time: 0.611830
Aug 02 09:55:36.678681 dv-cinder-803000-2-iscsi devstack@n-api.service[107340]: [pid: 107340|app: 0|req: 3/11] 10.222.0.18 () {58 vars in 1236 bytes} [Mon Aug 2 09:55:36 2021] GET /compute/v2.1/servers/1b9b8f53-97dd-4e59-8fe3-93d5064da492 => generated 1217 bytes in 617 msecs (HTTP/1.1 200) 9 headers in 358 bytes (1 switches on core 0)
Aug 02 09:55:36.717033 dv-cinder-803000-2-iscsi devstack@n-api.service[107341]: DEBUG nova.api.openstack.wsgi [None req-41fcecb5-b329-4903-a7fe-b1bfc1b3b12d tempest-VolumesSnapshotsTestJSON-375210901 tempest-VolumesSnapshotsTestJSON-375210901-project] Calling method '.version_select at 0x7f959d8d3d30>' {{(pid=107341) _process_stack /opt/stack/nova/nova/api/openstack/wsgi.py:513}}
Aug 02 09:55:36.772556 dv-cinder-803000-2-iscsi devstack@n-api.service[107341]: INFO nova.api.openstack.requestlog [None req-41fcecb5-b329-4903-a7fe-b1bfc1b3b12d tempest-VolumesSnapshotsTestJSON-375210901 tempest-VolumesSnapshotsTestJSON-375210901-project] 10.222.0.18 "GET /compute/v2.1/os-snapshots/54ddfa0e-3f43-4bf2-be26-6ceb15f82897" status: 200 len: 286 microversion: 2.1 time: 0.062851
Aug 02 09:55:36.777123 dv-cinder-803000-2-iscsi devstack@n-api.service[107341]: [pid: 107341|app: 0|req: 9/12] 10.222.0.18 () {58 vars in 1251 bytes} [Mon Aug 2 09:55:36 2021] GET /compute/v2.1/os-snapshots/54ddfa0e-3f43-4bf2-be26-6ceb15f82897 => generated 286 bytes in 64 msecs (HTTP/1.1 200) 9 headers in 357 bytes (1 switches on core 0)
