Jul 30 08:58:01.141028 dv-cinder-802994-1-iscsi devstack@c-api.service[99889]: DEBUG cinder.volume.api [None req-ca40044b-5330-4c3b-88d9-3f97774dc418 tempest-VolumesTransfersV355Test-1020599903 tempest-VolumesTransfersV355Test-1020599903-project] Task 'cinder.volume.flows.api.create_volume.QuotaCommitTask;volume:create' (9608cc0b-1b06-429a-b181-0f8baae7bd9c) transitioned into state 'RUNNING' from state 'PENDING' {{(pid=99889) _task_receiver /usr/local/lib/python3.8/dist-packages/taskflow/listeners/logging.py:190}}
Jul 30 08:58:01.168707 dv-cinder-802994-1-iscsi devstack@c-api.service[99889]: DEBUG cinder.volume.api [None req-ca40044b-5330-4c3b-88d9-3f97774dc418 tempest-VolumesTransfersV355Test-1020599903 tempest-VolumesTransfersV355Test-1020599903-project] Task 'cinder.volume.flows.api.create_volume.QuotaCommitTask;volume:create' (9608cc0b-1b06-429a-b181-0f8baae7bd9c) transitioned into state 'SUCCESS' from state 'RUNNING' with result '{'volume_properties': VolumeProperties(attach_status='detached',availability_zone='nova',cgsnapshot_id=None,consistencygroup_id=None,display_description=None,display_name='tempest-VolumesTransfersV355Test-Volume-570165003',encryption_key_id=None,group_id=None,group_type_id=,metadata={},multiattach=False,project_id='813c89e7d2bf421d9100aa55ab435f97',qos_specs=None,replication_status=,reservations=['4ac72b58-0089-48c6-8a4c-6bf02952e01c','f619f576-b9bc-4e07-90a7-0327cc21a9c3','0ae59554-7bec-44cf-a43a-719dd6fe3730','1ce72414-cfc9-4b04-948a-399a905fd78a'],size=1,snapshot_id=None,source_replicaid=,source_volid=None,status='creating',user_id='b46b51296ec244db8a6c7dc77dd45fae',volume_type_id=77d5dbff-a8e0-49ff-b9df-22cb8cc7fab5)}' {{(pid=99889) _task_receiver /usr/local/lib/python3.8/dist-packages/taskflow/listeners/logging.py:178}}
Jul 30 08:58:01.170669 dv-cinder-802994-1-iscsi devstack@c-api.service[99889]: DEBUG cinder.volume.api [None req-ca40044b-5330-4c3b-88d9-3f97774dc418 tempest-VolumesTransfersV355Test-1020599903 tempest-VolumesTransfersV355Test-1020599903-project] Task 'cinder.volume.flows.api.create_volume.VolumeCastTask;volume:create' (fdf30831-3ed2-4077-a4fb-11a3ea9ad7dc) transitioned into state 'RUNNING' from state 'PENDING' {{(pid=99889) _task_receiver /usr/local/lib/python3.8/dist-packages/taskflow/listeners/logging.py:190}}
Jul 30 08:58:01.187799 dv-cinder-802994-1-iscsi devstack@c-api.service[99889]: DEBUG cinder.volume.api [None req-ca40044b-5330-4c3b-88d9-3f97774dc418 tempest-VolumesTransfersV355Test-1020599903 tempest-VolumesTransfersV355Test-1020599903-project] Task 'cinder.volume.flows.api.create_volume.VolumeCastTask;volume:create' (fdf30831-3ed2-4077-a4fb-11a3ea9ad7dc) transitioned into state 'SUCCESS' from state 'RUNNING' with result 'None' {{(pid=99889) _task_receiver /usr/local/lib/python3.8/dist-packages/taskflow/listeners/logging.py:178}}
Jul 30 08:58:01.190404 dv-cinder-802994-1-iscsi devstack@c-api.service[99889]: DEBUG cinder.volume.api [None req-ca40044b-5330-4c3b-88d9-3f97774dc418 tempest-VolumesTransfersV355Test-1020599903 tempest-VolumesTransfersV355Test-1020599903-project] Flow 'volume_create_api' (ac8d2fb1-3c69-4bcc-8c34-d11a4e6d9afa) transitioned into state 'SUCCESS' from state 'RUNNING' {{(pid=99889) _flow_receiver /usr/local/lib/python3.8/dist-packages/taskflow/listeners/logging.py:141}}
Jul 30 08:58:01.191216 dv-cinder-802994-1-iscsi devstack@c-api.service[99889]: INFO cinder.volume.api [None req-ca40044b-5330-4c3b-88d9-3f97774dc418 tempest-VolumesTransfersV355Test-1020599903 tempest-VolumesTransfersV355Test-1020599903-project] Create volume request issued successfully.
Jul 30 08:58:01.202250 dv-cinder-802994-1-iscsi devstack@c-api.service[99889]: INFO cinder.api.openstack.wsgi [None req-ca40044b-5330-4c3b-88d9-3f97774dc418 tempest-VolumesTransfersV355Test-1020599903 tempest-VolumesTransfersV355Test-1020599903-project] http://10.222.0.50/volume/v3/813c89e7d2bf421d9100aa55ab435f97/volumes returned with HTTP 202
Jul 30 08:58:01.212903 dv-cinder-802994-1-iscsi devstack@c-api.service[99889]: [pid: 99889|app: 0|req: 195/410] 10.222.0.50 () {62 vars in 1276 bytes} [Fri Jul 30 08:58:00 2021] POST /volume/v3/813c89e7d2bf421d9100aa55ab435f97/volumes => generated 887 bytes in 380 msecs (HTTP/1.1 202) 7 headers in 292 bytes (2 switches on core 0)
Jul 30 08:58:01.218217 dv-cinder-802994-1-iscsi devstack@c-api.service[99888]: INFO cinder.api.openstack.wsgi [None req-26a24eca-3ce3-4422-af98-c70f1cb4ca1b tempest-VolumesTransfersV355Test-1020599903 tempest-VolumesTransfersV355Test-1020599903-project] GET http://10.222.0.50/volume/v3/813c89e7d2bf421d9100aa55ab435f97/volumes/82c2a652-808f-483c-84d7-d08cb18a3bbe
Jul 30 08:58:01.218716 dv-cinder-802994-1-iscsi devstack@c-api.service[99888]: DEBUG cinder.api.openstack.wsgi [None req-26a24eca-3ce3-4422-af98-c70f1cb4ca1b tempest-VolumesTransfersV355Test-1020599903 tempest-VolumesTransfersV355Test-1020599903-project] Empty body provided in request {{(pid=99888) get_body /opt/stack/cinder/cinder/api/openstack/wsgi.py:703}}
Jul 30 08:58:01.218878 dv-cinder-802994-1-iscsi devstack@c-api.service[99888]: /usr/local/lib/python3.8/dist-packages/webob/acceptparse.py:1047: DeprecationWarning: The behavior of AcceptValidHeader.best_match is currently being maintained for backward compatibility, but it will be deprecated in the future, as it does not conform to the RFC.
Jul 30 08:58:01.218878 dv-cinder-802994-1-iscsi devstack@c-api.service[99888]: warnings.warn(
Jul 30 08:58:01.219432 dv-cinder-802994-1-iscsi devstack@c-api.service[99888]: DEBUG cinder.api.openstack.wsgi [None req-26a24eca-3ce3-4422-af98-c70f1cb4ca1b tempest-VolumesTransfersV355Test-1020599903 tempest-VolumesTransfersV355Test-1020599903-project] Calling method 'show' {{(pid=99888) _process_stack /opt/stack/cinder/cinder/api/openstack/wsgi.py:856}}
Jul 30 08:58:01.232913 dv-cinder-802994-1-iscsi devstack@c-api.service[99888]: /usr/local/lib/python3.8/dist-packages/oslo_context/context.py:105: DeprecationWarning: Policy enforcement is depending on the value of is_admin. This key is deprecated. Please update your policy file to use the standard policy values.
Jul 30 08:58:01.232913 dv-cinder-802994-1-iscsi devstack@c-api.service[99888]: warnings.warn('Policy enforcement is depending on the value of '
Jul 30 08:58:01.240497 dv-cinder-802994-1-iscsi devstack@c-api.service[99888]: INFO cinder.volume.api [None req-26a24eca-3ce3-4422-af98-c70f1cb4ca1b tempest-VolumesTransfersV355Test-1020599903 tempest-VolumesTransfersV355Test-1020599903-project] Volume info retrieved successfully.
Jul 30 08:58:01.256520 dv-cinder-802994-1-iscsi devstack@c-api.service[99888]: INFO cinder.api.openstack.wsgi [None req-26a24eca-3ce3-4422-af98-c70f1cb4ca1b tempest-VolumesTransfersV355Test-1020599903 tempest-VolumesTransfersV355Test-1020599903-project] http://10.222.0.50/volume/v3/813c89e7d2bf421d9100aa55ab435f97/volumes/82c2a652-808f-483c-84d7-d08cb18a3bbe returned with HTTP 200
Jul 30 08:58:01.258675 dv-cinder-802994-1-iscsi devstack@c-api.service[99888]: [pid: 99888|app: 0|req: 216/411] 10.222.0.50 () {60 vars in 1366 bytes} [Fri Jul 30 08:58:01 2021] GET /volume/v3/813c89e7d2bf421d9100aa55ab435f97/volumes/82c2a652-808f-483c-84d7-d08cb18a3bbe => generated 955 bytes in 44 msecs (HTTP/1.1 200) 7 headers in 286 bytes (1 switches on core 0)
Jul 30 08:58:01.354516 dv-cinder-802994-1-iscsi devstack@c-api.service[99889]: INFO cinder.api.openstack.wsgi [None req-481a4844-acb2-4f0f-ba21-717d9679d57d tempest-VolumesCloneTest-7423718 tempest-VolumesCloneTest-7423718-project] GET http://10.222.0.50/volume/v3/fe4a97d21f6045099a9467e1b8936895/volumes/376e2260-2a53-420d-913c-568ca1d79000
Jul 30 08:58:01.355002 dv-cinder-802994-1-iscsi devstack@c-api.service[99889]: DEBUG cinder.api.openstack.wsgi [None req-481a4844-acb2-4f0f-ba21-717d9679d57d tempest-VolumesCloneTest-7423718 tempest-VolumesCloneTest-7423718-project] Empty body provided in request {{(pid=99889) get_body /opt/stack/cinder/cinder/api/openstack/wsgi.py:703}}
Jul 30 08:58:01.355180 dv-cinder-802994-1-iscsi devstack@c-api.service[99889]: /usr/local/lib/python3.8/dist-packages/webob/acceptparse.py:1047: DeprecationWarning: The behavior of AcceptValidHeader.best_match is currently being maintained for backward compatibility, but it will be deprecated in the future, as it does not conform to the RFC.
Jul 30 08:58:01.355180 dv-cinder-802994-1-iscsi devstack@c-api.service[99889]: warnings.warn(
Jul 30 08:58:01.355494 dv-cinder-802994-1-iscsi devstack@c-api.service[99889]: DEBUG cinder.api.openstack.wsgi [None req-481a4844-acb2-4f0f-ba21-717d9679d57d tempest-VolumesCloneTest-7423718 tempest-VolumesCloneTest-7423718-project] Calling method 'show' {{(pid=99889) _process_stack /opt/stack/cinder/cinder/api/openstack/wsgi.py:856}}
Jul 30 08:58:01.379976 dv-cinder-802994-1-iscsi devstack@c-api.service[99889]: /usr/local/lib/python3.8/dist-packages/oslo_context/context.py:105: DeprecationWarning: Policy enforcement is depending on the value of is_admin. This key is deprecated. Please update your policy file to use the standard policy values.
Jul 30 08:58:01.379976 dv-cinder-802994-1-iscsi devstack@c-api.service[99889]: warnings.warn('Policy enforcement is depending on the value of '
Jul 30 08:58:01.388896 dv-cinder-802994-1-iscsi devstack@c-api.service[99889]: INFO cinder.volume.api [None req-481a4844-acb2-4f0f-ba21-717d9679d57d tempest-VolumesCloneTest-7423718 tempest-VolumesCloneTest-7423718-project] Volume info retrieved successfully.
Jul 30 08:58:01.404571 dv-cinder-802994-1-iscsi devstack@c-api.service[99889]: INFO cinder.api.openstack.wsgi [None req-481a4844-acb2-4f0f-ba21-717d9679d57d tempest-VolumesCloneTest-7423718 tempest-VolumesCloneTest-7423718-project] http://10.222.0.50/volume/v3/fe4a97d21f6045099a9467e1b8936895/volumes/376e2260-2a53-420d-913c-568ca1d79000 returned with HTTP 200
Jul 30 08:58:01.405317 dv-cinder-802994-1-iscsi devstack@c-api.service[99889]: [pid: 99889|app: 0|req: 196/412] 10.222.0.50 () {58 vars in 1325 bytes} [Fri Jul 30 08:58:01 2021] GET /volume/v3/fe4a97d21f6045099a9467e1b8936895/volumes/376e2260-2a53-420d-913c-568ca1d79000 => generated 908 bytes in 55 msecs (HTTP/1.1 200) 7 headers in 285 bytes (1 switches on core 0)
Jul 30 08:58:01.918229 dv-cinder-802994-1-iscsi devstack@c-api.service[99888]: INFO cinder.api.openstack.wsgi [None req-5cb7abaf-c096-410b-a97e-27690f87c8ec tempest-VolumesImageMetadata-1266376530 tempest-VolumesImageMetadata-1266376530-project] GET http://10.222.0.50/volume/v3/6fc13ae7ab8647f9ac44d30bce16e41a/volumes/edd3ba8c-dd2e-4045-84a2-73fef0a7e351
Jul 30 08:58:01.918787 dv-cinder-802994-1-iscsi devstack@c-api.service[99888]: DEBUG cinder.api.openstack.wsgi [None req-5cb7abaf-c096-410b-a97e-27690f87c8ec tempest-VolumesImageMetadata-1266376530 tempest-VolumesImageMetadata-1266376530-project] Empty body provided in request {{(pid=99888) get_body /opt/stack/cinder/cinder/api/openstack/wsgi.py:703}}
Jul 30 08:58:01.918887 dv-cinder-802994-1-iscsi devstack@c-api.service[99888]: /usr/local/lib/python3.8/dist-packages/webob/acceptparse.py:1047: DeprecationWarning: The behavior of AcceptValidHeader.best_match is currently being maintained for backward compatibility, but it will be deprecated in the future, as it does not conform to the RFC.
Jul 30 08:58:01.918887 dv-cinder-802994-1-iscsi devstack@c-api.service[99888]: warnings.warn(
Jul 30 08:58:01.919143 dv-cinder-802994-1-iscsi devstack@c-api.service[99888]: DEBUG cinder.api.openstack.wsgi [None req-5cb7abaf-c096-410b-a97e-27690f87c8ec tempest-VolumesImageMetadata-1266376530 tempest-VolumesImageMetadata-1266376530-project] Calling method 'show' {{(pid=99888) _process_stack /opt/stack/cinder/cinder/api/openstack/wsgi.py:856}}
Jul 30 08:58:01.932070 dv-cinder-802994-1-iscsi devstack@c-api.service[99888]: /usr/local/lib/python3.8/dist-packages/oslo_context/context.py:105: DeprecationWarning: Policy enforcement is depending on the value of is_admin. This key is deprecated. Please update your policy file to use the standard policy values.
Jul 30 08:58:01.932070 dv-cinder-802994-1-iscsi devstack@c-api.service[99888]: warnings.warn('Policy enforcement is depending on the value of '
Jul 30 08:58:01.938870 dv-cinder-802994-1-iscsi devstack@c-api.service[99888]: INFO cinder.volume.api [None req-5cb7abaf-c096-410b-a97e-27690f87c8ec tempest-VolumesImageMetadata-1266376530 tempest-VolumesImageMetadata-1266376530-project] Volume info retrieved successfully.
Jul 30 08:58:01.952667 dv-cinder-802994-1-iscsi devstack@c-api.service[99888]: INFO cinder.api.openstack.wsgi [None req-5cb7abaf-c096-410b-a97e-27690f87c8ec tempest-VolumesImageMetadata-1266376530 tempest-VolumesImageMetadata-1266376530-project] http://10.222.0.50/volume/v3/6fc13ae7ab8647f9ac44d30bce16e41a/volumes/edd3ba8c-dd2e-4045-84a2-73fef0a7e351 returned with HTTP 200
Jul 30 08:58:01.953408 dv-cinder-802994-1-iscsi devstack@c-api.service[99888]: [pid: 99888|app: 0|req: 217/413] 10.222.0.50 () {58 vars in 1325 bytes} [Fri Jul 30 08:58:01 2021] GET /volume/v3/6fc13ae7ab8647f9ac44d30bce16e41a/volumes/edd3ba8c-dd2e-4045-84a2-73fef0a7e351 => generated 911 bytes in 39 msecs (HTTP/1.1 200) 7 headers in 285 bytes (1 switches on core 0)
Jul 30 08:58:02.047780 dv-cinder-802994-1-iscsi devstack@c-api.service[99889]: INFO cinder.api.openstack.wsgi [None req-478e9094-e790-410b-aeca-32d5dface4ba tempest-DeleteServersTestJSON-1429642054 tempest-DeleteServersTestJSON-1429642054-project] GET http://10.222.0.50/volume/v3/e62181158a3d49b5af5747366219a191/volumes/9f2bcbaf-592f-4d97-be7e-1c69a8d81ea3
Jul 30 08:58:02.048321 dv-cinder-802994-1-iscsi devstack@c-api.service[99889]: DEBUG cinder.api.openstack.wsgi [None req-478e9094-e790-410b-aeca-32d5dface4ba tempest-DeleteServersTestJSON-1429642054 tempest-DeleteServersTestJSON-1429642054-project] Empty body provided in request {{(pid=99889) get_body /opt/stack/cinder/cinder/api/openstack/wsgi.py:703}}
Jul 30 08:58:02.048415 dv-cinder-802994-1-iscsi devstack@c-api.service[99889]: /usr/local/lib/python3.8/dist-packages/webob/acceptparse.py:1047: DeprecationWarning: The behavior of AcceptValidHeader.best_match is currently being maintained for backward compatibility, but it will be deprecated in the future, as it does not conform to the RFC.
Jul 30 08:58:02.048415 dv-cinder-802994-1-iscsi devstack@c-api.service[99889]: warnings.warn(
Jul 30 08:58:02.048702 dv-cinder-802994-1-iscsi devstack@c-api.service[99889]: DEBUG cinder.api.openstack.wsgi [None req-478e9094-e790-410b-aeca-32d5dface4ba tempest-DeleteServersTestJSON-1429642054 tempest-DeleteServersTestJSON-1429642054-project] Calling method 'show' {{(pid=99889) _process_stack /opt/stack/cinder/cinder/api/openstack/wsgi.py:856}}
Jul 30 08:58:02.062038 dv-cinder-802994-1-iscsi devstack@c-api.service[99889]: /usr/local/lib/python3.8/dist-packages/oslo_context/context.py:105: DeprecationWarning: Policy enforcement is depending on the value of is_admin. This key is deprecated. Please update your policy file to use the standard policy values.
Jul 30 08:58:02.062038 dv-cinder-802994-1-iscsi devstack@c-api.service[99889]: warnings.warn('Policy enforcement is depending on the value of '
Jul 30 08:58:02.069253 dv-cinder-802994-1-iscsi devstack@c-api.service[99889]: INFO cinder.volume.api [None req-478e9094-e790-410b-aeca-32d5dface4ba tempest-DeleteServersTestJSON-1429642054 tempest-DeleteServersTestJSON-1429642054-project] Volume info retrieved successfully.
Jul 30 08:58:02.080907 dv-cinder-802994-1-iscsi devstack@c-api.service[99889]: /usr/local/lib/python3.8/dist-packages/oslo_context/context.py:105: DeprecationWarning: Policy enforcement is depending on the value of is_admin. This key is deprecated. Please update your policy file to use the standard policy values.
Jul 30 08:58:02.080907 dv-cinder-802994-1-iscsi devstack@c-api.service[99889]: warnings.warn('Policy enforcement is depending on the value of '
Jul 30 08:58:02.089224 dv-cinder-802994-1-iscsi devstack@c-api.service[99889]: INFO cinder.api.openstack.wsgi [None req-478e9094-e790-410b-aeca-32d5dface4ba tempest-DeleteServersTestJSON-1429642054 tempest-DeleteServersTestJSON-1429642054-project] http://10.222.0.50/volume/v3/e62181158a3d49b5af5747366219a191/volumes/9f2bcbaf-592f-4d97-be7e-1c69a8d81ea3 returned with HTTP 200
Jul 30 08:58:02.090102 dv-cinder-802994-1-iscsi devstack@c-api.service[99889]: [pid: 99889|app: 0|req: 197/414] 10.222.0.50 () {58 vars in 1325 bytes} [Fri Jul 30 08:58:02 2021] GET /volume/v3/e62181158a3d49b5af5747366219a191/volumes/9f2bcbaf-592f-4d97-be7e-1c69a8d81ea3 => generated 914 bytes in 46 msecs (HTTP/1.1 200) 7 headers in 285 bytes (1 switches on core 0)
Jul 30 08:58:02.273944 dv-cinder-802994-1-iscsi devstack@c-api.service[99888]: INFO cinder.api.openstack.wsgi [None req-d7270eab-775e-459f-9319-f8ae48253c78 tempest-VolumesTransfersV355Test-1020599903 tempest-VolumesTransfersV355Test-1020599903-project] GET http://10.222.0.50/volume/v3/813c89e7d2bf421d9100aa55ab435f97/volumes/82c2a652-808f-483c-84d7-d08cb18a3bbe
Jul 30 08:58:02.274497 dv-cinder-802994-1-iscsi devstack@c-api.service[99888]: DEBUG cinder.api.openstack.wsgi [None req-d7270eab-775e-459f-9319-f8ae48253c78 tempest-VolumesTransfersV355Test-1020599903 tempest-VolumesTransfersV355Test-1020599903-project] Empty body provided in request {{(pid=99888) get_body /opt/stack/cinder/cinder/api/openstack/wsgi.py:703}}
Jul 30 08:58:02.274658 dv-cinder-802994-1-iscsi devstack@c-api.service[99888]: /usr/local/lib/python3.8/dist-packages/webob/acceptparse.py:1047: DeprecationWarning: The behavior of AcceptValidHeader.best_match is currently being maintained for backward compatibility, but it will be deprecated in the future, as it does not conform to the RFC.
Jul 30 08:58:02.274658 dv-cinder-802994-1-iscsi devstack@c-api.service[99888]: warnings.warn(
Jul 30 08:58:02.274976 dv-cinder-802994-1-iscsi devstack@c-api.service[99888]: DEBUG cinder.api.openstack.wsgi [None req-d7270eab-775e-459f-9319-f8ae48253c78 tempest-VolumesTransfersV355Test-1020599903 tempest-VolumesTransfersV355Test-1020599903-project] Calling method 'show' {{(pid=99888) _process_stack /opt/stack/cinder/cinder/api/openstack/wsgi.py:856}}
Jul 30 08:58:02.289040 dv-cinder-802994-1-iscsi devstack@c-api.service[99888]: /usr/local/lib/python3.8/dist-packages/oslo_context/context.py:105: DeprecationWarning: Policy enforcement is depending on the value of is_admin. This key is deprecated. Please update your policy file to use the standard policy values.
Jul 30 08:58:02.289040 dv-cinder-802994-1-iscsi devstack@c-api.service[99888]: warnings.warn('Policy enforcement is depending on the value of '
Jul 30 08:58:02.296282 dv-cinder-802994-1-iscsi devstack@c-api.service[99888]: INFO cinder.volume.api [None req-d7270eab-775e-459f-9319-f8ae48253c78 tempest-VolumesTransfersV355Test-1020599903 tempest-VolumesTransfersV355Test-1020599903-project] Volume info retrieved successfully.
Jul 30 08:58:02.310531 dv-cinder-802994-1-iscsi devstack@c-api.service[99888]: INFO cinder.api.openstack.wsgi [None req-d7270eab-775e-459f-9319-f8ae48253c78 tempest-VolumesTransfersV355Test-1020599903 tempest-VolumesTransfersV355Test-1020599903-project] http://10.222.0.50/volume/v3/813c89e7d2bf421d9100aa55ab435f97/volumes/82c2a652-808f-483c-84d7-d08cb18a3bbe returned with HTTP 200
Jul 30 08:58:02.311264 dv-cinder-802994-1-iscsi devstack@c-api.service[99888]: [pid: 99888|app: 0|req: 218/415] 10.222.0.50 () {60 vars in 1366 bytes} [Fri Jul 30 08:58:02 2021] GET /volume/v3/813c89e7d2bf421d9100aa55ab435f97/volumes/82c2a652-808f-483c-84d7-d08cb18a3bbe => generated 1014 bytes in 41 msecs (HTTP/1.1 200) 7 headers in 287 bytes (1 switches on core 0)
Jul 30 08:58:02.326335 dv-cinder-802994-1-iscsi devstack@c-api.service[99889]: INFO cinder.api.openstack.wsgi [None req-c5555c8d-9fb2-477e-8126-95671150b91b tempest-VolumesTransfersV355Test-1020599903 tempest-VolumesTransfersV355Test-1020599903-project] POST http://10.222.0.50/volume/v3/813c89e7d2bf421d9100aa55ab435f97/volume-transfers
Jul 30 08:58:02.326990 dv-cinder-802994-1-iscsi devstack@c-api.service[99889]: /usr/local/lib/python3.8/dist-packages/webob/acceptparse.py:1047: DeprecationWarning: The behavior of AcceptValidHeader.best_match is currently being maintained for backward compatibility, but it will be deprecated in the future, as it does not conform to the RFC.
Jul 30 08:58:02.326990 dv-cinder-802994-1-iscsi devstack@c-api.service[99889]: warnings.warn(
Jul 30 08:58:02.327355 dv-cinder-802994-1-iscsi devstack@c-api.service[99889]: DEBUG cinder.api.openstack.wsgi [None req-c5555c8d-9fb2-477e-8126-95671150b91b tempest-VolumesTransfersV355Test-1020599903 tempest-VolumesTransfersV355Test-1020599903-project] Action: 'create', calling method: create, body: {"transfer": {"volume_id": "82c2a652-808f-483c-84d7-d08cb18a3bbe"}} {{(pid=99889) _process_stack /opt/stack/cinder/cinder/api/openstack/wsgi.py:854}}
Jul 30 08:58:02.328251 dv-cinder-802994-1-iscsi devstack@c-api.service[99889]: DEBUG cinder.api.v3.volume_transfer [None req-c5555c8d-9fb2-477e-8126-95671150b91b tempest-VolumesTransfersV355Test-1020599903 tempest-VolumesTransfersV355Test-1020599903-project] Creating new volume transfer {'transfer': {'volume_id': '82c2a652-808f-483c-84d7-d08cb18a3bbe'}} {{(pid=99889) create /opt/stack/cinder/cinder/api/v3/volume_transfer.py:85}}
Jul 30 08:58:02.328556 dv-cinder-802994-1-iscsi devstack@c-api.service[99889]: INFO cinder.api.v3.volume_transfer [None req-c5555c8d-9fb2-477e-8126-95671150b91b tempest-VolumesTransfersV355Test-1020599903 tempest-VolumesTransfersV355Test-1020599903-project] Creating transfer of volume 82c2a652-808f-483c-84d7-d08cb18a3bbe
Jul 30 08:58:02.328858 dv-cinder-802994-1-iscsi devstack@c-api.service[99889]: INFO cinder.transfer.api [None req-c5555c8d-9fb2-477e-8126-95671150b91b tempest-VolumesTransfersV355Test-1020599903 tempest-VolumesTransfersV355Test-1020599903-project] Generating transfer record for volume 82c2a652-808f-483c-84d7-d08cb18a3bbe
Jul 30 08:58:02.342544 dv-cinder-802994-1-iscsi devstack@c-api.service[99889]: /usr/local/lib/python3.8/dist-packages/oslo_context/context.py:105: DeprecationWarning: Policy enforcement is depending on the value of is_admin. This key is deprecated. Please update your policy file to use the standard policy values.
Jul 30 08:58:02.342544 dv-cinder-802994-1-iscsi devstack@c-api.service[99889]: warnings.warn('Policy enforcement is depending on the value of '
Jul 30 08:58:02.368728 dv-cinder-802994-1-iscsi devstack@c-api.service[99889]: INFO cinder.api.openstack.wsgi [None req-c5555c8d-9fb2-477e-8126-95671150b91b tempest-VolumesTransfersV355Test-1020599903 tempest-VolumesTransfersV355Test-1020599903-project] http://10.222.0.50/volume/v3/813c89e7d2bf421d9100aa55ab435f97/volume-transfers returned with HTTP 202
Jul 30 08:58:02.370105 dv-cinder-802994-1-iscsi devstack@c-api.service[99889]: [pid: 99889|app: 0|req: 198/416] 10.222.0.50 () {60 vars in 1262 bytes} [Fri Jul 30 08:58:02 2021] POST /volume/v3/813c89e7d2bf421d9100aa55ab435f97/volume-transfers => generated 507 bytes in 48 msecs (HTTP/1.1 202) 7 headers in 291 bytes (1 switches on core 0)
Jul 30 08:58:02.382497 dv-cinder-802994-1-iscsi devstack@c-api.service[99888]: INFO cinder.api.openstack.wsgi [None req-d1a24054-eaf2-4c8a-8f16-f00370391694 tempest-VolumesTransfersV355Test-1020599903 tempest-VolumesTransfersV355Test-1020599903-project] GET http://10.222.0.50/volume/v3/813c89e7d2bf421d9100aa55ab435f97/volumes/82c2a652-808f-483c-84d7-d08cb18a3bbe
Jul 30 08:58:02.383070 dv-cinder-802994-1-iscsi devstack@c-api.service[99888]: DEBUG cinder.api.openstack.wsgi [None req-d1a24054-eaf2-4c8a-8f16-f00370391694 tempest-VolumesTransfersV355Test-1020599903 tempest-VolumesTransfersV355Test-1020599903-project] Empty body provided in request {{(pid=99888) get_body /opt/stack/cinder/cinder/api/openstack/wsgi.py:703}}
Jul 30 08:58:02.383251 dv-cinder-802994-1-iscsi devstack@c-api.service[99888]: /usr/local/lib/python3.8/dist-packages/webob/acceptparse.py:1047: DeprecationWarning: The behavior of AcceptValidHeader.best_match is currently being maintained for backward compatibility, but it will be deprecated in the future, as it does not conform to the RFC.
Jul 30 08:58:02.383251 dv-cinder-802994-1-iscsi devstack@c-api.service[99888]: warnings.warn(
Jul 30 08:58:02.383572 dv-cinder-802994-1-iscsi devstack@c-api.service[99888]: DEBUG cinder.api.openstack.wsgi [None req-d1a24054-eaf2-4c8a-8f16-f00370391694 tempest-VolumesTransfersV355Test-1020599903 tempest-VolumesTransfersV355Test-1020599903-project] Calling method 'show' {{(pid=99888) _process_stack /opt/stack/cinder/cinder/api/openstack/wsgi.py:856}}
Jul 30 08:58:02.399976 dv-cinder-802994-1-iscsi devstack@c-api.service[99888]: /usr/local/lib/python3.8/dist-packages/oslo_context/context.py:105: DeprecationWarning: Policy enforcement is depending on the value of is_admin. This key is deprecated. Please update your policy file to use the standard policy values.
Jul 30 08:58:02.399976 dv-cinder-802994-1-iscsi devstack@c-api.service[99888]: warnings.warn('Policy enforcement is depending on the value of '
Jul 30 08:58:02.406674 dv-cinder-802994-1-iscsi devstack@c-api.service[99888]: INFO cinder.volume.api [None req-d1a24054-eaf2-4c8a-8f16-f00370391694 tempest-VolumesTransfersV355Test-1020599903 tempest-VolumesTransfersV355Test-1020599903-project] Volume info retrieved successfully.
Jul 30 08:58:02.419664 dv-cinder-802994-1-iscsi devstack@c-api.service[99889]: INFO cinder.api.openstack.wsgi [None req-8dc1617e-39de-4f17-90ce-34062bdfe450 tempest-VolumesCloneTest-7423718 tempest-VolumesCloneTest-7423718-project] GET http://10.222.0.50/volume/v3/fe4a97d21f6045099a9467e1b8936895/volumes/376e2260-2a53-420d-913c-568ca1d79000
Jul 30 08:58:02.420113 dv-cinder-802994-1-iscsi devstack@c-api.service[99889]: DEBUG cinder.api.openstack.wsgi [None req-8dc1617e-39de-4f17-90ce-34062bdfe450 tempest-VolumesCloneTest-7423718 tempest-VolumesCloneTest-7423718-project] Empty body provided in request {{(pid=99889) get_body /opt/stack/cinder/cinder/api/openstack/wsgi.py:703}}
Jul 30 08:58:02.420283 dv-cinder-802994-1-iscsi devstack@c-api.service[99889]: /usr/local/lib/python3.8/dist-packages/webob/acceptparse.py:1047: DeprecationWarning: The behavior of AcceptValidHeader.best_match is currently being maintained for backward compatibility, but it will be deprecated in the future, as it does not conform to the RFC.
Jul 30 08:58:02.420283 dv-cinder-802994-1-iscsi devstack@c-api.service[99889]: warnings.warn(
Jul 30 08:58:02.420601 dv-cinder-802994-1-iscsi devstack@c-api.service[99889]: DEBUG cinder.api.openstack.wsgi [None req-8dc1617e-39de-4f17-90ce-34062bdfe450 tempest-VolumesCloneTest-7423718 tempest-VolumesCloneTest-7423718-project] Calling method 'show' {{(pid=99889) _process_stack /opt/stack/cinder/cinder/api/openstack/wsgi.py:856}}
Jul 30 08:58:02.420910 dv-cinder-802994-1-iscsi devstack@c-api.service[99888]: INFO cinder.api.openstack.wsgi [None req-d1a24054-eaf2-4c8a-8f16-f00370391694 tempest-VolumesTransfersV355Test-1020599903 tempest-VolumesTransfersV355Test-1020599903-project] http://10.222.0.50/volume/v3/813c89e7d2bf421d9100aa55ab435f97/volumes/82c2a652-808f-483c-84d7-d08cb18a3bbe returned with HTTP 200
Jul 30 08:58:02.426471 dv-cinder-802994-1-iscsi devstack@c-api.service[99888]: [pid: 99888|app: 0|req: 219/417] 10.222.0.50 () {60 vars in 1366 bytes} [Fri Jul 30 08:58:02 2021] GET /volume/v3/813c89e7d2bf421d9100aa55ab435f97/volumes/82c2a652-808f-483c-84d7-d08cb18a3bbe => generated 1022 bytes in 43 msecs (HTTP/1.1 200) 7 headers in 287 bytes (1 switches on core 0)
Jul 30 08:58:02.435533 dv-cinder-802994-1-iscsi devstack@c-api.service[99889]: /usr/local/lib/python3.8/dist-packages/oslo_context/context.py:105: DeprecationWarning: Policy enforcement is depending on the value of is_admin. This key is deprecated. Please update your policy file to use the standard policy values.
Jul 30 08:58:02.435533 dv-cinder-802994-1-iscsi devstack@c-api.service[99889]: warnings.warn('Policy enforcement is depending on the value of '
Jul 30 08:58:02.437084 dv-cinder-802994-1-iscsi devstack@c-api.service[99888]: INFO cinder.api.openstack.wsgi [None req-c779c856-1735-4807-a79b-88de4724f24c tempest-VolumesTransfersV355Test-1020599903 tempest-VolumesTransfersV355Test-1020599903-project] GET http://10.222.0.50/volume/v3/813c89e7d2bf421d9100aa55ab435f97/volume-transfers/40776980-16cc-479f-a74c-02f71dd2f83d
Jul 30 08:58:02.437601 dv-cinder-802994-1-iscsi devstack@c-api.service[99888]: DEBUG cinder.api.openstack.wsgi [None req-c779c856-1735-4807-a79b-88de4724f24c tempest-VolumesTransfersV355Test-1020599903 tempest-VolumesTransfersV355Test-1020599903-project] Empty body provided in request {{(pid=99888) get_body /opt/stack/cinder/cinder/api/openstack/wsgi.py:703}}
Jul 30 08:58:02.437836 dv-cinder-802994-1-iscsi devstack@c-api.service[99888]: /usr/local/lib/python3.8/dist-packages/webob/acceptparse.py:1047: DeprecationWarning: The behavior of AcceptValidHeader.best_match is currently being maintained for backward compatibility, but it will be deprecated in the future, as it does not conform to the RFC.
Jul 30 08:58:02.437836 dv-cinder-802994-1-iscsi devstack@c-api.service[99888]: warnings.warn(
Jul 30 08:58:02.438300 dv-cinder-802994-1-iscsi devstack@c-api.service[99888]: DEBUG cinder.api.openstack.wsgi [None req-c779c856-1735-4807-a79b-88de4724f24c tempest-VolumesTransfersV355Test-1020599903 tempest-VolumesTransfersV355Test-1020599903-project] Calling method 'show' {{(pid=99888) _process_stack /opt/stack/cinder/cinder/api/openstack/wsgi.py:856}}
Jul 30 08:58:02.445423 dv-cinder-802994-1-iscsi devstack@c-api.service[99889]: INFO cinder.volume.api [None req-8dc1617e-39de-4f17-90ce-34062bdfe450 tempest-VolumesCloneTest-7423718 tempest-VolumesCloneTest-7423718-project] Volume info retrieved successfully.
Jul 30 08:58:02.449050 dv-cinder-802994-1-iscsi devstack@c-api.service[99888]: INFO cinder.api.openstack.wsgi [None req-c779c856-1735-4807-a79b-88de4724f24c tempest-VolumesTransfersV355Test-1020599903 tempest-VolumesTransfersV355Test-1020599903-project] http://10.222.0.50/volume/v3/813c89e7d2bf421d9100aa55ab435f97/volume-transfers/40776980-16cc-479f-a74c-02f71dd2f83d returned with HTTP 200
Jul 30 08:58:02.449787 dv-cinder-802994-1-iscsi devstack@c-api.service[99888]: [pid: 99888|app: 0|req: 220/418] 10.222.0.50 () {58 vars in 1352 bytes} [Fri Jul 30 08:58:02 2021] GET /volume/v3/813c89e7d2bf421d9100aa55ab435f97/volume-transfers/40776980-16cc-479f-a74c-02f71dd2f83d => generated 475 bytes in 17 msecs (HTTP/1.1 200) 7 headers in 285 bytes (2 switches on core 0)
Jul 30 08:58:02.459474 dv-cinder-802994-1-iscsi devstack@c-api.service[99888]: INFO cinder.api.openstack.wsgi [None req-a0bfd62b-2754-4df5-9d8b-dbfb2b01e24a tempest-VolumesTransfersV355Test-1020599903 tempest-VolumesTransfersV355Test-1020599903-project] GET http://10.222.0.50/volume/v3/813c89e7d2bf421d9100aa55ab435f97/volume-transfers
Jul 30 08:58:02.460431 dv-cinder-802994-1-iscsi devstack@c-api.service[99889]: INFO cinder.api.openstack.wsgi [None req-8dc1617e-39de-4f17-90ce-34062bdfe450 tempest-VolumesCloneTest-7423718 tempest-VolumesCloneTest-7423718-project] http://10.222.0.50/volume/v3/fe4a97d21f6045099a9467e1b8936895/volumes/376e2260-2a53-420d-913c-568ca1d79000 returned with HTTP 200
Jul 30 08:58:02.460825 dv-cinder-802994-1-iscsi devstack@c-api.service[99888]: DEBUG cinder.api.openstack.wsgi [None req-a0bfd62b-2754-4df5-9d8b-dbfb2b01e24a tempest-VolumesTransfersV355Test-1020599903 tempest-VolumesTransfersV355Test-1020599903-project] Empty body provided in request {{(pid=99888) get_body /opt/stack/cinder/cinder/api/openstack/wsgi.py:703}}
Jul 30 08:58:02.465059 dv-cinder-802994-1-iscsi devstack@c-api.service[99889]: [pid: 99889|app: 0|req: 199/419] 10.222.0.50 () {58 vars in 1325 bytes} [Fri Jul 30 08:58:02 2021] GET /volume/v3/fe4a97d21f6045099a9467e1b8936895/volumes/376e2260-2a53-420d-913c-568ca1d79000 => generated 908 bytes in 45 msecs (HTTP/1.1 200) 7 headers in 285 bytes (2 switches on core 0)
Jul 30 08:58:02.465232 dv-cinder-802994-1-iscsi devstack@c-api.service[99888]: DEBUG cinder.api.openstack.wsgi [None req-a0bfd62b-2754-4df5-9d8b-dbfb2b01e24a tempest-VolumesTransfersV355Test-1020599903 tempest-VolumesTransfersV355Test-1020599903-project] Calling method 'index' {{(pid=99888) _process_stack /opt/stack/cinder/cinder/api/openstack/wsgi.py:856}}
Jul 30 08:58:02.465232 dv-cinder-802994-1-iscsi devstack@c-api.service[99888]: DEBUG cinder.api.v3.volume_transfer [None req-a0bfd62b-2754-4df5-9d8b-dbfb2b01e24a tempest-VolumesTransfersV355Test-1020599903 tempest-VolumesTransfersV355Test-1020599903-project] Listing volume transfers {{(pid=99888) _get_transfers /opt/stack/cinder/cinder/api/v3/volume_transfer.py:51}}
Jul 30 08:58:02.471598 dv-cinder-802994-1-iscsi devstack@c-api.service[99888]: INFO cinder.api.openstack.wsgi [None req-a0bfd62b-2754-4df5-9d8b-dbfb2b01e24a tempest-VolumesTransfersV355Test-1020599903 tempest-VolumesTransfersV355Test-1020599903-project] http://10.222.0.50/volume/v3/813c89e7d2bf421d9100aa55ab435f97/volume-transfers returned with HTTP 200
Jul 30 08:58:02.472375 dv-cinder-802994-1-iscsi devstack@c-api.service[99888]: [pid: 99888|app: 0|req: 221/420] 10.222.0.50 () {58 vars in 1241 bytes} [Fri Jul 30 08:58:02 2021] GET /volume/v3/813c89e7d2bf421d9100aa55ab435f97/volume-transfers => generated 434 bytes in 17 msecs (HTTP/1.1 200) 7 headers in 285 bytes (2 switches on core 0)
Jul 30 08:58:02.571444 dv-cinder-802994-1-iscsi devstack@c-api.service[99889]: INFO cinder.api.openstack.wsgi [None req-b26d19ea-ac38-42ea-b874-9a216f1d4cda tempest-VolumesTransfersV355Test-2001662365 tempest-VolumesTransfersV355Test-2001662365-project] POST http://10.222.0.50/volume/v3/cf2a32bb2f7245c4a1e97214958e5d42/volume-transfers/40776980-16cc-479f-a74c-02f71dd2f83d/accept
Jul 30 08:58:02.571889 dv-cinder-802994-1-iscsi devstack@c-api.service[99889]: /usr/local/lib/python3.8/dist-packages/webob/acceptparse.py:1047: DeprecationWarning: The behavior of AcceptValidHeader.best_match is currently being maintained for backward compatibility, but it will be deprecated in the future, as it does not conform to the RFC.
Jul 30 08:58:02.571889 dv-cinder-802994-1-iscsi devstack@c-api.service[99889]: warnings.warn(
Jul 30 08:58:02.572255 dv-cinder-802994-1-iscsi devstack@c-api.service[99889]: DEBUG cinder.api.openstack.wsgi [None req-b26d19ea-ac38-42ea-b874-9a216f1d4cda tempest-VolumesTransfersV355Test-2001662365 tempest-VolumesTransfersV355Test-2001662365-project] Action: 'accept', calling method: accept, body: {"accept": {"auth_key": "d15cd3b5b4e7612e"}} {{(pid=99889) _process_stack /opt/stack/cinder/cinder/api/openstack/wsgi.py:854}}
Jul 30 08:58:02.573028 dv-cinder-802994-1-iscsi devstack@c-api.service[99889]: DEBUG cinder.api.contrib.volume_transfer [None req-b26d19ea-ac38-42ea-b874-9a216f1d4cda tempest-VolumesTransfersV355Test-2001662365 tempest-VolumesTransfersV355Test-2001662365-project] Accepting volume transfer 40776980-16cc-479f-a74c-02f71dd2f83d {{(pid=99889) accept /opt/stack/cinder/cinder/api/contrib/volume_transfer.py:115}}
Jul 30 08:58:02.573324 dv-cinder-802994-1-iscsi devstack@c-api.service[99889]: INFO cinder.api.contrib.volume_transfer [None req-b26d19ea-ac38-42ea-b874-9a216f1d4cda tempest-VolumesTransfersV355Test-2001662365 tempest-VolumesTransfersV355Test-2001662365-project] Accepting transfer 40776980-16cc-479f-a74c-02f71dd2f83d
Jul 30 08:58:02.670348 dv-cinder-802994-1-iscsi devstack@c-api.service[99889]: DEBUG cinder.quota [None req-b26d19ea-ac38-42ea-b874-9a216f1d4cda tempest-VolumesTransfersV355Test-2001662365 tempest-VolumesTransfersV355Test-2001662365-project] Created reservations ['3a2dd2fc-300b-4446-af85-d04155e3dd6b', 'e660e31b-b46d-4073-8ea0-5524d3c1a1b2', '0aceb472-022b-47b5-87c4-1a271999279a', 'd4862559-d821-4efd-8444-2661296439b2'] {{(pid=99889) reserve /opt/stack/cinder/cinder/quota.py:755}}
Jul 30 08:58:02.692277 dv-cinder-802994-1-iscsi devstack@c-api.service[99888]: INFO cinder.api.openstack.wsgi [req-01ecfd96-418b-4aa8-94c2-6bb196121ebd req-a311ed57-5f04-413f-84a7-687977cb5a70 tempest-DeleteServersTestJSON-1429642054 tempest-DeleteServersTestJSON-1429642054-project] POST http://10.222.0.50/volume/v3/e62181158a3d49b5af5747366219a191/attachments/eaddad1d-1de8-41be-aa03-b075da422b48/action
Jul 30 08:58:02.693303 dv-cinder-802994-1-iscsi devstack@c-api.service[99888]: DEBUG cinder.api.openstack.wsgi [req-01ecfd96-418b-4aa8-94c2-6bb196121ebd req-a311ed57-5f04-413f-84a7-687977cb5a70 tempest-DeleteServersTestJSON-1429642054 tempest-DeleteServersTestJSON-1429642054-project] Action body: b'{"os-complete": null}' {{(pid=99888) get_method /opt/stack/cinder/cinder/api/openstack/wsgi.py:971}}
Jul 30 08:58:02.693804 dv-cinder-802994-1-iscsi devstack@c-api.service[99888]: DEBUG cinder.api.openstack.wsgi [req-01ecfd96-418b-4aa8-94c2-6bb196121ebd req-a311ed57-5f04-413f-84a7-687977cb5a70 tempest-DeleteServersTestJSON-1429642054 tempest-DeleteServersTestJSON-1429642054-project] Action: 'action', calling method: complete, body: {"os-complete": null} {{(pid=99888) _process_stack /opt/stack/cinder/cinder/api/openstack/wsgi.py:854}}
Jul 30 08:58:02.704796 dv-cinder-802994-1-iscsi devstack@c-api.service[99889]: DEBUG cinder.quota [None req-b26d19ea-ac38-42ea-b874-9a216f1d4cda tempest-VolumesTransfersV355Test-2001662365 tempest-VolumesTransfersV355Test-2001662365-project] Created reservations ['1b8dce8c-0e5e-4dec-81df-152a655479fc', 'ebb71876-369b-40ea-bbfb-8e571a5b3e0c', '670b81d4-785a-4d4c-8c75-a074d38b1414', 'c08373a3-b865-4d3f-82ff-8dcb96e448c2'] {{(pid=99889) reserve /opt/stack/cinder/cinder/quota.py:755}}
Jul 30 08:58:02.719516 dv-cinder-802994-1-iscsi devstack@c-api.service[99888]: /usr/local/lib/python3.8/dist-packages/oslo_context/context.py:105: DeprecationWarning: Policy enforcement is depending on the value of is_admin. This key is deprecated. Please update your policy file to use the standard policy values.
Jul 30 08:58:02.719516 dv-cinder-802994-1-iscsi devstack@c-api.service[99888]: warnings.warn('Policy enforcement is depending on the value of '
Jul 30 08:58:02.734669 dv-cinder-802994-1-iscsi devstack@c-api.service[99888]: INFO cinder.api.openstack.wsgi [req-01ecfd96-418b-4aa8-94c2-6bb196121ebd req-a311ed57-5f04-413f-84a7-687977cb5a70 tempest-DeleteServersTestJSON-1429642054 tempest-DeleteServersTestJSON-1429642054-project] http://10.222.0.50/volume/v3/e62181158a3d49b5af5747366219a191/attachments/eaddad1d-1de8-41be-aa03-b075da422b48/action returned with HTTP 204
Jul 30 08:58:02.735870 dv-cinder-802994-1-iscsi devstack@c-api.service[99888]: [pid: 99888|app: 0|req: 222/421] 10.222.0.45 () {64 vars in 1499 bytes} [Fri Jul 30 08:58:02 2021] POST /volume/v3/e62181158a3d49b5af5747366219a191/attachments/eaddad1d-1de8-41be-aa03-b075da422b48/action => generated 0 bytes in 48 msecs (HTTP/1.1 204) 7 headers in 292 bytes (2 switches on core 0)
Jul 30 08:58:02.763149 dv-cinder-802994-1-iscsi devstack@c-api.service[99889]: DEBUG cinder.quota [None req-b26d19ea-ac38-42ea-b874-9a216f1d4cda tempest-VolumesTransfersV355Test-2001662365 tempest-VolumesTransfersV355Test-2001662365-project] Created reservations ['01a9ce7c-a449-4dfe-9d1f-70deec9fc60e', '22120886-46dd-4b3e-baa0-21e8c67c9407', '2ddf5441-e2dc-46e7-a02c-795d3de46996', 'd8921991-6845-4157-89f0-b32b1cb73ba5'] {{(pid=99889) reserve /opt/stack/cinder/cinder/quota.py:755}}
Jul 30 08:58:02.810312 dv-cinder-802994-1-iscsi devstack@c-api.service[99889]: DEBUG cinder.quota [None req-b26d19ea-ac38-42ea-b874-9a216f1d4cda tempest-VolumesTransfersV355Test-2001662365 tempest-VolumesTransfersV355Test-2001662365-project] Created reservations ['d1b1bd67-98e3-46cb-8252-f738f4737efb', '121c9647-ade0-419e-9ffd-35d0e24fd098', 'a4958bce-3195-45ec-8e33-96bfd93375a0', 'e3d5d13f-a282-44bc-a60d-a17ee971ea3f'] {{(pid=99889) reserve /opt/stack/cinder/cinder/quota.py:755}}
Jul 30 08:58:02.812525 dv-cinder-802994-1-iscsi devstack@c-api.service[99889]: /usr/local/lib/python3.8/dist-packages/oslo_context/context.py:105: DeprecationWarning: Policy enforcement is depending on the value of is_admin. This key is deprecated. Please update your policy file to use the standard policy values.
Jul 30 08:58:02.812525 dv-cinder-802994-1-iscsi devstack@c-api.service[99889]: warnings.warn('Policy enforcement is depending on the value of '
Jul 30 08:58:02.852708 dv-cinder-802994-1-iscsi devstack@c-api.service[99889]: INFO cinder.volume.api [None req-b26d19ea-ac38-42ea-b874-9a216f1d4cda tempest-VolumesTransfersV355Test-2001662365 tempest-VolumesTransfersV355Test-2001662365-project] Transfer volume completed successfully.
Jul 30 08:58:02.968786 dv-cinder-802994-1-iscsi devstack@c-api.service[99888]: INFO cinder.api.openstack.wsgi [None req-71dad22a-e3a2-4979-b99f-d07646d319ae tempest-VolumesImageMetadata-1266376530 tempest-VolumesImageMetadata-1266376530-project] GET http://10.222.0.50/volume/v3/6fc13ae7ab8647f9ac44d30bce16e41a/volumes/edd3ba8c-dd2e-4045-84a2-73fef0a7e351
Jul 30 08:58:02.969438 dv-cinder-802994-1-iscsi devstack@c-api.service[99888]: DEBUG cinder.api.openstack.wsgi [None req-71dad22a-e3a2-4979-b99f-d07646d319ae tempest-VolumesImageMetadata-1266376530 tempest-VolumesImageMetadata-1266376530-project] Empty body provided in request {{(pid=99888) get_body /opt/stack/cinder/cinder/api/openstack/wsgi.py:703}}
Jul 30 08:58:02.969726 dv-cinder-802994-1-iscsi devstack@c-api.service[99888]: /usr/local/lib/python3.8/dist-packages/webob/acceptparse.py:1047: DeprecationWarning: The behavior of AcceptValidHeader.best_match is currently being maintained for backward compatibility, but it will be deprecated in the future, as it does not conform to the RFC.
Jul 30 08:58:02.969726 dv-cinder-802994-1-iscsi devstack@c-api.service[99888]: warnings.warn(
Jul 30 08:58:02.970195 dv-cinder-802994-1-iscsi devstack@c-api.service[99888]: DEBUG cinder.api.openstack.wsgi [None req-71dad22a-e3a2-4979-b99f-d07646d319ae tempest-VolumesImageMetadata-1266376530 tempest-VolumesImageMetadata-1266376530-project] Calling method 'show' {{(pid=99888) _process_stack /opt/stack/cinder/cinder/api/openstack/wsgi.py:856}}
Jul 30 08:58:02.971902 dv-cinder-802994-1-iscsi devstack@c-api.service[99889]: INFO cinder.transfer.api [None req-b26d19ea-ac38-42ea-b874-9a216f1d4cda tempest-VolumesTransfersV355Test-2001662365 tempest-VolumesTransfersV355Test-2001662365-project] Volume 82c2a652-808f-483c-84d7-d08cb18a3bbe has been transferred.
Jul 30 08:58:02.984757 dv-cinder-802994-1-iscsi devstack@c-api.service[99888]: /usr/local/lib/python3.8/dist-packages/oslo_context/context.py:105: DeprecationWarning: Policy enforcement is depending on the value of is_admin. This key is deprecated. Please update your policy file to use the standard policy values.
Jul 30 08:58:02.984757 dv-cinder-802994-1-iscsi devstack@c-api.service[99888]: warnings.warn('Policy enforcement is depending on the value of '
Jul 30 08:58:02.987975 dv-cinder-802994-1-iscsi devstack@c-api.service[99889]: INFO cinder.api.openstack.wsgi [None req-b26d19ea-ac38-42ea-b874-9a216f1d4cda tempest-VolumesTransfersV355Test-2001662365 tempest-VolumesTransfersV355Test-2001662365-project] http://10.222.0.50/volume/v3/cf2a32bb2f7245c4a1e97214958e5d42/volume-transfers/40776980-16cc-479f-a74c-02f71dd2f83d/accept returned with HTTP 202
Jul 30 08:58:02.989081 dv-cinder-802994-1-iscsi devstack@c-api.service[99889]: [pid: 99889|app: 0|req: 200/422] 10.222.0.50 () {60 vars in 1394 bytes} [Fri Jul 30 08:58:02 2021] POST /volume/v3/cf2a32bb2f7245c4a1e97214958e5d42/volume-transfers/40776980-16cc-479f-a74c-02f71dd2f83d/accept => generated 431 bytes in 511 msecs (HTTP/1.1 202) 7 headers in 291 bytes (1 switches on core 0)
Jul 30 08:58:02.997788 dv-cinder-802994-1-iscsi devstack@c-api.service[99888]: INFO cinder.volume.api [None req-71dad22a-e3a2-4979-b99f-d07646d319ae tempest-VolumesImageMetadata-1266376530 tempest-VolumesImageMetadata-1266376530-project] Volume info retrieved successfully.
Jul 30 08:58:02.999154 dv-cinder-802994-1-iscsi devstack@c-api.service[99889]: INFO cinder.api.openstack.wsgi [None req-2e42ac18-fc87-4860-acbd-7b593266dcc5 tempest-VolumesTransfersV355Test-2001662365 tempest-VolumesTransfersV355Test-2001662365-project] GET http://10.222.0.50/volume/v3/cf2a32bb2f7245c4a1e97214958e5d42/volumes/82c2a652-808f-483c-84d7-d08cb18a3bbe
Jul 30 08:58:02.999651 dv-cinder-802994-1-iscsi devstack@c-api.service[99889]: DEBUG cinder.api.openstack.wsgi [None req-2e42ac18-fc87-4860-acbd-7b593266dcc5 tempest-VolumesTransfersV355Test-2001662365 tempest-VolumesTransfersV355Test-2001662365-project] Empty body provided in request {{(pid=99889) get_body /opt/stack/cinder/cinder/api/openstack/wsgi.py:703}}
Jul 30 08:58:02.999822 dv-cinder-802994-1-iscsi devstack@c-api.service[99889]: /usr/local/lib/python3.8/dist-packages/webob/acceptparse.py:1047: DeprecationWarning: The behavior of AcceptValidHeader.best_match is currently being maintained for backward compatibility, but it will be deprecated in the future, as it does not conform to the RFC.
Jul 30 08:58:02.999822 dv-cinder-802994-1-iscsi devstack@c-api.service[99889]: warnings.warn(
Jul 30 08:58:03.000295 dv-cinder-802994-1-iscsi devstack@c-api.service[99889]: DEBUG cinder.api.openstack.wsgi [None req-2e42ac18-fc87-4860-acbd-7b593266dcc5 tempest-VolumesTransfersV355Test-2001662365 tempest-VolumesTransfersV355Test-2001662365-project] Calling method 'show' {{(pid=99889) _process_stack /opt/stack/cinder/cinder/api/openstack/wsgi.py:856}}
Jul 30 08:58:03.013331 dv-cinder-802994-1-iscsi devstack@c-api.service[99888]: INFO cinder.api.openstack.wsgi [None req-71dad22a-e3a2-4979-b99f-d07646d319ae tempest-VolumesImageMetadata-1266376530 tempest-VolumesImageMetadata-1266376530-project] http://10.222.0.50/volume/v3/6fc13ae7ab8647f9ac44d30bce16e41a/volumes/edd3ba8c-dd2e-4045-84a2-73fef0a7e351 returned with HTTP 200
Jul 30 08:58:03.014744 dv-cinder-802994-1-iscsi devstack@c-api.service[99888]: [pid: 99888|app: 0|req: 223/423] 10.222.0.50 () {58 vars in 1325 bytes} [Fri Jul 30 08:58:02 2021] GET /volume/v3/6fc13ae7ab8647f9ac44d30bce16e41a/volumes/edd3ba8c-dd2e-4045-84a2-73fef0a7e351 => generated 911 bytes in 50 msecs (HTTP/1.1 200) 7 headers in 285 bytes (1 switches on core 0)
Jul 30 08:58:03.015385 dv-cinder-802994-1-iscsi devstack@c-api.service[99889]: /usr/local/lib/python3.8/dist-packages/oslo_context/context.py:105: DeprecationWarning: Policy enforcement is depending on the value of is_admin. This key is deprecated. Please update your policy file to use the standard policy values.
Jul 30 08:58:03.015385 dv-cinder-802994-1-iscsi devstack@c-api.service[99889]: warnings.warn('Policy enforcement is depending on the value of '
Jul 30 08:58:03.025333 dv-cinder-802994-1-iscsi devstack@c-api.service[99889]: INFO cinder.volume.api [None req-2e42ac18-fc87-4860-acbd-7b593266dcc5 tempest-VolumesTransfersV355Test-2001662365 tempest-VolumesTransfersV355Test-2001662365-project] Volume info retrieved successfully.
Jul 30 08:58:03.039456 dv-cinder-802994-1-iscsi devstack@c-api.service[99889]: INFO cinder.api.openstack.wsgi [None req-2e42ac18-fc87-4860-acbd-7b593266dcc5 tempest-VolumesTransfersV355Test-2001662365 tempest-VolumesTransfersV355Test-2001662365-project] http://10.222.0.50/volume/v3/cf2a32bb2f7245c4a1e97214958e5d42/volumes/82c2a652-808f-483c-84d7-d08cb18a3bbe returned with HTTP 200
Jul 30 08:58:03.040284 dv-cinder-802994-1-iscsi devstack@c-api.service[99889]: [pid: 99889|app: 0|req: 201/424] 10.222.0.50 () {60 vars in 1366 bytes} [Fri Jul 30 08:58:02 2021] GET /volume/v3/cf2a32bb2f7245c4a1e97214958e5d42/volumes/82c2a652-808f-483c-84d7-d08cb18a3bbe => generated 1014 bytes in 45 msecs (HTTP/1.1 200) 7 headers in 287 bytes (2 switches on core 0)
Jul 30 08:58:03.054936 dv-cinder-802994-1-iscsi devstack@c-api.service[99888]: INFO cinder.api.openstack.wsgi [None req-771d50f7-8c57-4515-8d4e-4eff754cc47e tempest-VolumesTransfersV355Test-2001662365 tempest-VolumesTransfersV355Test-2001662365-project] GET http://10.222.0.50/volume/v3/cf2a32bb2f7245c4a1e97214958e5d42/volumes/82c2a652-808f-483c-84d7-d08cb18a3bbe
Jul 30 08:58:03.055431 dv-cinder-802994-1-iscsi devstack@c-api.service[99888]: DEBUG cinder.api.openstack.wsgi [None req-771d50f7-8c57-4515-8d4e-4eff754cc47e tempest-VolumesTransfersV355Test-2001662365 tempest-VolumesTransfersV355Test-2001662365-project] Empty body provided in request {{(pid=99888) get_body /opt/stack/cinder/cinder/api/openstack/wsgi.py:703}}
Jul 30 08:58:03.055605 dv-cinder-802994-1-iscsi devstack@c-api.service[99888]: /usr/local/lib/python3.8/dist-packages/webob/acceptparse.py:1047: DeprecationWarning: The behavior of AcceptValidHeader.best_match is currently being maintained for backward compatibility, but it will be deprecated in the future, as it does not conform to the RFC.
Jul 30 08:58:03.055605 dv-cinder-802994-1-iscsi devstack@c-api.service[99888]: warnings.warn(
Jul 30 08:58:03.055915 dv-cinder-802994-1-iscsi devstack@c-api.service[99888]: DEBUG cinder.api.openstack.wsgi [None req-771d50f7-8c57-4515-8d4e-4eff754cc47e tempest-VolumesTransfersV355Test-2001662365 tempest-VolumesTransfersV355Test-2001662365-project] Calling method 'show' {{(pid=99888) _process_stack /opt/stack/cinder/cinder/api/openstack/wsgi.py:856}}
Jul 30 08:58:03.077733 dv-cinder-802994-1-iscsi devstack@c-api.service[99888]: /usr/local/lib/python3.8/dist-packages/oslo_context/context.py:105: DeprecationWarning: Policy enforcement is depending on the value of is_admin. This key is deprecated. Please update your policy file to use the standard policy values.
Jul 30 08:58:03.077733 dv-cinder-802994-1-iscsi devstack@c-api.service[99888]: warnings.warn('Policy enforcement is depending on the value of '
