Jul 29 20:52:09.873114 dv-cinder-802957-1-smb devstack@c-api.service[99946]: INFO cinder.api.openstack.wsgi [None req-849f073a-ea43-40fe-8244-26166d87cb1c tempest-VolumeTypesTest-564278840 tempest-VolumeTypesTest-564278840-project-admin] DELETE http://10.222.0.35/volume/v3/ed5860425fa04b4cad08997203a8be34/types/69c9e33e-9049-4fd1-903e-e5e8c801420b
Jul 29 20:52:09.873832 dv-cinder-802957-1-smb devstack@c-api.service[99946]: DEBUG cinder.api.openstack.wsgi [None req-849f073a-ea43-40fe-8244-26166d87cb1c tempest-VolumeTypesTest-564278840 tempest-VolumeTypesTest-564278840-project-admin] Empty body provided in request {{(pid=99946) get_body /opt/stack/cinder/cinder/api/openstack/wsgi.py:703}}
Jul 29 20:52:09.874382 dv-cinder-802957-1-smb devstack@c-api.service[99946]: /usr/local/lib/python3.8/dist-packages/webob/acceptparse.py:1047: DeprecationWarning: The behavior of AcceptValidHeader.best_match is currently being maintained for backward compatibility, but it will be deprecated in the future, as it does not conform to the RFC.
Jul 29 20:52:09.874382 dv-cinder-802957-1-smb devstack@c-api.service[99946]: warnings.warn(
Jul 29 20:52:09.874945 dv-cinder-802957-1-smb devstack@c-api.service[99946]: DEBUG cinder.api.openstack.wsgi [None req-849f073a-ea43-40fe-8244-26166d87cb1c tempest-VolumeTypesTest-564278840 tempest-VolumeTypesTest-564278840-project-admin] Calling method '_delete' {{(pid=99946) _process_stack /opt/stack/cinder/cinder/api/openstack/wsgi.py:856}}
Jul 29 20:52:09.875753 dv-cinder-802957-1-smb devstack@c-api.service[99946]: /usr/local/lib/python3.8/dist-packages/oslo_context/context.py:105: DeprecationWarning: Policy enforcement is depending on the value of is_admin. This key is deprecated. Please update your policy file to use the standard policy values.
Jul 29 20:52:09.875753 dv-cinder-802957-1-smb devstack@c-api.service[99946]: warnings.warn('Policy enforcement is depending on the value of '
Jul 29 20:52:09.922082 dv-cinder-802957-1-smb devstack@c-api.service[99946]: INFO cinder.api.openstack.wsgi [None req-849f073a-ea43-40fe-8244-26166d87cb1c tempest-VolumeTypesTest-564278840 tempest-VolumeTypesTest-564278840-project-admin] http://10.222.0.35/volume/v3/ed5860425fa04b4cad08997203a8be34/types/69c9e33e-9049-4fd1-903e-e5e8c801420b returned with HTTP 202
Jul 29 20:52:09.922949 dv-cinder-802957-1-smb devstack@c-api.service[99946]: [pid: 99946|app: 0|req: 160/321] 10.222.0.35 () {58 vars in 1322 bytes} [Thu Jul 29 20:52:09 2021] DELETE /volume/v3/ed5860425fa04b4cad08997203a8be34/types/69c9e33e-9049-4fd1-903e-e5e8c801420b => generated 0 bytes in 56 msecs (HTTP/1.1 202) 6 headers in 233 bytes (1 switches on core 0)
Jul 29 20:52:09.930017 dv-cinder-802957-1-smb devstack@c-api.service[99945]: INFO cinder.api.openstack.wsgi [None req-682ca497-2af1-44eb-adab-00bd9578a699 tempest-VolumeTypesTest-564278840 tempest-VolumeTypesTest-564278840-project-admin] GET http://10.222.0.35/volume/v3/ed5860425fa04b4cad08997203a8be34/types/69c9e33e-9049-4fd1-903e-e5e8c801420b
Jul 29 20:52:09.930466 dv-cinder-802957-1-smb devstack@c-api.service[99945]: DEBUG cinder.api.openstack.wsgi [None req-682ca497-2af1-44eb-adab-00bd9578a699 tempest-VolumeTypesTest-564278840 tempest-VolumeTypesTest-564278840-project-admin] Empty body provided in request {{(pid=99945) get_body /opt/stack/cinder/cinder/api/openstack/wsgi.py:703}}
Jul 29 20:52:09.930885 dv-cinder-802957-1-smb devstack@c-api.service[99945]: DEBUG cinder.api.openstack.wsgi [None req-682ca497-2af1-44eb-adab-00bd9578a699 tempest-VolumeTypesTest-564278840 tempest-VolumeTypesTest-564278840-project-admin] Calling method 'show' {{(pid=99945) _process_stack /opt/stack/cinder/cinder/api/openstack/wsgi.py:856}}
Jul 29 20:52:09.936263 dv-cinder-802957-1-smb devstack@c-api.service[99945]: INFO cinder.api.openstack.wsgi [None req-682ca497-2af1-44eb-adab-00bd9578a699 tempest-VolumeTypesTest-564278840 tempest-VolumeTypesTest-564278840-project-admin] http://10.222.0.35/volume/v3/ed5860425fa04b4cad08997203a8be34/types/69c9e33e-9049-4fd1-903e-e5e8c801420b returned with HTTP 404
Jul 29 20:52:09.937164 dv-cinder-802957-1-smb devstack@c-api.service[99945]: [pid: 99945|app: 0|req: 162/322] 10.222.0.35 () {58 vars in 1319 bytes} [Thu Jul 29 20:52:09 2021] GET /volume/v3/ed5860425fa04b4cad08997203a8be34/types/69c9e33e-9049-4fd1-903e-e5e8c801420b => generated 114 bytes in 11 msecs (HTTP/1.1 404) 7 headers in 292 bytes (1 switches on core 0)
Jul 29 20:52:09.944445 dv-cinder-802957-1-smb devstack@c-api.service[99946]: INFO cinder.api.openstack.wsgi [None req-adce5a46-2156-46da-8f87-4e3311a04e70 tempest-VolumeTypesTest-564278840 tempest-VolumeTypesTest-564278840-project-admin] DELETE http://10.222.0.35/volume/v3/ed5860425fa04b4cad08997203a8be34/types/fc897498-da3f-44a9-a7c9-f19e211c2b3d
Jul 29 20:52:09.945109 dv-cinder-802957-1-smb devstack@c-api.service[99946]: DEBUG cinder.api.openstack.wsgi [None req-adce5a46-2156-46da-8f87-4e3311a04e70 tempest-VolumeTypesTest-564278840 tempest-VolumeTypesTest-564278840-project-admin] Empty body provided in request {{(pid=99946) get_body /opt/stack/cinder/cinder/api/openstack/wsgi.py:703}}
Jul 29 20:52:09.945735 dv-cinder-802957-1-smb devstack@c-api.service[99946]: DEBUG cinder.api.openstack.wsgi [None req-adce5a46-2156-46da-8f87-4e3311a04e70 tempest-VolumeTypesTest-564278840 tempest-VolumeTypesTest-564278840-project-admin] Calling method '_delete' {{(pid=99946) _process_stack /opt/stack/cinder/cinder/api/openstack/wsgi.py:856}}
Jul 29 20:52:09.994811 dv-cinder-802957-1-smb devstack@c-api.service[99946]: INFO cinder.api.openstack.wsgi [None req-adce5a46-2156-46da-8f87-4e3311a04e70 tempest-VolumeTypesTest-564278840 tempest-VolumeTypesTest-564278840-project-admin] http://10.222.0.35/volume/v3/ed5860425fa04b4cad08997203a8be34/types/fc897498-da3f-44a9-a7c9-f19e211c2b3d returned with HTTP 202
Jul 29 20:52:09.995579 dv-cinder-802957-1-smb devstack@c-api.service[99946]: [pid: 99946|app: 0|req: 161/323] 10.222.0.35 () {58 vars in 1322 bytes} [Thu Jul 29 20:52:09 2021] DELETE /volume/v3/ed5860425fa04b4cad08997203a8be34/types/fc897498-da3f-44a9-a7c9-f19e211c2b3d => generated 0 bytes in 55 msecs (HTTP/1.1 202) 6 headers in 233 bytes (1 switches on core 0)
Jul 29 20:52:10.003216 dv-cinder-802957-1-smb devstack@c-api.service[99945]: INFO cinder.api.openstack.wsgi [None req-eacdfc05-8308-472a-9af1-10895a6d092b tempest-VolumeTypesTest-564278840 tempest-VolumeTypesTest-564278840-project-admin] GET http://10.222.0.35/volume/v3/ed5860425fa04b4cad08997203a8be34/types/fc897498-da3f-44a9-a7c9-f19e211c2b3d
Jul 29 20:52:10.004076 dv-cinder-802957-1-smb devstack@c-api.service[99945]: DEBUG cinder.api.openstack.wsgi [None req-eacdfc05-8308-472a-9af1-10895a6d092b tempest-VolumeTypesTest-564278840 tempest-VolumeTypesTest-564278840-project-admin] Empty body provided in request {{(pid=99945) get_body /opt/stack/cinder/cinder/api/openstack/wsgi.py:703}}
Jul 29 20:52:10.004744 dv-cinder-802957-1-smb devstack@c-api.service[99945]: DEBUG cinder.api.openstack.wsgi [None req-eacdfc05-8308-472a-9af1-10895a6d092b tempest-VolumeTypesTest-564278840 tempest-VolumeTypesTest-564278840-project-admin] Calling method 'show' {{(pid=99945) _process_stack /opt/stack/cinder/cinder/api/openstack/wsgi.py:856}}
Jul 29 20:52:10.009628 dv-cinder-802957-1-smb devstack@c-api.service[99945]: INFO cinder.api.openstack.wsgi [None req-eacdfc05-8308-472a-9af1-10895a6d092b tempest-VolumeTypesTest-564278840 tempest-VolumeTypesTest-564278840-project-admin] http://10.222.0.35/volume/v3/ed5860425fa04b4cad08997203a8be34/types/fc897498-da3f-44a9-a7c9-f19e211c2b3d returned with HTTP 404
Jul 29 20:52:10.011035 dv-cinder-802957-1-smb devstack@c-api.service[99945]: [pid: 99945|app: 0|req: 163/324] 10.222.0.35 () {58 vars in 1319 bytes} [Thu Jul 29 20:52:09 2021] GET /volume/v3/ed5860425fa04b4cad08997203a8be34/types/fc897498-da3f-44a9-a7c9-f19e211c2b3d => generated 114 bytes in 11 msecs (HTTP/1.1 404) 7 headers in 292 bytes (1 switches on core 0)
Jul 29 20:52:10.332367 dv-cinder-802957-1-smb devstack@c-api.service[99946]: INFO cinder.api.openstack.wsgi [None req-56216ae3-f041-46ef-a8c0-c6958dea13a7 tempest-VolumeRetypeWithoutMigrationTest-1007319918 tempest-VolumeRetypeWithoutMigrationTest-1007319918-project] GET http://10.222.0.35/volume/v3/2b520b5841de4c7ab9de78b73da5d913/volumes/373d64ae-6e98-4455-99ab-eb8d521bd7d6
Jul 29 20:52:10.332819 dv-cinder-802957-1-smb devstack@c-api.service[99946]: DEBUG cinder.api.openstack.wsgi [None req-56216ae3-f041-46ef-a8c0-c6958dea13a7 tempest-VolumeRetypeWithoutMigrationTest-1007319918 tempest-VolumeRetypeWithoutMigrationTest-1007319918-project] Empty body provided in request {{(pid=99946) get_body /opt/stack/cinder/cinder/api/openstack/wsgi.py:703}}
Jul 29 20:52:10.334094 dv-cinder-802957-1-smb devstack@c-api.service[99946]: DEBUG cinder.api.openstack.wsgi [None req-56216ae3-f041-46ef-a8c0-c6958dea13a7 tempest-VolumeRetypeWithoutMigrationTest-1007319918 tempest-VolumeRetypeWithoutMigrationTest-1007319918-project] Calling method 'show' {{(pid=99946) _process_stack /opt/stack/cinder/cinder/api/openstack/wsgi.py:856}}
Jul 29 20:52:10.353085 dv-cinder-802957-1-smb devstack@c-api.service[99945]: INFO cinder.api.openstack.wsgi [None req-6746fcb6-df47-4ed2-a239-3717e7d6ee09 tempest-DeleteServersTestJSON-1545788504 tempest-DeleteServersTestJSON-1545788504-project] GET http://10.222.0.35/volume/v3/a94af7111f3f42e1933f27160a6a2a37/volumes/ed8185c4-c48c-41f5-9964-3960cc786f24
Jul 29 20:52:10.353898 dv-cinder-802957-1-smb devstack@c-api.service[99945]: DEBUG cinder.api.openstack.wsgi [None req-6746fcb6-df47-4ed2-a239-3717e7d6ee09 tempest-DeleteServersTestJSON-1545788504 tempest-DeleteServersTestJSON-1545788504-project] Empty body provided in request {{(pid=99945) get_body /opt/stack/cinder/cinder/api/openstack/wsgi.py:703}}
Jul 29 20:52:10.354608 dv-cinder-802957-1-smb devstack@c-api.service[99945]: DEBUG cinder.api.openstack.wsgi [None req-6746fcb6-df47-4ed2-a239-3717e7d6ee09 tempest-DeleteServersTestJSON-1545788504 tempest-DeleteServersTestJSON-1545788504-project] Calling method 'show' {{(pid=99945) _process_stack /opt/stack/cinder/cinder/api/openstack/wsgi.py:856}}
Jul 29 20:52:10.355378 dv-cinder-802957-1-smb devstack@c-api.service[99946]: /usr/local/lib/python3.8/dist-packages/oslo_context/context.py:105: DeprecationWarning: Policy enforcement is depending on the value of is_admin. This key is deprecated. Please update your policy file to use the standard policy values.
Jul 29 20:52:10.355378 dv-cinder-802957-1-smb devstack@c-api.service[99946]: warnings.warn('Policy enforcement is depending on the value of '
Jul 29 20:52:10.364197 dv-cinder-802957-1-smb devstack@c-api.service[99946]: INFO cinder.volume.api [None req-56216ae3-f041-46ef-a8c0-c6958dea13a7 tempest-VolumeRetypeWithoutMigrationTest-1007319918 tempest-VolumeRetypeWithoutMigrationTest-1007319918-project] Volume info retrieved successfully.
Jul 29 20:52:10.379492 dv-cinder-802957-1-smb devstack@c-api.service[99946]: INFO cinder.api.openstack.wsgi [None req-56216ae3-f041-46ef-a8c0-c6958dea13a7 tempest-VolumeRetypeWithoutMigrationTest-1007319918 tempest-VolumeRetypeWithoutMigrationTest-1007319918-project] http://10.222.0.35/volume/v3/2b520b5841de4c7ab9de78b73da5d913/volumes/373d64ae-6e98-4455-99ab-eb8d521bd7d6 returned with HTTP 200
Jul 29 20:52:10.380289 dv-cinder-802957-1-smb devstack@c-api.service[99946]: [pid: 99946|app: 0|req: 162/325] 10.222.0.35 () {58 vars in 1325 bytes} [Thu Jul 29 20:52:10 2021] GET /volume/v3/2b520b5841de4c7ab9de78b73da5d913/volumes/373d64ae-6e98-4455-99ab-eb8d521bd7d6 => generated 926 bytes in 52 msecs (HTTP/1.1 200) 7 headers in 285 bytes (2 switches on core 0)
Jul 29 20:52:10.386686 dv-cinder-802957-1-smb devstack@c-api.service[99945]: /usr/local/lib/python3.8/dist-packages/oslo_context/context.py:105: DeprecationWarning: Policy enforcement is depending on the value of is_admin. This key is deprecated. Please update your policy file to use the standard policy values.
Jul 29 20:52:10.386686 dv-cinder-802957-1-smb devstack@c-api.service[99945]: warnings.warn('Policy enforcement is depending on the value of '
Jul 29 20:52:10.400569 dv-cinder-802957-1-smb devstack@c-api.service[99945]: INFO cinder.volume.api [None req-6746fcb6-df47-4ed2-a239-3717e7d6ee09 tempest-DeleteServersTestJSON-1545788504 tempest-DeleteServersTestJSON-1545788504-project] Volume info retrieved successfully.
Jul 29 20:52:10.400734 dv-cinder-802957-1-smb devstack@c-api.service[99946]: INFO cinder.api.openstack.wsgi [None req-d8a74301-2f71-444f-92e2-a967efdeab4e tempest-VolumeRetypeWithoutMigrationTest-1867303836 tempest-VolumeRetypeWithoutMigrationTest-1867303836-project-admin] GET http://10.222.0.35/volume/v3/168c19c0bc584ab695d01bb9d726ee0e/volumes/373d64ae-6e98-4455-99ab-eb8d521bd7d6
Jul 29 20:52:10.400734 dv-cinder-802957-1-smb devstack@c-api.service[99946]: DEBUG cinder.api.openstack.wsgi [None req-d8a74301-2f71-444f-92e2-a967efdeab4e tempest-VolumeRetypeWithoutMigrationTest-1867303836 tempest-VolumeRetypeWithoutMigrationTest-1867303836-project-admin] Empty body provided in request {{(pid=99946) get_body /opt/stack/cinder/cinder/api/openstack/wsgi.py:703}}
Jul 29 20:52:10.400734 dv-cinder-802957-1-smb devstack@c-api.service[99946]: /usr/local/lib/python3.8/dist-packages/webob/acceptparse.py:1047: DeprecationWarning: The behavior of AcceptValidHeader.best_match is currently being maintained for backward compatibility, but it will be deprecated in the future, as it does not conform to the RFC.
Jul 29 20:52:10.400734 dv-cinder-802957-1-smb devstack@c-api.service[99946]: warnings.warn(
Jul 29 20:52:10.400734 dv-cinder-802957-1-smb devstack@c-api.service[99946]: DEBUG cinder.api.openstack.wsgi [None req-d8a74301-2f71-444f-92e2-a967efdeab4e tempest-VolumeRetypeWithoutMigrationTest-1867303836 tempest-VolumeRetypeWithoutMigrationTest-1867303836-project-admin] Calling method 'show' {{(pid=99946) _process_stack /opt/stack/cinder/cinder/api/openstack/wsgi.py:856}}
Jul 29 20:52:10.407675 dv-cinder-802957-1-smb devstack@c-api.service[99945]: /usr/local/lib/python3.8/dist-packages/oslo_context/context.py:105: DeprecationWarning: Policy enforcement is depending on the value of is_admin. This key is deprecated. Please update your policy file to use the standard policy values.
Jul 29 20:52:10.407675 dv-cinder-802957-1-smb devstack@c-api.service[99945]: warnings.warn('Policy enforcement is depending on the value of '
Jul 29 20:52:10.414245 dv-cinder-802957-1-smb devstack@c-api.service[99946]: /usr/local/lib/python3.8/dist-packages/oslo_context/context.py:105: DeprecationWarning: Policy enforcement is depending on the value of is_admin. This key is deprecated. Please update your policy file to use the standard policy values.
Jul 29 20:52:10.414245 dv-cinder-802957-1-smb devstack@c-api.service[99946]: warnings.warn('Policy enforcement is depending on the value of '
Jul 29 20:52:10.419856 dv-cinder-802957-1-smb devstack@c-api.service[99945]: INFO cinder.api.openstack.wsgi [None req-6746fcb6-df47-4ed2-a239-3717e7d6ee09 tempest-DeleteServersTestJSON-1545788504 tempest-DeleteServersTestJSON-1545788504-project] http://10.222.0.35/volume/v3/a94af7111f3f42e1933f27160a6a2a37/volumes/ed8185c4-c48c-41f5-9964-3960cc786f24 returned with HTTP 200
Jul 29 20:52:10.421941 dv-cinder-802957-1-smb devstack@c-api.service[99945]: [pid: 99945|app: 0|req: 164/326] 10.222.0.35 () {58 vars in 1325 bytes} [Thu Jul 29 20:52:10 2021] GET /volume/v3/a94af7111f3f42e1933f27160a6a2a37/volumes/ed8185c4-c48c-41f5-9964-3960cc786f24 => generated 913 bytes in 73 msecs (HTTP/1.1 200) 7 headers in 285 bytes (1 switches on core 0)
Jul 29 20:52:10.424578 dv-cinder-802957-1-smb devstack@c-api.service[99946]: INFO cinder.volume.api [None req-d8a74301-2f71-444f-92e2-a967efdeab4e tempest-VolumeRetypeWithoutMigrationTest-1867303836 tempest-VolumeRetypeWithoutMigrationTest-1867303836-project-admin] Volume info retrieved successfully.
Jul 29 20:52:10.440849 dv-cinder-802957-1-smb devstack@c-api.service[99946]: INFO cinder.api.openstack.wsgi [None req-d8a74301-2f71-444f-92e2-a967efdeab4e tempest-VolumeRetypeWithoutMigrationTest-1867303836 tempest-VolumeRetypeWithoutMigrationTest-1867303836-project-admin] http://10.222.0.35/volume/v3/168c19c0bc584ab695d01bb9d726ee0e/volumes/373d64ae-6e98-4455-99ab-eb8d521bd7d6 returned with HTTP 200
Jul 29 20:52:10.441814 dv-cinder-802957-1-smb devstack@c-api.service[99946]: [pid: 99946|app: 0|req: 163/327] 10.222.0.35 () {58 vars in 1325 bytes} [Thu Jul 29 20:52:10 2021] GET /volume/v3/168c19c0bc584ab695d01bb9d726ee0e/volumes/373d64ae-6e98-4455-99ab-eb8d521bd7d6 => generated 1092 bytes in 51 msecs (HTTP/1.1 200) 7 headers in 286 bytes (2 switches on core 0)
Jul 29 20:52:10.459412 dv-cinder-802957-1-smb devstack@c-api.service[99945]: INFO cinder.api.openstack.wsgi [None req-a85ce172-f4ac-4147-8bb7-6f2400bbb47b tempest-VolumeRetypeWithoutMigrationTest-1867303836 tempest-VolumeRetypeWithoutMigrationTest-1867303836-project-admin] GET http://10.222.0.35/volume/v3/168c19c0bc584ab695d01bb9d726ee0e/volumes?all_tenants=True&name=tempest-VolumeRetypeWithoutMigrationTest-Volume-887744673
Jul 29 20:52:10.459935 dv-cinder-802957-1-smb devstack@c-api.service[99945]: DEBUG cinder.api.openstack.wsgi [None req-a85ce172-f4ac-4147-8bb7-6f2400bbb47b tempest-VolumeRetypeWithoutMigrationTest-1867303836 tempest-VolumeRetypeWithoutMigrationTest-1867303836-project-admin] Empty body provided in request {{(pid=99945) get_body /opt/stack/cinder/cinder/api/openstack/wsgi.py:703}}
Jul 29 20:52:10.460223 dv-cinder-802957-1-smb devstack@c-api.service[99945]: /usr/local/lib/python3.8/dist-packages/webob/acceptparse.py:1047: DeprecationWarning: The behavior of AcceptValidHeader.best_match is currently being maintained for backward compatibility, but it will be deprecated in the future, as it does not conform to the RFC.
Jul 29 20:52:10.460223 dv-cinder-802957-1-smb devstack@c-api.service[99945]: warnings.warn(
Jul 29 20:52:10.460637 dv-cinder-802957-1-smb devstack@c-api.service[99945]: DEBUG cinder.api.openstack.wsgi [None req-a85ce172-f4ac-4147-8bb7-6f2400bbb47b tempest-VolumeRetypeWithoutMigrationTest-1867303836 tempest-VolumeRetypeWithoutMigrationTest-1867303836-project-admin] Calling method 'index' {{(pid=99945) _process_stack /opt/stack/cinder/cinder/api/openstack/wsgi.py:856}}
Jul 29 20:52:10.463069 dv-cinder-802957-1-smb devstack@c-api.service[99945]: DEBUG cinder.volume.api [None req-a85ce172-f4ac-4147-8bb7-6f2400bbb47b tempest-VolumeRetypeWithoutMigrationTest-1867303836 tempest-VolumeRetypeWithoutMigrationTest-1867303836-project-admin] Searching by: MultiDict([('display_name', 'tempest-VolumeRetypeWithoutMigrationTest-Volume-887744673'), ('all_tenants', True)]). {{(pid=99945) get_all /opt/stack/cinder/cinder/volume/api.py:617}}
Jul 29 20:52:10.515273 dv-cinder-802957-1-smb devstack@c-api.service[99945]: INFO cinder.volume.api [None req-a85ce172-f4ac-4147-8bb7-6f2400bbb47b tempest-VolumeRetypeWithoutMigrationTest-1867303836 tempest-VolumeRetypeWithoutMigrationTest-1867303836-project-admin] Get all volumes completed successfully.
Jul 29 20:52:10.516366 dv-cinder-802957-1-smb devstack@c-api.service[99945]: INFO cinder.api.openstack.wsgi [None req-a85ce172-f4ac-4147-8bb7-6f2400bbb47b tempest-VolumeRetypeWithoutMigrationTest-1867303836 tempest-VolumeRetypeWithoutMigrationTest-1867303836-project-admin] http://10.222.0.35/volume/v3/168c19c0bc584ab695d01bb9d726ee0e/volumes?all_tenants=True&name=tempest-VolumeRetypeWithoutMigrationTest-Volume-887744673 returned with HTTP 200
Jul 29 20:52:10.517223 dv-cinder-802957-1-smb devstack@c-api.service[99945]: [pid: 99945|app: 0|req: 165/328] 10.222.0.35 () {58 vars in 1373 bytes} [Thu Jul 29 20:52:10 2021] GET /volume/v3/168c19c0bc584ab695d01bb9d726ee0e/volumes?all_tenants=True&name=tempest-VolumeRetypeWithoutMigrationTest-Volume-887744673 => generated 412 bytes in 62 msecs (HTTP/1.1 200) 7 headers in 285 bytes (1 switches on core 0)
Jul 29 20:52:10.537684 dv-cinder-802957-1-smb devstack@c-api.service[99946]: INFO cinder.api.openstack.wsgi [None req-0c5ecb00-45ea-43e4-9d9b-c8a4fd15420d tempest-VolumeRetypeWithoutMigrationTest-1007319918 tempest-VolumeRetypeWithoutMigrationTest-1007319918-project] DELETE http://10.222.0.35/volume/v3/2b520b5841de4c7ab9de78b73da5d913/volumes/373d64ae-6e98-4455-99ab-eb8d521bd7d6
Jul 29 20:52:10.538150 dv-cinder-802957-1-smb devstack@c-api.service[99946]: DEBUG cinder.api.openstack.wsgi [None req-0c5ecb00-45ea-43e4-9d9b-c8a4fd15420d tempest-VolumeRetypeWithoutMigrationTest-1007319918 tempest-VolumeRetypeWithoutMigrationTest-1007319918-project] Empty body provided in request {{(pid=99946) get_body /opt/stack/cinder/cinder/api/openstack/wsgi.py:703}}
Jul 29 20:52:10.538670 dv-cinder-802957-1-smb devstack@c-api.service[99946]: /usr/local/lib/python3.8/dist-packages/webob/acceptparse.py:1047: DeprecationWarning: The behavior of AcceptValidHeader.best_match is currently being maintained for backward compatibility, but it will be deprecated in the future, as it does not conform to the RFC.
Jul 29 20:52:10.538670 dv-cinder-802957-1-smb devstack@c-api.service[99946]: warnings.warn(
Jul 29 20:52:10.538990 dv-cinder-802957-1-smb devstack@c-api.service[99946]: DEBUG cinder.api.openstack.wsgi [None req-0c5ecb00-45ea-43e4-9d9b-c8a4fd15420d tempest-VolumeRetypeWithoutMigrationTest-1007319918 tempest-VolumeRetypeWithoutMigrationTest-1007319918-project] Calling method 'delete' {{(pid=99946) _process_stack /opt/stack/cinder/cinder/api/openstack/wsgi.py:856}}
Jul 29 20:52:10.539396 dv-cinder-802957-1-smb devstack@c-api.service[99946]: INFO cinder.api.v3.volumes [None req-0c5ecb00-45ea-43e4-9d9b-c8a4fd15420d tempest-VolumeRetypeWithoutMigrationTest-1007319918 tempest-VolumeRetypeWithoutMigrationTest-1007319918-project] Delete volume with id: 373d64ae-6e98-4455-99ab-eb8d521bd7d6
Jul 29 20:52:10.554365 dv-cinder-802957-1-smb devstack@c-api.service[99946]: /usr/local/lib/python3.8/dist-packages/oslo_context/context.py:105: DeprecationWarning: Policy enforcement is depending on the value of is_admin. This key is deprecated. Please update your policy file to use the standard policy values.
Jul 29 20:52:10.554365 dv-cinder-802957-1-smb devstack@c-api.service[99946]: warnings.warn('Policy enforcement is depending on the value of '
Jul 29 20:52:10.555461 dv-cinder-802957-1-smb devstack@c-api.service[99946]: INFO cinder.volume.api [None req-0c5ecb00-45ea-43e4-9d9b-c8a4fd15420d tempest-VolumeRetypeWithoutMigrationTest-1007319918 tempest-VolumeRetypeWithoutMigrationTest-1007319918-project] Volume info retrieved successfully.
Jul 29 20:52:10.600766 dv-cinder-802957-1-smb devstack@c-api.service[99946]: INFO cinder.volume.api [None req-0c5ecb00-45ea-43e4-9d9b-c8a4fd15420d tempest-VolumeRetypeWithoutMigrationTest-1007319918 tempest-VolumeRetypeWithoutMigrationTest-1007319918-project] Delete volume request issued successfully.
Jul 29 20:52:10.601190 dv-cinder-802957-1-smb devstack@c-api.service[99946]: INFO cinder.api.openstack.wsgi [None req-0c5ecb00-45ea-43e4-9d9b-c8a4fd15420d tempest-VolumeRetypeWithoutMigrationTest-1007319918 tempest-VolumeRetypeWithoutMigrationTest-1007319918-project] http://10.222.0.35/volume/v3/2b520b5841de4c7ab9de78b73da5d913/volumes/373d64ae-6e98-4455-99ab-eb8d521bd7d6 returned with HTTP 202
Jul 29 20:52:10.608765 dv-cinder-802957-1-smb devstack@c-api.service[99946]: [pid: 99946|app: 0|req: 164/329] 10.222.0.35 () {58 vars in 1328 bytes} [Thu Jul 29 20:52:10 2021] DELETE /volume/v3/2b520b5841de4c7ab9de78b73da5d913/volumes/373d64ae-6e98-4455-99ab-eb8d521bd7d6 => generated 0 bytes in 81 msecs (HTTP/1.1 202) 6 headers in 233 bytes (1 switches on core 0)
Jul 29 20:52:10.614551 dv-cinder-802957-1-smb devstack@c-api.service[99946]: INFO cinder.api.openstack.wsgi [None req-0886eb62-7679-497f-ab24-e1bc482ad94c tempest-VolumeRetypeWithoutMigrationTest-1007319918 tempest-VolumeRetypeWithoutMigrationTest-1007319918-project] GET http://10.222.0.35/volume/v3/2b520b5841de4c7ab9de78b73da5d913/volumes/373d64ae-6e98-4455-99ab-eb8d521bd7d6
Jul 29 20:52:10.616516 dv-cinder-802957-1-smb devstack@c-api.service[99946]: DEBUG cinder.api.openstack.wsgi [None req-0886eb62-7679-497f-ab24-e1bc482ad94c tempest-VolumeRetypeWithoutMigrationTest-1007319918 tempest-VolumeRetypeWithoutMigrationTest-1007319918-project] Empty body provided in request {{(pid=99946) get_body /opt/stack/cinder/cinder/api/openstack/wsgi.py:703}}
Jul 29 20:52:10.616963 dv-cinder-802957-1-smb devstack@c-api.service[99946]: /usr/local/lib/python3.8/dist-packages/webob/acceptparse.py:1047: DeprecationWarning: The behavior of AcceptValidHeader.best_match is currently being maintained for backward compatibility, but it will be deprecated in the future, as it does not conform to the RFC.
Jul 29 20:52:10.616963 dv-cinder-802957-1-smb devstack@c-api.service[99946]: warnings.warn(
Jul 29 20:52:10.619720 dv-cinder-802957-1-smb devstack@c-api.service[99946]: DEBUG cinder.api.openstack.wsgi [None req-0886eb62-7679-497f-ab24-e1bc482ad94c tempest-VolumeRetypeWithoutMigrationTest-1007319918 tempest-VolumeRetypeWithoutMigrationTest-1007319918-project] Calling method 'show' {{(pid=99946) _process_stack /opt/stack/cinder/cinder/api/openstack/wsgi.py:856}}
Jul 29 20:52:10.649794 dv-cinder-802957-1-smb devstack@c-api.service[99946]: /usr/local/lib/python3.8/dist-packages/oslo_context/context.py:105: DeprecationWarning: Policy enforcement is depending on the value of is_admin. This key is deprecated. Please update your policy file to use the standard policy values.
Jul 29 20:52:10.649794 dv-cinder-802957-1-smb devstack@c-api.service[99946]: warnings.warn('Policy enforcement is depending on the value of '
Jul 29 20:52:10.673806 dv-cinder-802957-1-smb devstack@c-api.service[99946]: INFO cinder.volume.api [None req-0886eb62-7679-497f-ab24-e1bc482ad94c tempest-VolumeRetypeWithoutMigrationTest-1007319918 tempest-VolumeRetypeWithoutMigrationTest-1007319918-project] Volume info retrieved successfully.
Jul 29 20:52:10.704179 dv-cinder-802957-1-smb devstack@c-api.service[99946]: INFO cinder.api.openstack.wsgi [None req-0886eb62-7679-497f-ab24-e1bc482ad94c tempest-VolumeRetypeWithoutMigrationTest-1007319918 tempest-VolumeRetypeWithoutMigrationTest-1007319918-project] http://10.222.0.35/volume/v3/2b520b5841de4c7ab9de78b73da5d913/volumes/373d64ae-6e98-4455-99ab-eb8d521bd7d6 returned with HTTP 200
Jul 29 20:52:10.705525 dv-cinder-802957-1-smb devstack@c-api.service[99946]: [pid: 99946|app: 0|req: 165/330] 10.222.0.35 () {58 vars in 1325 bytes} [Thu Jul 29 20:52:10 2021] GET /volume/v3/2b520b5841de4c7ab9de78b73da5d913/volumes/373d64ae-6e98-4455-99ab-eb8d521bd7d6 => generated 925 bytes in 96 msecs (HTTP/1.1 200) 7 headers in 285 bytes (1 switches on core 0)
Jul 29 20:52:10.711343 dv-cinder-802957-1-smb devstack@c-api.service[99946]: INFO cinder.api.openstack.wsgi [req-d9d8c717-6a2f-4505-b186-4338b4c1f7f5 req-dbf57d07-1d45-4b74-872d-9f4b969670f5 tempest-DeleteServersTestJSON-1545788504 tempest-DeleteServersTestJSON-1545788504-project] POST http://10.222.0.35/volume/v3/a94af7111f3f42e1933f27160a6a2a37/attachments/36c1f272-629e-4edd-8181-12e4ca40d8c9/action
Jul 29 20:52:10.712001 dv-cinder-802957-1-smb devstack@c-api.service[99946]: /usr/local/lib/python3.8/dist-packages/webob/acceptparse.py:1047: DeprecationWarning: The behavior of AcceptValidHeader.best_match is currently being maintained for backward compatibility, but it will be deprecated in the future, as it does not conform to the RFC.
Jul 29 20:52:10.712001 dv-cinder-802957-1-smb devstack@c-api.service[99946]: warnings.warn(
Jul 29 20:52:10.712623 dv-cinder-802957-1-smb devstack@c-api.service[99946]: DEBUG cinder.api.openstack.wsgi [req-d9d8c717-6a2f-4505-b186-4338b4c1f7f5 req-dbf57d07-1d45-4b74-872d-9f4b969670f5 tempest-DeleteServersTestJSON-1545788504 tempest-DeleteServersTestJSON-1545788504-project] Action body: b'{"os-complete": null}' {{(pid=99946) get_method /opt/stack/cinder/cinder/api/openstack/wsgi.py:971}}
Jul 29 20:52:10.713104 dv-cinder-802957-1-smb devstack@c-api.service[99946]: DEBUG cinder.api.openstack.wsgi [req-d9d8c717-6a2f-4505-b186-4338b4c1f7f5 req-dbf57d07-1d45-4b74-872d-9f4b969670f5 tempest-DeleteServersTestJSON-1545788504 tempest-DeleteServersTestJSON-1545788504-project] Action: 'action', calling method: version_select, body: {"os-complete": null} {{(pid=99946) _process_stack /opt/stack/cinder/cinder/api/openstack/wsgi.py:854}}
Jul 29 20:52:10.743762 dv-cinder-802957-1-smb devstack@c-api.service[99946]: /usr/local/lib/python3.8/dist-packages/oslo_context/context.py:105: DeprecationWarning: Policy enforcement is depending on the value of is_admin. This key is deprecated. Please update your policy file to use the standard policy values.
Jul 29 20:52:10.743762 dv-cinder-802957-1-smb devstack@c-api.service[99946]: warnings.warn('Policy enforcement is depending on the value of '
Jul 29 20:52:10.744063 dv-cinder-802957-1-smb devstack@c-api.service[99945]: INFO cinder.api.openstack.wsgi [None req-57cb142a-797b-42b3-b6f9-2f45a8498005 tempest-GroupsTest-1529817522 tempest-GroupsTest-1529817522-project-admin] POST http://10.222.0.35/volume/v3/08a304dd3f4b4ad4a3523816709b727d/types
Jul 29 20:52:10.744510 dv-cinder-802957-1-smb devstack@c-api.service[99945]: /usr/local/lib/python3.8/dist-packages/webob/acceptparse.py:1047: DeprecationWarning: The behavior of AcceptValidHeader.best_match is currently being maintained for backward compatibility, but it will be deprecated in the future, as it does not conform to the RFC.
Jul 29 20:52:10.744510 dv-cinder-802957-1-smb devstack@c-api.service[99945]: warnings.warn(
Jul 29 20:52:10.744795 dv-cinder-802957-1-smb devstack@c-api.service[99945]: DEBUG cinder.api.openstack.wsgi [None req-57cb142a-797b-42b3-b6f9-2f45a8498005 tempest-GroupsTest-1529817522 tempest-GroupsTest-1529817522-project-admin] Action: 'create', calling method: _create, body: {"volume_type": {"name": "tempest-GroupsTest-volume-type-1848553205"}} {{(pid=99945) _process_stack /opt/stack/cinder/cinder/api/openstack/wsgi.py:854}}
Jul 29 20:52:10.745883 dv-cinder-802957-1-smb devstack@c-api.service[99945]: /usr/local/lib/python3.8/dist-packages/oslo_context/context.py:105: DeprecationWarning: Policy enforcement is depending on the value of is_admin. This key is deprecated. Please update your policy file to use the standard policy values.
Jul 29 20:52:10.745883 dv-cinder-802957-1-smb devstack@c-api.service[99945]: warnings.warn('Policy enforcement is depending on the value of '
Jul 29 20:52:10.768549 dv-cinder-802957-1-smb devstack@c-api.service[99946]: INFO cinder.api.openstack.wsgi [req-d9d8c717-6a2f-4505-b186-4338b4c1f7f5 req-dbf57d07-1d45-4b74-872d-9f4b969670f5 tempest-DeleteServersTestJSON-1545788504 tempest-DeleteServersTestJSON-1545788504-project] http://10.222.0.35/volume/v3/a94af7111f3f42e1933f27160a6a2a37/attachments/36c1f272-629e-4edd-8181-12e4ca40d8c9/action returned with HTTP 204
Jul 29 20:52:10.769424 dv-cinder-802957-1-smb devstack@c-api.service[99946]: [pid: 99946|app: 0|req: 166/331] 10.222.0.20 () {64 vars in 1499 bytes} [Thu Jul 29 20:52:10 2021] POST /volume/v3/a94af7111f3f42e1933f27160a6a2a37/attachments/36c1f272-629e-4edd-8181-12e4ca40d8c9/action => generated 0 bytes in 63 msecs (HTTP/1.1 204) 7 headers in 292 bytes (1 switches on core 0)
Jul 29 20:52:10.774726 dv-cinder-802957-1-smb devstack@c-api.service[99945]: INFO cinder.api.openstack.wsgi [None req-57cb142a-797b-42b3-b6f9-2f45a8498005 tempest-GroupsTest-1529817522 tempest-GroupsTest-1529817522-project-admin] http://10.222.0.35/volume/v3/08a304dd3f4b4ad4a3523816709b727d/types returned with HTTP 200
Jul 29 20:52:10.781641 dv-cinder-802957-1-smb devstack@c-api.service[99945]: [pid: 99945|app: 0|req: 166/332] 10.222.0.35 () {60 vars in 1229 bytes} [Thu Jul 29 20:52:10 2021] POST /volume/v3/08a304dd3f4b4ad4a3523816709b727d/types => generated 216 bytes in 196 msecs (HTTP/1.1 200) 7 headers in 285 bytes (1 switches on core 0)
Jul 29 20:52:10.786686 dv-cinder-802957-1-smb devstack@c-api.service[99945]: INFO cinder.api.openstack.wsgi [None req-7e2424c3-b7ee-42d9-8846-b74ea4dfc0e8 tempest-GroupsTest-1529817522 tempest-GroupsTest-1529817522-project-admin] POST http://10.222.0.35/volume/v3/08a304dd3f4b4ad4a3523816709b727d/group_types
Jul 29 20:52:10.787095 dv-cinder-802957-1-smb devstack@c-api.service[99946]: INFO cinder.api.openstack.wsgi [None req-e3232ed7-142e-4543-8b2a-1838bbba6f24 tempest-SnapshotsActionsTest-1603655336 tempest-SnapshotsActionsTest-1603655336-project] GET http://10.222.0.35/volume/v3/ee0ba00dcc244dc09b631fab7e380549/snapshots/14fa15eb-c852-4066-82d9-e464753a7166
Jul 29 20:52:10.787579 dv-cinder-802957-1-smb devstack@c-api.service[99946]: DEBUG cinder.api.openstack.wsgi [None req-e3232ed7-142e-4543-8b2a-1838bbba6f24 tempest-SnapshotsActionsTest-1603655336 tempest-SnapshotsActionsTest-1603655336-project] Empty body provided in request {{(pid=99946) get_body /opt/stack/cinder/cinder/api/openstack/wsgi.py:703}}
Jul 29 20:52:10.787754 dv-cinder-802957-1-smb devstack@c-api.service[99946]: /usr/local/lib/python3.8/dist-packages/webob/acceptparse.py:1047: DeprecationWarning: The behavior of AcceptValidHeader.best_match is currently being maintained for backward compatibility, but it will be deprecated in the future, as it does not conform to the RFC.
Jul 29 20:52:10.787754 dv-cinder-802957-1-smb devstack@c-api.service[99946]: warnings.warn(
Jul 29 20:52:10.788111 dv-cinder-802957-1-smb devstack@c-api.service[99946]: DEBUG cinder.api.openstack.wsgi [None req-e3232ed7-142e-4543-8b2a-1838bbba6f24 tempest-SnapshotsActionsTest-1603655336 tempest-SnapshotsActionsTest-1603655336-project] Calling method 'show' {{(pid=99946) _process_stack /opt/stack/cinder/cinder/api/openstack/wsgi.py:856}}
Jul 29 20:52:10.788411 dv-cinder-802957-1-smb devstack@c-api.service[99945]: DEBUG cinder.api.openstack.wsgi [None req-7e2424c3-b7ee-42d9-8846-b74ea4dfc0e8 tempest-GroupsTest-1529817522 tempest-GroupsTest-1529817522-project-admin] Action: 'create', calling method: version_select, body: {"group_type": {"name": "tempest-GroupsTest-group-type-1036737530"}} {{(pid=99945) _process_stack /opt/stack/cinder/cinder/api/openstack/wsgi.py:854}}
Jul 29 20:52:10.805203 dv-cinder-802957-1-smb devstack@c-api.service[99946]: /usr/local/lib/python3.8/dist-packages/oslo_context/context.py:105: DeprecationWarning: Policy enforcement is depending on the value of is_admin. This key is deprecated. Please update your policy file to use the standard policy values.
Jul 29 20:52:10.805203 dv-cinder-802957-1-smb devstack@c-api.service[99946]: warnings.warn('Policy enforcement is depending on the value of '
Jul 29 20:52:10.806347 dv-cinder-802957-1-smb devstack@c-api.service[99946]: INFO cinder.volume.api [None req-e3232ed7-142e-4543-8b2a-1838bbba6f24 tempest-SnapshotsActionsTest-1603655336 tempest-SnapshotsActionsTest-1603655336-project] Snapshot retrieved successfully.
Jul 29 20:52:10.808464 dv-cinder-802957-1-smb devstack@c-api.service[99946]: INFO cinder.api.openstack.wsgi [None req-e3232ed7-142e-4543-8b2a-1838bbba6f24 tempest-SnapshotsActionsTest-1603655336 tempest-SnapshotsActionsTest-1603655336-project] http://10.222.0.35/volume/v3/ee0ba00dcc244dc09b631fab7e380549/snapshots/14fa15eb-c852-4066-82d9-e464753a7166 returned with HTTP 200
Jul 29 20:52:10.809272 dv-cinder-802957-1-smb devstack@c-api.service[99946]: [pid: 99946|app: 0|req: 167/333] 10.222.0.35 () {58 vars in 1331 bytes} [Thu Jul 29 20:52:10 2021] GET /volume/v3/ee0ba00dcc244dc09b631fab7e380549/snapshots/14fa15eb-c852-4066-82d9-e464753a7166 => generated 566 bytes in 39 msecs (HTTP/1.1 200) 7 headers in 285 bytes (1 switches on core 0)
Jul 29 20:52:10.814516 dv-cinder-802957-1-smb devstack@c-api.service[99945]: INFO cinder.api.openstack.wsgi [None req-7e2424c3-b7ee-42d9-8846-b74ea4dfc0e8 tempest-GroupsTest-1529817522 tempest-GroupsTest-1529817522-project-admin] http://10.222.0.35/volume/v3/08a304dd3f4b4ad4a3523816709b727d/group_types returned with HTTP 202
Jul 29 20:52:10.815754 dv-cinder-802957-1-smb devstack@c-api.service[99945]: [pid: 99945|app: 0|req: 167/334] 10.222.0.35 () {62 vars in 1288 bytes} [Thu Jul 29 20:52:10 2021] POST /volume/v3/08a304dd3f4b4ad4a3523816709b727d/group_types => generated 173 bytes in 33 msecs (HTTP/1.1 202) 7 headers in 292 bytes (1 switches on core 0)
Jul 29 20:52:10.825787 dv-cinder-802957-1-smb devstack@c-api.service[99946]: INFO cinder.api.openstack.wsgi [None req-5e6a17b9-e487-4a4d-87a3-52db8b2b4573 tempest-SnapshotsActionsTest-1556435904 tempest-SnapshotsActionsTest-1556435904-project-admin] POST http://10.222.0.35/volume/v3/29e5a9c388af4b3a90ecf3c0e4779ff5/snapshots/14fa15eb-c852-4066-82d9-e464753a7166/action
Jul 29 20:52:10.833384 dv-cinder-802957-1-smb devstack@c-api.service[99946]: /usr/local/lib/python3.8/dist-packages/webob/acceptparse.py:1047: DeprecationWarning: The behavior of AcceptValidHeader.best_match is currently being maintained for backward compatibility, but it will be deprecated in the future, as it does not conform to the RFC.
Jul 29 20:52:10.833384 dv-cinder-802957-1-smb devstack@c-api.service[99946]: warnings.warn(
Jul 29 20:52:10.835698 dv-cinder-802957-1-smb devstack@c-api.service[99946]: DEBUG cinder.api.openstack.wsgi [None req-5e6a17b9-e487-4a4d-87a3-52db8b2b4573 tempest-SnapshotsActionsTest-1556435904 tempest-SnapshotsActionsTest-1556435904-project-admin] Action body: b'{"os-reset_status": {"status": "error"}}' {{(pid=99946) get_method /opt/stack/cinder/cinder/api/openstack/wsgi.py:971}}
Jul 29 20:52:10.836083 dv-cinder-802957-1-smb devstack@c-api.service[99946]: DEBUG cinder.api.openstack.wsgi [None req-5e6a17b9-e487-4a4d-87a3-52db8b2b4573 tempest-SnapshotsActionsTest-1556435904 tempest-SnapshotsActionsTest-1556435904-project-admin] Action: 'action', calling method: _reset_status, body: {"os-reset_status": {"status": "error"}} {{(pid=99946) _process_stack /opt/stack/cinder/cinder/api/openstack/wsgi.py:854}}
Jul 29 20:52:10.841941 dv-cinder-802957-1-smb devstack@c-api.service[99946]: DEBUG cinder.api.contrib.admin_actions [None req-5e6a17b9-e487-4a4d-87a3-52db8b2b4573 tempest-SnapshotsActionsTest-1556435904 tempest-SnapshotsActionsTest-1556435904-project-admin] Updating snapshot '14fa15eb-c852-4066-82d9-e464753a7166' with '{'status': 'error'}' {{(pid=99946) _reset_status /opt/stack/cinder/cinder/api/contrib/admin_actions.py:100}}
Jul 29 20:52:10.877893 dv-cinder-802957-1-smb devstack@c-api.service[99946]: /usr/local/lib/python3.8/dist-packages/oslo_context/context.py:105: DeprecationWarning: Policy enforcement is depending on the value of is_admin. This key is deprecated. Please update your policy file to use the standard policy values.
Jul 29 20:52:10.877893 dv-cinder-802957-1-smb devstack@c-api.service[99946]: warnings.warn('Policy enforcement is depending on the value of '
Jul 29 20:52:10.930771 dv-cinder-802957-1-smb devstack@c-api.service[99946]: INFO cinder.api.openstack.wsgi [None req-5e6a17b9-e487-4a4d-87a3-52db8b2b4573 tempest-SnapshotsActionsTest-1556435904 tempest-SnapshotsActionsTest-1556435904-project-admin] http://10.222.0.35/volume/v3/29e5a9c388af4b3a90ecf3c0e4779ff5/snapshots/14fa15eb-c852-4066-82d9-e464753a7166/action returned with HTTP 202
Jul 29 20:52:10.931939 dv-cinder-802957-1-smb devstack@c-api.service[99946]: [pid: 99946|app: 0|req: 168/335] 10.222.0.35 () {60 vars in 1373 bytes} [Thu Jul 29 20:52:10 2021] POST /volume/v3/29e5a9c388af4b3a90ecf3c0e4779ff5/snapshots/14fa15eb-c852-4066-82d9-e464753a7166/action => generated 0 bytes in 111 msecs (HTTP/1.1 202) 7 headers in 289 bytes (1 switches on core 0)
Jul 29 20:52:10.944107 dv-cinder-802957-1-smb devstack@c-api.service[99946]: INFO cinder.api.openstack.wsgi [None req-727f8563-8d4d-4ec5-b90a-067f0794d539 tempest-SnapshotsActionsTest-1603655336 tempest-SnapshotsActionsTest-1603655336-project] GET http://10.222.0.35/volume/v3/ee0ba00dcc244dc09b631fab7e380549/snapshots/14fa15eb-c852-4066-82d9-e464753a7166
Jul 29 20:52:10.946270 dv-cinder-802957-1-smb devstack@c-api.service[99946]: DEBUG cinder.api.openstack.wsgi [None req-727f8563-8d4d-4ec5-b90a-067f0794d539 tempest-SnapshotsActionsTest-1603655336 tempest-SnapshotsActionsTest-1603655336-project] Empty body provided in request {{(pid=99946) get_body /opt/stack/cinder/cinder/api/openstack/wsgi.py:703}}
Jul 29 20:52:10.946454 dv-cinder-802957-1-smb devstack@c-api.service[99946]: /usr/local/lib/python3.8/dist-packages/webob/acceptparse.py:1047: DeprecationWarning: The behavior of AcceptValidHeader.best_match is currently being maintained for backward compatibility, but it will be deprecated in the future, as it does not conform to the RFC.
Jul 29 20:52:10.946454 dv-cinder-802957-1-smb devstack@c-api.service[99946]: warnings.warn(
Jul 29 20:52:10.947117 dv-cinder-802957-1-smb devstack@c-api.service[99946]: DEBUG cinder.api.openstack.wsgi [None req-727f8563-8d4d-4ec5-b90a-067f0794d539 tempest-SnapshotsActionsTest-1603655336 tempest-SnapshotsActionsTest-1603655336-project] Calling method 'show' {{(pid=99946) _process_stack /opt/stack/cinder/cinder/api/openstack/wsgi.py:856}}
Jul 29 20:52:10.959688 dv-cinder-802957-1-smb devstack@c-api.service[99946]: /usr/local/lib/python3.8/dist-packages/oslo_context/context.py:105: DeprecationWarning: Policy enforcement is depending on the value of is_admin. This key is deprecated. Please update your policy file to use the standard policy values.
Jul 29 20:52:10.959688 dv-cinder-802957-1-smb devstack@c-api.service[99946]: warnings.warn('Policy enforcement is depending on the value of '
Jul 29 20:52:10.960986 dv-cinder-802957-1-smb devstack@c-api.service[99946]: INFO cinder.volume.api [None req-727f8563-8d4d-4ec5-b90a-067f0794d539 tempest-SnapshotsActionsTest-1603655336 tempest-SnapshotsActionsTest-1603655336-project] Snapshot retrieved successfully.
Jul 29 20:52:10.963254 dv-cinder-802957-1-smb devstack@c-api.service[99946]: INFO cinder.api.openstack.wsgi [None req-727f8563-8d4d-4ec5-b90a-067f0794d539 tempest-SnapshotsActionsTest-1603655336 tempest-SnapshotsActionsTest-1603655336-project] http://10.222.0.35/volume/v3/ee0ba00dcc244dc09b631fab7e380549/snapshots/14fa15eb-c852-4066-82d9-e464753a7166 returned with HTTP 200
Jul 29 20:52:10.964239 dv-cinder-802957-1-smb devstack@c-api.service[99946]: [pid: 99946|app: 0|req: 169/336] 10.222.0.35 () {58 vars in 1331 bytes} [Thu Jul 29 20:52:10 2021] GET /volume/v3/ee0ba00dcc244dc09b631fab7e380549/snapshots/14fa15eb-c852-4066-82d9-e464753a7166 => generated 562 bytes in 28 msecs (HTTP/1.1 200) 7 headers in 285 bytes (2 switches on core 0)
Jul 29 20:52:10.977361 dv-cinder-802957-1-smb devstack@c-api.service[99946]: INFO cinder.api.openstack.wsgi [None req-3681849a-60b9-482d-bcce-63a0ee20c062 tempest-SnapshotsActionsTest-1556435904 tempest-SnapshotsActionsTest-1556435904-project-admin] POST http://10.222.0.35/volume/v3/29e5a9c388af4b3a90ecf3c0e4779ff5/snapshots/14fa15eb-c852-4066-82d9-e464753a7166/action
Jul 29 20:52:10.977979 dv-cinder-802957-1-smb devstack@c-api.service[99946]: /usr/local/lib/python3.8/dist-packages/webob/acceptparse.py:1047: DeprecationWarning: The behavior of AcceptValidHeader.best_match is currently being maintained for backward compatibility, but it will be deprecated in the future, as it does not conform to the RFC.
Jul 29 20:52:10.977979 dv-cinder-802957-1-smb devstack@c-api.service[99946]: warnings.warn(
Jul 29 20:52:10.978581 dv-cinder-802957-1-smb devstack@c-api.service[99946]: DEBUG cinder.api.openstack.wsgi [None req-3681849a-60b9-482d-bcce-63a0ee20c062 tempest-SnapshotsActionsTest-1556435904 tempest-SnapshotsActionsTest-1556435904-project-admin] Action body: b'{"os-force_delete": {}}' {{(pid=99946) get_method /opt/stack/cinder/cinder/api/openstack/wsgi.py:971}}
Jul 29 20:52:10.978933 dv-cinder-802957-1-smb devstack@c-api.service[99946]: DEBUG cinder.api.openstack.wsgi [None req-3681849a-60b9-482d-bcce-63a0ee20c062 tempest-SnapshotsActionsTest-1556435904 tempest-SnapshotsActionsTest-1556435904-project-admin] Action: 'action', calling method: _force_delete, body: {"os-force_delete": {}} {{(pid=99946) _process_stack /opt/stack/cinder/cinder/api/openstack/wsgi.py:854}}
Jul 29 20:52:10.984624 dv-cinder-802957-1-smb devstack@c-api.service[99945]: INFO cinder.api.openstack.wsgi [None req-4873cd2b-2f76-4e91-9ac2-389c4b6a0bcd tempest-GroupsTest-911816663 tempest-GroupsTest-911816663-project] POST http://10.222.0.35/volume/v3/75f55f9018a6418eb1e32c7f80b435c5/groups
Jul 29 20:52:10.985640 dv-cinder-802957-1-smb devstack@c-api.service[99945]: DEBUG cinder.api.openstack.wsgi [None req-4873cd2b-2f76-4e91-9ac2-389c4b6a0bcd tempest-GroupsTest-911816663 tempest-GroupsTest-911816663-project] Action: 'create', calling method: version_select, body: {"group": {"group_type": "c30ad074-2e1b-4ed0-b5c2-272b562b38db", "volume_types": ["854111ac-7f9e-48de-a454-bbd7b45b3285"], "name": "tempest-Group1-551928955"}} {{(pid=99945) _process_stack /opt/stack/cinder/cinder/api/openstack/wsgi.py:854}}
Jul 29 20:52:10.986969 dv-cinder-802957-1-smb devstack@c-api.service[99945]: DEBUG cinder.api.v3.groups [None req-4873cd2b-2f76-4e91-9ac2-389c4b6a0bcd tempest-GroupsTest-911816663 tempest-GroupsTest-911816663-project] Creating new group {'group': {'group_type': 'c30ad074-2e1b-4ed0-b5c2-272b562b38db', 'volume_types': ['854111ac-7f9e-48de-a454-bbd7b45b3285'], 'name': 'tempest-Group1-551928955'}} {{(pid=99945) create /opt/stack/cinder/cinder/api/v3/groups.py:190}}
Jul 29 20:52:10.988958 dv-cinder-802957-1-smb devstack@c-api.service[99946]: /usr/local/lib/python3.8/dist-packages/oslo_context/context.py:105: DeprecationWarning: Policy enforcement is depending on the value of is_admin. This key is deprecated. Please update your policy file to use the standard policy values.
Jul 29 20:52:10.988958 dv-cinder-802957-1-smb devstack@c-api.service[99946]: warnings.warn('Policy enforcement is depending on the value of '
Jul 29 20:52:10.989703 dv-cinder-802957-1-smb devstack@c-api.service[99946]: INFO cinder.volume.api [None req-3681849a-60b9-482d-bcce-63a0ee20c062 tempest-SnapshotsActionsTest-1556435904 tempest-SnapshotsActionsTest-1556435904-project-admin] Snapshot retrieved successfully.
Jul 29 20:52:10.993237 dv-cinder-802957-1-smb devstack@c-api.service[99945]: INFO cinder.api.v3.groups [None req-4873cd2b-2f76-4e91-9ac2-389c4b6a0bcd tempest-GroupsTest-911816663 tempest-GroupsTest-911816663-project] Creating group tempest-Group1-551928955.
Jul 29 20:52:11.015841 dv-cinder-802957-1-smb devstack@c-api.service[99945]: INFO cinder.volume.api [None req-4873cd2b-2f76-4e91-9ac2-389c4b6a0bcd tempest-GroupsTest-911816663 tempest-GroupsTest-911816663-project] Availability Zones retrieved successfully.
Jul 29 20:52:11.031697 dv-cinder-802957-1-smb devstack@c-api.service[99946]: INFO cinder.volume.api [None req-3681849a-60b9-482d-bcce-63a0ee20c062 tempest-SnapshotsActionsTest-1556435904 tempest-SnapshotsActionsTest-1556435904-project-admin] Snapshot delete request issued successfully.
Jul 29 20:52:11.032329 dv-cinder-802957-1-smb devstack@c-api.service[99946]: INFO cinder.api.openstack.wsgi [None req-3681849a-60b9-482d-bcce-63a0ee20c062 tempest-SnapshotsActionsTest-1556435904 tempest-SnapshotsActionsTest-1556435904-project-admin] http://10.222.0.35/volume/v3/29e5a9c388af4b3a90ecf3c0e4779ff5/snapshots/14fa15eb-c852-4066-82d9-e464753a7166/action returned with HTTP 202
Jul 29 20:52:11.033637 dv-cinder-802957-1-smb devstack@c-api.service[99946]: [pid: 99946|app: 0|req: 170/337] 10.222.0.35 () {60 vars in 1373 bytes} [Thu Jul 29 20:52:10 2021] POST /volume/v3/29e5a9c388af4b3a90ecf3c0e4779ff5/snapshots/14fa15eb-c852-4066-82d9-e464753a7166/action => generated 0 bytes in 61 msecs (HTTP/1.1 202) 7 headers in 289 bytes (1 switches on core 0)
Jul 29 20:52:11.042242 dv-cinder-802957-1-smb devstack@c-api.service[99946]: INFO cinder.api.openstack.wsgi [None req-dc0de615-e385-42fa-a6e6-ce0a25a1f887 tempest-SnapshotsActionsTest-1603655336 tempest-SnapshotsActionsTest-1603655336-project] GET http://10.222.0.35/volume/v3/ee0ba00dcc244dc09b631fab7e380549/snapshots/14fa15eb-c852-4066-82d9-e464753a7166
Jul 29 20:52:11.042697 dv-cinder-802957-1-smb devstack@c-api.service[99946]: DEBUG cinder.api.openstack.wsgi [None req-dc0de615-e385-42fa-a6e6-ce0a25a1f887 tempest-SnapshotsActionsTest-1603655336 tempest-SnapshotsActionsTest-1603655336-project] Empty body provided in request {{(pid=99946) get_body /opt/stack/cinder/cinder/api/openstack/wsgi.py:703}}
Jul 29 20:52:11.042868 dv-cinder-802957-1-smb devstack@c-api.service[99946]: /usr/local/lib/python3.8/dist-packages/webob/acceptparse.py:1047: DeprecationWarning: The behavior of AcceptValidHeader.best_match is currently being maintained for backward compatibility, but it will be deprecated in the future, as it does not conform to the RFC.
Jul 29 20:52:11.042868 dv-cinder-802957-1-smb devstack@c-api.service[99946]: warnings.warn(
Jul 29 20:52:11.043418 dv-cinder-802957-1-smb devstack@c-api.service[99946]: DEBUG cinder.api.openstack.wsgi [None req-dc0de615-e385-42fa-a6e6-ce0a25a1f887 tempest-SnapshotsActionsTest-1603655336 tempest-SnapshotsActionsTest-1603655336-project] Calling method 'show' {{(pid=99946) _process_stack /opt/stack/cinder/cinder/api/openstack/wsgi.py:856}}
Jul 29 20:52:11.049071 dv-cinder-802957-1-smb devstack@c-api.service[99945]: DEBUG cinder.quota [None req-4873cd2b-2f76-4e91-9ac2-389c4b6a0bcd tempest-GroupsTest-911816663 tempest-GroupsTest-911816663-project] Created reservations ['3c25cfa5-67ad-4853-a790-6f07baca6ec6'] {{(pid=99945) reserve /opt/stack/cinder/cinder/quota.py:755}}
Jul 29 20:52:11.055129 dv-cinder-802957-1-smb devstack@c-api.service[99946]: /usr/local/lib/python3.8/dist-packages/oslo_context/context.py:105: DeprecationWarning: Policy enforcement is depending on the value of is_admin. This key is deprecated. Please update your policy file to use the standard policy values.
Jul 29 20:52:11.055129 dv-cinder-802957-1-smb devstack@c-api.service[99946]: warnings.warn('Policy enforcement is depending on the value of '
