Jul 29 20:52:15.630933 dv-cinder-802957-1-smb devstack@c-api.service[99945]: INFO cinder.api.openstack.wsgi [None req-56582464-422d-4893-a30c-ed310bb998a0 tempest-SnapshotsActionsTest-1556435904 tempest-SnapshotsActionsTest-1556435904-project-admin] http://10.222.0.35/volume/v3/29e5a9c388af4b3a90ecf3c0e4779ff5/snapshots/5154e000-053e-4d92-b898-d7899b1f0a98/action returned with HTTP 202
Jul 29 20:52:15.636659 dv-cinder-802957-1-smb devstack@c-api.service[99946]: INFO cinder.volume.api [None req-40317fb9-1d86-45bd-8b1d-eb9847d98ec6 tempest-GroupsTest-911816663 tempest-GroupsTest-911816663-project] Get all volumes completed successfully.
Jul 29 20:52:15.638024 dv-cinder-802957-1-smb devstack@c-api.service[99945]: [pid: 99945|app: 0|req: 198/389] 10.222.0.35 () {60 vars in 1373 bytes} [Thu Jul 29 20:52:15 2021] POST /volume/v3/29e5a9c388af4b3a90ecf3c0e4779ff5/snapshots/5154e000-053e-4d92-b898-d7899b1f0a98/action => generated 0 bytes in 65 msecs (HTTP/1.1 202) 7 headers in 289 bytes (1 switches on core 0)
Jul 29 20:52:15.639828 dv-cinder-802957-1-smb devstack@c-api.service[99946]: WARNING stevedore.named [None req-40317fb9-1d86-45bd-8b1d-eb9847d98ec6 tempest-GroupsTest-911816663 tempest-GroupsTest-911816663-project] Could not load cinder.keymgr.conf_key_mgr.ConfKeyManager
Jul 29 20:52:15.640527 dv-cinder-802957-1-smb devstack@c-api.service[99946]: WARNING castellan.key_manager [None req-40317fb9-1d86-45bd-8b1d-eb9847d98ec6 tempest-GroupsTest-911816663 tempest-GroupsTest-911816663-project] Deprecation Warning : cinder.keymgr.conf_key_mgr.ConfKeyManager is not a stevedore based driver, trying to load it as a class: stevedore.exception.NoMatches: No 'castellan.drivers' driver found, looking for 'cinder.keymgr.conf_key_mgr.ConfKeyManager'
Jul 29 20:52:15.648325 dv-cinder-802957-1-smb devstack@c-api.service[99945]: INFO cinder.api.openstack.wsgi [None req-b6ba815a-c99b-4141-b678-79bc515e017d tempest-SnapshotsActionsTest-1603655336 tempest-SnapshotsActionsTest-1603655336-project] GET http://10.222.0.35/volume/v3/ee0ba00dcc244dc09b631fab7e380549/snapshots/5154e000-053e-4d92-b898-d7899b1f0a98
Jul 29 20:52:15.649106 dv-cinder-802957-1-smb devstack@c-api.service[99945]: DEBUG cinder.api.openstack.wsgi [None req-b6ba815a-c99b-4141-b678-79bc515e017d tempest-SnapshotsActionsTest-1603655336 tempest-SnapshotsActionsTest-1603655336-project] Empty body provided in request {{(pid=99945) get_body /opt/stack/cinder/cinder/api/openstack/wsgi.py:703}}
Jul 29 20:52:15.649507 dv-cinder-802957-1-smb devstack@c-api.service[99945]: /usr/local/lib/python3.8/dist-packages/webob/acceptparse.py:1047: DeprecationWarning: The behavior of AcceptValidHeader.best_match is currently being maintained for backward compatibility, but it will be deprecated in the future, as it does not conform to the RFC.
Jul 29 20:52:15.649507 dv-cinder-802957-1-smb devstack@c-api.service[99945]: warnings.warn(
Jul 29 20:52:15.650223 dv-cinder-802957-1-smb devstack@c-api.service[99945]: DEBUG cinder.api.openstack.wsgi [None req-b6ba815a-c99b-4141-b678-79bc515e017d tempest-SnapshotsActionsTest-1603655336 tempest-SnapshotsActionsTest-1603655336-project] Calling method 'show' {{(pid=99945) _process_stack /opt/stack/cinder/cinder/api/openstack/wsgi.py:856}}
Jul 29 20:52:15.659536 dv-cinder-802957-1-smb devstack@c-api.service[99946]: DEBUG oslo_db.sqlalchemy.engines [None req-40317fb9-1d86-45bd-8b1d-eb9847d98ec6 tempest-GroupsTest-911816663 tempest-GroupsTest-911816663-project] MySQL server mode set to STRICT_TRANS_TABLES,STRICT_ALL_TABLES,NO_ZERO_IN_DATE,NO_ZERO_DATE,ERROR_FOR_DIVISION_BY_ZERO,TRADITIONAL,NO_ENGINE_SUBSTITUTION {{(pid=99946) _check_effective_sql_mode /usr/local/lib/python3.8/dist-packages/oslo_db/sqlalchemy/engines.py:314}}
Jul 29 20:52:15.667030 dv-cinder-802957-1-smb devstack@c-api.service[99945]: /usr/local/lib/python3.8/dist-packages/oslo_context/context.py:105: DeprecationWarning: Policy enforcement is depending on the value of is_admin. This key is deprecated. Please update your policy file to use the standard policy values.
Jul 29 20:52:15.667030 dv-cinder-802957-1-smb devstack@c-api.service[99945]: warnings.warn('Policy enforcement is depending on the value of '
Jul 29 20:52:15.668998 dv-cinder-802957-1-smb devstack@c-api.service[99945]: INFO cinder.volume.api [None req-b6ba815a-c99b-4141-b678-79bc515e017d tempest-SnapshotsActionsTest-1603655336 tempest-SnapshotsActionsTest-1603655336-project] Snapshot retrieved successfully.
Jul 29 20:52:15.671746 dv-cinder-802957-1-smb devstack@c-api.service[99945]: INFO cinder.api.openstack.wsgi [None req-b6ba815a-c99b-4141-b678-79bc515e017d tempest-SnapshotsActionsTest-1603655336 tempest-SnapshotsActionsTest-1603655336-project] http://10.222.0.35/volume/v3/ee0ba00dcc244dc09b631fab7e380549/snapshots/5154e000-053e-4d92-b898-d7899b1f0a98 returned with HTTP 200
Jul 29 20:52:15.675471 dv-cinder-802957-1-smb devstack@c-api.service[99946]: /usr/local/lib/python3.8/dist-packages/oslo_context/context.py:105: DeprecationWarning: Policy enforcement is depending on the value of is_admin. This key is deprecated. Please update your policy file to use the standard policy values.
Jul 29 20:52:15.675471 dv-cinder-802957-1-smb devstack@c-api.service[99946]: warnings.warn('Policy enforcement is depending on the value of '
Jul 29 20:52:15.678970 dv-cinder-802957-1-smb devstack@c-api.service[99945]: [pid: 99945|app: 0|req: 199/390] 10.222.0.35 () {58 vars in 1331 bytes} [Thu Jul 29 20:52:15 2021] GET /volume/v3/ee0ba00dcc244dc09b631fab7e380549/snapshots/5154e000-053e-4d92-b898-d7899b1f0a98 => generated 530 bytes in 39 msecs (HTTP/1.1 200) 7 headers in 285 bytes (1 switches on core 0)
Jul 29 20:52:15.683628 dv-cinder-802957-1-smb devstack@c-api.service[99945]: INFO cinder.api.openstack.wsgi [None req-08c25fc4-6674-420c-b19a-a23c26df3467 tempest-SnapshotsActionsTest-1603655336 tempest-SnapshotsActionsTest-1603655336-project] DELETE http://10.222.0.35/volume/v3/ee0ba00dcc244dc09b631fab7e380549/snapshots/ffe2ec06-1d59-4b8a-b7c0-e6b7519e87ad
Jul 29 20:52:15.684282 dv-cinder-802957-1-smb devstack@c-api.service[99945]: DEBUG cinder.api.openstack.wsgi [None req-08c25fc4-6674-420c-b19a-a23c26df3467 tempest-SnapshotsActionsTest-1603655336 tempest-SnapshotsActionsTest-1603655336-project] Empty body provided in request {{(pid=99945) get_body /opt/stack/cinder/cinder/api/openstack/wsgi.py:703}}
Jul 29 20:52:15.684588 dv-cinder-802957-1-smb devstack@c-api.service[99945]: /usr/local/lib/python3.8/dist-packages/webob/acceptparse.py:1047: DeprecationWarning: The behavior of AcceptValidHeader.best_match is currently being maintained for backward compatibility, but it will be deprecated in the future, as it does not conform to the RFC.
Jul 29 20:52:15.684588 dv-cinder-802957-1-smb devstack@c-api.service[99945]: warnings.warn(
Jul 29 20:52:15.685577 dv-cinder-802957-1-smb devstack@c-api.service[99945]: DEBUG cinder.api.openstack.wsgi [None req-08c25fc4-6674-420c-b19a-a23c26df3467 tempest-SnapshotsActionsTest-1603655336 tempest-SnapshotsActionsTest-1603655336-project] Calling method 'delete' {{(pid=99945) _process_stack /opt/stack/cinder/cinder/api/openstack/wsgi.py:856}}
Jul 29 20:52:15.686043 dv-cinder-802957-1-smb devstack@c-api.service[99945]: INFO cinder.api.v2.snapshots [None req-08c25fc4-6674-420c-b19a-a23c26df3467 tempest-SnapshotsActionsTest-1603655336 tempest-SnapshotsActionsTest-1603655336-project] Delete snapshot with id: ffe2ec06-1d59-4b8a-b7c0-e6b7519e87ad
Jul 29 20:52:15.691463 dv-cinder-802957-1-smb devstack@c-api.service[99946]: INFO cinder.api.openstack.wsgi [None req-40317fb9-1d86-45bd-8b1d-eb9847d98ec6 tempest-GroupsTest-911816663 tempest-GroupsTest-911816663-project] http://10.222.0.35/volume/v3/75f55f9018a6418eb1e32c7f80b435c5/volumes/detail returned with HTTP 200
Jul 29 20:52:15.692690 dv-cinder-802957-1-smb devstack@c-api.service[99946]: [pid: 99946|app: 0|req: 192/391] 10.222.0.35 () {60 vars in 1276 bytes} [Thu Jul 29 20:52:15 2021] GET /volume/v3/75f55f9018a6418eb1e32c7f80b435c5/volumes/detail => generated 976 bytes in 216 msecs (HTTP/1.1 200) 7 headers in 286 bytes (1 switches on core 0)
Jul 29 20:52:15.705871 dv-cinder-802957-1-smb devstack@c-api.service[99945]: INFO cinder.api.openstack.wsgi [None req-08c25fc4-6674-420c-b19a-a23c26df3467 tempest-SnapshotsActionsTest-1603655336 tempest-SnapshotsActionsTest-1603655336-project] http://10.222.0.35/volume/v3/ee0ba00dcc244dc09b631fab7e380549/snapshots/ffe2ec06-1d59-4b8a-b7c0-e6b7519e87ad returned with HTTP 404
Jul 29 20:52:15.710294 dv-cinder-802957-1-smb devstack@c-api.service[99945]: [pid: 99945|app: 0|req: 200/392] 10.222.0.35 () {58 vars in 1334 bytes} [Thu Jul 29 20:52:15 2021] DELETE /volume/v3/ee0ba00dcc244dc09b631fab7e380549/snapshots/ffe2ec06-1d59-4b8a-b7c0-e6b7519e87ad => generated 111 bytes in 30 msecs (HTTP/1.1 404) 7 headers in 292 bytes (1 switches on core 0)
Jul 29 20:52:15.717197 dv-cinder-802957-1-smb devstack@c-api.service[99946]: INFO cinder.api.openstack.wsgi [None req-61be8181-e506-48ee-9ed9-d7ec27e8bdc4 tempest-GroupsTest-911816663 tempest-GroupsTest-911816663-project] GET http://10.222.0.35/volume/v3/75f55f9018a6418eb1e32c7f80b435c5/volumes/detail
Jul 29 20:52:15.718040 dv-cinder-802957-1-smb devstack@c-api.service[99946]: DEBUG cinder.api.openstack.wsgi [None req-61be8181-e506-48ee-9ed9-d7ec27e8bdc4 tempest-GroupsTest-911816663 tempest-GroupsTest-911816663-project] Empty body provided in request {{(pid=99946) get_body /opt/stack/cinder/cinder/api/openstack/wsgi.py:703}}
Jul 29 20:52:15.718352 dv-cinder-802957-1-smb devstack@c-api.service[99946]: /usr/local/lib/python3.8/dist-packages/webob/acceptparse.py:1047: DeprecationWarning: The behavior of AcceptValidHeader.best_match is currently being maintained for backward compatibility, but it will be deprecated in the future, as it does not conform to the RFC.
Jul 29 20:52:15.718352 dv-cinder-802957-1-smb devstack@c-api.service[99946]: warnings.warn(
Jul 29 20:52:15.718876 dv-cinder-802957-1-smb devstack@c-api.service[99946]: DEBUG cinder.api.openstack.wsgi [None req-61be8181-e506-48ee-9ed9-d7ec27e8bdc4 tempest-GroupsTest-911816663 tempest-GroupsTest-911816663-project] Calling method 'detail' {{(pid=99946) _process_stack /opt/stack/cinder/cinder/api/openstack/wsgi.py:856}}
Jul 29 20:52:15.719482 dv-cinder-802957-1-smb devstack@c-api.service[99945]: INFO cinder.api.openstack.wsgi [None req-2dce760e-bdf4-4caa-8787-bbdaab9db76a tempest-SnapshotsActionsTest-1603655336 tempest-SnapshotsActionsTest-1603655336-project] DELETE http://10.222.0.35/volume/v3/ee0ba00dcc244dc09b631fab7e380549/snapshots/14fa15eb-c852-4066-82d9-e464753a7166
Jul 29 20:52:15.720240 dv-cinder-802957-1-smb devstack@c-api.service[99946]: DEBUG cinder.api.api_utils [None req-61be8181-e506-48ee-9ed9-d7ec27e8bdc4 tempest-GroupsTest-911816663 tempest-GroupsTest-911816663-project] Removing options '' from query. {{(pid=99946) remove_invalid_filter_options /opt/stack/cinder/cinder/api/api_utils.py:73}}
Jul 29 20:52:15.721136 dv-cinder-802957-1-smb devstack@c-api.service[99945]: DEBUG cinder.api.openstack.wsgi [None req-2dce760e-bdf4-4caa-8787-bbdaab9db76a tempest-SnapshotsActionsTest-1603655336 tempest-SnapshotsActionsTest-1603655336-project] Empty body provided in request {{(pid=99945) get_body /opt/stack/cinder/cinder/api/openstack/wsgi.py:703}}
Jul 29 20:52:15.721554 dv-cinder-802957-1-smb devstack@c-api.service[99945]: DEBUG cinder.api.openstack.wsgi [None req-2dce760e-bdf4-4caa-8787-bbdaab9db76a tempest-SnapshotsActionsTest-1603655336 tempest-SnapshotsActionsTest-1603655336-project] Calling method 'delete' {{(pid=99945) _process_stack /opt/stack/cinder/cinder/api/openstack/wsgi.py:856}}
Jul 29 20:52:15.721925 dv-cinder-802957-1-smb devstack@c-api.service[99945]: INFO cinder.api.v2.snapshots [None req-2dce760e-bdf4-4caa-8787-bbdaab9db76a tempest-SnapshotsActionsTest-1603655336 tempest-SnapshotsActionsTest-1603655336-project] Delete snapshot with id: 14fa15eb-c852-4066-82d9-e464753a7166
Jul 29 20:52:15.722958 dv-cinder-802957-1-smb devstack@c-api.service[99946]: DEBUG cinder.volume.api [None req-61be8181-e506-48ee-9ed9-d7ec27e8bdc4 tempest-GroupsTest-911816663 tempest-GroupsTest-911816663-project] Searching by: MultiDict([('no_migration_targets', True)]). {{(pid=99946) get_all /opt/stack/cinder/cinder/volume/api.py:617}}
Jul 29 20:52:15.733109 dv-cinder-802957-1-smb devstack@c-api.service[99945]: INFO cinder.api.openstack.wsgi [None req-2dce760e-bdf4-4caa-8787-bbdaab9db76a tempest-SnapshotsActionsTest-1603655336 tempest-SnapshotsActionsTest-1603655336-project] http://10.222.0.35/volume/v3/ee0ba00dcc244dc09b631fab7e380549/snapshots/14fa15eb-c852-4066-82d9-e464753a7166 returned with HTTP 404
Jul 29 20:52:15.737251 dv-cinder-802957-1-smb devstack@c-api.service[99945]: [pid: 99945|app: 0|req: 201/393] 10.222.0.35 () {58 vars in 1334 bytes} [Thu Jul 29 20:52:15 2021] DELETE /volume/v3/ee0ba00dcc244dc09b631fab7e380549/snapshots/14fa15eb-c852-4066-82d9-e464753a7166 => generated 111 bytes in 20 msecs (HTTP/1.1 404) 7 headers in 292 bytes (1 switches on core 0)
Jul 29 20:52:15.788935 dv-cinder-802957-1-smb devstack@c-api.service[99946]: INFO cinder.volume.api [None req-61be8181-e506-48ee-9ed9-d7ec27e8bdc4 tempest-GroupsTest-911816663 tempest-GroupsTest-911816663-project] Get all volumes completed successfully.
Jul 29 20:52:15.790641 dv-cinder-802957-1-smb devstack@c-api.service[99946]: WARNING stevedore.named [None req-61be8181-e506-48ee-9ed9-d7ec27e8bdc4 tempest-GroupsTest-911816663 tempest-GroupsTest-911816663-project] Could not load cinder.keymgr.conf_key_mgr.ConfKeyManager
Jul 29 20:52:15.791165 dv-cinder-802957-1-smb devstack@c-api.service[99946]: WARNING castellan.key_manager [None req-61be8181-e506-48ee-9ed9-d7ec27e8bdc4 tempest-GroupsTest-911816663 tempest-GroupsTest-911816663-project] Deprecation Warning : cinder.keymgr.conf_key_mgr.ConfKeyManager is not a stevedore based driver, trying to load it as a class: stevedore.exception.NoMatches: No 'castellan.drivers' driver found, looking for 'cinder.keymgr.conf_key_mgr.ConfKeyManager'
Jul 29 20:52:15.799351 dv-cinder-802957-1-smb devstack@c-api.service[99946]: DEBUG oslo_db.sqlalchemy.engines [None req-61be8181-e506-48ee-9ed9-d7ec27e8bdc4 tempest-GroupsTest-911816663 tempest-GroupsTest-911816663-project] MySQL server mode set to STRICT_TRANS_TABLES,STRICT_ALL_TABLES,NO_ZERO_IN_DATE,NO_ZERO_DATE,ERROR_FOR_DIVISION_BY_ZERO,TRADITIONAL,NO_ENGINE_SUBSTITUTION {{(pid=99946) _check_effective_sql_mode /usr/local/lib/python3.8/dist-packages/oslo_db/sqlalchemy/engines.py:314}}
Jul 29 20:52:15.806767 dv-cinder-802957-1-smb devstack@c-api.service[99946]: /usr/local/lib/python3.8/dist-packages/oslo_context/context.py:105: DeprecationWarning: Policy enforcement is depending on the value of is_admin. This key is deprecated. Please update your policy file to use the standard policy values.
Jul 29 20:52:15.806767 dv-cinder-802957-1-smb devstack@c-api.service[99946]: warnings.warn('Policy enforcement is depending on the value of '
Jul 29 20:52:15.824511 dv-cinder-802957-1-smb devstack@c-api.service[99946]: INFO cinder.api.openstack.wsgi [None req-61be8181-e506-48ee-9ed9-d7ec27e8bdc4 tempest-GroupsTest-911816663 tempest-GroupsTest-911816663-project] http://10.222.0.35/volume/v3/75f55f9018a6418eb1e32c7f80b435c5/volumes/detail returned with HTTP 200
Jul 29 20:52:15.836029 dv-cinder-802957-1-smb devstack@c-api.service[99946]: [pid: 99946|app: 0|req: 193/394] 10.222.0.35 () {60 vars in 1276 bytes} [Thu Jul 29 20:52:15 2021] GET /volume/v3/75f55f9018a6418eb1e32c7f80b435c5/volumes/detail => generated 976 bytes in 124 msecs (HTTP/1.1 200) 7 headers in 286 bytes (1 switches on core 0)
Jul 29 20:52:15.836029 dv-cinder-802957-1-smb devstack@c-api.service[99946]: INFO cinder.api.openstack.wsgi [None req-1089ab77-70b9-4f56-a27c-468cc76e5275 tempest-SnapshotsActionsTest-1603655336 tempest-SnapshotsActionsTest-1603655336-project] DELETE http://10.222.0.35/volume/v3/ee0ba00dcc244dc09b631fab7e380549/snapshots/23241770-d39d-40dc-a10c-23db3f0dca7e
Jul 29 20:52:15.836029 dv-cinder-802957-1-smb devstack@c-api.service[99946]: DEBUG cinder.api.openstack.wsgi [None req-1089ab77-70b9-4f56-a27c-468cc76e5275 tempest-SnapshotsActionsTest-1603655336 tempest-SnapshotsActionsTest-1603655336-project] Empty body provided in request {{(pid=99946) get_body /opt/stack/cinder/cinder/api/openstack/wsgi.py:703}}
Jul 29 20:52:15.836029 dv-cinder-802957-1-smb devstack@c-api.service[99946]: /usr/local/lib/python3.8/dist-packages/webob/acceptparse.py:1047: DeprecationWarning: The behavior of AcceptValidHeader.best_match is currently being maintained for backward compatibility, but it will be deprecated in the future, as it does not conform to the RFC.
Jul 29 20:52:15.836029 dv-cinder-802957-1-smb devstack@c-api.service[99946]: warnings.warn(
Jul 29 20:52:15.836029 dv-cinder-802957-1-smb devstack@c-api.service[99946]: DEBUG cinder.api.openstack.wsgi [None req-1089ab77-70b9-4f56-a27c-468cc76e5275 tempest-SnapshotsActionsTest-1603655336 tempest-SnapshotsActionsTest-1603655336-project] Calling method 'delete' {{(pid=99946) _process_stack /opt/stack/cinder/cinder/api/openstack/wsgi.py:856}}
Jul 29 20:52:15.836029 dv-cinder-802957-1-smb devstack@c-api.service[99946]: INFO cinder.api.v2.snapshots [None req-1089ab77-70b9-4f56-a27c-468cc76e5275 tempest-SnapshotsActionsTest-1603655336 tempest-SnapshotsActionsTest-1603655336-project] Delete snapshot with id: 23241770-d39d-40dc-a10c-23db3f0dca7e
Jul 29 20:52:15.849091 dv-cinder-802957-1-smb devstack@c-api.service[99945]: INFO cinder.api.openstack.wsgi [None req-c8436027-3be7-4ad5-8d06-3653edd5b5da tempest-ExtraSpecsNegativeTest-394477983 tempest-ExtraSpecsNegativeTest-394477983-project-admin] POST http://10.222.0.35/volume/v3/9ec4535e41f140b1bd1ecc4173015ae8/types
Jul 29 20:52:15.849835 dv-cinder-802957-1-smb devstack@c-api.service[99945]: DEBUG cinder.api.openstack.wsgi [None req-c8436027-3be7-4ad5-8d06-3653edd5b5da tempest-ExtraSpecsNegativeTest-394477983 tempest-ExtraSpecsNegativeTest-394477983-project-admin] Action: 'create', calling method: _create, body: {"volume_type": {"name": "tempest-ExtraSpecsNegativeTest-volume-type-625769339", "extra_specs": {"spec1": "val1"}}} {{(pid=99945) _process_stack /opt/stack/cinder/cinder/api/openstack/wsgi.py:854}}
Jul 29 20:52:15.855753 dv-cinder-802957-1-smb devstack@c-api.service[99946]: INFO cinder.api.openstack.wsgi [None req-1089ab77-70b9-4f56-a27c-468cc76e5275 tempest-SnapshotsActionsTest-1603655336 tempest-SnapshotsActionsTest-1603655336-project] http://10.222.0.35/volume/v3/ee0ba00dcc244dc09b631fab7e380549/snapshots/23241770-d39d-40dc-a10c-23db3f0dca7e returned with HTTP 404
Jul 29 20:52:15.860710 dv-cinder-802957-1-smb devstack@c-api.service[99946]: [pid: 99946|app: 0|req: 194/395] 10.222.0.35 () {58 vars in 1334 bytes} [Thu Jul 29 20:52:15 2021] DELETE /volume/v3/ee0ba00dcc244dc09b631fab7e380549/snapshots/23241770-d39d-40dc-a10c-23db3f0dca7e => generated 111 bytes in 33 msecs (HTTP/1.1 404) 7 headers in 292 bytes (1 switches on core 0)
Jul 29 20:52:15.869450 dv-cinder-802957-1-smb devstack@c-api.service[99946]: INFO cinder.api.openstack.wsgi [None req-2893c4e6-92bc-41ef-9db0-68b0ada90a12 tempest-GroupsTest-911816663 tempest-GroupsTest-911816663-project] POST http://10.222.0.35/volume/v3/75f55f9018a6418eb1e32c7f80b435c5/groups/ead75f45-e277-4345-ad4d-8d7fb80eb766/action
Jul 29 20:52:15.870747 dv-cinder-802957-1-smb devstack@c-api.service[99946]: DEBUG cinder.api.openstack.wsgi [None req-2893c4e6-92bc-41ef-9db0-68b0ada90a12 tempest-GroupsTest-911816663 tempest-GroupsTest-911816663-project] Action body: b'{"delete": {"delete-volumes": true}}' {{(pid=99946) get_method /opt/stack/cinder/cinder/api/openstack/wsgi.py:971}}
Jul 29 20:52:15.871086 dv-cinder-802957-1-smb devstack@c-api.service[99946]: DEBUG cinder.api.openstack.wsgi [None req-2893c4e6-92bc-41ef-9db0-68b0ada90a12 tempest-GroupsTest-911816663 tempest-GroupsTest-911816663-project] Action: 'action', calling method: delete_group, body: {"delete": {"delete-volumes": true}} {{(pid=99946) _process_stack /opt/stack/cinder/cinder/api/openstack/wsgi.py:854}}
Jul 29 20:52:15.872906 dv-cinder-802957-1-smb devstack@c-api.service[99946]: DEBUG cinder.api.v3.groups [None req-2893c4e6-92bc-41ef-9db0-68b0ada90a12 tempest-GroupsTest-911816663 tempest-GroupsTest-911816663-project] delete called for group ead75f45-e277-4345-ad4d-8d7fb80eb766 {{(pid=99946) _delete /opt/stack/cinder/cinder/api/v3/groups.py:117}}
Jul 29 20:52:15.873352 dv-cinder-802957-1-smb devstack@c-api.service[99946]: INFO cinder.api.v3.groups [None req-2893c4e6-92bc-41ef-9db0-68b0ada90a12 tempest-GroupsTest-911816663 tempest-GroupsTest-911816663-project] Delete group with id: ead75f45-e277-4345-ad4d-8d7fb80eb766
Jul 29 20:52:15.884373 dv-cinder-802957-1-smb devstack@c-api.service[99946]: /usr/local/lib/python3.8/dist-packages/oslo_context/context.py:105: DeprecationWarning: Policy enforcement is depending on the value of is_admin. This key is deprecated. Please update your policy file to use the standard policy values.
Jul 29 20:52:15.884373 dv-cinder-802957-1-smb devstack@c-api.service[99946]: warnings.warn('Policy enforcement is depending on the value of '
Jul 29 20:52:15.891238 dv-cinder-802957-1-smb devstack@c-api.service[99945]: INFO cinder.api.openstack.wsgi [None req-c8436027-3be7-4ad5-8d06-3653edd5b5da tempest-ExtraSpecsNegativeTest-394477983 tempest-ExtraSpecsNegativeTest-394477983-project-admin] http://10.222.0.35/volume/v3/9ec4535e41f140b1bd1ecc4173015ae8/types returned with HTTP 200
Jul 29 20:52:15.891969 dv-cinder-802957-1-smb devstack@c-api.service[99945]: [pid: 99945|app: 0|req: 202/396] 10.222.0.35 () {60 vars in 1230 bytes} [Thu Jul 29 20:52:15 2021] POST /volume/v3/9ec4535e41f140b1bd1ecc4173015ae8/types => generated 242 bytes in 157 msecs (HTTP/1.1 200) 7 headers in 285 bytes (1 switches on core 0)
Jul 29 20:52:15.900202 dv-cinder-802957-1-smb devstack@c-api.service[99945]: INFO cinder.api.openstack.wsgi [None req-7c4c5f8b-ab72-4052-ad84-b888ed212776 tempest-SnapshotsActionsTest-1603655336 tempest-SnapshotsActionsTest-1603655336-project] DELETE http://10.222.0.35/volume/v3/ee0ba00dcc244dc09b631fab7e380549/snapshots/acac5710-e75d-49b0-8a83-714780f13b4b
Jul 29 20:52:15.900572 dv-cinder-802957-1-smb devstack@c-api.service[99945]: DEBUG cinder.api.openstack.wsgi [None req-7c4c5f8b-ab72-4052-ad84-b888ed212776 tempest-SnapshotsActionsTest-1603655336 tempest-SnapshotsActionsTest-1603655336-project] Empty body provided in request {{(pid=99945) get_body /opt/stack/cinder/cinder/api/openstack/wsgi.py:703}}
Jul 29 20:52:15.901018 dv-cinder-802957-1-smb devstack@c-api.service[99945]: DEBUG cinder.api.openstack.wsgi [None req-7c4c5f8b-ab72-4052-ad84-b888ed212776 tempest-SnapshotsActionsTest-1603655336 tempest-SnapshotsActionsTest-1603655336-project] Calling method 'delete' {{(pid=99945) _process_stack /opt/stack/cinder/cinder/api/openstack/wsgi.py:856}}
Jul 29 20:52:15.901320 dv-cinder-802957-1-smb devstack@c-api.service[99945]: INFO cinder.api.v2.snapshots [None req-7c4c5f8b-ab72-4052-ad84-b888ed212776 tempest-SnapshotsActionsTest-1603655336 tempest-SnapshotsActionsTest-1603655336-project] Delete snapshot with id: acac5710-e75d-49b0-8a83-714780f13b4b
Jul 29 20:52:15.924057 dv-cinder-802957-1-smb devstack@c-api.service[99945]: INFO cinder.api.openstack.wsgi [None req-7c4c5f8b-ab72-4052-ad84-b888ed212776 tempest-SnapshotsActionsTest-1603655336 tempest-SnapshotsActionsTest-1603655336-project] http://10.222.0.35/volume/v3/ee0ba00dcc244dc09b631fab7e380549/snapshots/acac5710-e75d-49b0-8a83-714780f13b4b returned with HTTP 404
Jul 29 20:52:15.925009 dv-cinder-802957-1-smb devstack@c-api.service[99945]: [pid: 99945|app: 0|req: 203/397] 10.222.0.35 () {58 vars in 1334 bytes} [Thu Jul 29 20:52:15 2021] DELETE /volume/v3/ee0ba00dcc244dc09b631fab7e380549/snapshots/acac5710-e75d-49b0-8a83-714780f13b4b => generated 111 bytes in 31 msecs (HTTP/1.1 404) 7 headers in 292 bytes (1 switches on core 0)
Jul 29 20:52:15.955029 dv-cinder-802957-1-smb devstack@c-api.service[99945]: INFO cinder.api.openstack.wsgi [None req-51abdecb-ce9b-4530-b86b-59f49d2d9591 tempest-ExtraSpecsNegativeTest-394477983 tempest-ExtraSpecsNegativeTest-394477983-project-admin] POST http://10.222.0.35/volume/v3/9ec4535e41f140b1bd1ecc4173015ae8/types/8d573999-d85e-40a6-bfe8-cd0b9bf8d868/extra_specs
Jul 29 20:52:15.955955 dv-cinder-802957-1-smb devstack@c-api.service[99945]: DEBUG cinder.api.openstack.wsgi [None req-51abdecb-ce9b-4530-b86b-59f49d2d9591 tempest-ExtraSpecsNegativeTest-394477983 tempest-ExtraSpecsNegativeTest-394477983-project-admin] Action: 'create', calling method: create, body: {"extra_specs": ["invalid"]} {{(pid=99945) _process_stack /opt/stack/cinder/cinder/api/openstack/wsgi.py:854}}
Jul 29 20:52:15.956972 dv-cinder-802957-1-smb devstack@c-api.service[99945]: INFO cinder.api.openstack.wsgi [None req-51abdecb-ce9b-4530-b86b-59f49d2d9591 tempest-ExtraSpecsNegativeTest-394477983 tempest-ExtraSpecsNegativeTest-394477983-project-admin] http://10.222.0.35/volume/v3/9ec4535e41f140b1bd1ecc4173015ae8/types/8d573999-d85e-40a6-bfe8-cd0b9bf8d868/extra_specs returned with HTTP 400
Jul 29 20:52:15.963947 dv-cinder-802957-1-smb devstack@c-api.service[99945]: [pid: 99945|app: 0|req: 204/398] 10.222.0.35 () {60 vars in 1376 bytes} [Thu Jul 29 20:52:15 2021] POST /volume/v3/9ec4535e41f140b1bd1ecc4173015ae8/types/8d573999-d85e-40a6-bfe8-cd0b9bf8d868/extra_specs => generated 146 bytes in 38 msecs (HTTP/1.1 400) 7 headers in 294 bytes (1 switches on core 0)
Jul 29 20:52:15.969374 dv-cinder-802957-1-smb devstack@c-api.service[99945]: INFO cinder.api.openstack.wsgi [None req-753a90b6-73fc-4851-9932-cb8dc1572256 tempest-SnapshotsActionsTest-1603655336 tempest-SnapshotsActionsTest-1603655336-project] DELETE http://10.222.0.35/volume/v3/ee0ba00dcc244dc09b631fab7e380549/snapshots/5154e000-053e-4d92-b898-d7899b1f0a98
Jul 29 20:52:15.970122 dv-cinder-802957-1-smb devstack@c-api.service[99945]: DEBUG cinder.api.openstack.wsgi [None req-753a90b6-73fc-4851-9932-cb8dc1572256 tempest-SnapshotsActionsTest-1603655336 tempest-SnapshotsActionsTest-1603655336-project] Empty body provided in request {{(pid=99945) get_body /opt/stack/cinder/cinder/api/openstack/wsgi.py:703}}
Jul 29 20:52:15.970725 dv-cinder-802957-1-smb devstack@c-api.service[99945]: DEBUG cinder.api.openstack.wsgi [None req-753a90b6-73fc-4851-9932-cb8dc1572256 tempest-SnapshotsActionsTest-1603655336 tempest-SnapshotsActionsTest-1603655336-project] Calling method 'delete' {{(pid=99945) _process_stack /opt/stack/cinder/cinder/api/openstack/wsgi.py:856}}
Jul 29 20:52:15.973948 dv-cinder-802957-1-smb devstack@c-api.service[99945]: INFO cinder.api.v2.snapshots [None req-753a90b6-73fc-4851-9932-cb8dc1572256 tempest-SnapshotsActionsTest-1603655336 tempest-SnapshotsActionsTest-1603655336-project] Delete snapshot with id: 5154e000-053e-4d92-b898-d7899b1f0a98
Jul 29 20:52:15.990010 dv-cinder-802957-1-smb devstack@c-api.service[99946]: INFO cinder.api.openstack.wsgi [None req-2893c4e6-92bc-41ef-9db0-68b0ada90a12 tempest-GroupsTest-911816663 tempest-GroupsTest-911816663-project] http://10.222.0.35/volume/v3/75f55f9018a6418eb1e32c7f80b435c5/groups/ead75f45-e277-4345-ad4d-8d7fb80eb766/action returned with HTTP 202
Jul 29 20:52:15.990309 dv-cinder-802957-1-smb devstack@c-api.service[99945]: /usr/local/lib/python3.8/dist-packages/oslo_context/context.py:105: DeprecationWarning: Policy enforcement is depending on the value of is_admin. This key is deprecated. Please update your policy file to use the standard policy values.
Jul 29 20:52:15.990309 dv-cinder-802957-1-smb devstack@c-api.service[99945]: warnings.warn('Policy enforcement is depending on the value of '
Jul 29 20:52:15.991572 dv-cinder-802957-1-smb devstack@c-api.service[99945]: INFO cinder.volume.api [None req-753a90b6-73fc-4851-9932-cb8dc1572256 tempest-SnapshotsActionsTest-1603655336 tempest-SnapshotsActionsTest-1603655336-project] Snapshot retrieved successfully.
Jul 29 20:52:15.991770 dv-cinder-802957-1-smb devstack@c-api.service[99946]: [pid: 99946|app: 0|req: 195/399] 10.222.0.35 () {62 vars in 1405 bytes} [Thu Jul 29 20:52:15 2021] POST /volume/v3/75f55f9018a6418eb1e32c7f80b435c5/groups/ead75f45-e277-4345-ad4d-8d7fb80eb766/action => generated 0 bytes in 130 msecs (HTTP/1.1 202) 6 headers in 234 bytes (1 switches on core 0)
Jul 29 20:52:15.999516 dv-cinder-802957-1-smb devstack@c-api.service[99946]: INFO cinder.api.openstack.wsgi [None req-92c40e49-d912-475f-8ab3-e5a86b6108d2 tempest-ExtraSpecsNegativeTest-394477983 tempest-ExtraSpecsNegativeTest-394477983-project-admin] POST http://10.222.0.35/volume/v3/9ec4535e41f140b1bd1ecc4173015ae8/types/8d573999-d85e-40a6-bfe8-cd0b9bf8d868/extra_specs
Jul 29 20:52:16.000178 dv-cinder-802957-1-smb devstack@c-api.service[99946]: /usr/local/lib/python3.8/dist-packages/webob/acceptparse.py:1047: DeprecationWarning: The behavior of AcceptValidHeader.best_match is currently being maintained for backward compatibility, but it will be deprecated in the future, as it does not conform to the RFC.
Jul 29 20:52:16.000178 dv-cinder-802957-1-smb devstack@c-api.service[99946]: warnings.warn(
Jul 29 20:52:16.000824 dv-cinder-802957-1-smb devstack@c-api.service[99946]: DEBUG cinder.api.openstack.wsgi [None req-92c40e49-d912-475f-8ab3-e5a86b6108d2 tempest-ExtraSpecsNegativeTest-394477983 tempest-ExtraSpecsNegativeTest-394477983-project-admin] Action: 'create', calling method: create, body: {"extra_specs": null} {{(pid=99946) _process_stack /opt/stack/cinder/cinder/api/openstack/wsgi.py:854}}
Jul 29 20:52:16.002473 dv-cinder-802957-1-smb devstack@c-api.service[99946]: INFO cinder.api.openstack.wsgi [None req-92c40e49-d912-475f-8ab3-e5a86b6108d2 tempest-ExtraSpecsNegativeTest-394477983 tempest-ExtraSpecsNegativeTest-394477983-project-admin] http://10.222.0.35/volume/v3/9ec4535e41f140b1bd1ecc4173015ae8/types/8d573999-d85e-40a6-bfe8-cd0b9bf8d868/extra_specs returned with HTTP 400
Jul 29 20:52:16.004561 dv-cinder-802957-1-smb devstack@c-api.service[99946]: [pid: 99946|app: 0|req: 196/400] 10.222.0.35 () {60 vars in 1376 bytes} [Thu Jul 29 20:52:15 2021] POST /volume/v3/9ec4535e41f140b1bd1ecc4173015ae8/types/8d573999-d85e-40a6-bfe8-cd0b9bf8d868/extra_specs => generated 132 bytes in 12 msecs (HTTP/1.1 400) 7 headers in 294 bytes (1 switches on core 0)
Jul 29 20:52:16.013355 dv-cinder-802957-1-smb devstack@c-api.service[99946]: INFO cinder.api.openstack.wsgi [None req-ada7065e-b315-4943-84ad-5072e99af296 tempest-GroupsTest-911816663 tempest-GroupsTest-911816663-project] GET http://10.222.0.35/volume/v3/75f55f9018a6418eb1e32c7f80b435c5/volumes/f9ad2ed3-fee0-4629-b72b-4df16dfb099f
Jul 29 20:52:16.016668 dv-cinder-802957-1-smb devstack@c-api.service[99946]: DEBUG cinder.api.openstack.wsgi [None req-ada7065e-b315-4943-84ad-5072e99af296 tempest-GroupsTest-911816663 tempest-GroupsTest-911816663-project] Empty body provided in request {{(pid=99946) get_body /opt/stack/cinder/cinder/api/openstack/wsgi.py:703}}
Jul 29 20:52:16.017289 dv-cinder-802957-1-smb devstack@c-api.service[99946]: DEBUG cinder.api.openstack.wsgi [None req-ada7065e-b315-4943-84ad-5072e99af296 tempest-GroupsTest-911816663 tempest-GroupsTest-911816663-project] Calling method 'show' {{(pid=99946) _process_stack /opt/stack/cinder/cinder/api/openstack/wsgi.py:856}}
Jul 29 20:52:16.031144 dv-cinder-802957-1-smb devstack@c-api.service[99945]: INFO cinder.volume.api [None req-753a90b6-73fc-4851-9932-cb8dc1572256 tempest-SnapshotsActionsTest-1603655336 tempest-SnapshotsActionsTest-1603655336-project] Snapshot delete request issued successfully.
Jul 29 20:52:16.032182 dv-cinder-802957-1-smb devstack@c-api.service[99945]: INFO cinder.api.openstack.wsgi [None req-753a90b6-73fc-4851-9932-cb8dc1572256 tempest-SnapshotsActionsTest-1603655336 tempest-SnapshotsActionsTest-1603655336-project] http://10.222.0.35/volume/v3/ee0ba00dcc244dc09b631fab7e380549/snapshots/5154e000-053e-4d92-b898-d7899b1f0a98 returned with HTTP 202
Jul 29 20:52:16.033163 dv-cinder-802957-1-smb devstack@c-api.service[99945]: [pid: 99945|app: 0|req: 205/401] 10.222.0.35 () {58 vars in 1334 bytes} [Thu Jul 29 20:52:15 2021] DELETE /volume/v3/ee0ba00dcc244dc09b631fab7e380549/snapshots/5154e000-053e-4d92-b898-d7899b1f0a98 => generated 0 bytes in 69 msecs (HTTP/1.1 202) 6 headers in 233 bytes (1 switches on core 0)
Jul 29 20:52:16.041204 dv-cinder-802957-1-smb devstack@c-api.service[99945]: INFO cinder.api.openstack.wsgi [None req-34f7f14b-df02-49b0-914f-6a991a6859f7 tempest-ExtraSpecsNegativeTest-394477983 tempest-ExtraSpecsNegativeTest-394477983-project-admin] POST http://10.222.0.35/volume/v3/9ec4535e41f140b1bd1ecc4173015ae8/types/5109f6a5-2267-4819-b157-c1ca0ab69c00/extra_specs
Jul 29 20:52:16.041893 dv-cinder-802957-1-smb devstack@c-api.service[99945]: /usr/local/lib/python3.8/dist-packages/webob/acceptparse.py:1047: DeprecationWarning: The behavior of AcceptValidHeader.best_match is currently being maintained for backward compatibility, but it will be deprecated in the future, as it does not conform to the RFC.
Jul 29 20:52:16.041893 dv-cinder-802957-1-smb devstack@c-api.service[99945]: warnings.warn(
Jul 29 20:52:16.042463 dv-cinder-802957-1-smb devstack@c-api.service[99945]: DEBUG cinder.api.openstack.wsgi [None req-34f7f14b-df02-49b0-914f-6a991a6859f7 tempest-ExtraSpecsNegativeTest-394477983 tempest-ExtraSpecsNegativeTest-394477983-project-admin] Action: 'create', calling method: create, body: {"extra_specs": {"spec2": "val1"}} {{(pid=99945) _process_stack /opt/stack/cinder/cinder/api/openstack/wsgi.py:854}}
Jul 29 20:52:16.045644 dv-cinder-802957-1-smb devstack@c-api.service[99945]: /usr/local/lib/python3.8/dist-packages/oslo_context/context.py:105: DeprecationWarning: Policy enforcement is depending on the value of is_admin. This key is deprecated. Please update your policy file to use the standard policy values.
Jul 29 20:52:16.045644 dv-cinder-802957-1-smb devstack@c-api.service[99945]: warnings.warn('Policy enforcement is depending on the value of '
Jul 29 20:52:16.062711 dv-cinder-802957-1-smb devstack@c-api.service[99946]: /usr/local/lib/python3.8/dist-packages/oslo_context/context.py:105: DeprecationWarning: Policy enforcement is depending on the value of is_admin. This key is deprecated. Please update your policy file to use the standard policy values.
Jul 29 20:52:16.062711 dv-cinder-802957-1-smb devstack@c-api.service[99946]: warnings.warn('Policy enforcement is depending on the value of '
Jul 29 20:52:16.069215 dv-cinder-802957-1-smb devstack@c-api.service[99945]: INFO cinder.api.openstack.wsgi [None req-34f7f14b-df02-49b0-914f-6a991a6859f7 tempest-ExtraSpecsNegativeTest-394477983 tempest-ExtraSpecsNegativeTest-394477983-project-admin] http://10.222.0.35/volume/v3/9ec4535e41f140b1bd1ecc4173015ae8/types/5109f6a5-2267-4819-b157-c1ca0ab69c00/extra_specs returned with HTTP 404
Jul 29 20:52:16.072090 dv-cinder-802957-1-smb devstack@c-api.service[99945]: [pid: 99945|app: 0|req: 206/402] 10.222.0.35 () {60 vars in 1376 bytes} [Thu Jul 29 20:52:16 2021] POST /volume/v3/9ec4535e41f140b1bd1ecc4173015ae8/types/5109f6a5-2267-4819-b157-c1ca0ab69c00/extra_specs => generated 114 bytes in 38 msecs (HTTP/1.1 404) 7 headers in 292 bytes (1 switches on core 0)
Jul 29 20:52:16.080089 dv-cinder-802957-1-smb devstack@c-api.service[99945]: INFO cinder.api.openstack.wsgi [None req-55130901-abba-48dd-9e95-30e433fb5462 tempest-SnapshotsActionsTest-1603655336 tempest-SnapshotsActionsTest-1603655336-project] GET http://10.222.0.35/volume/v3/ee0ba00dcc244dc09b631fab7e380549/snapshots/5154e000-053e-4d92-b898-d7899b1f0a98
Jul 29 20:52:16.080865 dv-cinder-802957-1-smb devstack@c-api.service[99945]: DEBUG cinder.api.openstack.wsgi [None req-55130901-abba-48dd-9e95-30e433fb5462 tempest-SnapshotsActionsTest-1603655336 tempest-SnapshotsActionsTest-1603655336-project] Empty body provided in request {{(pid=99945) get_body /opt/stack/cinder/cinder/api/openstack/wsgi.py:703}}
Jul 29 20:52:16.081018 dv-cinder-802957-1-smb devstack@c-api.service[99946]: INFO cinder.volume.api [None req-ada7065e-b315-4943-84ad-5072e99af296 tempest-GroupsTest-911816663 tempest-GroupsTest-911816663-project] Volume info retrieved successfully.
Jul 29 20:52:16.082099 dv-cinder-802957-1-smb devstack@c-api.service[99945]: DEBUG cinder.api.openstack.wsgi [None req-55130901-abba-48dd-9e95-30e433fb5462 tempest-SnapshotsActionsTest-1603655336 tempest-SnapshotsActionsTest-1603655336-project] Calling method 'show' {{(pid=99945) _process_stack /opt/stack/cinder/cinder/api/openstack/wsgi.py:856}}
Jul 29 20:52:16.094172 dv-cinder-802957-1-smb devstack@c-api.service[99945]: /usr/local/lib/python3.8/dist-packages/oslo_context/context.py:105: DeprecationWarning: Policy enforcement is depending on the value of is_admin. This key is deprecated. Please update your policy file to use the standard policy values.
Jul 29 20:52:16.094172 dv-cinder-802957-1-smb devstack@c-api.service[99945]: warnings.warn('Policy enforcement is depending on the value of '
Jul 29 20:52:16.095383 dv-cinder-802957-1-smb devstack@c-api.service[99945]: INFO cinder.volume.api [None req-55130901-abba-48dd-9e95-30e433fb5462 tempest-SnapshotsActionsTest-1603655336 tempest-SnapshotsActionsTest-1603655336-project] Snapshot retrieved successfully.
Jul 29 20:52:16.098004 dv-cinder-802957-1-smb devstack@c-api.service[99945]: INFO cinder.api.openstack.wsgi [None req-55130901-abba-48dd-9e95-30e433fb5462 tempest-SnapshotsActionsTest-1603655336 tempest-SnapshotsActionsTest-1603655336-project] http://10.222.0.35/volume/v3/ee0ba00dcc244dc09b631fab7e380549/snapshots/5154e000-053e-4d92-b898-d7899b1f0a98 returned with HTTP 200
Jul 29 20:52:16.100120 dv-cinder-802957-1-smb devstack@c-api.service[99945]: [pid: 99945|app: 0|req: 207/403] 10.222.0.35 () {58 vars in 1331 bytes} [Thu Jul 29 20:52:16 2021] GET /volume/v3/ee0ba00dcc244dc09b631fab7e380549/snapshots/5154e000-053e-4d92-b898-d7899b1f0a98 => generated 529 bytes in 27 msecs (HTTP/1.1 200) 7 headers in 285 bytes (1 switches on core 0)
Jul 29 20:52:16.100565 dv-cinder-802957-1-smb devstack@c-api.service[99946]: WARNING stevedore.named [None req-ada7065e-b315-4943-84ad-5072e99af296 tempest-GroupsTest-911816663 tempest-GroupsTest-911816663-project] Could not load cinder.keymgr.conf_key_mgr.ConfKeyManager
Jul 29 20:52:16.103333 dv-cinder-802957-1-smb devstack@c-api.service[99946]: WARNING castellan.key_manager [None req-ada7065e-b315-4943-84ad-5072e99af296 tempest-GroupsTest-911816663 tempest-GroupsTest-911816663-project] Deprecation Warning : cinder.keymgr.conf_key_mgr.ConfKeyManager is not a stevedore based driver, trying to load it as a class: stevedore.exception.NoMatches: No 'castellan.drivers' driver found, looking for 'cinder.keymgr.conf_key_mgr.ConfKeyManager'
Jul 29 20:52:16.108334 dv-cinder-802957-1-smb devstack@c-api.service[99945]: INFO cinder.api.openstack.wsgi [None req-de4a48ba-1869-4095-86d9-88fbedd48249 tempest-ExtraSpecsNegativeTest-394477983 tempest-ExtraSpecsNegativeTest-394477983-project-admin] DELETE http://10.222.0.35/volume/v3/9ec4535e41f140b1bd1ecc4173015ae8/types/247c93d6-fd15-4938-b950-002ba0807dd2/extra_specs/spec1
Jul 29 20:52:16.109243 dv-cinder-802957-1-smb devstack@c-api.service[99945]: DEBUG cinder.api.openstack.wsgi [None req-de4a48ba-1869-4095-86d9-88fbedd48249 tempest-ExtraSpecsNegativeTest-394477983 tempest-ExtraSpecsNegativeTest-394477983-project-admin] Empty body provided in request {{(pid=99945) get_body /opt/stack/cinder/cinder/api/openstack/wsgi.py:703}}
Jul 29 20:52:16.109558 dv-cinder-802957-1-smb devstack@c-api.service[99945]: /usr/local/lib/python3.8/dist-packages/webob/acceptparse.py:1047: DeprecationWarning: The behavior of AcceptValidHeader.best_match is currently being maintained for backward compatibility, but it will be deprecated in the future, as it does not conform to the RFC.
Jul 29 20:52:16.109558 dv-cinder-802957-1-smb devstack@c-api.service[99945]: warnings.warn(
Jul 29 20:52:16.110146 dv-cinder-802957-1-smb devstack@c-api.service[99945]: DEBUG cinder.api.openstack.wsgi [None req-de4a48ba-1869-4095-86d9-88fbedd48249 tempest-ExtraSpecsNegativeTest-394477983 tempest-ExtraSpecsNegativeTest-394477983-project-admin] Calling method 'delete' {{(pid=99945) _process_stack /opt/stack/cinder/cinder/api/openstack/wsgi.py:856}}
Jul 29 20:52:16.116864 dv-cinder-802957-1-smb devstack@c-api.service[99945]: INFO cinder.api.openstack.wsgi [None req-de4a48ba-1869-4095-86d9-88fbedd48249 tempest-ExtraSpecsNegativeTest-394477983 tempest-ExtraSpecsNegativeTest-394477983-project-admin] http://10.222.0.35/volume/v3/9ec4535e41f140b1bd1ecc4173015ae8/types/247c93d6-fd15-4938-b950-002ba0807dd2/extra_specs/spec1 returned with HTTP 404
Jul 29 20:52:16.117699 dv-cinder-802957-1-smb devstack@c-api.service[99946]: DEBUG oslo_db.sqlalchemy.engines [None req-ada7065e-b315-4943-84ad-5072e99af296 tempest-GroupsTest-911816663 tempest-GroupsTest-911816663-project] MySQL server mode set to STRICT_TRANS_TABLES,STRICT_ALL_TABLES,NO_ZERO_IN_DATE,NO_ZERO_DATE,ERROR_FOR_DIVISION_BY_ZERO,TRADITIONAL,NO_ENGINE_SUBSTITUTION {{(pid=99946) _check_effective_sql_mode /usr/local/lib/python3.8/dist-packages/oslo_db/sqlalchemy/engines.py:314}}
Jul 29 20:52:16.118788 dv-cinder-802957-1-smb devstack@c-api.service[99945]: [pid: 99945|app: 0|req: 208/404] 10.222.0.35 () {58 vars in 1376 bytes} [Thu Jul 29 20:52:16 2021] DELETE /volume/v3/9ec4535e41f140b1bd1ecc4173015ae8/types/247c93d6-fd15-4938-b950-002ba0807dd2/extra_specs/spec1 => generated 114 bytes in 18 msecs (HTTP/1.1 404) 7 headers in 292 bytes (1 switches on core 0)
Jul 29 20:52:16.131236 dv-cinder-802957-1-smb devstack@c-api.service[99945]: INFO cinder.api.openstack.wsgi [None req-01de4027-946b-446b-97b4-f00d3504a733 tempest-ExtraSpecsNegativeTest-394477983 tempest-ExtraSpecsNegativeTest-394477983-project-admin] GET http://10.222.0.35/volume/v3/9ec4535e41f140b1bd1ecc4173015ae8/types/8d573999-d85e-40a6-bfe8-cd0b9bf8d868/extra_specs/nonexistent_extra_spec_name
Jul 29 20:52:16.131689 dv-cinder-802957-1-smb devstack@c-api.service[99946]: /usr/local/lib/python3.8/dist-packages/oslo_context/context.py:105: DeprecationWarning: Policy enforcement is depending on the value of is_admin. This key is deprecated. Please update your policy file to use the standard policy values.
Jul 29 20:52:16.131689 dv-cinder-802957-1-smb devstack@c-api.service[99946]: warnings.warn('Policy enforcement is depending on the value of '
Jul 29 20:52:16.141460 dv-cinder-802957-1-smb devstack@c-api.service[99945]: DEBUG cinder.api.openstack.wsgi [None req-01de4027-946b-446b-97b4-f00d3504a733 tempest-ExtraSpecsNegativeTest-394477983 tempest-ExtraSpecsNegativeTest-394477983-project-admin] Empty body provided in request {{(pid=99945) get_body /opt/stack/cinder/cinder/api/openstack/wsgi.py:703}}
Jul 29 20:52:16.142691 dv-cinder-802957-1-smb devstack@c-api.service[99945]: DEBUG cinder.api.openstack.wsgi [None req-01de4027-946b-446b-97b4-f00d3504a733 tempest-ExtraSpecsNegativeTest-394477983 tempest-ExtraSpecsNegativeTest-394477983-project-admin] Calling method 'show' {{(pid=99945) _process_stack /opt/stack/cinder/cinder/api/openstack/wsgi.py:856}}
Jul 29 20:52:16.147926 dv-cinder-802957-1-smb devstack@c-api.service[99946]: INFO cinder.api.openstack.wsgi [None req-ada7065e-b315-4943-84ad-5072e99af296 tempest-GroupsTest-911816663 tempest-GroupsTest-911816663-project] http://10.222.0.35/volume/v3/75f55f9018a6418eb1e32c7f80b435c5/volumes/f9ad2ed3-fee0-4629-b72b-4df16dfb099f returned with HTTP 200
Jul 29 20:52:16.148732 dv-cinder-802957-1-smb devstack@c-api.service[99946]: [pid: 99946|app: 0|req: 197/405] 10.222.0.35 () {60 vars in 1366 bytes} [Thu Jul 29 20:52:16 2021] GET /volume/v3/75f55f9018a6418eb1e32c7f80b435c5/volumes/f9ad2ed3-fee0-4629-b72b-4df16dfb099f => generated 972 bytes in 143 msecs (HTTP/1.1 200) 7 headers in 286 bytes (1 switches on core 0)
Jul 29 20:52:16.154013 dv-cinder-802957-1-smb devstack@c-api.service[99945]: INFO cinder.api.openstack.wsgi [None req-01de4027-946b-446b-97b4-f00d3504a733 tempest-ExtraSpecsNegativeTest-394477983 tempest-ExtraSpecsNegativeTest-394477983-project-admin] http://10.222.0.35/volume/v3/9ec4535e41f140b1bd1ecc4173015ae8/types/8d573999-d85e-40a6-bfe8-cd0b9bf8d868/extra_specs/nonexistent_extra_spec_name returned with HTTP 404
Jul 29 20:52:16.155577 dv-cinder-802957-1-smb devstack@c-api.service[99945]: [pid: 99945|app: 0|req: 209/406] 10.222.0.35 () {58 vars in 1439 bytes} [Thu Jul 29 20:52:16 2021] GET /volume/v3/9ec4535e41f140b1bd1ecc4173015ae8/types/8d573999-d85e-40a6-bfe8-cd0b9bf8d868/extra_specs/nonexistent_extra_spec_name => generated 151 bytes in 32 msecs (HTTP/1.1 404) 7 headers in 292 bytes (2 switches on core 0)
Jul 29 20:52:16.166841 dv-cinder-802957-1-smb devstack@c-api.service[99946]: INFO cinder.api.openstack.wsgi [None req-e67afbc2-6abd-4329-bdae-63d937c27594 tempest-ExtraSpecsNegativeTest-394477983 tempest-ExtraSpecsNegativeTest-394477983-project-admin] GET http://10.222.0.35/volume/v3/9ec4535e41f140b1bd1ecc4173015ae8/types/1020ca32-5b46-4791-b434-ff18308e4601/extra_specs/spec1
Jul 29 20:52:16.167295 dv-cinder-802957-1-smb devstack@c-api.service[99946]: DEBUG cinder.api.openstack.wsgi [None req-e67afbc2-6abd-4329-bdae-63d937c27594 tempest-ExtraSpecsNegativeTest-394477983 tempest-ExtraSpecsNegativeTest-394477983-project-admin] Empty body provided in request {{(pid=99946) get_body /opt/stack/cinder/cinder/api/openstack/wsgi.py:703}}
Jul 29 20:52:16.167470 dv-cinder-802957-1-smb devstack@c-api.service[99946]: /usr/local/lib/python3.8/dist-packages/webob/acceptparse.py:1047: DeprecationWarning: The behavior of AcceptValidHeader.best_match is currently being maintained for backward compatibility, but it will be deprecated in the future, as it does not conform to the RFC.
Jul 29 20:52:16.167470 dv-cinder-802957-1-smb devstack@c-api.service[99946]: warnings.warn(
Jul 29 20:52:16.167782 dv-cinder-802957-1-smb devstack@c-api.service[99946]: DEBUG cinder.api.openstack.wsgi [None req-e67afbc2-6abd-4329-bdae-63d937c27594 tempest-ExtraSpecsNegativeTest-394477983 tempest-ExtraSpecsNegativeTest-394477983-project-admin] Calling method 'show' {{(pid=99946) _process_stack /opt/stack/cinder/cinder/api/openstack/wsgi.py:856}}
Jul 29 20:52:16.174491 dv-cinder-802957-1-smb devstack@c-api.service[99946]: INFO cinder.api.openstack.wsgi [None req-e67afbc2-6abd-4329-bdae-63d937c27594 tempest-ExtraSpecsNegativeTest-394477983 tempest-ExtraSpecsNegativeTest-394477983-project-admin] http://10.222.0.35/volume/v3/9ec4535e41f140b1bd1ecc4173015ae8/types/1020ca32-5b46-4791-b434-ff18308e4601/extra_specs/spec1 returned with HTTP 404
Jul 29 20:52:16.176133 dv-cinder-802957-1-smb devstack@c-api.service[99946]: [pid: 99946|app: 0|req: 198/407] 10.222.0.35 () {58 vars in 1373 bytes} [Thu Jul 29 20:52:16 2021] GET /volume/v3/9ec4535e41f140b1bd1ecc4173015ae8/types/1020ca32-5b46-4791-b434-ff18308e4601/extra_specs/spec1 => generated 114 bytes in 16 msecs (HTTP/1.1 404) 7 headers in 292 bytes (1 switches on core 0)
Jul 29 20:52:16.187072 dv-cinder-802957-1-smb devstack@c-api.service[99945]: INFO cinder.api.openstack.wsgi [None req-06c3c4d3-b988-466b-ba98-f0d091e5624a tempest-ExtraSpecsNegativeTest-394477983 tempest-ExtraSpecsNegativeTest-394477983-project-admin] GET http://10.222.0.35/volume/v3/9ec4535e41f140b1bd1ecc4173015ae8/types/ad865736-55d0-495e-8a55-f4fba2b8c2b4/extra_specs
Jul 29 20:52:16.189646 dv-cinder-802957-1-smb devstack@c-api.service[99945]: DEBUG cinder.api.openstack.wsgi [None req-06c3c4d3-b988-466b-ba98-f0d091e5624a tempest-ExtraSpecsNegativeTest-394477983 tempest-ExtraSpecsNegativeTest-394477983-project-admin] Empty body provided in request {{(pid=99945) get_body /opt/stack/cinder/cinder/api/openstack/wsgi.py:703}}
Jul 29 20:52:16.192593 dv-cinder-802957-1-smb devstack@c-api.service[99945]: DEBUG cinder.api.openstack.wsgi [None req-06c3c4d3-b988-466b-ba98-f0d091e5624a tempest-ExtraSpecsNegativeTest-394477983 tempest-ExtraSpecsNegativeTest-394477983-project-admin] Calling method 'index' {{(pid=99945) _process_stack /opt/stack/cinder/cinder/api/openstack/wsgi.py:856}}
Jul 29 20:52:16.205176 dv-cinder-802957-1-smb devstack@c-api.service[99945]: INFO cinder.api.openstack.wsgi [None req-06c3c4d3-b988-466b-ba98-f0d091e5624a tempest-ExtraSpecsNegativeTest-394477983 tempest-ExtraSpecsNegativeTest-394477983-project-admin] http://10.222.0.35/volume/v3/9ec4535e41f140b1bd1ecc4173015ae8/types/ad865736-55d0-495e-8a55-f4fba2b8c2b4/extra_specs returned with HTTP 404
Jul 29 20:52:16.207294 dv-cinder-802957-1-smb devstack@c-api.service[99945]: [pid: 99945|app: 0|req: 210/408] 10.222.0.35 () {58 vars in 1355 bytes} [Thu Jul 29 20:52:16 2021] GET /volume/v3/9ec4535e41f140b1bd1ecc4173015ae8/types/ad865736-55d0-495e-8a55-f4fba2b8c2b4/extra_specs => generated 114 bytes in 26 msecs (HTTP/1.1 404) 7 headers in 292 bytes (1 switches on core 0)
Jul 29 20:52:16.217352 dv-cinder-802957-1-smb devstack@c-api.service[99946]: INFO cinder.api.openstack.wsgi [None req-fd3d786c-4921-4ae8-97e4-845c1e550a60 tempest-ExtraSpecsNegativeTest-394477983 tempest-ExtraSpecsNegativeTest-394477983-project-admin] PUT http://10.222.0.35/volume/v3/9ec4535e41f140b1bd1ecc4173015ae8/types/8d573999-d85e-40a6-bfe8-cd0b9bf8d868/extra_specs/spec1
Jul 29 20:52:16.218364 dv-cinder-802957-1-smb devstack@c-api.service[99946]: DEBUG cinder.api.openstack.wsgi [None req-fd3d786c-4921-4ae8-97e4-845c1e550a60 tempest-ExtraSpecsNegativeTest-394477983 tempest-ExtraSpecsNegativeTest-394477983-project-admin] Action: 'update', calling method: update, body: {"spec1": "val2", "spec2": "val1"} {{(pid=99946) _process_stack /opt/stack/cinder/cinder/api/openstack/wsgi.py:854}}
