Aug 05 14:25:12.201287 dv-cinder-802955-8-iscsi devstack@c-api.service[111185]: DEBUG cinder.api.openstack.wsgi [None req-68b678ec-694e-420a-8e15-c0996385b102 tempest-GroupTypeSpecsTest-236194754 tempest-GroupTypeSpecsTest-236194754-project-admin] Action: 'create', calling method: version_select, body: {"group_specs": {"key2": "value2-updated", "key3": "value3"}} {{(pid=111185) _process_stack /opt/stack/cinder/cinder/api/openstack/wsgi.py:866}}
Aug 05 14:25:12.358432 dv-cinder-802955-8-iscsi devstack@c-api.service[111185]: INFO cinder.api.openstack.wsgi [None req-68b678ec-694e-420a-8e15-c0996385b102 tempest-GroupTypeSpecsTest-236194754 tempest-GroupTypeSpecsTest-236194754-project-admin] http://10.222.0.26/volume/v3/b95ff5b46ca14d2c937997b7f37e03b8/group_types/07010ed4-e762-48a0-8c86-135b33ea1041/group_specs returned with HTTP 202
Aug 05 14:25:12.359250 dv-cinder-802955-8-iscsi devstack@c-api.service[111185]: [pid: 111185|app: 0|req: 7/14] 10.222.0.26 () {62 vars in 1435 bytes} [Fri Aug 5 14:25:12 2022] POST /volume/v3/b95ff5b46ca14d2c937997b7f37e03b8/group_types/07010ed4-e762-48a0-8c86-135b33ea1041/group_specs => generated 61 bytes in 173 msecs (HTTP/1.1 202) 7 headers in 291 bytes (1 switches on core 0)
Aug 05 14:25:12.360770 dv-cinder-802955-8-iscsi devstack@c-api.service[111185]: DEBUG cinder.api.middleware.request_id [None req-12fdba57-1b72-4125-b2ba-25ec33995914 None None] RequestId filter calling following filter/app {{(pid=111185) _context_setter /opt/stack/cinder/cinder/api/middleware/request_id.py:62}}
Aug 05 14:25:12.364918 dv-cinder-802955-8-iscsi devstack@c-api.service[111185]: INFO cinder.api.openstack.wsgi [None req-12fdba57-1b72-4125-b2ba-25ec33995914 tempest-UserMessagesTest-1075972172 tempest-UserMessagesTest-1075972172-project] GET http://10.222.0.26/volume/v3/a41a81a283c744c2bd3276e1caa5d619/volumes/228392bc-c04f-4a81-b32e-5013e05e1176
Aug 05 14:25:12.371283 dv-cinder-802955-8-iscsi devstack@c-api.service[111185]: DEBUG cinder.api.openstack.wsgi [None req-12fdba57-1b72-4125-b2ba-25ec33995914 tempest-UserMessagesTest-1075972172 tempest-UserMessagesTest-1075972172-project] Empty body provided in request {{(pid=111185) get_body /opt/stack/cinder/cinder/api/openstack/wsgi.py:715}}
Aug 05 14:25:12.371283 dv-cinder-802955-8-iscsi devstack@c-api.service[111185]: DEBUG cinder.api.openstack.wsgi [None req-12fdba57-1b72-4125-b2ba-25ec33995914 tempest-UserMessagesTest-1075972172 tempest-UserMessagesTest-1075972172-project] Calling method 'show' {{(pid=111185) _process_stack /opt/stack/cinder/cinder/api/openstack/wsgi.py:868}}
Aug 05 14:25:12.398787 dv-cinder-802955-8-iscsi devstack@c-api.service[111185]: /usr/local/lib/python3.8/dist-packages/oslo_context/context.py:100: DeprecationWarning: Policy enforcement is depending on the value of is_admin. This key is deprecated. Please update your policy file to use the standard policy values.
Aug 05 14:25:12.398787 dv-cinder-802955-8-iscsi devstack@c-api.service[111185]: warnings.warn('Policy enforcement is depending on the value of '
Aug 05 14:25:12.413273 dv-cinder-802955-8-iscsi devstack@c-api.service[111185]: INFO cinder.volume.api [None req-12fdba57-1b72-4125-b2ba-25ec33995914 tempest-UserMessagesTest-1075972172 tempest-UserMessagesTest-1075972172-project] Volume info retrieved successfully.
Aug 05 14:25:12.427263 dv-cinder-802955-8-iscsi devstack@c-api.service[111185]: INFO cinder.api.openstack.wsgi [None req-12fdba57-1b72-4125-b2ba-25ec33995914 tempest-UserMessagesTest-1075972172 tempest-UserMessagesTest-1075972172-project] http://10.222.0.26/volume/v3/a41a81a283c744c2bd3276e1caa5d619/volumes/228392bc-c04f-4a81-b32e-5013e05e1176 returned with HTTP 200
Aug 05 14:25:12.429528 dv-cinder-802955-8-iscsi devstack@c-api.service[111185]: [pid: 111185|app: 0|req: 8/15] 10.222.0.26 () {60 vars in 1365 bytes} [Fri Aug 5 14:25:12 2022] GET /volume/v3/a41a81a283c744c2bd3276e1caa5d619/volumes/228392bc-c04f-4a81-b32e-5013e05e1176 => generated 918 bytes in 69 msecs (HTTP/1.1 200) 7 headers in 285 bytes (1 switches on core 0)
Aug 05 14:25:12.431450 dv-cinder-802955-8-iscsi devstack@c-api.service[111185]: DEBUG cinder.api.middleware.request_id [None req-a1bbd5d4-a540-4f95-aa9a-6aff493dd65e None None] RequestId filter calling following filter/app {{(pid=111185) _context_setter /opt/stack/cinder/cinder/api/middleware/request_id.py:62}}
Aug 05 14:25:12.437494 dv-cinder-802955-8-iscsi devstack@c-api.service[111184]: DEBUG cinder.volume.api [req-53641cce-513d-434b-889d-53031a271581 req-b628fe43-1b78-48f5-b57b-329586c90dfe tempest-VolumesSnapshotsTestJSON-906753876 tempest-VolumesSnapshotsTestJSON-906753876-project] Task 'cinder.volume.flows.api.create_volume.EntryCreateTask;volume:create' (148cae25-51c1-4453-83c4-f431b4b59b7a) transitioned into state 'SUCCESS' from state 'RUNNING' with result '{'volume_id': '66593816-9871-41ff-a20a-3c6d7c58f366', 'volume_properties': VolumeProperties(attach_status='detached',availability_zone='nova',cgsnapshot_id=None,consistencygroup_id=None,display_description=None,display_name='tempest-VolumesSnapshotsTestJSON-volume-1168442653',encryption_key_id=None,group_id=None,group_type_id=,metadata={},multiattach=False,project_id='4de55490e2a84e4ba145a09dd6c9a877',qos_specs=None,replication_status=,reservations=['3ffa4f3e-90d8-421c-bf03-a0df57a58495','925aeb1c-0dc6-469f-9ef1-2c0df10c0cbd','1de37210-5c48-4e57-8fa2-c645aa58eeca','33e651dc-c513-4e86-a87f-290fcc99fe92'],size=1,snapshot_id=None,source_replicaid=,source_volid=None,status='creating',user_id='b5c7a069800d476d9df8f945120ad7ea',volume_type_id=20938848-5c16-43c1-85c9-ec9694f1cfed), 'volume': Volume(_name_id=None,admin_metadata=,attach_status='detached',availability_zone='nova',bootable=False,cluster=,cluster_name=None,consistencygroup=,consistencygroup_id=None,created_at=2022-08-05T14:25:12Z,deleted=False,deleted_at=None,display_description=None,display_name='tempest-VolumesSnapshotsTestJSON-volume-1168442653',ec2_id=None,encryption_key_id=None,glance_metadata=,group=,group_id=None,host=None,id=66593816-9871-41ff-a20a-3c6d7c58f366,launched_at=None,metadata={},migration_status=None,multiattach=False,previous_status=None,project_id='4de55490e2a84e4ba145a09dd6c9a877',provider_auth=None,provider_geometry=None,provider_id=None,provider_location=None,replication_driver_data=None,replication_extended_status=None,replication_status=None,scheduled_at=None,service_uuid=None,shared_targets=True,size=1,snapshot_id=None,snapshots=,source_volid=None,status='creating',terminated_at=None,updated_at=None,use_quota=True,user_id='b5c7a069800d476d9df8f945120ad7ea',volume_attachment=VolumeAttachmentList,volume_type=VolumeType(20938848-5c16-43c1-85c9-ec9694f1cfed),volume_type_id=20938848-5c16-43c1-85c9-ec9694f1cfed)}' {{(pid=111184) _task_receiver /usr/local/lib/python3.8/dist-packages/taskflow/listeners/logging.py:178}}
Aug 05 14:25:12.442320 dv-cinder-802955-8-iscsi devstack@c-api.service[111184]: DEBUG cinder.volume.api [req-53641cce-513d-434b-889d-53031a271581 req-b628fe43-1b78-48f5-b57b-329586c90dfe tempest-VolumesSnapshotsTestJSON-906753876 tempest-VolumesSnapshotsTestJSON-906753876-project] Task 'cinder.volume.flows.api.create_volume.QuotaCommitTask;volume:create' (d66bad24-57bc-4825-97d1-bbe29a401c22) transitioned into state 'RUNNING' from state 'PENDING' {{(pid=111184) _task_receiver /usr/local/lib/python3.8/dist-packages/taskflow/listeners/logging.py:190}}
Aug 05 14:25:12.448197 dv-cinder-802955-8-iscsi devstack@c-api.service[111185]: INFO cinder.api.openstack.wsgi [None req-a1bbd5d4-a540-4f95-aa9a-6aff493dd65e tempest-GroupTypesTest-2077447791 tempest-GroupTypesTest-2077447791-project-admin] PUT http://10.222.0.26/volume/v3/bee867c79b4849958b17ca3ba6995d90/group_types/0c09fe0b-e699-405f-a25b-2d82912192c8
Aug 05 14:25:12.449299 dv-cinder-802955-8-iscsi devstack@c-api.service[111185]: DEBUG cinder.api.openstack.wsgi [None req-a1bbd5d4-a540-4f95-aa9a-6aff493dd65e tempest-GroupTypesTest-2077447791 tempest-GroupTypesTest-2077447791-project-admin] Action: 'update', calling method: version_select, body: {"group_type": {"name": "tempest-GroupTypesTest-updated-group-type-981713358", "description": "updated-group-type-desc"}} {{(pid=111185) _process_stack /opt/stack/cinder/cinder/api/openstack/wsgi.py:866}}
Aug 05 14:25:12.583398 dv-cinder-802955-8-iscsi devstack@c-api.service[111184]: DEBUG cinder.volume.api [req-53641cce-513d-434b-889d-53031a271581 req-b628fe43-1b78-48f5-b57b-329586c90dfe tempest-VolumesSnapshotsTestJSON-906753876 tempest-VolumesSnapshotsTestJSON-906753876-project] Task 'cinder.volume.flows.api.create_volume.QuotaCommitTask;volume:create' (d66bad24-57bc-4825-97d1-bbe29a401c22) transitioned into state 'SUCCESS' from state 'RUNNING' with result '{'volume_properties': VolumeProperties(attach_status='detached',availability_zone='nova',cgsnapshot_id=None,consistencygroup_id=None,display_description=None,display_name='tempest-VolumesSnapshotsTestJSON-volume-1168442653',encryption_key_id=None,group_id=None,group_type_id=,metadata={},multiattach=False,project_id='4de55490e2a84e4ba145a09dd6c9a877',qos_specs=None,replication_status=,reservations=['3ffa4f3e-90d8-421c-bf03-a0df57a58495','925aeb1c-0dc6-469f-9ef1-2c0df10c0cbd','1de37210-5c48-4e57-8fa2-c645aa58eeca','33e651dc-c513-4e86-a87f-290fcc99fe92'],size=1,snapshot_id=None,source_replicaid=,source_volid=None,status='creating',user_id='b5c7a069800d476d9df8f945120ad7ea',volume_type_id=20938848-5c16-43c1-85c9-ec9694f1cfed)}' {{(pid=111184) _task_receiver /usr/local/lib/python3.8/dist-packages/taskflow/listeners/logging.py:178}}
Aug 05 14:25:12.586495 dv-cinder-802955-8-iscsi devstack@c-api.service[111184]: DEBUG cinder.volume.api [req-53641cce-513d-434b-889d-53031a271581 req-b628fe43-1b78-48f5-b57b-329586c90dfe tempest-VolumesSnapshotsTestJSON-906753876 tempest-VolumesSnapshotsTestJSON-906753876-project] Task 'cinder.volume.flows.api.create_volume.VolumeCastTask;volume:create' (e95da544-d077-4a1c-aeda-3ffecfcb6156) transitioned into state 'RUNNING' from state 'PENDING' {{(pid=111184) _task_receiver /usr/local/lib/python3.8/dist-packages/taskflow/listeners/logging.py:190}}
Aug 05 14:25:12.597585 dv-cinder-802955-8-iscsi devstack@c-api.service[111185]: INFO cinder.api.openstack.wsgi [None req-a1bbd5d4-a540-4f95-aa9a-6aff493dd65e tempest-GroupTypesTest-2077447791 tempest-GroupTypesTest-2077447791-project-admin] http://10.222.0.26/volume/v3/bee867c79b4849958b17ca3ba6995d90/group_types/0c09fe0b-e699-405f-a25b-2d82912192c8 returned with HTTP 200
Aug 05 14:25:12.598790 dv-cinder-802955-8-iscsi devstack@c-api.service[111185]: [pid: 111185|app: 0|req: 9/16] 10.222.0.26 () {62 vars in 1399 bytes} [Fri Aug 5 14:25:12 2022] PUT /volume/v3/bee867c79b4849958b17ca3ba6995d90/group_types/0c09fe0b-e699-405f-a25b-2d82912192c8 => generated 254 bytes in 168 msecs (HTTP/1.1 200) 7 headers in 286 bytes (1 switches on core 0)
Aug 05 14:25:12.601699 dv-cinder-802955-8-iscsi devstack@c-api.service[111185]: DEBUG cinder.api.middleware.request_id [None req-5404bc2d-f1a9-4bf3-8f47-548e6a1e0e29 None None] RequestId filter calling following filter/app {{(pid=111185) _context_setter /opt/stack/cinder/cinder/api/middleware/request_id.py:62}}
Aug 05 14:25:12.617903 dv-cinder-802955-8-iscsi devstack@c-api.service[111185]: INFO cinder.api.openstack.wsgi [None req-5404bc2d-f1a9-4bf3-8f47-548e6a1e0e29 tempest-GroupTypeSpecsTest-236194754 tempest-GroupTypeSpecsTest-236194754-project-admin] GET http://10.222.0.26/volume/v3/b95ff5b46ca14d2c937997b7f37e03b8/group_types/07010ed4-e762-48a0-8c86-135b33ea1041/group_specs/key2
Aug 05 14:25:12.618479 dv-cinder-802955-8-iscsi devstack@c-api.service[111185]: DEBUG cinder.api.openstack.wsgi [None req-5404bc2d-f1a9-4bf3-8f47-548e6a1e0e29 tempest-GroupTypeSpecsTest-236194754 tempest-GroupTypeSpecsTest-236194754-project-admin] Empty body provided in request {{(pid=111185) get_body /opt/stack/cinder/cinder/api/openstack/wsgi.py:715}}
Aug 05 14:25:12.619570 dv-cinder-802955-8-iscsi devstack@c-api.service[111185]: DEBUG cinder.api.openstack.wsgi [None req-5404bc2d-f1a9-4bf3-8f47-548e6a1e0e29 tempest-GroupTypeSpecsTest-236194754 tempest-GroupTypeSpecsTest-236194754-project-admin] Calling method 'version_select' {{(pid=111185) _process_stack /opt/stack/cinder/cinder/api/openstack/wsgi.py:868}}
Aug 05 14:25:12.637992 dv-cinder-802955-8-iscsi devstack@c-api.service[111185]: INFO cinder.api.openstack.wsgi [None req-5404bc2d-f1a9-4bf3-8f47-548e6a1e0e29 tempest-GroupTypeSpecsTest-236194754 tempest-GroupTypeSpecsTest-236194754-project-admin] http://10.222.0.26/volume/v3/b95ff5b46ca14d2c937997b7f37e03b8/group_types/07010ed4-e762-48a0-8c86-135b33ea1041/group_specs/key2 returned with HTTP 200
Aug 05 14:25:12.639375 dv-cinder-802955-8-iscsi devstack@c-api.service[111185]: [pid: 111185|app: 0|req: 10/17] 10.222.0.26 () {60 vars in 1429 bytes} [Fri Aug 5 14:25:12 2022] GET /volume/v3/b95ff5b46ca14d2c937997b7f37e03b8/group_types/07010ed4-e762-48a0-8c86-135b33ea1041/group_specs/key2 => generated 26 bytes in 40 msecs (HTTP/1.1 200) 7 headers in 285 bytes (1 switches on core 0)
Aug 05 14:25:12.643405 dv-cinder-802955-8-iscsi devstack@c-api.service[111185]: DEBUG cinder.api.middleware.request_id [None req-c1163096-e5da-4887-b24f-5160fd050966 None None] RequestId filter calling following filter/app {{(pid=111185) _context_setter /opt/stack/cinder/cinder/api/middleware/request_id.py:62}}
Aug 05 14:25:12.652202 dv-cinder-802955-8-iscsi devstack@c-api.service[111185]: INFO cinder.api.openstack.wsgi [None req-c1163096-e5da-4887-b24f-5160fd050966 tempest-GroupTypesTest-2077447791 tempest-GroupTypesTest-2077447791-project-admin] GET http://10.222.0.26/volume/v3/bee867c79b4849958b17ca3ba6995d90/group_types/0c09fe0b-e699-405f-a25b-2d82912192c8
Aug 05 14:25:12.653634 dv-cinder-802955-8-iscsi devstack@c-api.service[111185]: DEBUG cinder.api.openstack.wsgi [None req-c1163096-e5da-4887-b24f-5160fd050966 tempest-GroupTypesTest-2077447791 tempest-GroupTypesTest-2077447791-project-admin] Empty body provided in request {{(pid=111185) get_body /opt/stack/cinder/cinder/api/openstack/wsgi.py:715}}
Aug 05 14:25:12.654397 dv-cinder-802955-8-iscsi devstack@c-api.service[111185]: DEBUG cinder.api.openstack.wsgi [None req-c1163096-e5da-4887-b24f-5160fd050966 tempest-GroupTypesTest-2077447791 tempest-GroupTypesTest-2077447791-project-admin] Calling method 'version_select' {{(pid=111185) _process_stack /opt/stack/cinder/cinder/api/openstack/wsgi.py:868}}
Aug 05 14:25:12.670353 dv-cinder-802955-8-iscsi devstack@c-api.service[111185]: INFO cinder.api.openstack.wsgi [None req-c1163096-e5da-4887-b24f-5160fd050966 tempest-GroupTypesTest-2077447791 tempest-GroupTypesTest-2077447791-project-admin] http://10.222.0.26/volume/v3/bee867c79b4849958b17ca3ba6995d90/group_types/0c09fe0b-e699-405f-a25b-2d82912192c8 returned with HTTP 200
Aug 05 14:25:12.671132 dv-cinder-802955-8-iscsi devstack@c-api.service[111185]: [pid: 111185|app: 0|req: 11/18] 10.222.0.26 () {60 vars in 1378 bytes} [Fri Aug 5 14:25:12 2022] GET /volume/v3/bee867c79b4849958b17ca3ba6995d90/group_types/0c09fe0b-e699-405f-a25b-2d82912192c8 => generated 254 bytes in 31 msecs (HTTP/1.1 200) 7 headers in 286 bytes (1 switches on core 0)
Aug 05 14:25:12.672663 dv-cinder-802955-8-iscsi devstack@c-api.service[111185]: DEBUG cinder.api.middleware.request_id [None req-4bcb99b5-e700-444c-8f6e-c5b22405c16f None None] RequestId filter calling following filter/app {{(pid=111185) _context_setter /opt/stack/cinder/cinder/api/middleware/request_id.py:62}}
Aug 05 14:25:12.680584 dv-cinder-802955-8-iscsi devstack@c-api.service[111185]: INFO cinder.api.openstack.wsgi [None req-4bcb99b5-e700-444c-8f6e-c5b22405c16f tempest-GroupTypeSpecsTest-236194754 tempest-GroupTypeSpecsTest-236194754-project-admin] GET http://10.222.0.26/volume/v3/b95ff5b46ca14d2c937997b7f37e03b8/group_types/07010ed4-e762-48a0-8c86-135b33ea1041/group_specs/key3
Aug 05 14:25:12.681315 dv-cinder-802955-8-iscsi devstack@c-api.service[111185]: DEBUG cinder.api.openstack.wsgi [None req-4bcb99b5-e700-444c-8f6e-c5b22405c16f tempest-GroupTypeSpecsTest-236194754 tempest-GroupTypeSpecsTest-236194754-project-admin] Empty body provided in request {{(pid=111185) get_body /opt/stack/cinder/cinder/api/openstack/wsgi.py:715}}
Aug 05 14:25:12.681914 dv-cinder-802955-8-iscsi devstack@c-api.service[111185]: DEBUG cinder.api.openstack.wsgi [None req-4bcb99b5-e700-444c-8f6e-c5b22405c16f tempest-GroupTypeSpecsTest-236194754 tempest-GroupTypeSpecsTest-236194754-project-admin] Calling method 'version_select' {{(pid=111185) _process_stack /opt/stack/cinder/cinder/api/openstack/wsgi.py:868}}
Aug 05 14:25:12.699047 dv-cinder-802955-8-iscsi devstack@c-api.service[111185]: INFO cinder.api.openstack.wsgi [None req-4bcb99b5-e700-444c-8f6e-c5b22405c16f tempest-GroupTypeSpecsTest-236194754 tempest-GroupTypeSpecsTest-236194754-project-admin] http://10.222.0.26/volume/v3/b95ff5b46ca14d2c937997b7f37e03b8/group_types/07010ed4-e762-48a0-8c86-135b33ea1041/group_specs/key3 returned with HTTP 200
Aug 05 14:25:12.700031 dv-cinder-802955-8-iscsi devstack@c-api.service[111185]: [pid: 111185|app: 0|req: 12/19] 10.222.0.26 () {60 vars in 1429 bytes} [Fri Aug 5 14:25:12 2022] GET /volume/v3/b95ff5b46ca14d2c937997b7f37e03b8/group_types/07010ed4-e762-48a0-8c86-135b33ea1041/group_specs/key3 => generated 18 bytes in 28 msecs (HTTP/1.1 200) 7 headers in 285 bytes (1 switches on core 0)
Aug 05 14:25:12.702051 dv-cinder-802955-8-iscsi devstack@c-api.service[111185]: DEBUG cinder.api.middleware.request_id [None req-9feb4c0f-08bc-4b66-8a19-445b686888f1 None None] RequestId filter calling following filter/app {{(pid=111185) _context_setter /opt/stack/cinder/cinder/api/middleware/request_id.py:62}}
Aug 05 14:25:12.710801 dv-cinder-802955-8-iscsi devstack@c-api.service[111185]: INFO cinder.api.openstack.wsgi [None req-9feb4c0f-08bc-4b66-8a19-445b686888f1 tempest-GroupTypesTest-2077447791 tempest-GroupTypesTest-2077447791-project-admin] DELETE http://10.222.0.26/volume/v3/bee867c79b4849958b17ca3ba6995d90/group_types/0c09fe0b-e699-405f-a25b-2d82912192c8
Aug 05 14:25:12.711462 dv-cinder-802955-8-iscsi devstack@c-api.service[111185]: DEBUG cinder.api.openstack.wsgi [None req-9feb4c0f-08bc-4b66-8a19-445b686888f1 tempest-GroupTypesTest-2077447791 tempest-GroupTypesTest-2077447791-project-admin] Empty body provided in request {{(pid=111185) get_body /opt/stack/cinder/cinder/api/openstack/wsgi.py:715}}
Aug 05 14:25:12.712017 dv-cinder-802955-8-iscsi devstack@c-api.service[111185]: DEBUG cinder.api.openstack.wsgi [None req-9feb4c0f-08bc-4b66-8a19-445b686888f1 tempest-GroupTypesTest-2077447791 tempest-GroupTypesTest-2077447791-project-admin] Calling method 'version_select' {{(pid=111185) _process_stack /opt/stack/cinder/cinder/api/openstack/wsgi.py:868}}
Aug 05 14:25:12.721166 dv-cinder-802955-8-iscsi devstack@c-api.service[111185]: DEBUG dbcounter [-] [111185] Writing DB stats cinder:SELECT=75,cinder:INSERT=11,cinder:UPDATE=14 {{(pid=111185) stat_writer /usr/local/lib/python3.8/dist-packages/dbcounter.py:114}}
Aug 05 14:25:12.753730 dv-cinder-802955-8-iscsi devstack@c-api.service[111184]: DEBUG cinder.volume.api [req-53641cce-513d-434b-889d-53031a271581 req-b628fe43-1b78-48f5-b57b-329586c90dfe tempest-VolumesSnapshotsTestJSON-906753876 tempest-VolumesSnapshotsTestJSON-906753876-project] Task 'cinder.volume.flows.api.create_volume.VolumeCastTask;volume:create' (e95da544-d077-4a1c-aeda-3ffecfcb6156) transitioned into state 'SUCCESS' from state 'RUNNING' with result 'None' {{(pid=111184) _task_receiver /usr/local/lib/python3.8/dist-packages/taskflow/listeners/logging.py:178}}
Aug 05 14:25:12.778695 dv-cinder-802955-8-iscsi devstack@c-api.service[111184]: DEBUG cinder.volume.api [req-53641cce-513d-434b-889d-53031a271581 req-b628fe43-1b78-48f5-b57b-329586c90dfe tempest-VolumesSnapshotsTestJSON-906753876 tempest-VolumesSnapshotsTestJSON-906753876-project] Flow 'volume_create_api' (ef88fbbf-dd5f-491e-a3dd-d2ff69199cef) transitioned into state 'SUCCESS' from state 'RUNNING' {{(pid=111184) _flow_receiver /usr/local/lib/python3.8/dist-packages/taskflow/listeners/logging.py:141}}
Aug 05 14:25:12.779814 dv-cinder-802955-8-iscsi devstack@c-api.service[111184]: INFO cinder.volume.api [req-53641cce-513d-434b-889d-53031a271581 req-b628fe43-1b78-48f5-b57b-329586c90dfe tempest-VolumesSnapshotsTestJSON-906753876 tempest-VolumesSnapshotsTestJSON-906753876-project] Create volume request issued successfully.
Aug 05 14:25:12.789213 dv-cinder-802955-8-iscsi devstack@c-api.service[111184]: INFO cinder.api.openstack.wsgi [req-53641cce-513d-434b-889d-53031a271581 req-b628fe43-1b78-48f5-b57b-329586c90dfe tempest-VolumesSnapshotsTestJSON-906753876 tempest-VolumesSnapshotsTestJSON-906753876-project] http://10.222.0.26/volume/v3/4de55490e2a84e4ba145a09dd6c9a877/volumes returned with HTTP 202
Aug 05 14:25:12.798325 dv-cinder-802955-8-iscsi devstack@c-api.service[111184]: [pid: 111184|app: 0|req: 8/20] 10.222.0.26 () {64 vars in 1521 bytes} [Fri Aug 5 14:25:11 2022] POST /volume/v3/4de55490e2a84e4ba145a09dd6c9a877/volumes => generated 824 bytes in 1459 msecs (HTTP/1.1 202) 7 headers in 291 bytes (1 switches on core 0)
Aug 05 14:25:12.837086 dv-cinder-802955-8-iscsi devstack@c-api.service[111184]: DEBUG cinder.api.middleware.request_id [None req-e7d413f8-9425-411a-9fb2-b2eac7cbae3d None None] RequestId filter calling following filter/app {{(pid=111184) _context_setter /opt/stack/cinder/cinder/api/middleware/request_id.py:62}}
Aug 05 14:25:12.837086 dv-cinder-802955-8-iscsi devstack@c-api.service[111184]: INFO cinder.api.openstack.wsgi [None req-e7d413f8-9425-411a-9fb2-b2eac7cbae3d tempest-GroupTypeSpecsTest-236194754 tempest-GroupTypeSpecsTest-236194754-project-admin] PUT http://10.222.0.26/volume/v3/b95ff5b46ca14d2c937997b7f37e03b8/group_types/07010ed4-e762-48a0-8c86-135b33ea1041/group_specs/key3
Aug 05 14:25:12.837086 dv-cinder-802955-8-iscsi devstack@c-api.service[111184]: DEBUG cinder.api.openstack.wsgi [None req-e7d413f8-9425-411a-9fb2-b2eac7cbae3d tempest-GroupTypeSpecsTest-236194754 tempest-GroupTypeSpecsTest-236194754-project-admin] Action: 'update', calling method: version_select, body: {"key3": "value3-updated"} {{(pid=111184) _process_stack /opt/stack/cinder/cinder/api/openstack/wsgi.py:866}}
Aug 05 14:25:12.837086 dv-cinder-802955-8-iscsi devstack@c-api.service[111184]: /usr/local/lib/python3.8/dist-packages/oslo_context/context.py:100: DeprecationWarning: Policy enforcement is depending on the value of is_admin. This key is deprecated. Please update your policy file to use the standard policy values.
Aug 05 14:25:12.837086 dv-cinder-802955-8-iscsi devstack@c-api.service[111184]: warnings.warn('Policy enforcement is depending on the value of '
Aug 05 14:25:12.837086 dv-cinder-802955-8-iscsi devstack@c-api.service[111184]: DEBUG dbcounter [-] [111184] Writing DB stats cinder:SELECT=70,cinder:INSERT=18,cinder:UPDATE=12 {{(pid=111184) stat_writer /usr/local/lib/python3.8/dist-packages/dbcounter.py:114}}
Aug 05 14:25:12.876963 dv-cinder-802955-8-iscsi devstack@c-api.service[111185]: INFO cinder.api.openstack.wsgi [None req-9feb4c0f-08bc-4b66-8a19-445b686888f1 tempest-GroupTypesTest-2077447791 tempest-GroupTypesTest-2077447791-project-admin] http://10.222.0.26/volume/v3/bee867c79b4849958b17ca3ba6995d90/group_types/0c09fe0b-e699-405f-a25b-2d82912192c8 returned with HTTP 202
Aug 05 14:25:12.878752 dv-cinder-802955-8-iscsi devstack@c-api.service[111185]: [pid: 111185|app: 0|req: 13/21] 10.222.0.26 () {60 vars in 1381 bytes} [Fri Aug 5 14:25:12 2022] DELETE /volume/v3/bee867c79b4849958b17ca3ba6995d90/group_types/0c09fe0b-e699-405f-a25b-2d82912192c8 => generated 0 bytes in 178 msecs (HTTP/1.1 202) 6 headers in 234 bytes (1 switches on core 0)
Aug 05 14:25:12.881615 dv-cinder-802955-8-iscsi devstack@c-api.service[111185]: DEBUG cinder.api.middleware.request_id [req-53641cce-513d-434b-889d-53031a271581 req-c7b9fabc-5d4d-4e74-9223-149e971ebadd None None] RequestId filter calling following filter/app {{(pid=111185) _context_setter /opt/stack/cinder/cinder/api/middleware/request_id.py:62}}
Aug 05 14:25:12.894479 dv-cinder-802955-8-iscsi devstack@c-api.service[111185]: WARNING keystonemiddleware.auth_token [req-53641cce-513d-434b-889d-53031a271581 req-c7b9fabc-5d4d-4e74-9223-149e971ebadd None None] A valid token was submitted as a service token, but it was not a valid service token. This is incorrect but backwards compatible behaviour. This will be removed in future releases.
Aug 05 14:25:12.894479 dv-cinder-802955-8-iscsi devstack@c-api.service[111185]: INFO cinder.api.openstack.wsgi [req-53641cce-513d-434b-889d-53031a271581 req-c7b9fabc-5d4d-4e74-9223-149e971ebadd tempest-VolumesSnapshotsTestJSON-906753876 tempest-VolumesSnapshotsTestJSON-906753876-project] GET http://10.222.0.26/volume/v3/4de55490e2a84e4ba145a09dd6c9a877/volumes/66593816-9871-41ff-a20a-3c6d7c58f366
Aug 05 14:25:12.894479 dv-cinder-802955-8-iscsi devstack@c-api.service[111185]: DEBUG cinder.api.openstack.wsgi [req-53641cce-513d-434b-889d-53031a271581 req-c7b9fabc-5d4d-4e74-9223-149e971ebadd tempest-VolumesSnapshotsTestJSON-906753876 tempest-VolumesSnapshotsTestJSON-906753876-project] Empty body provided in request {{(pid=111185) get_body /opt/stack/cinder/cinder/api/openstack/wsgi.py:715}}
Aug 05 14:25:12.894479 dv-cinder-802955-8-iscsi devstack@c-api.service[111185]: DEBUG cinder.api.openstack.wsgi [req-53641cce-513d-434b-889d-53031a271581 req-c7b9fabc-5d4d-4e74-9223-149e971ebadd tempest-VolumesSnapshotsTestJSON-906753876 tempest-VolumesSnapshotsTestJSON-906753876-project] Calling method 'show' {{(pid=111185) _process_stack /opt/stack/cinder/cinder/api/openstack/wsgi.py:868}}
Aug 05 14:25:12.931670 dv-cinder-802955-8-iscsi devstack@c-api.service[111185]: /usr/local/lib/python3.8/dist-packages/oslo_context/context.py:100: DeprecationWarning: Policy enforcement is depending on the value of is_admin. This key is deprecated. Please update your policy file to use the standard policy values.
Aug 05 14:25:12.931670 dv-cinder-802955-8-iscsi devstack@c-api.service[111185]: warnings.warn('Policy enforcement is depending on the value of '
Aug 05 14:25:12.940964 dv-cinder-802955-8-iscsi devstack@c-api.service[111184]: INFO cinder.api.openstack.wsgi [None req-e7d413f8-9425-411a-9fb2-b2eac7cbae3d tempest-GroupTypeSpecsTest-236194754 tempest-GroupTypeSpecsTest-236194754-project-admin] http://10.222.0.26/volume/v3/b95ff5b46ca14d2c937997b7f37e03b8/group_types/07010ed4-e762-48a0-8c86-135b33ea1041/group_specs/key3 returned with HTTP 200
Aug 05 14:25:12.942244 dv-cinder-802955-8-iscsi devstack@c-api.service[111184]: [pid: 111184|app: 0|req: 9/22] 10.222.0.26 () {62 vars in 1449 bytes} [Fri Aug 5 14:25:12 2022] PUT /volume/v3/b95ff5b46ca14d2c937997b7f37e03b8/group_types/07010ed4-e762-48a0-8c86-135b33ea1041/group_specs/key3 => generated 26 bytes in 143 msecs (HTTP/1.1 200) 7 headers in 285 bytes (1 switches on core 0)
Aug 05 14:25:12.952969 dv-cinder-802955-8-iscsi devstack@c-api.service[111184]: DEBUG cinder.api.middleware.request_id [None req-6653496d-6616-47aa-9fb0-6bf2d172b7ed None None] RequestId filter calling following filter/app {{(pid=111184) _context_setter /opt/stack/cinder/cinder/api/middleware/request_id.py:62}}
Aug 05 14:25:12.971151 dv-cinder-802955-8-iscsi devstack@c-api.service[111184]: INFO cinder.api.openstack.wsgi [None req-6653496d-6616-47aa-9fb0-6bf2d172b7ed tempest-GroupTypesTest-2077447791 tempest-GroupTypesTest-2077447791-project-admin] GET http://10.222.0.26/volume/v3/bee867c79b4849958b17ca3ba6995d90/group_types
Aug 05 14:25:12.971920 dv-cinder-802955-8-iscsi devstack@c-api.service[111184]: DEBUG cinder.api.openstack.wsgi [None req-6653496d-6616-47aa-9fb0-6bf2d172b7ed tempest-GroupTypesTest-2077447791 tempest-GroupTypesTest-2077447791-project-admin] Empty body provided in request {{(pid=111184) get_body /opt/stack/cinder/cinder/api/openstack/wsgi.py:715}}
Aug 05 14:25:12.973612 dv-cinder-802955-8-iscsi devstack@c-api.service[111184]: DEBUG cinder.api.openstack.wsgi [None req-6653496d-6616-47aa-9fb0-6bf2d172b7ed tempest-GroupTypesTest-2077447791 tempest-GroupTypesTest-2077447791-project-admin] Calling method 'version_select' {{(pid=111184) _process_stack /opt/stack/cinder/cinder/api/openstack/wsgi.py:868}}
Aug 05 14:25:13.004301 dv-cinder-802955-8-iscsi devstack@c-api.service[111185]: INFO cinder.volume.api [req-53641cce-513d-434b-889d-53031a271581 req-c7b9fabc-5d4d-4e74-9223-149e971ebadd tempest-VolumesSnapshotsTestJSON-906753876 tempest-VolumesSnapshotsTestJSON-906753876-project] Volume info retrieved successfully.
Aug 05 14:25:13.038029 dv-cinder-802955-8-iscsi devstack@c-api.service[111185]: INFO cinder.api.openstack.wsgi [req-53641cce-513d-434b-889d-53031a271581 req-c7b9fabc-5d4d-4e74-9223-149e971ebadd tempest-VolumesSnapshotsTestJSON-906753876 tempest-VolumesSnapshotsTestJSON-906753876-project] http://10.222.0.26/volume/v3/4de55490e2a84e4ba145a09dd6c9a877/volumes/66593816-9871-41ff-a20a-3c6d7c58f366 returned with HTTP 200
Aug 05 14:25:13.040912 dv-cinder-802955-8-iscsi devstack@c-api.service[111184]: INFO cinder.api.openstack.wsgi [None req-6653496d-6616-47aa-9fb0-6bf2d172b7ed tempest-GroupTypesTest-2077447791 tempest-GroupTypesTest-2077447791-project-admin] http://10.222.0.26/volume/v3/bee867c79b4849958b17ca3ba6995d90/group_types returned with HTTP 200
Aug 05 14:25:13.043784 dv-cinder-802955-8-iscsi devstack@c-api.service[111184]: [pid: 111184|app: 0|req: 10/23] 10.222.0.26 () {60 vars in 1267 bytes} [Fri Aug 5 14:25:12 2022] GET /volume/v3/bee867c79b4849958b17ca3ba6995d90/group_types => generated 482 bytes in 93 msecs (HTTP/1.1 200) 7 headers in 286 bytes (1 switches on core 0)
Aug 05 14:25:13.049947 dv-cinder-802955-8-iscsi devstack@c-api.service[111185]: [pid: 111185|app: 0|req: 14/24] 10.222.0.26 () {60 vars in 1578 bytes} [Fri Aug 5 14:25:12 2022] GET /volume/v3/4de55490e2a84e4ba145a09dd6c9a877/volumes/66593816-9871-41ff-a20a-3c6d7c58f366 => generated 892 bytes in 167 msecs (HTTP/1.1 200) 7 headers in 285 bytes (1 switches on core 0)
Aug 05 14:25:13.050036 dv-cinder-802955-8-iscsi devstack@c-api.service[111184]: DEBUG cinder.api.middleware.request_id [None req-6fa71a64-e380-4bef-ba87-29be04692a66 None None] RequestId filter calling following filter/app {{(pid=111184) _context_setter /opt/stack/cinder/cinder/api/middleware/request_id.py:62}}
Aug 05 14:25:13.055870 dv-cinder-802955-8-iscsi devstack@c-api.service[111184]: INFO cinder.api.openstack.wsgi [None req-6fa71a64-e380-4bef-ba87-29be04692a66 tempest-GroupTypeSpecsTest-236194754 tempest-GroupTypeSpecsTest-236194754-project-admin] GET http://10.222.0.26/volume/v3/b95ff5b46ca14d2c937997b7f37e03b8/group_types/07010ed4-e762-48a0-8c86-135b33ea1041/group_specs
Aug 05 14:25:13.056379 dv-cinder-802955-8-iscsi devstack@c-api.service[111184]: DEBUG cinder.api.openstack.wsgi [None req-6fa71a64-e380-4bef-ba87-29be04692a66 tempest-GroupTypeSpecsTest-236194754 tempest-GroupTypeSpecsTest-236194754-project-admin] Empty body provided in request {{(pid=111184) get_body /opt/stack/cinder/cinder/api/openstack/wsgi.py:715}}
Aug 05 14:25:13.060486 dv-cinder-802955-8-iscsi devstack@c-api.service[111185]: DEBUG cinder.api.middleware.request_id [None req-67a24794-1512-4899-aaed-9fc6bcf6fea2 None None] RequestId filter calling following filter/app {{(pid=111185) _context_setter /opt/stack/cinder/cinder/api/middleware/request_id.py:62}}
Aug 05 14:25:13.061424 dv-cinder-802955-8-iscsi devstack@c-api.service[111184]: DEBUG cinder.api.openstack.wsgi [None req-6fa71a64-e380-4bef-ba87-29be04692a66 tempest-GroupTypeSpecsTest-236194754 tempest-GroupTypeSpecsTest-236194754-project-admin] Calling method 'version_select' {{(pid=111184) _process_stack /opt/stack/cinder/cinder/api/openstack/wsgi.py:868}}
Aug 05 14:25:13.069719 dv-cinder-802955-8-iscsi devstack@c-api.service[111185]: INFO cinder.api.openstack.wsgi [None req-67a24794-1512-4899-aaed-9fc6bcf6fea2 tempest-GroupTypesTest-2077447791 tempest-GroupTypesTest-2077447791-project-admin] POST http://10.222.0.26/volume/v3/bee867c79b4849958b17ca3ba6995d90/group_types
Aug 05 14:25:13.071709 dv-cinder-802955-8-iscsi devstack@c-api.service[111185]: DEBUG cinder.api.openstack.wsgi [None req-67a24794-1512-4899-aaed-9fc6bcf6fea2 tempest-GroupTypesTest-2077447791 tempest-GroupTypesTest-2077447791-project-admin] Action: 'create', calling method: version_select, body: {"group_type": {"name": "a_tempest-group-type-974954018", "is_public": true}} {{(pid=111185) _process_stack /opt/stack/cinder/cinder/api/openstack/wsgi.py:866}}
Aug 05 14:25:13.095538 dv-cinder-802955-8-iscsi devstack@c-api.service[111184]: INFO cinder.api.openstack.wsgi [None req-6fa71a64-e380-4bef-ba87-29be04692a66 tempest-GroupTypeSpecsTest-236194754 tempest-GroupTypeSpecsTest-236194754-project-admin] http://10.222.0.26/volume/v3/b95ff5b46ca14d2c937997b7f37e03b8/group_types/07010ed4-e762-48a0-8c86-135b33ea1041/group_specs returned with HTTP 200
Aug 05 14:25:13.097731 dv-cinder-802955-8-iscsi devstack@c-api.service[111184]: [pid: 111184|app: 0|req: 11/25] 10.222.0.26 () {60 vars in 1414 bytes} [Fri Aug 5 14:25:13 2022] GET /volume/v3/b95ff5b46ca14d2c937997b7f37e03b8/group_types/07010ed4-e762-48a0-8c86-135b33ea1041/group_specs => generated 87 bytes in 53 msecs (HTTP/1.1 200) 7 headers in 285 bytes (1 switches on core 0)
Aug 05 14:25:13.103809 dv-cinder-802955-8-iscsi devstack@c-api.service[111184]: DEBUG cinder.api.middleware.request_id [None req-8e5b7a00-d587-449f-be06-c94f788611b6 None None] RequestId filter calling following filter/app {{(pid=111184) _context_setter /opt/stack/cinder/cinder/api/middleware/request_id.py:62}}
Aug 05 14:25:13.111672 dv-cinder-802955-8-iscsi devstack@c-api.service[111184]: INFO cinder.api.openstack.wsgi [None req-8e5b7a00-d587-449f-be06-c94f788611b6 tempest-GroupTypeSpecsTest-236194754 tempest-GroupTypeSpecsTest-236194754-project-admin] DELETE http://10.222.0.26/volume/v3/b95ff5b46ca14d2c937997b7f37e03b8/group_types/07010ed4-e762-48a0-8c86-135b33ea1041/group_specs/key1
Aug 05 14:25:13.112771 dv-cinder-802955-8-iscsi devstack@c-api.service[111184]: DEBUG cinder.api.openstack.wsgi [None req-8e5b7a00-d587-449f-be06-c94f788611b6 tempest-GroupTypeSpecsTest-236194754 tempest-GroupTypeSpecsTest-236194754-project-admin] Empty body provided in request {{(pid=111184) get_body /opt/stack/cinder/cinder/api/openstack/wsgi.py:715}}
Aug 05 14:25:13.113908 dv-cinder-802955-8-iscsi devstack@c-api.service[111184]: DEBUG cinder.api.openstack.wsgi [None req-8e5b7a00-d587-449f-be06-c94f788611b6 tempest-GroupTypeSpecsTest-236194754 tempest-GroupTypeSpecsTest-236194754-project-admin] Calling method 'version_select' {{(pid=111184) _process_stack /opt/stack/cinder/cinder/api/openstack/wsgi.py:868}}
Aug 05 14:25:13.229894 dv-cinder-802955-8-iscsi devstack@c-api.service[111185]: INFO cinder.api.openstack.wsgi [None req-67a24794-1512-4899-aaed-9fc6bcf6fea2 tempest-GroupTypesTest-2077447791 tempest-GroupTypesTest-2077447791-project-admin] http://10.222.0.26/volume/v3/bee867c79b4849958b17ca3ba6995d90/group_types returned with HTTP 202
Aug 05 14:25:13.230968 dv-cinder-802955-8-iscsi devstack@c-api.service[111185]: [pid: 111185|app: 0|req: 15/26] 10.222.0.26 () {62 vars in 1288 bytes} [Fri Aug 5 14:25:13 2022] POST /volume/v3/bee867c79b4849958b17ca3ba6995d90/group_types => generated 163 bytes in 172 msecs (HTTP/1.1 202) 7 headers in 292 bytes (2 switches on core 0)
Aug 05 14:25:13.238069 dv-cinder-802955-8-iscsi devstack@c-api.service[111185]: DEBUG cinder.api.middleware.request_id [None req-85650f3b-cc5c-452f-a4f3-63373cd55443 None None] RequestId filter calling following filter/app {{(pid=111185) _context_setter /opt/stack/cinder/cinder/api/middleware/request_id.py:62}}
Aug 05 14:25:13.258121 dv-cinder-802955-8-iscsi devstack@c-api.service[111185]: INFO cinder.api.openstack.wsgi [None req-85650f3b-cc5c-452f-a4f3-63373cd55443 tempest-GroupTypesTest-2077447791 tempest-GroupTypesTest-2077447791-project-admin] POST http://10.222.0.26/volume/v3/bee867c79b4849958b17ca3ba6995d90/group_types
Aug 05 14:25:13.259212 dv-cinder-802955-8-iscsi devstack@c-api.service[111185]: DEBUG cinder.api.openstack.wsgi [None req-85650f3b-cc5c-452f-a4f3-63373cd55443 tempest-GroupTypesTest-2077447791 tempest-GroupTypesTest-2077447791-project-admin] Action: 'create', calling method: version_select, body: {"group_type": {"name": "b_tempest-group-type-1976418035", "is_public": false}} {{(pid=111185) _process_stack /opt/stack/cinder/cinder/api/openstack/wsgi.py:866}}
Aug 05 14:25:13.265752 dv-cinder-802955-8-iscsi devstack@c-api.service[111184]: INFO cinder.api.openstack.wsgi [None req-8e5b7a00-d587-449f-be06-c94f788611b6 tempest-GroupTypeSpecsTest-236194754 tempest-GroupTypeSpecsTest-236194754-project-admin] http://10.222.0.26/volume/v3/b95ff5b46ca14d2c937997b7f37e03b8/group_types/07010ed4-e762-48a0-8c86-135b33ea1041/group_specs/key1 returned with HTTP 202
Aug 05 14:25:13.266565 dv-cinder-802955-8-iscsi devstack@c-api.service[111184]: [pid: 111184|app: 0|req: 12/27] 10.222.0.26 () {60 vars in 1432 bytes} [Fri Aug 5 14:25:13 2022] DELETE /volume/v3/b95ff5b46ca14d2c937997b7f37e03b8/group_types/07010ed4-e762-48a0-8c86-135b33ea1041/group_specs/key1 => generated 0 bytes in 164 msecs (HTTP/1.1 202) 6 headers in 234 bytes (2 switches on core 0)
Aug 05 14:25:13.272621 dv-cinder-802955-8-iscsi devstack@c-api.service[111184]: DEBUG cinder.api.middleware.request_id [None req-83e22c7f-0141-41b7-833f-a15869a17f19 None None] RequestId filter calling following filter/app {{(pid=111184) _context_setter /opt/stack/cinder/cinder/api/middleware/request_id.py:62}}
Aug 05 14:25:13.278028 dv-cinder-802955-8-iscsi devstack@c-api.service[111184]: INFO cinder.api.openstack.wsgi [None req-83e22c7f-0141-41b7-833f-a15869a17f19 tempest-GroupTypeSpecsTest-236194754 tempest-GroupTypeSpecsTest-236194754-project-admin] GET http://10.222.0.26/volume/v3/b95ff5b46ca14d2c937997b7f37e03b8/group_types/07010ed4-e762-48a0-8c86-135b33ea1041/group_specs/key1
Aug 05 14:25:13.278648 dv-cinder-802955-8-iscsi devstack@c-api.service[111184]: DEBUG cinder.api.openstack.wsgi [None req-83e22c7f-0141-41b7-833f-a15869a17f19 tempest-GroupTypeSpecsTest-236194754 tempest-GroupTypeSpecsTest-236194754-project-admin] Empty body provided in request {{(pid=111184) get_body /opt/stack/cinder/cinder/api/openstack/wsgi.py:715}}
Aug 05 14:25:13.279170 dv-cinder-802955-8-iscsi devstack@c-api.service[111184]: DEBUG cinder.api.openstack.wsgi [None req-83e22c7f-0141-41b7-833f-a15869a17f19 tempest-GroupTypeSpecsTest-236194754 tempest-GroupTypeSpecsTest-236194754-project-admin] Calling method 'version_select' {{(pid=111184) _process_stack /opt/stack/cinder/cinder/api/openstack/wsgi.py:868}}
Aug 05 14:25:13.334466 dv-cinder-802955-8-iscsi devstack@c-api.service[111184]: INFO cinder.api.openstack.wsgi [None req-83e22c7f-0141-41b7-833f-a15869a17f19 tempest-GroupTypeSpecsTest-236194754 tempest-GroupTypeSpecsTest-236194754-project-admin] HTTP exception thrown: Group Type 07010ed4-e762-48a0-8c86-135b33ea1041 has no extra spec with key key1.
Aug 05 14:25:13.334466 dv-cinder-802955-8-iscsi devstack@c-api.service[111184]: INFO cinder.api.openstack.wsgi [None req-83e22c7f-0141-41b7-833f-a15869a17f19 tempest-GroupTypeSpecsTest-236194754 tempest-GroupTypeSpecsTest-236194754-project-admin] http://10.222.0.26/volume/v3/b95ff5b46ca14d2c937997b7f37e03b8/group_types/07010ed4-e762-48a0-8c86-135b33ea1041/group_specs/key1 returned with HTTP 404
Aug 05 14:25:13.339728 dv-cinder-802955-8-iscsi devstack@c-api.service[111184]: [pid: 111184|app: 0|req: 13/28] 10.222.0.26 () {60 vars in 1429 bytes} [Fri Aug 5 14:25:13 2022] GET /volume/v3/b95ff5b46ca14d2c937997b7f37e03b8/group_types/07010ed4-e762-48a0-8c86-135b33ea1041/group_specs/key1 => generated 126 bytes in 68 msecs (HTTP/1.1 404) 7 headers in 293 bytes (1 switches on core 0)
Aug 05 14:25:13.345178 dv-cinder-802955-8-iscsi devstack@c-api.service[111184]: DEBUG cinder.api.middleware.request_id [None req-083d9ba0-c727-4e5e-915c-8a114bea24bf None None] RequestId filter calling following filter/app {{(pid=111184) _context_setter /opt/stack/cinder/cinder/api/middleware/request_id.py:62}}
Aug 05 14:25:13.361400 dv-cinder-802955-8-iscsi devstack@c-api.service[111184]: INFO cinder.api.openstack.wsgi [None req-083d9ba0-c727-4e5e-915c-8a114bea24bf tempest-GroupTypeSpecsTest-236194754 tempest-GroupTypeSpecsTest-236194754-project-admin] DELETE http://10.222.0.26/volume/v3/b95ff5b46ca14d2c937997b7f37e03b8/group_types/07010ed4-e762-48a0-8c86-135b33ea1041/group_specs/key2
Aug 05 14:25:13.368145 dv-cinder-802955-8-iscsi devstack@c-api.service[111184]: DEBUG cinder.api.openstack.wsgi [None req-083d9ba0-c727-4e5e-915c-8a114bea24bf tempest-GroupTypeSpecsTest-236194754 tempest-GroupTypeSpecsTest-236194754-project-admin] Empty body provided in request {{(pid=111184) get_body /opt/stack/cinder/cinder/api/openstack/wsgi.py:715}}
Aug 05 14:25:13.368946 dv-cinder-802955-8-iscsi devstack@c-api.service[111184]: DEBUG cinder.api.openstack.wsgi [None req-083d9ba0-c727-4e5e-915c-8a114bea24bf tempest-GroupTypeSpecsTest-236194754 tempest-GroupTypeSpecsTest-236194754-project-admin] Calling method 'version_select' {{(pid=111184) _process_stack /opt/stack/cinder/cinder/api/openstack/wsgi.py:868}}
Aug 05 14:25:13.404552 dv-cinder-802955-8-iscsi devstack@c-api.service[111185]: INFO cinder.api.openstack.wsgi [None req-85650f3b-cc5c-452f-a4f3-63373cd55443 tempest-GroupTypesTest-2077447791 tempest-GroupTypesTest-2077447791-project-admin] http://10.222.0.26/volume/v3/bee867c79b4849958b17ca3ba6995d90/group_types returned with HTTP 202
Aug 05 14:25:13.405860 dv-cinder-802955-8-iscsi devstack@c-api.service[111185]: [pid: 111185|app: 0|req: 16/29] 10.222.0.26 () {62 vars in 1288 bytes} [Fri Aug 5 14:25:13 2022] POST /volume/v3/bee867c79b4849958b17ca3ba6995d90/group_types => generated 165 bytes in 169 msecs (HTTP/1.1 202) 7 headers in 292 bytes (1 switches on core 0)
Aug 05 14:25:13.413993 dv-cinder-802955-8-iscsi devstack@c-api.service[111185]: DEBUG cinder.api.middleware.request_id [None req-4f5ff7ae-eca5-4d38-b739-d6ec798a7c06 None None] RequestId filter calling following filter/app {{(pid=111185) _context_setter /opt/stack/cinder/cinder/api/middleware/request_id.py:62}}
Aug 05 14:25:13.418684 dv-cinder-802955-8-iscsi devstack@c-api.service[111185]: INFO cinder.api.openstack.wsgi [None req-4f5ff7ae-eca5-4d38-b739-d6ec798a7c06 tempest-GroupTypesTest-2077447791 tempest-GroupTypesTest-2077447791-project-admin] GET http://10.222.0.26/volume/v3/bee867c79b4849958b17ca3ba6995d90/group_types?sort=name%3Aasc&is_public=None
Aug 05 14:25:13.419647 dv-cinder-802955-8-iscsi devstack@c-api.service[111185]: DEBUG cinder.api.openstack.wsgi [None req-4f5ff7ae-eca5-4d38-b739-d6ec798a7c06 tempest-GroupTypesTest-2077447791 tempest-GroupTypesTest-2077447791-project-admin] Empty body provided in request {{(pid=111185) get_body /opt/stack/cinder/cinder/api/openstack/wsgi.py:715}}
Aug 05 14:25:13.424758 dv-cinder-802955-8-iscsi devstack@c-api.service[111185]: DEBUG cinder.api.openstack.wsgi [None req-4f5ff7ae-eca5-4d38-b739-d6ec798a7c06 tempest-GroupTypesTest-2077447791 tempest-GroupTypesTest-2077447791-project-admin] Calling method 'version_select' {{(pid=111185) _process_stack /opt/stack/cinder/cinder/api/openstack/wsgi.py:868}}
Aug 05 14:25:13.466974 dv-cinder-802955-8-iscsi devstack@c-api.service[111185]: INFO cinder.api.openstack.wsgi [None req-4f5ff7ae-eca5-4d38-b739-d6ec798a7c06 tempest-GroupTypesTest-2077447791 tempest-GroupTypesTest-2077447791-project-admin] http://10.222.0.26/volume/v3/bee867c79b4849958b17ca3ba6995d90/group_types?sort=name%3Aasc&is_public=None returned with HTTP 200
Aug 05 14:25:13.470479 dv-cinder-802955-8-iscsi devstack@c-api.service[111185]: [pid: 111185|app: 0|req: 17/30] 10.222.0.26 () {60 vars in 1328 bytes} [Fri Aug 5 14:25:13 2022] GET /volume/v3/bee867c79b4849958b17ca3ba6995d90/group_types?sort=name%3Aasc&is_public=None => generated 764 bytes in 58 msecs (HTTP/1.1 200) 7 headers in 286 bytes (1 switches on core 0)
Aug 05 14:25:13.491703 dv-cinder-802955-8-iscsi devstack@c-api.service[111185]: DEBUG cinder.api.middleware.request_id [None req-58246d93-dcc7-4e21-9990-b33878625f7e None None] RequestId filter calling following filter/app {{(pid=111185) _context_setter /opt/stack/cinder/cinder/api/middleware/request_id.py:62}}
Aug 05 14:25:13.496602 dv-cinder-802955-8-iscsi devstack@c-api.service[111185]: INFO cinder.api.openstack.wsgi [None req-58246d93-dcc7-4e21-9990-b33878625f7e tempest-UserMessagesTest-1075972172 tempest-UserMessagesTest-1075972172-project] GET http://10.222.0.26/volume/v3/a41a81a283c744c2bd3276e1caa5d619/volumes/228392bc-c04f-4a81-b32e-5013e05e1176
Aug 05 14:25:13.497101 dv-cinder-802955-8-iscsi devstack@c-api.service[111185]: DEBUG cinder.api.openstack.wsgi [None req-58246d93-dcc7-4e21-9990-b33878625f7e tempest-UserMessagesTest-1075972172 tempest-UserMessagesTest-1075972172-project] Empty body provided in request {{(pid=111185) get_body /opt/stack/cinder/cinder/api/openstack/wsgi.py:715}}
Aug 05 14:25:13.499550 dv-cinder-802955-8-iscsi devstack@c-api.service[111184]: INFO cinder.api.openstack.wsgi [None req-083d9ba0-c727-4e5e-915c-8a114bea24bf tempest-GroupTypeSpecsTest-236194754 tempest-GroupTypeSpecsTest-236194754-project-admin] http://10.222.0.26/volume/v3/b95ff5b46ca14d2c937997b7f37e03b8/group_types/07010ed4-e762-48a0-8c86-135b33ea1041/group_specs/key2 returned with HTTP 202
Aug 05 14:25:13.500563 dv-cinder-802955-8-iscsi devstack@c-api.service[111184]: [pid: 111184|app: 0|req: 14/31] 10.222.0.26 () {60 vars in 1432 bytes} [Fri Aug 5 14:25:13 2022] DELETE /volume/v3/b95ff5b46ca14d2c937997b7f37e03b8/group_types/07010ed4-e762-48a0-8c86-135b33ea1041/group_specs/key2 => generated 0 bytes in 160 msecs (HTTP/1.1 202) 6 headers in 234 bytes (1 switches on core 0)
Aug 05 14:25:13.502094 dv-cinder-802955-8-iscsi devstack@c-api.service[111184]: DEBUG cinder.api.middleware.request_id [None req-b3c74270-8f54-4541-94ba-13be71771e50 None None] RequestId filter calling following filter/app {{(pid=111184) _context_setter /opt/stack/cinder/cinder/api/middleware/request_id.py:62}}
Aug 05 14:25:13.506444 dv-cinder-802955-8-iscsi devstack@c-api.service[111184]: INFO cinder.api.openstack.wsgi [None req-b3c74270-8f54-4541-94ba-13be71771e50 tempest-GroupTypesTest-2077447791 tempest-GroupTypesTest-2077447791-project-admin] GET http://10.222.0.26/volume/v3/bee867c79b4849958b17ca3ba6995d90/group_types?sort=name%3Adesc&is_public=None
Aug 05 14:25:13.511047 dv-cinder-802955-8-iscsi devstack@c-api.service[111184]: DEBUG cinder.api.openstack.wsgi [None req-b3c74270-8f54-4541-94ba-13be71771e50 tempest-GroupTypesTest-2077447791 tempest-GroupTypesTest-2077447791-project-admin] Empty body provided in request {{(pid=111184) get_body /opt/stack/cinder/cinder/api/openstack/wsgi.py:715}}
Aug 05 14:25:13.511047 dv-cinder-802955-8-iscsi devstack@c-api.service[111184]: DEBUG cinder.api.openstack.wsgi [None req-b3c74270-8f54-4541-94ba-13be71771e50 tempest-GroupTypesTest-2077447791 tempest-GroupTypesTest-2077447791-project-admin] Calling method 'version_select' {{(pid=111184) _process_stack /opt/stack/cinder/cinder/api/openstack/wsgi.py:868}}
Aug 05 14:25:13.511320 dv-cinder-802955-8-iscsi devstack@c-api.service[111185]: DEBUG cinder.api.openstack.wsgi [None req-58246d93-dcc7-4e21-9990-b33878625f7e tempest-UserMessagesTest-1075972172 tempest-UserMessagesTest-1075972172-project] Calling method 'show' {{(pid=111185) _process_stack /opt/stack/cinder/cinder/api/openstack/wsgi.py:868}}
Aug 05 14:25:13.553379 dv-cinder-802955-8-iscsi devstack@c-api.service[111184]: INFO cinder.api.openstack.wsgi [None req-b3c74270-8f54-4541-94ba-13be71771e50 tempest-GroupTypesTest-2077447791 tempest-GroupTypesTest-2077447791-project-admin] http://10.222.0.26/volume/v3/bee867c79b4849958b17ca3ba6995d90/group_types?sort=name%3Adesc&is_public=None returned with HTTP 200
Aug 05 14:25:13.554242 dv-cinder-802955-8-iscsi devstack@c-api.service[111184]: [pid: 111184|app: 0|req: 15/32] 10.222.0.26 () {60 vars in 1330 bytes} [Fri Aug 5 14:25:13 2022] GET /volume/v3/bee867c79b4849958b17ca3ba6995d90/group_types?sort=name%3Adesc&is_public=None => generated 738 bytes in 53 msecs (HTTP/1.1 200) 7 headers in 286 bytes (1 switches on core 0)
Aug 05 14:25:13.558230 dv-cinder-802955-8-iscsi devstack@c-api.service[111184]: DEBUG cinder.api.middleware.request_id [None req-c7626744-f37f-425d-9667-f76292dc1bea None None] RequestId filter calling following filter/app {{(pid=111184) _context_setter /opt/stack/cinder/cinder/api/middleware/request_id.py:62}}
Aug 05 14:25:13.566860 dv-cinder-802955-8-iscsi devstack@c-api.service[111185]: /usr/local/lib/python3.8/dist-packages/oslo_context/context.py:100: DeprecationWarning: Policy enforcement is depending on the value of is_admin. This key is deprecated. Please update your policy file to use the standard policy values.
Aug 05 14:25:13.566860 dv-cinder-802955-8-iscsi devstack@c-api.service[111185]: warnings.warn('Policy enforcement is depending on the value of '
Aug 05 14:25:13.571067 dv-cinder-802955-8-iscsi devstack@c-api.service[111184]: INFO cinder.api.openstack.wsgi [None req-c7626744-f37f-425d-9667-f76292dc1bea tempest-GroupTypeSpecsTest-236194754 tempest-GroupTypeSpecsTest-236194754-project-admin] GET http://10.222.0.26/volume/v3/b95ff5b46ca14d2c937997b7f37e03b8/group_types/07010ed4-e762-48a0-8c86-135b33ea1041/group_specs/key2
Aug 05 14:25:13.571894 dv-cinder-802955-8-iscsi devstack@c-api.service[111184]: DEBUG cinder.api.openstack.wsgi [None req-c7626744-f37f-425d-9667-f76292dc1bea tempest-GroupTypeSpecsTest-236194754 tempest-GroupTypeSpecsTest-236194754-project-admin] Empty body provided in request {{(pid=111184) get_body /opt/stack/cinder/cinder/api/openstack/wsgi.py:715}}
