Nov 23 19:17:36.822528 dv-cinder-802955-4-smb devstack@c-api.service[110001]: [pid: 110001|app: 0|req: 60/136] 10.222.0.48 () {58 vars in 1357 bytes} [Tue Nov 23 19:17:36 2021] GET /volume/v3/452020575a1048219b9757e4aa2534fb/os-quota-sets/452020575a1048219b9757e4aa2534fb/defaults => generated 765 bytes in 54 msecs (HTTP/1.1 200) 7 headers in 285 bytes (2 switches on core 0)
Nov 23 19:17:36.825726 dv-cinder-802955-4-smb devstack@c-api.service[110002]: INFO cinder.api.openstack.wsgi [None req-01e0aa95-5f53-407d-b5da-0056b24915e8 tempest-VolumeManageAdminTest-1344263965 tempest-VolumeManageAdminTest-1344263965-project] http://10.222.0.48/volume/v3/23ebb1a3a8894748abbc728697c6a3df/volumes/5126fb1b-2a0d-431e-9c05-6d509113015a returned with HTTP 200
Nov 23 19:17:36.838815 dv-cinder-802955-4-smb devstack@c-api.service[110002]: [pid: 110002|app: 0|req: 77/137] 10.222.0.48 () {58 vars in 1324 bytes} [Tue Nov 23 19:17:36 2021] GET /volume/v3/23ebb1a3a8894748abbc728697c6a3df/volumes/5126fb1b-2a0d-431e-9c05-6d509113015a => generated 914 bytes in 116 msecs (HTTP/1.1 200) 7 headers in 285 bytes (2 switches on core 0)
Nov 23 19:17:37.132544 dv-cinder-802955-4-smb devstack@c-api.service[110001]: INFO cinder.api.openstack.wsgi [None req-10d35e9f-7420-4ef2-bda4-db7c2c2f7cad tempest-VolumeManageAdminTest-851522352 tempest-VolumeManageAdminTest-851522352-project-admin] GET http://10.222.0.48/volume/v3/16c5f67e3c574e5889fc27d7a0ac3d3a/volumes/5126fb1b-2a0d-431e-9c05-6d509113015a
Nov 23 19:17:37.134068 dv-cinder-802955-4-smb devstack@c-api.service[110001]: DEBUG cinder.api.openstack.wsgi [None req-10d35e9f-7420-4ef2-bda4-db7c2c2f7cad tempest-VolumeManageAdminTest-851522352 tempest-VolumeManageAdminTest-851522352-project-admin] Empty body provided in request {{(pid=110001) get_body /opt/stack/cinder/cinder/api/openstack/wsgi.py:703}}
Nov 23 19:17:37.136356 dv-cinder-802955-4-smb devstack@c-api.service[110001]: DEBUG cinder.api.openstack.wsgi [None req-10d35e9f-7420-4ef2-bda4-db7c2c2f7cad tempest-VolumeManageAdminTest-851522352 tempest-VolumeManageAdminTest-851522352-project-admin] Calling method 'show' {{(pid=110001) _process_stack /opt/stack/cinder/cinder/api/openstack/wsgi.py:856}}
Nov 23 19:17:37.198482 dv-cinder-802955-4-smb devstack@c-api.service[110002]: INFO cinder.api.openstack.wsgi [None req-7d90ec68-5a1e-4a10-a425-72f25b83583d tempest-GroupSnapshotsTest-1847113168 tempest-GroupSnapshotsTest-1847113168-project] GET http://10.222.0.48/volume/v3/8a5b436eec1746cdb81d89f8ab2d3b9d/volumes/071e33a4-0e33-4eb3-8048-371dcedd87d6
Nov 23 19:17:37.199241 dv-cinder-802955-4-smb devstack@c-api.service[110002]: DEBUG cinder.api.openstack.wsgi [None req-7d90ec68-5a1e-4a10-a425-72f25b83583d tempest-GroupSnapshotsTest-1847113168 tempest-GroupSnapshotsTest-1847113168-project] Empty body provided in request {{(pid=110002) get_body /opt/stack/cinder/cinder/api/openstack/wsgi.py:703}}
Nov 23 19:17:37.199396 dv-cinder-802955-4-smb devstack@c-api.service[110002]: /usr/local/lib/python3.8/dist-packages/webob/acceptparse.py:1047: DeprecationWarning: The behavior of AcceptValidHeader.best_match is currently being maintained for backward compatibility, but it will be deprecated in the future, as it does not conform to the RFC.
Nov 23 19:17:37.199396 dv-cinder-802955-4-smb devstack@c-api.service[110002]: warnings.warn(
Nov 23 19:17:37.200152 dv-cinder-802955-4-smb devstack@c-api.service[110002]: DEBUG cinder.api.openstack.wsgi [None req-7d90ec68-5a1e-4a10-a425-72f25b83583d tempest-GroupSnapshotsTest-1847113168 tempest-GroupSnapshotsTest-1847113168-project] Calling method 'show' {{(pid=110002) _process_stack /opt/stack/cinder/cinder/api/openstack/wsgi.py:856}}
Nov 23 19:17:37.211831 dv-cinder-802955-4-smb devstack@c-api.service[110002]: INFO cinder.api.openstack.wsgi [None req-7d90ec68-5a1e-4a10-a425-72f25b83583d tempest-GroupSnapshotsTest-1847113168 tempest-GroupSnapshotsTest-1847113168-project] http://10.222.0.48/volume/v3/8a5b436eec1746cdb81d89f8ab2d3b9d/volumes/071e33a4-0e33-4eb3-8048-371dcedd87d6 returned with HTTP 404
Nov 23 19:17:37.213328 dv-cinder-802955-4-smb devstack@c-api.service[110002]: [pid: 110002|app: 0|req: 78/138] 10.222.0.48 () {60 vars in 1365 bytes} [Tue Nov 23 19:17:37 2021] GET /volume/v3/8a5b436eec1746cdb81d89f8ab2d3b9d/volumes/071e33a4-0e33-4eb3-8048-371dcedd87d6 => generated 109 bytes in 19 msecs (HTTP/1.1 404) 7 headers in 293 bytes (1 switches on core 0)
Nov 23 19:17:37.221606 dv-cinder-802955-4-smb devstack@c-api.service[110002]: INFO cinder.api.openstack.wsgi [None req-15bd5ce5-e4ee-4bb3-8c73-ff4ff3ef413f tempest-GroupSnapshotsTest-1847113168 tempest-GroupSnapshotsTest-1847113168-project] GET http://10.222.0.48/volume/v3/8a5b436eec1746cdb81d89f8ab2d3b9d/groups/826fc423-8b99-4886-94b4-18cff597f751
Nov 23 19:17:37.222556 dv-cinder-802955-4-smb devstack@c-api.service[110002]: DEBUG cinder.api.openstack.wsgi [None req-15bd5ce5-e4ee-4bb3-8c73-ff4ff3ef413f tempest-GroupSnapshotsTest-1847113168 tempest-GroupSnapshotsTest-1847113168-project] Empty body provided in request {{(pid=110002) get_body /opt/stack/cinder/cinder/api/openstack/wsgi.py:703}}
Nov 23 19:17:37.223342 dv-cinder-802955-4-smb devstack@c-api.service[110002]: DEBUG cinder.api.openstack.wsgi [None req-15bd5ce5-e4ee-4bb3-8c73-ff4ff3ef413f tempest-GroupSnapshotsTest-1847113168 tempest-GroupSnapshotsTest-1847113168-project] Calling method 'version_select' {{(pid=110002) _process_stack /opt/stack/cinder/cinder/api/openstack/wsgi.py:856}}
Nov 23 19:17:37.223856 dv-cinder-802955-4-smb devstack@c-api.service[110002]: DEBUG cinder.api.v3.groups [None req-15bd5ce5-e4ee-4bb3-8c73-ff4ff3ef413f tempest-GroupSnapshotsTest-1847113168 tempest-GroupSnapshotsTest-1847113168-project] show called for member 826fc423-8b99-4886-94b4-18cff597f751 {{(pid=110002) show /opt/stack/cinder/cinder/api/v3/groups.py:58}}
Nov 23 19:17:37.229367 dv-cinder-802955-4-smb devstack@c-api.service[110002]: INFO cinder.api.openstack.wsgi [None req-15bd5ce5-e4ee-4bb3-8c73-ff4ff3ef413f tempest-GroupSnapshotsTest-1847113168 tempest-GroupSnapshotsTest-1847113168-project] http://10.222.0.48/volume/v3/8a5b436eec1746cdb81d89f8ab2d3b9d/groups/826fc423-8b99-4886-94b4-18cff597f751 returned with HTTP 404
Nov 23 19:17:37.231282 dv-cinder-802955-4-smb devstack@c-api.service[110002]: [pid: 110002|app: 0|req: 79/139] 10.222.0.48 () {60 vars in 1362 bytes} [Tue Nov 23 19:17:37 2021] GET /volume/v3/8a5b436eec1746cdb81d89f8ab2d3b9d/groups/826fc423-8b99-4886-94b4-18cff597f751 => generated 108 bytes in 14 msecs (HTTP/1.1 404) 7 headers in 293 bytes (1 switches on core 0)
Nov 23 19:17:37.231554 dv-cinder-802955-4-smb devstack@c-api.service[110001]: /usr/local/lib/python3.8/dist-packages/oslo_context/context.py:105: DeprecationWarning: Policy enforcement is depending on the value of is_admin. This key is deprecated. Please update your policy file to use the standard policy values.
Nov 23 19:17:37.231554 dv-cinder-802955-4-smb devstack@c-api.service[110001]: warnings.warn('Policy enforcement is depending on the value of '
Nov 23 19:17:37.241223 dv-cinder-802955-4-smb devstack@c-api.service[110002]: INFO cinder.api.openstack.wsgi [None req-bb00be7e-0519-4df6-832b-ff252929eaaf tempest-GroupSnapshotsTest-4881413 tempest-GroupSnapshotsTest-4881413-project-admin] DELETE http://10.222.0.48/volume/v3/6d875834df9440deb163e1e49654075b/group_types/36301e89-8dbf-4a7d-ad86-0f51b4fabdc2
Nov 23 19:17:37.242503 dv-cinder-802955-4-smb devstack@c-api.service[110002]: DEBUG cinder.api.openstack.wsgi [None req-bb00be7e-0519-4df6-832b-ff252929eaaf tempest-GroupSnapshotsTest-4881413 tempest-GroupSnapshotsTest-4881413-project-admin] Empty body provided in request {{(pid=110002) get_body /opt/stack/cinder/cinder/api/openstack/wsgi.py:703}}
Nov 23 19:17:37.242807 dv-cinder-802955-4-smb devstack@c-api.service[110002]: DEBUG cinder.api.openstack.wsgi [None req-bb00be7e-0519-4df6-832b-ff252929eaaf tempest-GroupSnapshotsTest-4881413 tempest-GroupSnapshotsTest-4881413-project-admin] Calling method 'version_select' {{(pid=110002) _process_stack /opt/stack/cinder/cinder/api/openstack/wsgi.py:856}}
Nov 23 19:17:37.245541 dv-cinder-802955-4-smb devstack@c-api.service[110001]: INFO cinder.volume.api [None req-10d35e9f-7420-4ef2-bda4-db7c2c2f7cad tempest-VolumeManageAdminTest-851522352 tempest-VolumeManageAdminTest-851522352-project-admin] Volume info retrieved successfully.
Nov 23 19:17:37.254721 dv-cinder-802955-4-smb devstack@c-api.service[110001]: INFO cinder.api.openstack.wsgi [None req-10d35e9f-7420-4ef2-bda4-db7c2c2f7cad tempest-VolumeManageAdminTest-851522352 tempest-VolumeManageAdminTest-851522352-project-admin] http://10.222.0.48/volume/v3/16c5f67e3c574e5889fc27d7a0ac3d3a/volumes/5126fb1b-2a0d-431e-9c05-6d509113015a returned with HTTP 200
Nov 23 19:17:37.255853 dv-cinder-802955-4-smb devstack@c-api.service[110001]: [pid: 110001|app: 0|req: 61/140] 10.222.0.48 () {58 vars in 1324 bytes} [Tue Nov 23 19:17:36 2021] GET /volume/v3/16c5f67e3c574e5889fc27d7a0ac3d3a/volumes/5126fb1b-2a0d-431e-9c05-6d509113015a => generated 1080 bytes in 413 msecs (HTTP/1.1 200) 7 headers in 286 bytes (1 switches on core 0)
Nov 23 19:17:37.273793 dv-cinder-802955-4-smb devstack@c-api.service[110001]: INFO cinder.api.openstack.wsgi [None req-e10e7f84-73aa-4b09-914c-bf3d83cc0851 tempest-VolumeManageAdminTest-851522352 tempest-VolumeManageAdminTest-851522352-project-admin] POST http://10.222.0.48/volume/v3/16c5f67e3c574e5889fc27d7a0ac3d3a/volumes/5126fb1b-2a0d-431e-9c05-6d509113015a/action
Nov 23 19:17:37.273793 dv-cinder-802955-4-smb devstack@c-api.service[110001]: /usr/local/lib/python3.8/dist-packages/webob/acceptparse.py:1047: DeprecationWarning: The behavior of AcceptValidHeader.best_match is currently being maintained for backward compatibility, but it will be deprecated in the future, as it does not conform to the RFC.
Nov 23 19:17:37.273793 dv-cinder-802955-4-smb devstack@c-api.service[110001]: warnings.warn(
Nov 23 19:17:37.273793 dv-cinder-802955-4-smb devstack@c-api.service[110001]: DEBUG cinder.api.openstack.wsgi [None req-e10e7f84-73aa-4b09-914c-bf3d83cc0851 tempest-VolumeManageAdminTest-851522352 tempest-VolumeManageAdminTest-851522352-project-admin] Action body: b'{"os-unmanage": {}}' {{(pid=110001) get_method /opt/stack/cinder/cinder/api/openstack/wsgi.py:971}}
Nov 23 19:17:37.285146 dv-cinder-802955-4-smb devstack@c-api.service[110001]: DEBUG cinder.api.openstack.wsgi [None req-e10e7f84-73aa-4b09-914c-bf3d83cc0851 tempest-VolumeManageAdminTest-851522352 tempest-VolumeManageAdminTest-851522352-project-admin] Action: 'action', calling method: unmanage, body: {"os-unmanage": {}} {{(pid=110001) _process_stack /opt/stack/cinder/cinder/api/openstack/wsgi.py:854}}
Nov 23 19:17:37.285633 dv-cinder-802955-4-smb devstack@c-api.service[110001]: INFO cinder.api.contrib.volume_unmanage [None req-e10e7f84-73aa-4b09-914c-bf3d83cc0851 tempest-VolumeManageAdminTest-851522352 tempest-VolumeManageAdminTest-851522352-project-admin] Unmanage volume with id: 5126fb1b-2a0d-431e-9c05-6d509113015a
Nov 23 19:17:37.320923 dv-cinder-802955-4-smb devstack@c-api.service[110001]: /usr/local/lib/python3.8/dist-packages/oslo_context/context.py:105: DeprecationWarning: Policy enforcement is depending on the value of is_admin. This key is deprecated. Please update your policy file to use the standard policy values.
Nov 23 19:17:37.320923 dv-cinder-802955-4-smb devstack@c-api.service[110001]: warnings.warn('Policy enforcement is depending on the value of '
Nov 23 19:17:37.322307 dv-cinder-802955-4-smb devstack@c-api.service[110001]: INFO cinder.volume.api [None req-e10e7f84-73aa-4b09-914c-bf3d83cc0851 tempest-VolumeManageAdminTest-851522352 tempest-VolumeManageAdminTest-851522352-project-admin] Volume info retrieved successfully.
Nov 23 19:17:37.444044 dv-cinder-802955-4-smb devstack@c-api.service[110002]: INFO cinder.api.openstack.wsgi [None req-bb00be7e-0519-4df6-832b-ff252929eaaf tempest-GroupSnapshotsTest-4881413 tempest-GroupSnapshotsTest-4881413-project-admin] http://10.222.0.48/volume/v3/6d875834df9440deb163e1e49654075b/group_types/36301e89-8dbf-4a7d-ad86-0f51b4fabdc2 returned with HTTP 202
Nov 23 19:17:37.451550 dv-cinder-802955-4-smb devstack@c-api.service[110002]: [pid: 110002|app: 0|req: 80/141] 10.222.0.48 () {60 vars in 1380 bytes} [Tue Nov 23 19:17:37 2021] DELETE /volume/v3/6d875834df9440deb163e1e49654075b/group_types/36301e89-8dbf-4a7d-ad86-0f51b4fabdc2 => generated 0 bytes in 217 msecs (HTTP/1.1 202) 6 headers in 234 bytes (2 switches on core 0)
Nov 23 19:17:37.459015 dv-cinder-802955-4-smb devstack@c-api.service[110002]: INFO cinder.api.openstack.wsgi [None req-819f1e38-bab0-48e5-93e1-d5684df47dde tempest-VolumeQuotaClassesTest-251611264 tempest-VolumeQuotaClassesTest-251611264-project-admin] GET http://10.222.0.48/volume/v3/452020575a1048219b9757e4aa2534fb/os-quota-sets/d300d111f139409d8f09985f069acc20/defaults
Nov 23 19:17:37.459598 dv-cinder-802955-4-smb devstack@c-api.service[110002]: DEBUG cinder.api.openstack.wsgi [None req-819f1e38-bab0-48e5-93e1-d5684df47dde tempest-VolumeQuotaClassesTest-251611264 tempest-VolumeQuotaClassesTest-251611264-project-admin] Empty body provided in request {{(pid=110002) get_body /opt/stack/cinder/cinder/api/openstack/wsgi.py:703}}
Nov 23 19:17:37.460059 dv-cinder-802955-4-smb devstack@c-api.service[110002]: DEBUG cinder.api.openstack.wsgi [None req-819f1e38-bab0-48e5-93e1-d5684df47dde tempest-VolumeQuotaClassesTest-251611264 tempest-VolumeQuotaClassesTest-251611264-project-admin] Calling method 'defaults' {{(pid=110002) _process_stack /opt/stack/cinder/cinder/api/openstack/wsgi.py:856}}
Nov 23 19:17:37.466334 dv-cinder-802955-4-smb devstack@c-api.service[110001]: INFO cinder.volume.api [None req-e10e7f84-73aa-4b09-914c-bf3d83cc0851 tempest-VolumeManageAdminTest-851522352 tempest-VolumeManageAdminTest-851522352-project-admin] Delete volume request issued successfully.
Nov 23 19:17:37.466978 dv-cinder-802955-4-smb devstack@c-api.service[110001]: INFO cinder.api.openstack.wsgi [None req-e10e7f84-73aa-4b09-914c-bf3d83cc0851 tempest-VolumeManageAdminTest-851522352 tempest-VolumeManageAdminTest-851522352-project-admin] http://10.222.0.48/volume/v3/16c5f67e3c574e5889fc27d7a0ac3d3a/volumes/5126fb1b-2a0d-431e-9c05-6d509113015a/action returned with HTTP 202
Nov 23 19:17:37.469277 dv-cinder-802955-4-smb devstack@c-api.service[110001]: [pid: 110001|app: 0|req: 62/142] 10.222.0.48 () {60 vars in 1366 bytes} [Tue Nov 23 19:17:37 2021] POST /volume/v3/16c5f67e3c574e5889fc27d7a0ac3d3a/volumes/5126fb1b-2a0d-431e-9c05-6d509113015a/action => generated 0 bytes in 200 msecs (HTTP/1.1 202) 6 headers in 233 bytes (2 switches on core 0)
Nov 23 19:17:37.474005 dv-cinder-802955-4-smb devstack@c-api.service[110001]: INFO cinder.api.openstack.wsgi [None req-207a8f0d-467f-418e-bb91-13c2be000e2f tempest-GroupSnapshotsTest-4881413 tempest-GroupSnapshotsTest-4881413-project-admin] POST http://10.222.0.48/volume/v3/6d875834df9440deb163e1e49654075b/types
Nov 23 19:17:37.474625 dv-cinder-802955-4-smb devstack@c-api.service[110001]: /usr/local/lib/python3.8/dist-packages/webob/acceptparse.py:1047: DeprecationWarning: The behavior of AcceptValidHeader.best_match is currently being maintained for backward compatibility, but it will be deprecated in the future, as it does not conform to the RFC.
Nov 23 19:17:37.474625 dv-cinder-802955-4-smb devstack@c-api.service[110001]: warnings.warn(
Nov 23 19:17:37.475245 dv-cinder-802955-4-smb devstack@c-api.service[110001]: DEBUG cinder.api.openstack.wsgi [None req-207a8f0d-467f-418e-bb91-13c2be000e2f tempest-GroupSnapshotsTest-4881413 tempest-GroupSnapshotsTest-4881413-project-admin] Action: 'create', calling method: _create, body: {"volume_type": {"name": "tempest-GroupSnapshotsTest-volume-type-590393747"}} {{(pid=110001) _process_stack /opt/stack/cinder/cinder/api/openstack/wsgi.py:854}}
Nov 23 19:17:37.492906 dv-cinder-802955-4-smb devstack@c-api.service[110002]: WARNING cinder.quota [None req-819f1e38-bab0-48e5-93e1-d5684df47dde tempest-VolumeQuotaClassesTest-251611264 tempest-VolumeQuotaClassesTest-251611264-project-admin] Deprecated: Default quota for resource: volumes_lvmdriver-1 is set by the default quota flag: quota_volumes_lvmdriver-1, it is now deprecated. Please use the default quota class for default quota.
Nov 23 19:17:37.495278 dv-cinder-802955-4-smb devstack@c-api.service[110002]: WARNING cinder.quota [None req-819f1e38-bab0-48e5-93e1-d5684df47dde tempest-VolumeQuotaClassesTest-251611264 tempest-VolumeQuotaClassesTest-251611264-project-admin] Deprecated: Default quota for resource: gigabytes_lvmdriver-1 is set by the default quota flag: quota_gigabytes_lvmdriver-1, it is now deprecated. Please use the default quota class for default quota.
Nov 23 19:17:37.496490 dv-cinder-802955-4-smb devstack@c-api.service[110002]: WARNING cinder.quota [None req-819f1e38-bab0-48e5-93e1-d5684df47dde tempest-VolumeQuotaClassesTest-251611264 tempest-VolumeQuotaClassesTest-251611264-project-admin] Deprecated: Default quota for resource: snapshots_lvmdriver-1 is set by the default quota flag: quota_snapshots_lvmdriver-1, it is now deprecated. Please use the default quota class for default quota.
Nov 23 19:17:37.512634 dv-cinder-802955-4-smb devstack@c-api.service[110002]: INFO cinder.api.openstack.wsgi [None req-819f1e38-bab0-48e5-93e1-d5684df47dde tempest-VolumeQuotaClassesTest-251611264 tempest-VolumeQuotaClassesTest-251611264-project-admin] http://10.222.0.48/volume/v3/452020575a1048219b9757e4aa2534fb/os-quota-sets/d300d111f139409d8f09985f069acc20/defaults returned with HTTP 200
Nov 23 19:17:37.519395 dv-cinder-802955-4-smb devstack@c-api.service[110002]: [pid: 110002|app: 0|req: 81/143] 10.222.0.48 () {58 vars in 1357 bytes} [Tue Nov 23 19:17:37 2021] GET /volume/v3/452020575a1048219b9757e4aa2534fb/os-quota-sets/d300d111f139409d8f09985f069acc20/defaults => generated 765 bytes in 63 msecs (HTTP/1.1 200) 7 headers in 285 bytes (1 switches on core 0)
Nov 23 19:17:37.522392 dv-cinder-802955-4-smb devstack@c-api.service[110002]: INFO cinder.api.openstack.wsgi [None req-79fb09a2-f2cb-4b45-b848-ab921be2b492 tempest-VolumeManageAdminTest-851522352 tempest-VolumeManageAdminTest-851522352-project-admin] GET http://10.222.0.48/volume/v3/16c5f67e3c574e5889fc27d7a0ac3d3a/volumes/5126fb1b-2a0d-431e-9c05-6d509113015a
Nov 23 19:17:37.528697 dv-cinder-802955-4-smb devstack@c-api.service[110002]: DEBUG cinder.api.openstack.wsgi [None req-79fb09a2-f2cb-4b45-b848-ab921be2b492 tempest-VolumeManageAdminTest-851522352 tempest-VolumeManageAdminTest-851522352-project-admin] Empty body provided in request {{(pid=110002) get_body /opt/stack/cinder/cinder/api/openstack/wsgi.py:703}}
Nov 23 19:17:37.529432 dv-cinder-802955-4-smb devstack@c-api.service[110002]: DEBUG cinder.api.openstack.wsgi [None req-79fb09a2-f2cb-4b45-b848-ab921be2b492 tempest-VolumeManageAdminTest-851522352 tempest-VolumeManageAdminTest-851522352-project-admin] Calling method 'show' {{(pid=110002) _process_stack /opt/stack/cinder/cinder/api/openstack/wsgi.py:856}}
Nov 23 19:17:37.580585 dv-cinder-802955-4-smb devstack@c-api.service[110001]: INFO cinder.api.openstack.wsgi [None req-207a8f0d-467f-418e-bb91-13c2be000e2f tempest-GroupSnapshotsTest-4881413 tempest-GroupSnapshotsTest-4881413-project-admin] http://10.222.0.48/volume/v3/6d875834df9440deb163e1e49654075b/types returned with HTTP 200
Nov 23 19:17:37.583849 dv-cinder-802955-4-smb devstack@c-api.service[110001]: [pid: 110001|app: 0|req: 63/144] 10.222.0.48 () {60 vars in 1228 bytes} [Tue Nov 23 19:17:37 2021] POST /volume/v3/6d875834df9440deb163e1e49654075b/types => generated 223 bytes in 114 msecs (HTTP/1.1 200) 7 headers in 285 bytes (1 switches on core 0)
Nov 23 19:17:37.596145 dv-cinder-802955-4-smb devstack@c-api.service[110001]: INFO cinder.api.openstack.wsgi [None req-4c415ef4-3269-48a6-9674-083e0fe5ff4c tempest-GroupSnapshotsTest-4881413 tempest-GroupSnapshotsTest-4881413-project-admin] POST http://10.222.0.48/volume/v3/6d875834df9440deb163e1e49654075b/group_types
Nov 23 19:17:37.597185 dv-cinder-802955-4-smb devstack@c-api.service[110001]: DEBUG cinder.api.openstack.wsgi [None req-4c415ef4-3269-48a6-9674-083e0fe5ff4c tempest-GroupSnapshotsTest-4881413 tempest-GroupSnapshotsTest-4881413-project-admin] Action: 'create', calling method: version_select, body: {"group_type": {"name": "tempest-GroupSnapshotsTest-group-type-1113030350"}} {{(pid=110001) _process_stack /opt/stack/cinder/cinder/api/openstack/wsgi.py:854}}
Nov 23 19:17:37.649934 dv-cinder-802955-4-smb devstack@c-api.service[110002]: /usr/local/lib/python3.8/dist-packages/oslo_context/context.py:105: DeprecationWarning: Policy enforcement is depending on the value of is_admin. This key is deprecated. Please update your policy file to use the standard policy values.
Nov 23 19:17:37.649934 dv-cinder-802955-4-smb devstack@c-api.service[110002]: warnings.warn('Policy enforcement is depending on the value of '
Nov 23 19:17:37.661837 dv-cinder-802955-4-smb devstack@c-api.service[110002]: INFO cinder.volume.api [None req-79fb09a2-f2cb-4b45-b848-ab921be2b492 tempest-VolumeManageAdminTest-851522352 tempest-VolumeManageAdminTest-851522352-project-admin] Volume info retrieved successfully.
Nov 23 19:17:37.674298 dv-cinder-802955-4-smb devstack@c-api.service[110002]: INFO cinder.api.openstack.wsgi [None req-79fb09a2-f2cb-4b45-b848-ab921be2b492 tempest-VolumeManageAdminTest-851522352 tempest-VolumeManageAdminTest-851522352-project-admin] http://10.222.0.48/volume/v3/16c5f67e3c574e5889fc27d7a0ac3d3a/volumes/5126fb1b-2a0d-431e-9c05-6d509113015a returned with HTTP 200
Nov 23 19:17:37.676475 dv-cinder-802955-4-smb devstack@c-api.service[110002]: [pid: 110002|app: 0|req: 82/145] 10.222.0.48 () {58 vars in 1324 bytes} [Tue Nov 23 19:17:37 2021] GET /volume/v3/16c5f67e3c574e5889fc27d7a0ac3d3a/volumes/5126fb1b-2a0d-431e-9c05-6d509113015a => generated 1081 bytes in 161 msecs (HTTP/1.1 200) 7 headers in 286 bytes (1 switches on core 0)
Nov 23 19:17:37.726334 dv-cinder-802955-4-smb devstack@c-api.service[110001]: INFO cinder.api.openstack.wsgi [None req-4c415ef4-3269-48a6-9674-083e0fe5ff4c tempest-GroupSnapshotsTest-4881413 tempest-GroupSnapshotsTest-4881413-project-admin] http://10.222.0.48/volume/v3/6d875834df9440deb163e1e49654075b/group_types returned with HTTP 202
Nov 23 19:17:37.733099 dv-cinder-802955-4-smb devstack@c-api.service[110001]: [pid: 110001|app: 0|req: 64/146] 10.222.0.48 () {62 vars in 1287 bytes} [Tue Nov 23 19:17:37 2021] POST /volume/v3/6d875834df9440deb163e1e49654075b/group_types => generated 181 bytes in 139 msecs (HTTP/1.1 202) 7 headers in 292 bytes (1 switches on core 0)
Nov 23 19:17:37.739167 dv-cinder-802955-4-smb devstack@c-api.service[110002]: INFO cinder.api.openstack.wsgi [None req-22b3e951-6064-422b-9164-a3ef63912333 tempest-GroupSnapshotsTest-1847113168 tempest-GroupSnapshotsTest-1847113168-project] POST http://10.222.0.48/volume/v3/8a5b436eec1746cdb81d89f8ab2d3b9d/groups
Nov 23 19:17:37.740258 dv-cinder-802955-4-smb devstack@c-api.service[110002]: /usr/local/lib/python3.8/dist-packages/webob/acceptparse.py:1047: DeprecationWarning: The behavior of AcceptValidHeader.best_match is currently being maintained for backward compatibility, but it will be deprecated in the future, as it does not conform to the RFC.
Nov 23 19:17:37.740258 dv-cinder-802955-4-smb devstack@c-api.service[110002]: warnings.warn(
Nov 23 19:17:37.740910 dv-cinder-802955-4-smb devstack@c-api.service[110002]: DEBUG cinder.api.openstack.wsgi [None req-22b3e951-6064-422b-9164-a3ef63912333 tempest-GroupSnapshotsTest-1847113168 tempest-GroupSnapshotsTest-1847113168-project] Action: 'create', calling method: version_select, body: {"group": {"group_type": "e4f436a3-8bf0-4185-ab6d-5493bad451b7", "volume_types": ["737f2d92-1402-4ed9-9b2a-34c258c686ca"], "name": "tempest-GroupSnapshotsTest-Group-1784823693"}} {{(pid=110002) _process_stack /opt/stack/cinder/cinder/api/openstack/wsgi.py:854}}
Nov 23 19:17:37.742177 dv-cinder-802955-4-smb devstack@c-api.service[110002]: DEBUG cinder.api.v3.groups [None req-22b3e951-6064-422b-9164-a3ef63912333 tempest-GroupSnapshotsTest-1847113168 tempest-GroupSnapshotsTest-1847113168-project] Creating new group {'group': {'group_type': 'e4f436a3-8bf0-4185-ab6d-5493bad451b7', 'volume_types': ['737f2d92-1402-4ed9-9b2a-34c258c686ca'], 'name': 'tempest-GroupSnapshotsTest-Group-1784823693'}} {{(pid=110002) create /opt/stack/cinder/cinder/api/v3/groups.py:190}}
Nov 23 19:17:37.749387 dv-cinder-802955-4-smb devstack@c-api.service[110002]: INFO cinder.api.v3.groups [None req-22b3e951-6064-422b-9164-a3ef63912333 tempest-GroupSnapshotsTest-1847113168 tempest-GroupSnapshotsTest-1847113168-project] Creating group tempest-GroupSnapshotsTest-Group-1784823693.
Nov 23 19:17:37.767328 dv-cinder-802955-4-smb devstack@c-api.service[110002]: INFO cinder.volume.api [None req-22b3e951-6064-422b-9164-a3ef63912333 tempest-GroupSnapshotsTest-1847113168 tempest-GroupSnapshotsTest-1847113168-project] Availability Zones retrieved successfully.
Nov 23 19:17:37.898948 dv-cinder-802955-4-smb devstack@c-api.service[110002]: DEBUG cinder.quota [None req-22b3e951-6064-422b-9164-a3ef63912333 tempest-GroupSnapshotsTest-1847113168 tempest-GroupSnapshotsTest-1847113168-project] Created reservations ['3a807035-9457-46ae-8ae3-6b431b211823'] {{(pid=110002) reserve /opt/stack/cinder/cinder/quota.py:755}}
Nov 23 19:17:38.162360 dv-cinder-802955-4-smb devstack@c-api.service[110002]: INFO cinder.api.openstack.wsgi [None req-22b3e951-6064-422b-9164-a3ef63912333 tempest-GroupSnapshotsTest-1847113168 tempest-GroupSnapshotsTest-1847113168-project] http://10.222.0.48/volume/v3/8a5b436eec1746cdb81d89f8ab2d3b9d/groups returned with HTTP 202
Nov 23 19:17:38.163272 dv-cinder-802955-4-smb devstack@c-api.service[110002]: [pid: 110002|app: 0|req: 83/147] 10.222.0.48 () {62 vars in 1273 bytes} [Tue Nov 23 19:17:37 2021] POST /volume/v3/8a5b436eec1746cdb81d89f8ab2d3b9d/groups => generated 112 bytes in 428 msecs (HTTP/1.1 202) 7 headers in 292 bytes (1 switches on core 0)
Nov 23 19:17:38.167027 dv-cinder-802955-4-smb devstack@c-api.service[110001]: INFO cinder.api.openstack.wsgi [None req-646d9fc9-f926-4c9b-b806-d968b609a608 tempest-VolumeQuotaClassesTest-251611264 tempest-VolumeQuotaClassesTest-251611264-project-admin] PUT http://10.222.0.48/volume/v3/452020575a1048219b9757e4aa2534fb/os-quota-class-sets/default
Nov 23 19:17:38.167027 dv-cinder-802955-4-smb devstack@c-api.service[110001]: DEBUG cinder.api.openstack.wsgi [None req-646d9fc9-f926-4c9b-b806-d968b609a608 tempest-VolumeQuotaClassesTest-251611264 tempest-VolumeQuotaClassesTest-251611264-project-admin] Action: 'update', calling method: update, body: {"quota_class_set": {"volumes": 10, "per_volume_gigabytes": -1, "snapshots": 10, "gigabytes": 1000, "backups": 10, "backup_gigabytes": 1000}} {{(pid=110001) _process_stack /opt/stack/cinder/cinder/api/openstack/wsgi.py:854}}
Nov 23 19:17:38.189616 dv-cinder-802955-4-smb devstack@c-api.service[110002]: INFO cinder.api.openstack.wsgi [None req-75b11a3b-2191-4fab-a732-f9d191787d31 tempest-GroupSnapshotsTest-1847113168 tempest-GroupSnapshotsTest-1847113168-project] GET http://10.222.0.48/volume/v3/8a5b436eec1746cdb81d89f8ab2d3b9d/groups/0332fc28-2cc7-44c5-b645-8cdb12059566
Nov 23 19:17:38.189616 dv-cinder-802955-4-smb devstack@c-api.service[110002]: DEBUG cinder.api.openstack.wsgi [None req-75b11a3b-2191-4fab-a732-f9d191787d31 tempest-GroupSnapshotsTest-1847113168 tempest-GroupSnapshotsTest-1847113168-project] Empty body provided in request {{(pid=110002) get_body /opt/stack/cinder/cinder/api/openstack/wsgi.py:703}}
Nov 23 19:17:38.189616 dv-cinder-802955-4-smb devstack@c-api.service[110002]: /usr/local/lib/python3.8/dist-packages/webob/acceptparse.py:1047: DeprecationWarning: The behavior of AcceptValidHeader.best_match is currently being maintained for backward compatibility, but it will be deprecated in the future, as it does not conform to the RFC.
Nov 23 19:17:38.189616 dv-cinder-802955-4-smb devstack@c-api.service[110002]: warnings.warn(
Nov 23 19:17:38.189943 dv-cinder-802955-4-smb devstack@c-api.service[110002]: DEBUG cinder.api.openstack.wsgi [None req-75b11a3b-2191-4fab-a732-f9d191787d31 tempest-GroupSnapshotsTest-1847113168 tempest-GroupSnapshotsTest-1847113168-project] Calling method 'version_select' {{(pid=110002) _process_stack /opt/stack/cinder/cinder/api/openstack/wsgi.py:856}}
Nov 23 19:17:38.190044 dv-cinder-802955-4-smb devstack@c-api.service[110002]: DEBUG cinder.api.v3.groups [None req-75b11a3b-2191-4fab-a732-f9d191787d31 tempest-GroupSnapshotsTest-1847113168 tempest-GroupSnapshotsTest-1847113168-project] show called for member 0332fc28-2cc7-44c5-b645-8cdb12059566 {{(pid=110002) show /opt/stack/cinder/cinder/api/v3/groups.py:58}}
Nov 23 19:17:38.213187 dv-cinder-802955-4-smb devstack@c-api.service[110002]: /usr/local/lib/python3.8/dist-packages/oslo_context/context.py:105: DeprecationWarning: Policy enforcement is depending on the value of is_admin. This key is deprecated. Please update your policy file to use the standard policy values.
Nov 23 19:17:38.213187 dv-cinder-802955-4-smb devstack@c-api.service[110002]: warnings.warn('Policy enforcement is depending on the value of '
Nov 23 19:17:38.251551 dv-cinder-802955-4-smb devstack@c-api.service[110002]: INFO cinder.api.openstack.wsgi [None req-75b11a3b-2191-4fab-a732-f9d191787d31 tempest-GroupSnapshotsTest-1847113168 tempest-GroupSnapshotsTest-1847113168-project] http://10.222.0.48/volume/v3/8a5b436eec1746cdb81d89f8ab2d3b9d/groups/0332fc28-2cc7-44c5-b645-8cdb12059566 returned with HTTP 200
Nov 23 19:17:38.252842 dv-cinder-802955-4-smb devstack@c-api.service[110002]: [pid: 110002|app: 0|req: 84/148] 10.222.0.48 () {60 vars in 1362 bytes} [Tue Nov 23 19:17:38 2021] GET /volume/v3/8a5b436eec1746cdb81d89f8ab2d3b9d/groups/0332fc28-2cc7-44c5-b645-8cdb12059566 => generated 392 bytes in 76 msecs (HTTP/1.1 200) 7 headers in 286 bytes (1 switches on core 0)
Nov 23 19:17:38.693285 dv-cinder-802955-4-smb devstack@c-api.service[110002]: INFO cinder.api.openstack.wsgi [None req-225705ee-1089-444b-8d16-842e36ad8635 tempest-VolumeManageAdminTest-851522352 tempest-VolumeManageAdminTest-851522352-project-admin] GET http://10.222.0.48/volume/v3/16c5f67e3c574e5889fc27d7a0ac3d3a/volumes/5126fb1b-2a0d-431e-9c05-6d509113015a
Nov 23 19:17:38.694527 dv-cinder-802955-4-smb devstack@c-api.service[110002]: DEBUG cinder.api.openstack.wsgi [None req-225705ee-1089-444b-8d16-842e36ad8635 tempest-VolumeManageAdminTest-851522352 tempest-VolumeManageAdminTest-851522352-project-admin] Empty body provided in request {{(pid=110002) get_body /opt/stack/cinder/cinder/api/openstack/wsgi.py:703}}
Nov 23 19:17:38.695226 dv-cinder-802955-4-smb devstack@c-api.service[110002]: /usr/local/lib/python3.8/dist-packages/webob/acceptparse.py:1047: DeprecationWarning: The behavior of AcceptValidHeader.best_match is currently being maintained for backward compatibility, but it will be deprecated in the future, as it does not conform to the RFC.
Nov 23 19:17:38.695226 dv-cinder-802955-4-smb devstack@c-api.service[110002]: warnings.warn(
Nov 23 19:17:38.695752 dv-cinder-802955-4-smb devstack@c-api.service[110002]: DEBUG cinder.api.openstack.wsgi [None req-225705ee-1089-444b-8d16-842e36ad8635 tempest-VolumeManageAdminTest-851522352 tempest-VolumeManageAdminTest-851522352-project-admin] Calling method 'show' {{(pid=110002) _process_stack /opt/stack/cinder/cinder/api/openstack/wsgi.py:856}}
Nov 23 19:17:38.725281 dv-cinder-802955-4-smb devstack@c-api.service[110002]: INFO cinder.api.openstack.wsgi [None req-225705ee-1089-444b-8d16-842e36ad8635 tempest-VolumeManageAdminTest-851522352 tempest-VolumeManageAdminTest-851522352-project-admin] http://10.222.0.48/volume/v3/16c5f67e3c574e5889fc27d7a0ac3d3a/volumes/5126fb1b-2a0d-431e-9c05-6d509113015a returned with HTTP 404
Nov 23 19:17:38.729775 dv-cinder-802955-4-smb devstack@c-api.service[110002]: [pid: 110002|app: 0|req: 85/149] 10.222.0.48 () {58 vars in 1324 bytes} [Tue Nov 23 19:17:38 2021] GET /volume/v3/16c5f67e3c574e5889fc27d7a0ac3d3a/volumes/5126fb1b-2a0d-431e-9c05-6d509113015a => generated 109 bytes in 42 msecs (HTTP/1.1 404) 7 headers in 292 bytes (2 switches on core 0)
Nov 23 19:17:38.739517 dv-cinder-802955-4-smb devstack@c-api.service[110002]: INFO cinder.api.openstack.wsgi [None req-b8252e11-d5f8-4d51-80de-0c0ca7991b7f tempest-VolumeManageAdminTest-851522352 tempest-VolumeManageAdminTest-851522352-project-admin] GET http://10.222.0.48/volume/v3/16c5f67e3c574e5889fc27d7a0ac3d3a/volumes/detail?all_tenants=1
Nov 23 19:17:38.740346 dv-cinder-802955-4-smb devstack@c-api.service[110002]: DEBUG cinder.api.openstack.wsgi [None req-b8252e11-d5f8-4d51-80de-0c0ca7991b7f tempest-VolumeManageAdminTest-851522352 tempest-VolumeManageAdminTest-851522352-project-admin] Empty body provided in request {{(pid=110002) get_body /opt/stack/cinder/cinder/api/openstack/wsgi.py:703}}
Nov 23 19:17:38.740935 dv-cinder-802955-4-smb devstack@c-api.service[110002]: DEBUG cinder.api.openstack.wsgi [None req-b8252e11-d5f8-4d51-80de-0c0ca7991b7f tempest-VolumeManageAdminTest-851522352 tempest-VolumeManageAdminTest-851522352-project-admin] Calling method 'detail' {{(pid=110002) _process_stack /opt/stack/cinder/cinder/api/openstack/wsgi.py:856}}
Nov 23 19:17:38.742701 dv-cinder-802955-4-smb devstack@c-api.service[110002]: /usr/local/lib/python3.8/dist-packages/oslo_context/context.py:105: DeprecationWarning: Policy enforcement is depending on the value of is_admin. This key is deprecated. Please update your policy file to use the standard policy values.
Nov 23 19:17:38.742701 dv-cinder-802955-4-smb devstack@c-api.service[110002]: warnings.warn('Policy enforcement is depending on the value of '
Nov 23 19:17:38.743748 dv-cinder-802955-4-smb devstack@c-api.service[110002]: DEBUG cinder.volume.api [None req-b8252e11-d5f8-4d51-80de-0c0ca7991b7f tempest-VolumeManageAdminTest-851522352 tempest-VolumeManageAdminTest-851522352-project-admin] Searching by: MultiDict([('all_tenants', 1)]). {{(pid=110002) get_all /opt/stack/cinder/cinder/volume/api.py:619}}
Nov 23 19:17:38.763653 dv-cinder-802955-4-smb devstack@c-api.service[110001]: INFO cinder.api.openstack.wsgi [None req-646d9fc9-f926-4c9b-b806-d968b609a608 tempest-VolumeQuotaClassesTest-251611264 tempest-VolumeQuotaClassesTest-251611264-project-admin] http://10.222.0.48/volume/v3/452020575a1048219b9757e4aa2534fb/os-quota-class-sets/default returned with HTTP 200
Nov 23 19:17:38.764712 dv-cinder-802955-4-smb devstack@c-api.service[110001]: [pid: 110001|app: 0|req: 65/150] 10.222.0.48 () {60 vars in 1294 bytes} [Tue Nov 23 19:17:38 2021] PUT /volume/v3/452020575a1048219b9757e4aa2534fb/os-quota-class-sets/default => generated 925 bytes in 608 msecs (HTTP/1.1 200) 7 headers in 285 bytes (1 switches on core 0)
Nov 23 19:17:38.778043 dv-cinder-802955-4-smb devstack@c-api.service[110001]: INFO cinder.api.openstack.wsgi [None req-010709c0-f75d-4369-a260-f43c220c6326 tempest-VolumeQuotaClassesTest-251611264 tempest-VolumeQuotaClassesTest-251611264-project-admin] DELETE http://10.222.0.48/volume/v3/452020575a1048219b9757e4aa2534fb/types/7a3950f8-2446-4e6c-bb37-496cb2106231
Nov 23 19:17:38.814508 dv-cinder-802955-4-smb devstack@c-api.service[110001]: DEBUG cinder.api.openstack.wsgi [None req-010709c0-f75d-4369-a260-f43c220c6326 tempest-VolumeQuotaClassesTest-251611264 tempest-VolumeQuotaClassesTest-251611264-project-admin] Empty body provided in request {{(pid=110001) get_body /opt/stack/cinder/cinder/api/openstack/wsgi.py:703}}
Nov 23 19:17:38.814508 dv-cinder-802955-4-smb devstack@c-api.service[110001]: DEBUG cinder.api.openstack.wsgi [None req-010709c0-f75d-4369-a260-f43c220c6326 tempest-VolumeQuotaClassesTest-251611264 tempest-VolumeQuotaClassesTest-251611264-project-admin] Calling method '_delete' {{(pid=110001) _process_stack /opt/stack/cinder/cinder/api/openstack/wsgi.py:856}}
Nov 23 19:17:38.815087 dv-cinder-802955-4-smb devstack@c-api.service[110002]: INFO cinder.volume.api [None req-b8252e11-d5f8-4d51-80de-0c0ca7991b7f tempest-VolumeManageAdminTest-851522352 tempest-VolumeManageAdminTest-851522352-project-admin] Get all volumes completed successfully.
Nov 23 19:17:38.815087 dv-cinder-802955-4-smb devstack@c-api.service[110002]: INFO cinder.api.openstack.wsgi [None req-b8252e11-d5f8-4d51-80de-0c0ca7991b7f tempest-VolumeManageAdminTest-851522352 tempest-VolumeManageAdminTest-851522352-project-admin] http://10.222.0.48/volume/v3/16c5f67e3c574e5889fc27d7a0ac3d3a/volumes/detail?all_tenants=1 returned with HTTP 200
Nov 23 19:17:38.833137 dv-cinder-802955-4-smb devstack@c-api.service[110002]: [pid: 110002|app: 0|req: 86/151] 10.222.0.48 () {58 vars in 1261 bytes} [Tue Nov 23 19:17:38 2021] GET /volume/v3/16c5f67e3c574e5889fc27d7a0ac3d3a/volumes/detail?all_tenants=1 => generated 15 bytes in 98 msecs (HTTP/1.1 200) 7 headers in 284 bytes (1 switches on core 0)
Nov 23 19:17:38.840422 dv-cinder-802955-4-smb devstack@c-api.service[110002]: INFO cinder.api.openstack.wsgi [None req-c111846a-b0ed-40a7-b99a-9f08fa6ad530 tempest-VolumeManageAdminTest-851522352 tempest-VolumeManageAdminTest-851522352-project-admin] POST http://10.222.0.48/volume/v3/16c5f67e3c574e5889fc27d7a0ac3d3a/os-volume-manage
Nov 23 19:17:38.841603 dv-cinder-802955-4-smb devstack@c-api.service[110002]: DEBUG cinder.api.openstack.wsgi [None req-c111846a-b0ed-40a7-b99a-9f08fa6ad530 tempest-VolumeManageAdminTest-851522352 tempest-VolumeManageAdminTest-851522352-project-admin] Action: 'create', calling method: create, body: {"volume": {"name": "tempest-VolumeManageAdminTest-volume-302577000", "host": "hv-cinder-80295@wincnd#smbshare", "ref": {"source-name": "//127.0.0.1/smbshare/volume-5126fb1b-2a0d-431e-9c05-6d509113015a.vhdx"}, "volume_type": "__DEFAULT__", "availability_zone": "nova"}} {{(pid=110002) _process_stack /opt/stack/cinder/cinder/api/openstack/wsgi.py:854}}
Nov 23 19:17:38.844200 dv-cinder-802955-4-smb devstack@c-api.service[110002]: DEBUG cinder.api.contrib.volume_manage [None req-c111846a-b0ed-40a7-b99a-9f08fa6ad530 tempest-VolumeManageAdminTest-851522352 tempest-VolumeManageAdminTest-851522352-project-admin] Manage volume request body: {'volume': {'name': 'tempest-VolumeManageAdminTest-volume-302577000', 'host': 'hv-cinder-80295@wincnd#smbshare', 'ref': {'source-name': '//127.0.0.1/smbshare/volume-5126fb1b-2a0d-431e-9c05-6d509113015a.vhdx'}, 'volume_type': '__DEFAULT__', 'availability_zone': 'nova'}} {{(pid=110002) create /opt/stack/cinder/cinder/api/contrib/volume_manage.py:113}}
Nov 23 19:17:38.886602 dv-cinder-802955-4-smb devstack@c-api.service[110002]: DEBUG cinder.volume.api [None req-c111846a-b0ed-40a7-b99a-9f08fa6ad530 tempest-VolumeManageAdminTest-851522352 tempest-VolumeManageAdminTest-851522352-project-admin] Flow 'volume_manage_existing_api' (d60af6ae-2f1f-4115-9c0f-5161382d8e31) transitioned into state 'RUNNING' from state 'PENDING' {{(pid=110002) _flow_receiver /usr/local/lib/python3.8/dist-packages/taskflow/listeners/logging.py:141}}
Nov 23 19:17:38.891297 dv-cinder-802955-4-smb devstack@c-api.service[110002]: DEBUG cinder.volume.api [None req-c111846a-b0ed-40a7-b99a-9f08fa6ad530 tempest-VolumeManageAdminTest-851522352 tempest-VolumeManageAdminTest-851522352-project-admin] Task 'cinder.volume.flows.api.create_volume.QuotaReserveTask;volume:create' (ff452230-afa3-4ccd-bf37-b5b69e420576) transitioned into state 'RUNNING' from state 'PENDING' {{(pid=110002) _task_receiver /usr/local/lib/python3.8/dist-packages/taskflow/listeners/logging.py:190}}
Nov 23 19:17:38.910749 dv-cinder-802955-4-smb devstack@c-api.service[110001]: INFO cinder.api.openstack.wsgi [None req-010709c0-f75d-4369-a260-f43c220c6326 tempest-VolumeQuotaClassesTest-251611264 tempest-VolumeQuotaClassesTest-251611264-project-admin] http://10.222.0.48/volume/v3/452020575a1048219b9757e4aa2534fb/types/7a3950f8-2446-4e6c-bb37-496cb2106231 returned with HTTP 202
Nov 23 19:17:38.915502 dv-cinder-802955-4-smb devstack@c-api.service[110001]: [pid: 110001|app: 0|req: 66/152] 10.222.0.48 () {58 vars in 1321 bytes} [Tue Nov 23 19:17:38 2021] DELETE /volume/v3/452020575a1048219b9757e4aa2534fb/types/7a3950f8-2446-4e6c-bb37-496cb2106231 => generated 0 bytes in 139 msecs (HTTP/1.1 202) 6 headers in 233 bytes (1 switches on core 0)
Nov 23 19:17:38.925270 dv-cinder-802955-4-smb devstack@c-api.service[110001]: INFO cinder.api.openstack.wsgi [None req-25512998-d4cc-4766-90f2-954b634292ac tempest-VolumeQuotaClassesTest-251611264 tempest-VolumeQuotaClassesTest-251611264-project-admin] GET http://10.222.0.48/volume/v3/452020575a1048219b9757e4aa2534fb/types/7a3950f8-2446-4e6c-bb37-496cb2106231
Nov 23 19:17:38.935278 dv-cinder-802955-4-smb devstack@c-api.service[110001]: DEBUG cinder.api.openstack.wsgi [None req-25512998-d4cc-4766-90f2-954b634292ac tempest-VolumeQuotaClassesTest-251611264 tempest-VolumeQuotaClassesTest-251611264-project-admin] Empty body provided in request {{(pid=110001) get_body /opt/stack/cinder/cinder/api/openstack/wsgi.py:703}}
Nov 23 19:17:38.935733 dv-cinder-802955-4-smb devstack@c-api.service[110001]: DEBUG cinder.api.openstack.wsgi [None req-25512998-d4cc-4766-90f2-954b634292ac tempest-VolumeQuotaClassesTest-251611264 tempest-VolumeQuotaClassesTest-251611264-project-admin] Calling method 'show' {{(pid=110001) _process_stack /opt/stack/cinder/cinder/api/openstack/wsgi.py:856}}
Nov 23 19:17:38.943761 dv-cinder-802955-4-smb devstack@c-api.service[110001]: INFO cinder.api.openstack.wsgi [None req-25512998-d4cc-4766-90f2-954b634292ac tempest-VolumeQuotaClassesTest-251611264 tempest-VolumeQuotaClassesTest-251611264-project-admin] http://10.222.0.48/volume/v3/452020575a1048219b9757e4aa2534fb/types/7a3950f8-2446-4e6c-bb37-496cb2106231 returned with HTTP 404
Nov 23 19:17:38.950225 dv-cinder-802955-4-smb devstack@c-api.service[110001]: [pid: 110001|app: 0|req: 67/153] 10.222.0.48 () {58 vars in 1318 bytes} [Tue Nov 23 19:17:38 2021] GET /volume/v3/452020575a1048219b9757e4aa2534fb/types/7a3950f8-2446-4e6c-bb37-496cb2106231 => generated 114 bytes in 31 msecs (HTTP/1.1 404) 7 headers in 292 bytes (2 switches on core 0)
Nov 23 19:17:39.201412 dv-cinder-802955-4-smb devstack@c-api.service[110002]: DEBUG cinder.quota [None req-c111846a-b0ed-40a7-b99a-9f08fa6ad530 tempest-VolumeManageAdminTest-851522352 tempest-VolumeManageAdminTest-851522352-project-admin] Created reservations ['2e45bfde-828c-43ef-b19f-5e3ee928510a', '85019777-7d46-4daa-bbfe-94c5f048f752', '82ccfc6a-f05e-410c-94b3-3e1d64fc3563', 'e7e8349e-227a-4311-bf30-a84a2d0e4a61'] {{(pid=110002) reserve /opt/stack/cinder/cinder/quota.py:755}}
Nov 23 19:17:39.204027 dv-cinder-802955-4-smb devstack@c-api.service[110002]: DEBUG cinder.volume.api [None req-c111846a-b0ed-40a7-b99a-9f08fa6ad530 tempest-VolumeManageAdminTest-851522352 tempest-VolumeManageAdminTest-851522352-project-admin] Task 'cinder.volume.flows.api.create_volume.QuotaReserveTask;volume:create' (ff452230-afa3-4ccd-bf37-b5b69e420576) transitioned into state 'SUCCESS' from state 'RUNNING' with result '{'reservations': ['2e45bfde-828c-43ef-b19f-5e3ee928510a', '85019777-7d46-4daa-bbfe-94c5f048f752', '82ccfc6a-f05e-410c-94b3-3e1d64fc3563', 'e7e8349e-227a-4311-bf30-a84a2d0e4a61']}' {{(pid=110002) _task_receiver /usr/local/lib/python3.8/dist-packages/taskflow/listeners/logging.py:178}}
Nov 23 19:17:39.206481 dv-cinder-802955-4-smb devstack@c-api.service[110002]: DEBUG cinder.volume.api [None req-c111846a-b0ed-40a7-b99a-9f08fa6ad530 tempest-VolumeManageAdminTest-851522352 tempest-VolumeManageAdminTest-851522352-project-admin] Task 'cinder.volume.flows.api.manage_existing.EntryCreateTask;volume:manage_existing' (076ced8d-fc3f-429f-a6c1-cf58f3a3f7bc) transitioned into state 'RUNNING' from state 'PENDING' {{(pid=110002) _task_receiver /usr/local/lib/python3.8/dist-packages/taskflow/listeners/logging.py:190}}
Nov 23 19:17:39.266589 dv-cinder-802955-4-smb devstack@c-api.service[110001]: INFO cinder.api.openstack.wsgi [None req-2bb68a5b-4f6a-4f60-bd90-c9fee83d4abc tempest-GroupSnapshotsTest-1847113168 tempest-GroupSnapshotsTest-1847113168-project] GET http://10.222.0.48/volume/v3/8a5b436eec1746cdb81d89f8ab2d3b9d/groups/0332fc28-2cc7-44c5-b645-8cdb12059566
Nov 23 19:17:39.267102 dv-cinder-802955-4-smb devstack@c-api.service[110001]: DEBUG cinder.api.openstack.wsgi [None req-2bb68a5b-4f6a-4f60-bd90-c9fee83d4abc tempest-GroupSnapshotsTest-1847113168 tempest-GroupSnapshotsTest-1847113168-project] Empty body provided in request {{(pid=110001) get_body /opt/stack/cinder/cinder/api/openstack/wsgi.py:703}}
Nov 23 19:17:39.267843 dv-cinder-802955-4-smb devstack@c-api.service[110001]: DEBUG cinder.api.openstack.wsgi [None req-2bb68a5b-4f6a-4f60-bd90-c9fee83d4abc tempest-GroupSnapshotsTest-1847113168 tempest-GroupSnapshotsTest-1847113168-project] Calling method 'version_select' {{(pid=110001) _process_stack /opt/stack/cinder/cinder/api/openstack/wsgi.py:856}}
Nov 23 19:17:39.268209 dv-cinder-802955-4-smb devstack@c-api.service[110001]: DEBUG cinder.api.v3.groups [None req-2bb68a5b-4f6a-4f60-bd90-c9fee83d4abc tempest-GroupSnapshotsTest-1847113168 tempest-GroupSnapshotsTest-1847113168-project] show called for member 0332fc28-2cc7-44c5-b645-8cdb12059566 {{(pid=110001) show /opt/stack/cinder/cinder/api/v3/groups.py:58}}
Nov 23 19:17:39.281293 dv-cinder-802955-4-smb devstack@c-api.service[110001]: /usr/local/lib/python3.8/dist-packages/oslo_context/context.py:105: DeprecationWarning: Policy enforcement is depending on the value of is_admin. This key is deprecated. Please update your policy file to use the standard policy values.
Nov 23 19:17:39.281293 dv-cinder-802955-4-smb devstack@c-api.service[110001]: warnings.warn('Policy enforcement is depending on the value of '
Nov 23 19:17:39.304379 dv-cinder-802955-4-smb devstack@c-api.service[110002]: DEBUG cinder.volume.api [None req-c111846a-b0ed-40a7-b99a-9f08fa6ad530 tempest-VolumeManageAdminTest-851522352 tempest-VolumeManageAdminTest-851522352-project-admin] Task 'cinder.volume.flows.api.manage_existing.EntryCreateTask;volume:manage_existing' (076ced8d-fc3f-429f-a6c1-cf58f3a3f7bc) transitioned into state 'SUCCESS' from state 'RUNNING' with result '{'volume_properties': {'size': 0, 'user_id': '359c04541022444ba1a69d9a9b4e959b', 'project_id': '16c5f67e3c574e5889fc27d7a0ac3d3a', 'status': 'managing', 'attach_status': 'detached', 'display_description': None, 'display_name': 'tempest-VolumeManageAdminTest-volume-302577000', 'host': 'hv-cinder-80295@wincnd#smbshare', 'cluster_name': None, 'availability_zone': 'nova', 'volume_type_id': 'cc421e6e-19d2-401e-a540-ad93ebafe63c', 'metadata': {}, 'bootable': False, 'multiattach': False}, 'volume': Volume(_name_id=None,admin_metadata={},attach_status='detached',availability_zone='nova',bootable=False,cluster=,cluster_name=None,consistencygroup=,consistencygroup_id=None,created_at=2021-11-23T19:17:39Z,deleted=False,deleted_at=None,display_description=None,display_name='tempest-VolumeManageAdminTest-volume-302577000',ec2_id=None,encryption_key_id=None,glance_metadata=,group=,group_id=None,host='hv-cinder-80295@wincnd#smbshare',id=9355f064-330b-4834-b6d9-b11afda87e86,launched_at=None,metadata={},migration_status=None,multiattach=False,previous_status=None,project_id='16c5f67e3c574e5889fc27d7a0ac3d3a',provider_auth=None,provider_geometry=None,provider_id=None,provider_location=None,replication_driver_data=None,replication_extended_status=None,replication_status=None,scheduled_at=None,service_uuid=None,shared_targets=True,size=0,snapshot_id=None,snapshots=,source_volid=None,status='managing',terminated_at=None,updated_at=None,use_quota=True,user_id='359c04541022444ba1a69d9a9b4e959b',volume_attachment=VolumeAttachmentList,volume_type=VolumeType(cc421e6e-19d2-401e-a540-ad93ebafe63c),volume_type_id=cc421e6e-19d2-401e-a540-ad93ebafe63c)}' {{(pid=110002) _task_receiver /usr/local/lib/python3.8/dist-packages/taskflow/listeners/logging.py:178}}
Nov 23 19:17:39.306828 dv-cinder-802955-4-smb devstack@c-api.service[110002]: DEBUG cinder.volume.api [None req-c111846a-b0ed-40a7-b99a-9f08fa6ad530 tempest-VolumeManageAdminTest-851522352 tempest-VolumeManageAdminTest-851522352-project-admin] Task 'cinder.volume.flows.api.create_volume.QuotaCommitTask;volume:create' (d8bae466-6adf-4555-8c0b-fb775d360f97) transitioned into state 'RUNNING' from state 'PENDING' {{(pid=110002) _task_receiver /usr/local/lib/python3.8/dist-packages/taskflow/listeners/logging.py:190}}
Nov 23 19:17:39.350995 dv-cinder-802955-4-smb devstack@c-api.service[110001]: INFO cinder.api.openstack.wsgi [None req-2bb68a5b-4f6a-4f60-bd90-c9fee83d4abc tempest-GroupSnapshotsTest-1847113168 tempest-GroupSnapshotsTest-1847113168-project] http://10.222.0.48/volume/v3/8a5b436eec1746cdb81d89f8ab2d3b9d/groups/0332fc28-2cc7-44c5-b645-8cdb12059566 returned with HTTP 200
Nov 23 19:17:39.360187 dv-cinder-802955-4-smb devstack@c-api.service[110001]: [pid: 110001|app: 0|req: 68/154] 10.222.0.48 () {60 vars in 1362 bytes} [Tue Nov 23 19:17:39 2021] GET /volume/v3/8a5b436eec1746cdb81d89f8ab2d3b9d/groups/0332fc28-2cc7-44c5-b645-8cdb12059566 => generated 393 bytes in 101 msecs (HTTP/1.1 200) 7 headers in 286 bytes (2 switches on core 0)
Nov 23 19:17:39.365422 dv-cinder-802955-4-smb devstack@c-api.service[110001]: INFO cinder.api.openstack.wsgi [None req-fdfca465-7171-4ca4-9b37-ab8054260997 tempest-GroupSnapshotsTest-1847113168 tempest-GroupSnapshotsTest-1847113168-project] POST http://10.222.0.48/volume/v3/8a5b436eec1746cdb81d89f8ab2d3b9d/volumes
Nov 23 19:17:39.366338 dv-cinder-802955-4-smb devstack@c-api.service[110001]: /usr/local/lib/python3.8/dist-packages/webob/acceptparse.py:1047: DeprecationWarning: The behavior of AcceptValidHeader.best_match is currently being maintained for backward compatibility, but it will be deprecated in the future, as it does not conform to the RFC.
Nov 23 19:17:39.366338 dv-cinder-802955-4-smb devstack@c-api.service[110001]: warnings.warn(
