Nov 23 19:07:10.680039 dv-cinder-802955-4-iscsi devstack@n-api.service[116258]: DEBUG oslo_concurrency.lockutils [None req-6bc7c412-5adf-432e-a9de-6a13537ca44d tempest-DeleteServersTestJSON-1954528450 tempest-DeleteServersTestJSON-1954528450-project] Lock "812fd8d8-aa68-4b59-b01a-3dd674b7c00e" acquired by "nova.context.set_target_cell..get_or_set_cached_cell_and_set_connections" :: waited 0.000s {{(pid=116258) inner /usr/local/lib/python3.8/dist-packages/oslo_concurrency/lockutils.py:386}}
Nov 23 19:07:10.680572 dv-cinder-802955-4-iscsi devstack@n-api.service[116258]: DEBUG oslo_concurrency.lockutils [None req-6bc7c412-5adf-432e-a9de-6a13537ca44d tempest-DeleteServersTestJSON-1954528450 tempest-DeleteServersTestJSON-1954528450-project] Lock "812fd8d8-aa68-4b59-b01a-3dd674b7c00e" "released" by "nova.context.set_target_cell..get_or_set_cached_cell_and_set_connections" :: held 0.001s {{(pid=116258) inner /usr/local/lib/python3.8/dist-packages/oslo_concurrency/lockutils.py:400}}
Nov 23 19:07:10.681464 dv-cinder-802955-4-iscsi devstack@n-api.service[116258]: DEBUG oslo_concurrency.lockutils [None req-6bc7c412-5adf-432e-a9de-6a13537ca44d tempest-DeleteServersTestJSON-1954528450 tempest-DeleteServersTestJSON-1954528450-project] Lock "812fd8d8-aa68-4b59-b01a-3dd674b7c00e" acquired by "nova.context.set_target_cell..get_or_set_cached_cell_and_set_connections" :: waited 0.000s {{(pid=116258) inner /usr/local/lib/python3.8/dist-packages/oslo_concurrency/lockutils.py:386}}
Nov 23 19:07:10.681995 dv-cinder-802955-4-iscsi devstack@n-api.service[116258]: DEBUG oslo_concurrency.lockutils [None req-6bc7c412-5adf-432e-a9de-6a13537ca44d tempest-DeleteServersTestJSON-1954528450 tempest-DeleteServersTestJSON-1954528450-project] Lock "812fd8d8-aa68-4b59-b01a-3dd674b7c00e" "released" by "nova.context.set_target_cell..get_or_set_cached_cell_and_set_connections" :: held 0.000s {{(pid=116258) inner /usr/local/lib/python3.8/dist-packages/oslo_concurrency/lockutils.py:400}}
Nov 23 19:07:10.766044 dv-cinder-802955-4-iscsi devstack@n-api.service[116258]: DEBUG nova.policy [None req-6bc7c412-5adf-432e-a9de-6a13537ca44d tempest-DeleteServersTestJSON-1954528450 tempest-DeleteServersTestJSON-1954528450-project] Policy check for os_compute_api:os-extended-server-attributes failed with credentials {'is_admin': False, 'user_id': '1e42b77ecb824bc89cd5da889127a579', 'user_domain_id': 'default', 'system_scope': None, 'domain_id': None, 'project_id': 'f51adffaf7f64671a5baee95d7ec5b31', 'project_domain_id': 'default', 'roles': ['reader', 'member'], 'is_admin_project': True, 'service_user_id': None, 'service_user_domain_id': None, 'service_project_id': None, 'service_project_domain_id': None, 'service_roles': []} {{(pid=116258) authorize /opt/stack/nova/nova/policy.py:199}}
Nov 23 19:07:10.774092 dv-cinder-802955-4-iscsi devstack@n-api.service[116258]: INFO nova.api.openstack.requestlog [None req-6bc7c412-5adf-432e-a9de-6a13537ca44d tempest-DeleteServersTestJSON-1954528450 tempest-DeleteServersTestJSON-1954528450-project] 10.222.0.21 "GET /compute/v2.1/servers/d4ac2f7a-776a-430a-bce7-443336da2dbb" status: 200 len: 1219 microversion: 2.1 time: 0.110874
Nov 23 19:07:10.775188 dv-cinder-802955-4-iscsi devstack@n-api.service[116258]: [pid: 116258|app: 0|req: 14/27] 10.222.0.21 () {58 vars in 1235 bytes} [Tue Nov 23 19:07:10 2021] GET /compute/v2.1/servers/d4ac2f7a-776a-430a-bce7-443336da2dbb => generated 1219 bytes in 113 msecs (HTTP/1.1 200) 9 headers in 358 bytes (1 switches on core 0)
Nov 23 19:07:10.817093 dv-cinder-802955-4-iscsi devstack@n-api.service[116258]: DEBUG nova.api.openstack.wsgi [None req-e1628a74-b778-4c50-a927-35aadf0be90e tempest-VolumesGetTestJSON-407368155 tempest-VolumesGetTestJSON-407368155-project] Calling method '.version_select at 0x7fd0b44fb790>' {{(pid=116258) _process_stack /opt/stack/nova/nova/api/openstack/wsgi.py:513}}
Nov 23 19:07:10.868981 dv-cinder-802955-4-iscsi devstack@n-api.service[116258]: INFO nova.api.openstack.requestlog [None req-e1628a74-b778-4c50-a927-35aadf0be90e tempest-VolumesGetTestJSON-407368155 tempest-VolumesGetTestJSON-407368155-project] 10.222.0.21 "GET /compute/v2.1/os-volumes/d13786a8-859f-43fb-8afb-9a5640965a7c" status: 200 len: 352 microversion: 2.1 time: 0.056280
Nov 23 19:07:10.869581 dv-cinder-802955-4-iscsi devstack@n-api.service[116258]: [pid: 116258|app: 0|req: 15/28] 10.222.0.21 () {58 vars in 1244 bytes} [Tue Nov 23 19:07:10 2021] GET /compute/v2.1/os-volumes/d13786a8-859f-43fb-8afb-9a5640965a7c => generated 352 bytes in 58 msecs (HTTP/1.1 200) 9 headers in 357 bytes (1 switches on core 0)
Nov 23 19:07:10.886870 dv-cinder-802955-4-iscsi devstack@n-api.service[116258]: DEBUG nova.api.openstack.wsgi [None req-1ec16bb6-a43f-43ac-9ae6-90e217f2ddaf tempest-AttachVolumeNegativeTest-676538789 tempest-AttachVolumeNegativeTest-676538789-project] Calling method '>' {{(pid=116258) _process_stack /opt/stack/nova/nova/api/openstack/wsgi.py:513}}
Nov 23 19:07:10.887474 dv-cinder-802955-4-iscsi devstack@n-api.service[116258]: DEBUG nova.compute.api [None req-1ec16bb6-a43f-43ac-9ae6-90e217f2ddaf tempest-AttachVolumeNegativeTest-676538789 tempest-AttachVolumeNegativeTest-676538789-project] [instance: 77b2afd8-8780-40c1-a534-8241cfdf2e2e] Fetching instance by UUID {{(pid=116258) get /opt/stack/nova/nova/compute/api.py:2865}}
Nov 23 19:07:10.895032 dv-cinder-802955-4-iscsi devstack@n-api.service[116258]: DEBUG oslo_concurrency.lockutils [None req-1ec16bb6-a43f-43ac-9ae6-90e217f2ddaf tempest-AttachVolumeNegativeTest-676538789 tempest-AttachVolumeNegativeTest-676538789-project] Lock "812fd8d8-aa68-4b59-b01a-3dd674b7c00e" acquired by "nova.context.set_target_cell..get_or_set_cached_cell_and_set_connections" :: waited 0.000s {{(pid=116258) inner /usr/local/lib/python3.8/dist-packages/oslo_concurrency/lockutils.py:386}}
Nov 23 19:07:10.895032 dv-cinder-802955-4-iscsi devstack@n-api.service[116258]: DEBUG oslo_concurrency.lockutils [None req-1ec16bb6-a43f-43ac-9ae6-90e217f2ddaf tempest-AttachVolumeNegativeTest-676538789 tempest-AttachVolumeNegativeTest-676538789-project] Lock "812fd8d8-aa68-4b59-b01a-3dd674b7c00e" "released" by "nova.context.set_target_cell..get_or_set_cached_cell_and_set_connections" :: held 0.001s {{(pid=116258) inner /usr/local/lib/python3.8/dist-packages/oslo_concurrency/lockutils.py:400}}
Nov 23 19:07:10.895362 dv-cinder-802955-4-iscsi devstack@n-api.service[116258]: DEBUG oslo_concurrency.lockutils [None req-1ec16bb6-a43f-43ac-9ae6-90e217f2ddaf tempest-AttachVolumeNegativeTest-676538789 tempest-AttachVolumeNegativeTest-676538789-project] Lock "812fd8d8-aa68-4b59-b01a-3dd674b7c00e" acquired by "nova.context.set_target_cell..get_or_set_cached_cell_and_set_connections" :: waited 0.000s {{(pid=116258) inner /usr/local/lib/python3.8/dist-packages/oslo_concurrency/lockutils.py:386}}
Nov 23 19:07:10.895791 dv-cinder-802955-4-iscsi devstack@n-api.service[116258]: DEBUG oslo_concurrency.lockutils [None req-1ec16bb6-a43f-43ac-9ae6-90e217f2ddaf tempest-AttachVolumeNegativeTest-676538789 tempest-AttachVolumeNegativeTest-676538789-project] Lock "812fd8d8-aa68-4b59-b01a-3dd674b7c00e" "released" by "nova.context.set_target_cell..get_or_set_cached_cell_and_set_connections" :: held 0.000s {{(pid=116258) inner /usr/local/lib/python3.8/dist-packages/oslo_concurrency/lockutils.py:400}}
Nov 23 19:07:10.956705 dv-cinder-802955-4-iscsi devstack@n-api.service[116258]: DEBUG nova.policy [None req-1ec16bb6-a43f-43ac-9ae6-90e217f2ddaf tempest-AttachVolumeNegativeTest-676538789 tempest-AttachVolumeNegativeTest-676538789-project] Policy check for os_compute_api:os-extended-server-attributes failed with credentials {'is_admin': False, 'user_id': '8ad9d998c0d94b7992bad5bac1ffb956', 'user_domain_id': 'default', 'system_scope': None, 'domain_id': None, 'project_id': '86742be4785e4c30a3519f05cab89708', 'project_domain_id': 'default', 'roles': ['reader', 'member'], 'is_admin_project': True, 'service_user_id': None, 'service_user_domain_id': None, 'service_project_id': None, 'service_project_domain_id': None, 'service_roles': []} {{(pid=116258) authorize /opt/stack/nova/nova/policy.py:199}}
Nov 23 19:07:10.964848 dv-cinder-802955-4-iscsi devstack@n-api.service[116258]: INFO nova.api.openstack.requestlog [None req-1ec16bb6-a43f-43ac-9ae6-90e217f2ddaf tempest-AttachVolumeNegativeTest-676538789 tempest-AttachVolumeNegativeTest-676538789-project] 10.222.0.21 "GET /compute/v2.1/servers/77b2afd8-8780-40c1-a534-8241cfdf2e2e" status: 200 len: 1221 microversion: 2.1 time: 0.081961
Nov 23 19:07:10.965452 dv-cinder-802955-4-iscsi devstack@n-api.service[116258]: [pid: 116258|app: 0|req: 16/29] 10.222.0.21 () {58 vars in 1235 bytes} [Tue Nov 23 19:07:10 2021] GET /compute/v2.1/servers/77b2afd8-8780-40c1-a534-8241cfdf2e2e => generated 1221 bytes in 83 msecs (HTTP/1.1 200) 9 headers in 358 bytes (2 switches on core 0)
Nov 23 19:07:11.018779 dv-cinder-802955-4-iscsi devstack@n-api.service[116259]: DEBUG nova.api.openstack.wsgi [None req-43721933-d348-4c3e-9610-616d23a212e1 tempest-AttachVolumeTestJSON-476379217 tempest-AttachVolumeTestJSON-476379217-project] Action: 'create', calling method: .version_select at 0x7fd0b44f59d0>, body: {"keypair": {"name": "tempest-keypair-1267946397"}} {{(pid=116259) _process_stack /opt/stack/nova/nova/api/openstack/wsgi.py:511}}
Nov 23 19:07:11.040532 dv-cinder-802955-4-iscsi devstack@n-api.service[116259]: DEBUG nova.quota [None req-43721933-d348-4c3e-9610-616d23a212e1 tempest-AttachVolumeTestJSON-476379217 tempest-AttachVolumeTestJSON-476379217-project] Getting quotas for project 015d610c568a4b3192fdd24bfc88c4f2. Resources: {'key_pairs'} {{(pid=116259) _get_quotas /opt/stack/nova/nova/quota.py:387}}
Nov 23 19:07:11.044282 dv-cinder-802955-4-iscsi devstack@n-api.service[116259]: DEBUG nova.quota [None req-43721933-d348-4c3e-9610-616d23a212e1 tempest-AttachVolumeTestJSON-476379217 tempest-AttachVolumeTestJSON-476379217-project] Getting quotas for user 8704fab404dc456c87afe5150a668153 and project 015d610c568a4b3192fdd24bfc88c4f2. Resources: {'key_pairs'} {{(pid=116259) _get_quotas /opt/stack/nova/nova/quota.py:377}}
Nov 23 19:07:11.160119 dv-cinder-802955-4-iscsi devstack@n-api.service[116259]: DEBUG nova.quota [None req-43721933-d348-4c3e-9610-616d23a212e1 tempest-AttachVolumeTestJSON-476379217 tempest-AttachVolumeTestJSON-476379217-project] Getting quotas for project 015d610c568a4b3192fdd24bfc88c4f2. Resources: {'key_pairs'} {{(pid=116259) _get_quotas /opt/stack/nova/nova/quota.py:387}}
Nov 23 19:07:11.165062 dv-cinder-802955-4-iscsi devstack@n-api.service[116259]: DEBUG nova.quota [None req-43721933-d348-4c3e-9610-616d23a212e1 tempest-AttachVolumeTestJSON-476379217 tempest-AttachVolumeTestJSON-476379217-project] Getting quotas for user 8704fab404dc456c87afe5150a668153 and project 015d610c568a4b3192fdd24bfc88c4f2. Resources: {'key_pairs'} {{(pid=116259) _get_quotas /opt/stack/nova/nova/quota.py:377}}
Nov 23 19:07:11.179817 dv-cinder-802955-4-iscsi devstack@n-api.service[116259]: INFO nova.api.openstack.requestlog [None req-43721933-d348-4c3e-9610-616d23a212e1 tempest-AttachVolumeTestJSON-476379217 tempest-AttachVolumeTestJSON-476379217-project] 10.222.0.21 "POST /compute/v2.1/os-keypairs" status: 200 len: 2305 microversion: 2.1 time: 0.418960
Nov 23 19:07:11.180711 dv-cinder-802955-4-iscsi devstack@n-api.service[116259]: [pid: 116259|app: 0|req: 14/30] 10.222.0.21 () {60 vars in 1157 bytes} [Tue Nov 23 19:07:10 2021] POST /compute/v2.1/os-keypairs => generated 2305 bytes in 420 msecs (HTTP/1.1 200) 9 headers in 358 bytes (1 switches on core 0)
Nov 23 19:07:11.660686 dv-cinder-802955-4-iscsi devstack@n-api.service[116258]: DEBUG nova.api.openstack.wsgi [None req-c4614524-48da-4e5f-abe0-a4a411d03ec8 tempest-VolumesSnapshotsTestJSON-619722621 tempest-VolumesSnapshotsTestJSON-619722621-project] Calling method '.version_select at 0x7fd0b451bf70>' {{(pid=116258) _process_stack /opt/stack/nova/nova/api/openstack/wsgi.py:513}}
Nov 23 19:07:11.703713 dv-cinder-802955-4-iscsi devstack@n-api.service[116258]: INFO nova.api.openstack.requestlog [None req-c4614524-48da-4e5f-abe0-a4a411d03ec8 tempest-VolumesSnapshotsTestJSON-619722621 tempest-VolumesSnapshotsTestJSON-619722621-project] 10.222.0.21 "GET /compute/v2.1/os-snapshots/e2165415-0daa-4241-b128-75505cc85a9e" status: 200 len: 287 microversion: 2.1 time: 0.047606
Nov 23 19:07:11.705132 dv-cinder-802955-4-iscsi devstack@n-api.service[116258]: [pid: 116258|app: 0|req: 17/31] 10.222.0.21 () {58 vars in 1250 bytes} [Tue Nov 23 19:07:11 2021] GET /compute/v2.1/os-snapshots/e2165415-0daa-4241-b128-75505cc85a9e => generated 287 bytes in 50 msecs (HTTP/1.1 200) 9 headers in 357 bytes (1 switches on core 0)
Nov 23 19:07:11.797879 dv-cinder-802955-4-iscsi devstack@n-api.service[116259]: DEBUG nova.api.openstack.wsgi [None req-2a8b3b8d-fe05-452e-8cec-48aba28992bb tempest-DeleteServersTestJSON-1954528450 tempest-DeleteServersTestJSON-1954528450-project] Calling method '>' {{(pid=116259) _process_stack /opt/stack/nova/nova/api/openstack/wsgi.py:513}}
Nov 23 19:07:11.798982 dv-cinder-802955-4-iscsi devstack@n-api.service[116259]: DEBUG nova.compute.api [None req-2a8b3b8d-fe05-452e-8cec-48aba28992bb tempest-DeleteServersTestJSON-1954528450 tempest-DeleteServersTestJSON-1954528450-project] [instance: d4ac2f7a-776a-430a-bce7-443336da2dbb] Fetching instance by UUID {{(pid=116259) get /opt/stack/nova/nova/compute/api.py:2865}}
Nov 23 19:07:11.807525 dv-cinder-802955-4-iscsi devstack@n-api.service[116259]: DEBUG oslo_concurrency.lockutils [None req-2a8b3b8d-fe05-452e-8cec-48aba28992bb tempest-DeleteServersTestJSON-1954528450 tempest-DeleteServersTestJSON-1954528450-project] Lock "812fd8d8-aa68-4b59-b01a-3dd674b7c00e" acquired by "nova.context.set_target_cell..get_or_set_cached_cell_and_set_connections" :: waited 0.000s {{(pid=116259) inner /usr/local/lib/python3.8/dist-packages/oslo_concurrency/lockutils.py:386}}
Nov 23 19:07:11.808359 dv-cinder-802955-4-iscsi devstack@n-api.service[116259]: DEBUG oslo_concurrency.lockutils [None req-2a8b3b8d-fe05-452e-8cec-48aba28992bb tempest-DeleteServersTestJSON-1954528450 tempest-DeleteServersTestJSON-1954528450-project] Lock "812fd8d8-aa68-4b59-b01a-3dd674b7c00e" "released" by "nova.context.set_target_cell..get_or_set_cached_cell_and_set_connections" :: held 0.001s {{(pid=116259) inner /usr/local/lib/python3.8/dist-packages/oslo_concurrency/lockutils.py:400}}
Nov 23 19:07:11.809365 dv-cinder-802955-4-iscsi devstack@n-api.service[116259]: DEBUG oslo_concurrency.lockutils [None req-2a8b3b8d-fe05-452e-8cec-48aba28992bb tempest-DeleteServersTestJSON-1954528450 tempest-DeleteServersTestJSON-1954528450-project] Lock "812fd8d8-aa68-4b59-b01a-3dd674b7c00e" acquired by "nova.context.set_target_cell..get_or_set_cached_cell_and_set_connections" :: waited 0.000s {{(pid=116259) inner /usr/local/lib/python3.8/dist-packages/oslo_concurrency/lockutils.py:386}}
Nov 23 19:07:11.809986 dv-cinder-802955-4-iscsi devstack@n-api.service[116259]: DEBUG oslo_concurrency.lockutils [None req-2a8b3b8d-fe05-452e-8cec-48aba28992bb tempest-DeleteServersTestJSON-1954528450 tempest-DeleteServersTestJSON-1954528450-project] Lock "812fd8d8-aa68-4b59-b01a-3dd674b7c00e" "released" by "nova.context.set_target_cell..get_or_set_cached_cell_and_set_connections" :: held 0.001s {{(pid=116259) inner /usr/local/lib/python3.8/dist-packages/oslo_concurrency/lockutils.py:400}}
Nov 23 19:07:11.872219 dv-cinder-802955-4-iscsi devstack@n-api.service[116259]: DEBUG nova.policy [None req-2a8b3b8d-fe05-452e-8cec-48aba28992bb tempest-DeleteServersTestJSON-1954528450 tempest-DeleteServersTestJSON-1954528450-project] Policy check for os_compute_api:os-extended-server-attributes failed with credentials {'is_admin': False, 'user_id': '1e42b77ecb824bc89cd5da889127a579', 'user_domain_id': 'default', 'system_scope': None, 'domain_id': None, 'project_id': 'f51adffaf7f64671a5baee95d7ec5b31', 'project_domain_id': 'default', 'roles': ['reader', 'member'], 'is_admin_project': True, 'service_user_id': None, 'service_user_domain_id': None, 'service_project_id': None, 'service_project_domain_id': None, 'service_roles': []} {{(pid=116259) authorize /opt/stack/nova/nova/policy.py:199}}
Nov 23 19:07:11.880970 dv-cinder-802955-4-iscsi devstack@n-api.service[116258]: DEBUG nova.api.openstack.wsgi [None req-a661e763-2abb-41f4-84fd-43009641d8bd tempest-VolumesGetTestJSON-407368155 tempest-VolumesGetTestJSON-407368155-project] Calling method '.version_select at 0x7fd0b45129d0>' {{(pid=116258) _process_stack /opt/stack/nova/nova/api/openstack/wsgi.py:513}}
Nov 23 19:07:11.893029 dv-cinder-802955-4-iscsi devstack@n-api.service[116259]: INFO nova.api.openstack.requestlog [None req-2a8b3b8d-fe05-452e-8cec-48aba28992bb tempest-DeleteServersTestJSON-1954528450 tempest-DeleteServersTestJSON-1954528450-project] 10.222.0.21 "GET /compute/v2.1/servers/d4ac2f7a-776a-430a-bce7-443336da2dbb" status: 200 len: 1219 microversion: 2.1 time: 0.102708
Nov 23 19:07:11.895455 dv-cinder-802955-4-iscsi devstack@n-api.service[116259]: [pid: 116259|app: 0|req: 15/32] 10.222.0.21 () {58 vars in 1235 bytes} [Tue Nov 23 19:07:11 2021] GET /compute/v2.1/servers/d4ac2f7a-776a-430a-bce7-443336da2dbb => generated 1219 bytes in 107 msecs (HTTP/1.1 200) 9 headers in 358 bytes (1 switches on core 0)
Nov 23 19:07:11.944691 dv-cinder-802955-4-iscsi devstack@n-api.service[116258]: INFO nova.api.openstack.requestlog [None req-a661e763-2abb-41f4-84fd-43009641d8bd tempest-VolumesGetTestJSON-407368155 tempest-VolumesGetTestJSON-407368155-project] 10.222.0.21 "GET /compute/v2.1/os-volumes/d13786a8-859f-43fb-8afb-9a5640965a7c" status: 200 len: 352 microversion: 2.1 time: 0.067158
Nov 23 19:07:11.945270 dv-cinder-802955-4-iscsi devstack@n-api.service[116258]: [pid: 116258|app: 0|req: 18/33] 10.222.0.21 () {58 vars in 1244 bytes} [Tue Nov 23 19:07:11 2021] GET /compute/v2.1/os-volumes/d13786a8-859f-43fb-8afb-9a5640965a7c => generated 352 bytes in 68 msecs (HTTP/1.1 200) 9 headers in 357 bytes (1 switches on core 0)
Nov 23 19:07:11.981783 dv-cinder-802955-4-iscsi devstack@n-api.service[116259]: DEBUG nova.api.openstack.wsgi [None req-946d6de3-38c3-4ab5-85d1-aaceafcd6a6c tempest-AttachVolumeNegativeTest-676538789 tempest-AttachVolumeNegativeTest-676538789-project] Calling method '>' {{(pid=116259) _process_stack /opt/stack/nova/nova/api/openstack/wsgi.py:513}}
Nov 23 19:07:11.982922 dv-cinder-802955-4-iscsi devstack@n-api.service[116259]: DEBUG nova.compute.api [None req-946d6de3-38c3-4ab5-85d1-aaceafcd6a6c tempest-AttachVolumeNegativeTest-676538789 tempest-AttachVolumeNegativeTest-676538789-project] [instance: 77b2afd8-8780-40c1-a534-8241cfdf2e2e] Fetching instance by UUID {{(pid=116259) get /opt/stack/nova/nova/compute/api.py:2865}}
Nov 23 19:07:11.989928 dv-cinder-802955-4-iscsi devstack@n-api.service[116259]: DEBUG oslo_concurrency.lockutils [None req-946d6de3-38c3-4ab5-85d1-aaceafcd6a6c tempest-AttachVolumeNegativeTest-676538789 tempest-AttachVolumeNegativeTest-676538789-project] Lock "812fd8d8-aa68-4b59-b01a-3dd674b7c00e" acquired by "nova.context.set_target_cell..get_or_set_cached_cell_and_set_connections" :: waited 0.000s {{(pid=116259) inner /usr/local/lib/python3.8/dist-packages/oslo_concurrency/lockutils.py:386}}
Nov 23 19:07:11.990608 dv-cinder-802955-4-iscsi devstack@n-api.service[116259]: DEBUG oslo_concurrency.lockutils [None req-946d6de3-38c3-4ab5-85d1-aaceafcd6a6c tempest-AttachVolumeNegativeTest-676538789 tempest-AttachVolumeNegativeTest-676538789-project] Lock "812fd8d8-aa68-4b59-b01a-3dd674b7c00e" "released" by "nova.context.set_target_cell..get_or_set_cached_cell_and_set_connections" :: held 0.001s {{(pid=116259) inner /usr/local/lib/python3.8/dist-packages/oslo_concurrency/lockutils.py:400}}
Nov 23 19:07:11.991593 dv-cinder-802955-4-iscsi devstack@n-api.service[116259]: DEBUG oslo_concurrency.lockutils [None req-946d6de3-38c3-4ab5-85d1-aaceafcd6a6c tempest-AttachVolumeNegativeTest-676538789 tempest-AttachVolumeNegativeTest-676538789-project] Lock "812fd8d8-aa68-4b59-b01a-3dd674b7c00e" acquired by "nova.context.set_target_cell..get_or_set_cached_cell_and_set_connections" :: waited 0.000s {{(pid=116259) inner /usr/local/lib/python3.8/dist-packages/oslo_concurrency/lockutils.py:386}}
Nov 23 19:07:11.992229 dv-cinder-802955-4-iscsi devstack@n-api.service[116259]: DEBUG oslo_concurrency.lockutils [None req-946d6de3-38c3-4ab5-85d1-aaceafcd6a6c tempest-AttachVolumeNegativeTest-676538789 tempest-AttachVolumeNegativeTest-676538789-project] Lock "812fd8d8-aa68-4b59-b01a-3dd674b7c00e" "released" by "nova.context.set_target_cell..get_or_set_cached_cell_and_set_connections" :: held 0.001s {{(pid=116259) inner /usr/local/lib/python3.8/dist-packages/oslo_concurrency/lockutils.py:400}}
Nov 23 19:07:12.058967 dv-cinder-802955-4-iscsi devstack@n-api.service[116259]: DEBUG nova.policy [None req-946d6de3-38c3-4ab5-85d1-aaceafcd6a6c tempest-AttachVolumeNegativeTest-676538789 tempest-AttachVolumeNegativeTest-676538789-project] Policy check for os_compute_api:os-extended-server-attributes failed with credentials {'is_admin': False, 'user_id': '8ad9d998c0d94b7992bad5bac1ffb956', 'user_domain_id': 'default', 'system_scope': None, 'domain_id': None, 'project_id': '86742be4785e4c30a3519f05cab89708', 'project_domain_id': 'default', 'roles': ['reader', 'member'], 'is_admin_project': True, 'service_user_id': None, 'service_user_domain_id': None, 'service_project_id': None, 'service_project_domain_id': None, 'service_roles': []} {{(pid=116259) authorize /opt/stack/nova/nova/policy.py:199}}
Nov 23 19:07:12.069106 dv-cinder-802955-4-iscsi devstack@n-api.service[116259]: INFO nova.api.openstack.requestlog [None req-946d6de3-38c3-4ab5-85d1-aaceafcd6a6c tempest-AttachVolumeNegativeTest-676538789 tempest-AttachVolumeNegativeTest-676538789-project] 10.222.0.21 "GET /compute/v2.1/servers/77b2afd8-8780-40c1-a534-8241cfdf2e2e" status: 200 len: 1221 microversion: 2.1 time: 0.090385
Nov 23 19:07:12.069883 dv-cinder-802955-4-iscsi devstack@n-api.service[116259]: [pid: 116259|app: 0|req: 16/34] 10.222.0.21 () {58 vars in 1235 bytes} [Tue Nov 23 19:07:11 2021] GET /compute/v2.1/servers/77b2afd8-8780-40c1-a534-8241cfdf2e2e => generated 1221 bytes in 92 msecs (HTTP/1.1 200) 9 headers in 358 bytes (1 switches on core 0)
Nov 23 19:07:12.715908 dv-cinder-802955-4-iscsi devstack@n-api.service[116258]: DEBUG nova.api.openstack.wsgi [None req-a002beb1-e717-4fd5-adfd-03aa0eb4bb36 tempest-VolumesSnapshotsTestJSON-619722621 tempest-VolumesSnapshotsTestJSON-619722621-project] Calling method '.version_select at 0x7fd0b44fb280>' {{(pid=116258) _process_stack /opt/stack/nova/nova/api/openstack/wsgi.py:513}}
Nov 23 19:07:12.754698 dv-cinder-802955-4-iscsi devstack@n-api.service[116258]: INFO nova.api.openstack.requestlog [None req-a002beb1-e717-4fd5-adfd-03aa0eb4bb36 tempest-VolumesSnapshotsTestJSON-619722621 tempest-VolumesSnapshotsTestJSON-619722621-project] 10.222.0.21 "GET /compute/v2.1/os-snapshots/e2165415-0daa-4241-b128-75505cc85a9e" status: 200 len: 287 microversion: 2.1 time: 0.042412
Nov 23 19:07:12.755274 dv-cinder-802955-4-iscsi devstack@n-api.service[116258]: [pid: 116258|app: 0|req: 19/35] 10.222.0.21 () {58 vars in 1250 bytes} [Tue Nov 23 19:07:12 2021] GET /compute/v2.1/os-snapshots/e2165415-0daa-4241-b128-75505cc85a9e => generated 287 bytes in 44 msecs (HTTP/1.1 200) 9 headers in 357 bytes (1 switches on core 0)
Nov 23 19:07:12.911324 dv-cinder-802955-4-iscsi devstack@n-api.service[116259]: DEBUG nova.api.openstack.wsgi [None req-37775f85-5bc5-4db9-ae1e-76bee96d3f3f tempest-DeleteServersTestJSON-1954528450 tempest-DeleteServersTestJSON-1954528450-project] Calling method '>' {{(pid=116259) _process_stack /opt/stack/nova/nova/api/openstack/wsgi.py:513}}
Nov 23 19:07:12.911930 dv-cinder-802955-4-iscsi devstack@n-api.service[116259]: DEBUG nova.compute.api [None req-37775f85-5bc5-4db9-ae1e-76bee96d3f3f tempest-DeleteServersTestJSON-1954528450 tempest-DeleteServersTestJSON-1954528450-project] [instance: d4ac2f7a-776a-430a-bce7-443336da2dbb] Fetching instance by UUID {{(pid=116259) get /opt/stack/nova/nova/compute/api.py:2865}}
Nov 23 19:07:12.919222 dv-cinder-802955-4-iscsi devstack@n-api.service[116259]: DEBUG oslo_concurrency.lockutils [None req-37775f85-5bc5-4db9-ae1e-76bee96d3f3f tempest-DeleteServersTestJSON-1954528450 tempest-DeleteServersTestJSON-1954528450-project] Lock "812fd8d8-aa68-4b59-b01a-3dd674b7c00e" acquired by "nova.context.set_target_cell..get_or_set_cached_cell_and_set_connections" :: waited 0.000s {{(pid=116259) inner /usr/local/lib/python3.8/dist-packages/oslo_concurrency/lockutils.py:386}}
Nov 23 19:07:12.923110 dv-cinder-802955-4-iscsi devstack@n-api.service[116259]: DEBUG oslo_concurrency.lockutils [None req-37775f85-5bc5-4db9-ae1e-76bee96d3f3f tempest-DeleteServersTestJSON-1954528450 tempest-DeleteServersTestJSON-1954528450-project] Lock "812fd8d8-aa68-4b59-b01a-3dd674b7c00e" "released" by "nova.context.set_target_cell..get_or_set_cached_cell_and_set_connections" :: held 0.004s {{(pid=116259) inner /usr/local/lib/python3.8/dist-packages/oslo_concurrency/lockutils.py:400}}
Nov 23 19:07:12.923979 dv-cinder-802955-4-iscsi devstack@n-api.service[116259]: DEBUG oslo_concurrency.lockutils [None req-37775f85-5bc5-4db9-ae1e-76bee96d3f3f tempest-DeleteServersTestJSON-1954528450 tempest-DeleteServersTestJSON-1954528450-project] Lock "812fd8d8-aa68-4b59-b01a-3dd674b7c00e" acquired by "nova.context.set_target_cell..get_or_set_cached_cell_and_set_connections" :: waited 0.000s {{(pid=116259) inner /usr/local/lib/python3.8/dist-packages/oslo_concurrency/lockutils.py:386}}
Nov 23 19:07:12.924418 dv-cinder-802955-4-iscsi devstack@n-api.service[116259]: DEBUG oslo_concurrency.lockutils [None req-37775f85-5bc5-4db9-ae1e-76bee96d3f3f tempest-DeleteServersTestJSON-1954528450 tempest-DeleteServersTestJSON-1954528450-project] Lock "812fd8d8-aa68-4b59-b01a-3dd674b7c00e" "released" by "nova.context.set_target_cell..get_or_set_cached_cell_and_set_connections" :: held 0.000s {{(pid=116259) inner /usr/local/lib/python3.8/dist-packages/oslo_concurrency/lockutils.py:400}}
Nov 23 19:07:12.956588 dv-cinder-802955-4-iscsi devstack@n-api.service[116258]: DEBUG nova.api.openstack.wsgi [None req-7db0c368-c673-41cb-9e12-0601e256c74b tempest-VolumesGetTestJSON-407368155 tempest-VolumesGetTestJSON-407368155-project] Calling method '.version_select at 0x7fd0b44b68b0>' {{(pid=116258) _process_stack /opt/stack/nova/nova/api/openstack/wsgi.py:513}}
Nov 23 19:07:12.998260 dv-cinder-802955-4-iscsi devstack@n-api.service[116259]: DEBUG nova.policy [None req-37775f85-5bc5-4db9-ae1e-76bee96d3f3f tempest-DeleteServersTestJSON-1954528450 tempest-DeleteServersTestJSON-1954528450-project] Policy check for os_compute_api:os-extended-server-attributes failed with credentials {'is_admin': False, 'user_id': '1e42b77ecb824bc89cd5da889127a579', 'user_domain_id': 'default', 'system_scope': None, 'domain_id': None, 'project_id': 'f51adffaf7f64671a5baee95d7ec5b31', 'project_domain_id': 'default', 'roles': ['reader', 'member'], 'is_admin_project': True, 'service_user_id': None, 'service_user_domain_id': None, 'service_project_id': None, 'service_project_domain_id': None, 'service_roles': []} {{(pid=116259) authorize /opt/stack/nova/nova/policy.py:199}}
Nov 23 19:07:13.006115 dv-cinder-802955-4-iscsi devstack@n-api.service[116259]: INFO nova.api.openstack.requestlog [None req-37775f85-5bc5-4db9-ae1e-76bee96d3f3f tempest-DeleteServersTestJSON-1954528450 tempest-DeleteServersTestJSON-1954528450-project] 10.222.0.21 "GET /compute/v2.1/servers/d4ac2f7a-776a-430a-bce7-443336da2dbb" status: 200 len: 1219 microversion: 2.1 time: 0.098516
Nov 23 19:07:13.017492 dv-cinder-802955-4-iscsi devstack@n-api.service[116259]: [pid: 116259|app: 0|req: 17/36] 10.222.0.21 () {58 vars in 1235 bytes} [Tue Nov 23 19:07:12 2021] GET /compute/v2.1/servers/d4ac2f7a-776a-430a-bce7-443336da2dbb => generated 1219 bytes in 110 msecs (HTTP/1.1 200) 9 headers in 358 bytes (1 switches on core 0)
Nov 23 19:07:13.021573 dv-cinder-802955-4-iscsi devstack@n-api.service[116258]: INFO nova.api.openstack.requestlog [None req-7db0c368-c673-41cb-9e12-0601e256c74b tempest-VolumesGetTestJSON-407368155 tempest-VolumesGetTestJSON-407368155-project] 10.222.0.21 "GET /compute/v2.1/os-volumes/d13786a8-859f-43fb-8afb-9a5640965a7c" status: 200 len: 352 microversion: 2.1 time: 0.069277
Nov 23 19:07:13.022159 dv-cinder-802955-4-iscsi devstack@n-api.service[116258]: [pid: 116258|app: 0|req: 20/37] 10.222.0.21 () {58 vars in 1244 bytes} [Tue Nov 23 19:07:12 2021] GET /compute/v2.1/os-volumes/d13786a8-859f-43fb-8afb-9a5640965a7c => generated 352 bytes in 71 msecs (HTTP/1.1 200) 9 headers in 357 bytes (2 switches on core 0)
Nov 23 19:07:13.023566 dv-cinder-802955-4-iscsi devstack@n-api.service[116259]: DEBUG nova.api.openstack.wsgi [None req-17df6580-aa3b-4bce-9919-db6e11b90355 tempest-AttachVolumeTestJSON-476379217 tempest-AttachVolumeTestJSON-476379217-project] Action: 'create', calling method: >, body: {"server": {"name": "tempest-AttachVolumeTestJSON-server-340133235", "imageRef": "0f981cb3-bdb4-47aa-87ec-c19ff4c0aed7", "flavorRef": "452", "adminPass": "***", "networks": [{"uuid": "1c7a6884-2877-40da-936c-50376e027094"}], "security_groups": [{"name": "tempest-securitygroup--588380154"}], "key_name": "tempest-keypair-1267946397", "user_data": "IyEvYmluL3NoCmVjaG8gIlByaW50aW5nIHVidW50dSB1c2VyIGF1dGhvcml6ZWQga2V5cyIKY2F0IH51YnVudHUvLnNzaC9hdXRob3JpemVkX2tleXMgfHwgdHJ1ZQo="}} {{(pid=116259) _process_stack /opt/stack/nova/nova/api/openstack/wsgi.py:511}}
Nov 23 19:07:13.086019 dv-cinder-802955-4-iscsi devstack@n-api.service[116258]: DEBUG nova.api.openstack.wsgi [None req-70aabba5-fd4c-4fe7-9012-b502d63b051d tempest-AttachVolumeNegativeTest-676538789 tempest-AttachVolumeNegativeTest-676538789-project] Calling method '>' {{(pid=116258) _process_stack /opt/stack/nova/nova/api/openstack/wsgi.py:513}}
Nov 23 19:07:13.086640 dv-cinder-802955-4-iscsi devstack@n-api.service[116258]: DEBUG nova.compute.api [None req-70aabba5-fd4c-4fe7-9012-b502d63b051d tempest-AttachVolumeNegativeTest-676538789 tempest-AttachVolumeNegativeTest-676538789-project] [instance: 77b2afd8-8780-40c1-a534-8241cfdf2e2e] Fetching instance by UUID {{(pid=116258) get /opt/stack/nova/nova/compute/api.py:2865}}
Nov 23 19:07:13.092853 dv-cinder-802955-4-iscsi devstack@n-api.service[116258]: DEBUG oslo_concurrency.lockutils [None req-70aabba5-fd4c-4fe7-9012-b502d63b051d tempest-AttachVolumeNegativeTest-676538789 tempest-AttachVolumeNegativeTest-676538789-project] Lock "812fd8d8-aa68-4b59-b01a-3dd674b7c00e" acquired by "nova.context.set_target_cell..get_or_set_cached_cell_and_set_connections" :: waited 0.000s {{(pid=116258) inner /usr/local/lib/python3.8/dist-packages/oslo_concurrency/lockutils.py:386}}
Nov 23 19:07:13.093519 dv-cinder-802955-4-iscsi devstack@n-api.service[116258]: DEBUG oslo_concurrency.lockutils [None req-70aabba5-fd4c-4fe7-9012-b502d63b051d tempest-AttachVolumeNegativeTest-676538789 tempest-AttachVolumeNegativeTest-676538789-project] Lock "812fd8d8-aa68-4b59-b01a-3dd674b7c00e" "released" by "nova.context.set_target_cell..get_or_set_cached_cell_and_set_connections" :: held 0.001s {{(pid=116258) inner /usr/local/lib/python3.8/dist-packages/oslo_concurrency/lockutils.py:400}}
Nov 23 19:07:13.094322 dv-cinder-802955-4-iscsi devstack@n-api.service[116258]: DEBUG oslo_concurrency.lockutils [None req-70aabba5-fd4c-4fe7-9012-b502d63b051d tempest-AttachVolumeNegativeTest-676538789 tempest-AttachVolumeNegativeTest-676538789-project] Lock "812fd8d8-aa68-4b59-b01a-3dd674b7c00e" acquired by "nova.context.set_target_cell..get_or_set_cached_cell_and_set_connections" :: waited 0.000s {{(pid=116258) inner /usr/local/lib/python3.8/dist-packages/oslo_concurrency/lockutils.py:386}}
Nov 23 19:07:13.094813 dv-cinder-802955-4-iscsi devstack@n-api.service[116258]: DEBUG oslo_concurrency.lockutils [None req-70aabba5-fd4c-4fe7-9012-b502d63b051d tempest-AttachVolumeNegativeTest-676538789 tempest-AttachVolumeNegativeTest-676538789-project] Lock "812fd8d8-aa68-4b59-b01a-3dd674b7c00e" "released" by "nova.context.set_target_cell..get_or_set_cached_cell_and_set_connections" :: held 0.000s {{(pid=116258) inner /usr/local/lib/python3.8/dist-packages/oslo_concurrency/lockutils.py:400}}
Nov 23 19:07:13.172913 dv-cinder-802955-4-iscsi devstack@n-api.service[116258]: DEBUG nova.policy [None req-70aabba5-fd4c-4fe7-9012-b502d63b051d tempest-AttachVolumeNegativeTest-676538789 tempest-AttachVolumeNegativeTest-676538789-project] Policy check for os_compute_api:os-extended-server-attributes failed with credentials {'is_admin': False, 'user_id': '8ad9d998c0d94b7992bad5bac1ffb956', 'user_domain_id': 'default', 'system_scope': None, 'domain_id': None, 'project_id': '86742be4785e4c30a3519f05cab89708', 'project_domain_id': 'default', 'roles': ['reader', 'member'], 'is_admin_project': True, 'service_user_id': None, 'service_user_domain_id': None, 'service_project_id': None, 'service_project_domain_id': None, 'service_roles': []} {{(pid=116258) authorize /opt/stack/nova/nova/policy.py:199}}
Nov 23 19:07:13.179748 dv-cinder-802955-4-iscsi devstack@n-api.service[116259]: DEBUG nova.network.neutron [None req-17df6580-aa3b-4bce-9919-db6e11b90355 tempest-AttachVolumeTestJSON-476379217 tempest-AttachVolumeTestJSON-476379217-project] validate_networks() for [('1c7a6884-2877-40da-936c-50376e027094', None, None, None, None, None)] {{(pid=116259) validate_networks /opt/stack/nova/nova/network/neutron.py:2482}}
Nov 23 19:07:13.184924 dv-cinder-802955-4-iscsi devstack@n-api.service[116258]: INFO nova.api.openstack.requestlog [None req-70aabba5-fd4c-4fe7-9012-b502d63b051d tempest-AttachVolumeNegativeTest-676538789 tempest-AttachVolumeNegativeTest-676538789-project] 10.222.0.21 "GET /compute/v2.1/servers/77b2afd8-8780-40c1-a534-8241cfdf2e2e" status: 200 len: 1221 microversion: 2.1 time: 0.102383
Nov 23 19:07:13.185775 dv-cinder-802955-4-iscsi devstack@n-api.service[116258]: [pid: 116258|app: 0|req: 21/38] 10.222.0.21 () {58 vars in 1235 bytes} [Tue Nov 23 19:07:13 2021] GET /compute/v2.1/servers/77b2afd8-8780-40c1-a534-8241cfdf2e2e => generated 1221 bytes in 104 msecs (HTTP/1.1 200) 9 headers in 358 bytes (2 switches on core 0)
Nov 23 19:07:13.631691 dv-cinder-802955-4-iscsi devstack@n-api.service[116259]: DEBUG nova.virt.hardware [None req-17df6580-aa3b-4bce-9919-db6e11b90355 tempest-AttachVolumeTestJSON-476379217 tempest-AttachVolumeTestJSON-476379217-project] Flavor limits 0:0:0 {{(pid=116259) get_cpu_topology_constraints /opt/stack/nova/nova/virt/hardware.py:343}}
Nov 23 19:07:13.632109 dv-cinder-802955-4-iscsi devstack@n-api.service[116259]: DEBUG nova.virt.hardware [None req-17df6580-aa3b-4bce-9919-db6e11b90355 tempest-AttachVolumeTestJSON-476379217 tempest-AttachVolumeTestJSON-476379217-project] Image limits 0:0:0 {{(pid=116259) get_cpu_topology_constraints /opt/stack/nova/nova/virt/hardware.py:347}}
Nov 23 19:07:13.632719 dv-cinder-802955-4-iscsi devstack@n-api.service[116259]: DEBUG nova.virt.hardware [None req-17df6580-aa3b-4bce-9919-db6e11b90355 tempest-AttachVolumeTestJSON-476379217 tempest-AttachVolumeTestJSON-476379217-project] Flavor pref 0:0:0 {{(pid=116259) get_cpu_topology_constraints /opt/stack/nova/nova/virt/hardware.py:383}}
Nov 23 19:07:13.633608 dv-cinder-802955-4-iscsi devstack@n-api.service[116259]: DEBUG nova.virt.hardware [None req-17df6580-aa3b-4bce-9919-db6e11b90355 tempest-AttachVolumeTestJSON-476379217 tempest-AttachVolumeTestJSON-476379217-project] Image pref 0:0:0 {{(pid=116259) get_cpu_topology_constraints /opt/stack/nova/nova/virt/hardware.py:387}}
Nov 23 19:07:13.634531 dv-cinder-802955-4-iscsi devstack@n-api.service[116259]: DEBUG nova.virt.hardware [None req-17df6580-aa3b-4bce-9919-db6e11b90355 tempest-AttachVolumeTestJSON-476379217 tempest-AttachVolumeTestJSON-476379217-project] Chose sockets=0, cores=0, threads=0; limits were sockets=65536, cores=65536, threads=65536 {{(pid=116259) get_cpu_topology_constraints /opt/stack/nova/nova/virt/hardware.py:425}}
Nov 23 19:07:13.659758 dv-cinder-802955-4-iscsi devstack@n-api.service[116259]: DEBUG oslo_concurrency.lockutils [None req-17df6580-aa3b-4bce-9919-db6e11b90355 tempest-AttachVolumeTestJSON-476379217 tempest-AttachVolumeTestJSON-476379217-project] Lock "00000000-0000-0000-0000-000000000000" acquired by "nova.context.set_target_cell..get_or_set_cached_cell_and_set_connections" :: waited 0.000s {{(pid=116259) inner /usr/local/lib/python3.8/dist-packages/oslo_concurrency/lockutils.py:386}}
Nov 23 19:07:13.660248 dv-cinder-802955-4-iscsi devstack@n-api.service[116259]: DEBUG oslo_concurrency.lockutils [None req-17df6580-aa3b-4bce-9919-db6e11b90355 tempest-AttachVolumeTestJSON-476379217 tempest-AttachVolumeTestJSON-476379217-project] Lock "00000000-0000-0000-0000-000000000000" "released" by "nova.context.set_target_cell..get_or_set_cached_cell_and_set_connections" :: held 0.001s {{(pid=116259) inner /usr/local/lib/python3.8/dist-packages/oslo_concurrency/lockutils.py:400}}
Nov 23 19:07:13.661058 dv-cinder-802955-4-iscsi devstack@n-api.service[116259]: DEBUG oslo_concurrency.lockutils [None req-17df6580-aa3b-4bce-9919-db6e11b90355 tempest-AttachVolumeTestJSON-476379217 tempest-AttachVolumeTestJSON-476379217-project] Lock "812fd8d8-aa68-4b59-b01a-3dd674b7c00e" acquired by "nova.context.set_target_cell..get_or_set_cached_cell_and_set_connections" :: waited 0.000s {{(pid=116259) inner /usr/local/lib/python3.8/dist-packages/oslo_concurrency/lockutils.py:386}}
Nov 23 19:07:13.661518 dv-cinder-802955-4-iscsi devstack@n-api.service[116259]: DEBUG oslo_concurrency.lockutils [None req-17df6580-aa3b-4bce-9919-db6e11b90355 tempest-AttachVolumeTestJSON-476379217 tempest-AttachVolumeTestJSON-476379217-project] Lock "812fd8d8-aa68-4b59-b01a-3dd674b7c00e" "released" by "nova.context.set_target_cell..get_or_set_cached_cell_and_set_connections" :: held 0.000s {{(pid=116259) inner /usr/local/lib/python3.8/dist-packages/oslo_concurrency/lockutils.py:400}}
Nov 23 19:07:13.681106 dv-cinder-802955-4-iscsi devstack@n-api.service[116259]: DEBUG nova.quota [None req-17df6580-aa3b-4bce-9919-db6e11b90355 tempest-AttachVolumeTestJSON-476379217 tempest-AttachVolumeTestJSON-476379217-project] Getting quotas for project 015d610c568a4b3192fdd24bfc88c4f2. Resources: {'ram', 'cores', 'instances'} {{(pid=116259) _get_quotas /opt/stack/nova/nova/quota.py:387}}
Nov 23 19:07:13.686350 dv-cinder-802955-4-iscsi devstack@n-api.service[116259]: DEBUG nova.quota [None req-17df6580-aa3b-4bce-9919-db6e11b90355 tempest-AttachVolumeTestJSON-476379217 tempest-AttachVolumeTestJSON-476379217-project] Getting quotas for user 8704fab404dc456c87afe5150a668153 and project 015d610c568a4b3192fdd24bfc88c4f2. Resources: {'ram', 'cores', 'instances'} {{(pid=116259) _get_quotas /opt/stack/nova/nova/quota.py:377}}
Nov 23 19:07:13.725716 dv-cinder-802955-4-iscsi devstack@n-api.service[116259]: DEBUG nova.compute.api [None req-17df6580-aa3b-4bce-9919-db6e11b90355 tempest-AttachVolumeTestJSON-476379217 tempest-AttachVolumeTestJSON-476379217-project] Going to run 1 instances... {{(pid=116259) _provision_instances /opt/stack/nova/nova/compute/api.py:1350}}
Nov 23 19:07:13.732550 dv-cinder-802955-4-iscsi devstack@n-api.service[116259]: DEBUG nova.compute.api [None req-17df6580-aa3b-4bce-9919-db6e11b90355 tempest-AttachVolumeTestJSON-476379217 tempest-AttachVolumeTestJSON-476379217-project] [instance: 26093cd1-596f-441e-9e39-b30085ad27a1] block_device_mapping [BlockDeviceMapping(attachment_id=,boot_index=0,connection_info=None,created_at=,delete_on_termination=True,deleted=,deleted_at=,destination_type='local',device_name=None,device_type='disk',disk_bus=None,guest_format=None,id=,image_id='0f981cb3-bdb4-47aa-87ec-c19ff4c0aed7',instance=,instance_uuid=,no_device=False,snapshot_id=None,source_type='image',tag=None,updated_at=,uuid=,volume_id=None,volume_size=None,volume_type=None)] {{(pid=116259) _bdm_validate_set_size_and_instance /opt/stack/nova/nova/compute/api.py:1757}}
Nov 23 19:07:13.770058 dv-cinder-802955-4-iscsi devstack@n-api.service[116258]: DEBUG nova.api.openstack.wsgi [None req-f322ce40-9eb7-4c58-b403-11f71edddd08 tempest-VolumesSnapshotsTestJSON-619722621 tempest-VolumesSnapshotsTestJSON-619722621-project] Calling method '.version_select at 0x7fd0b44fb3a0>' {{(pid=116258) _process_stack /opt/stack/nova/nova/api/openstack/wsgi.py:513}}
Nov 23 19:07:13.796692 dv-cinder-802955-4-iscsi devstack@n-api.service[116259]: INFO nova.api.openstack.requestlog [None req-17df6580-aa3b-4bce-9919-db6e11b90355 tempest-AttachVolumeTestJSON-476379217 tempest-AttachVolumeTestJSON-476379217-project] 10.222.0.21 "POST /compute/v2.1/servers" status: 202 len: 401 microversion: 2.1 time: 0.777299
Nov 23 19:07:13.798091 dv-cinder-802955-4-iscsi devstack@n-api.service[116259]: [pid: 116259|app: 0|req: 18/39] 10.222.0.21 () {60 vars in 1146 bytes} [Tue Nov 23 19:07:13 2021] POST /compute/v2.1/servers => generated 401 bytes in 780 msecs (HTTP/1.1 202) 10 headers in 451 bytes (1 switches on core 0)
Nov 23 19:07:13.808689 dv-cinder-802955-4-iscsi devstack@n-api.service[116259]: DEBUG nova.api.openstack.wsgi [None req-cf27a145-a859-4de5-a0a1-bbd623994abd tempest-AttachVolumeTestJSON-476379217 tempest-AttachVolumeTestJSON-476379217-project] Calling method '>' {{(pid=116259) _process_stack /opt/stack/nova/nova/api/openstack/wsgi.py:513}}
Nov 23 19:07:13.809318 dv-cinder-802955-4-iscsi devstack@n-api.service[116259]: DEBUG nova.compute.api [None req-cf27a145-a859-4de5-a0a1-bbd623994abd tempest-AttachVolumeTestJSON-476379217 tempest-AttachVolumeTestJSON-476379217-project] [instance: 26093cd1-596f-441e-9e39-b30085ad27a1] Fetching instance by UUID {{(pid=116259) get /opt/stack/nova/nova/compute/api.py:2865}}
Nov 23 19:07:13.849060 dv-cinder-802955-4-iscsi devstack@n-api.service[116258]: INFO nova.api.openstack.requestlog [None req-f322ce40-9eb7-4c58-b403-11f71edddd08 tempest-VolumesSnapshotsTestJSON-619722621 tempest-VolumesSnapshotsTestJSON-619722621-project] 10.222.0.21 "GET /compute/v2.1/os-snapshots/e2165415-0daa-4241-b128-75505cc85a9e" status: 200 len: 288 microversion: 2.1 time: 0.086295
Nov 23 19:07:13.849674 dv-cinder-802955-4-iscsi devstack@n-api.service[116258]: [pid: 116258|app: 0|req: 22/40] 10.222.0.21 () {58 vars in 1250 bytes} [Tue Nov 23 19:07:13 2021] GET /compute/v2.1/os-snapshots/e2165415-0daa-4241-b128-75505cc85a9e => generated 288 bytes in 88 msecs (HTTP/1.1 200) 9 headers in 357 bytes (2 switches on core 0)
Nov 23 19:07:13.861003 dv-cinder-802955-4-iscsi devstack@n-api.service[116258]: DEBUG nova.api.openstack.wsgi [None req-d5fc1bb2-b6e7-4ce9-a590-9d4eafc02cd6 tempest-VolumesSnapshotsTestJSON-619722621 tempest-VolumesSnapshotsTestJSON-619722621-project] Calling method '.version_select at 0x7fd0b4512160>' {{(pid=116258) _process_stack /opt/stack/nova/nova/api/openstack/wsgi.py:513}}
Nov 23 19:07:13.900520 dv-cinder-802955-4-iscsi devstack@n-api.service[116259]: DEBUG nova.policy [None req-cf27a145-a859-4de5-a0a1-bbd623994abd tempest-AttachVolumeTestJSON-476379217 tempest-AttachVolumeTestJSON-476379217-project] Policy check for os_compute_api:os-extended-server-attributes failed with credentials {'is_admin': False, 'user_id': '8704fab404dc456c87afe5150a668153', 'user_domain_id': 'default', 'system_scope': None, 'domain_id': None, 'project_id': '015d610c568a4b3192fdd24bfc88c4f2', 'project_domain_id': 'default', 'roles': ['reader', 'member'], 'is_admin_project': True, 'service_user_id': None, 'service_user_domain_id': None, 'service_project_id': None, 'service_project_domain_id': None, 'service_roles': []} {{(pid=116259) authorize /opt/stack/nova/nova/policy.py:199}}
Nov 23 19:07:13.908361 dv-cinder-802955-4-iscsi devstack@n-api.service[116259]: INFO nova.api.openstack.requestlog [None req-cf27a145-a859-4de5-a0a1-bbd623994abd tempest-AttachVolumeTestJSON-476379217 tempest-AttachVolumeTestJSON-476379217-project] 10.222.0.21 "GET /compute/v2.1/servers/26093cd1-596f-441e-9e39-b30085ad27a1" status: 200 len: 1237 microversion: 2.1 time: 0.102815
Nov 23 19:07:13.913314 dv-cinder-802955-4-iscsi devstack@n-api.service[116259]: [pid: 116259|app: 0|req: 19/41] 10.222.0.21 () {58 vars in 1235 bytes} [Tue Nov 23 19:07:13 2021] GET /compute/v2.1/servers/26093cd1-596f-441e-9e39-b30085ad27a1 => generated 1237 bytes in 109 msecs (HTTP/1.1 200) 9 headers in 358 bytes (2 switches on core 0)
Nov 23 19:07:13.982564 dv-cinder-802955-4-iscsi devstack@n-api.service[116258]: INFO nova.api.openstack.requestlog [None req-d5fc1bb2-b6e7-4ce9-a590-9d4eafc02cd6 tempest-VolumesSnapshotsTestJSON-619722621 tempest-VolumesSnapshotsTestJSON-619722621-project] 10.222.0.21 "DELETE /compute/v2.1/os-snapshots/e2165415-0daa-4241-b128-75505cc85a9e" status: 202 len: 0 microversion: 2.1 time: 0.126421
Nov 23 19:07:13.983185 dv-cinder-802955-4-iscsi devstack@n-api.service[116258]: [pid: 116258|app: 0|req: 23/42] 10.222.0.21 () {58 vars in 1253 bytes} [Tue Nov 23 19:07:13 2021] DELETE /compute/v2.1/os-snapshots/e2165415-0daa-4241-b128-75505cc85a9e => generated 0 bytes in 128 msecs (HTTP/1.1 202) 9 headers in 361 bytes (2 switches on core 0)
Nov 23 19:07:13.991081 dv-cinder-802955-4-iscsi devstack@n-api.service[116259]: DEBUG nova.api.openstack.wsgi [None req-186ddace-e53b-4464-8e6e-9b07abc7d954 tempest-VolumesSnapshotsTestJSON-619722621 tempest-VolumesSnapshotsTestJSON-619722621-project] Calling method '.version_select at 0x7fd0b44d40d0>' {{(pid=116259) _process_stack /opt/stack/nova/nova/api/openstack/wsgi.py:513}}
Nov 23 19:07:14.023692 dv-cinder-802955-4-iscsi devstack@n-api.service[116258]: DEBUG nova.api.openstack.wsgi [None req-660d69a7-c098-4754-b4ba-64ac1e4cf7b8 tempest-DeleteServersTestJSON-1954528450 tempest-DeleteServersTestJSON-1954528450-project] Calling method '>' {{(pid=116258) _process_stack /opt/stack/nova/nova/api/openstack/wsgi.py:513}}
Nov 23 19:07:14.023831 dv-cinder-802955-4-iscsi devstack@n-api.service[116259]: INFO nova.api.openstack.requestlog [None req-186ddace-e53b-4464-8e6e-9b07abc7d954 tempest-VolumesSnapshotsTestJSON-619722621 tempest-VolumesSnapshotsTestJSON-619722621-project] 10.222.0.21 "GET /compute/v2.1/os-snapshots/e2165415-0daa-4241-b128-75505cc85a9e" status: 200 len: 287 microversion: 2.1 time: 0.036206
Nov 23 19:07:14.024452 dv-cinder-802955-4-iscsi devstack@n-api.service[116259]: [pid: 116259|app: 0|req: 20/43] 10.222.0.21 () {58 vars in 1250 bytes} [Tue Nov 23 19:07:13 2021] GET /compute/v2.1/os-snapshots/e2165415-0daa-4241-b128-75505cc85a9e => generated 287 bytes in 37 msecs (HTTP/1.1 200) 9 headers in 357 bytes (1 switches on core 0)
Nov 23 19:07:14.024577 dv-cinder-802955-4-iscsi devstack@n-api.service[116258]: DEBUG nova.compute.api [None req-660d69a7-c098-4754-b4ba-64ac1e4cf7b8 tempest-DeleteServersTestJSON-1954528450 tempest-DeleteServersTestJSON-1954528450-project] [instance: d4ac2f7a-776a-430a-bce7-443336da2dbb] Fetching instance by UUID {{(pid=116258) get /opt/stack/nova/nova/compute/api.py:2865}}
Nov 23 19:07:14.036345 dv-cinder-802955-4-iscsi devstack@n-api.service[116259]: DEBUG nova.api.openstack.wsgi [None req-c269551f-2af1-41c5-88c8-76381a0c9cad tempest-VolumesGetTestJSON-407368155 tempest-VolumesGetTestJSON-407368155-project] Calling method '.version_select at 0x7fd0b452db80>' {{(pid=116259) _process_stack /opt/stack/nova/nova/api/openstack/wsgi.py:513}}
Nov 23 19:07:14.040385 dv-cinder-802955-4-iscsi devstack@n-api.service[116258]: DEBUG oslo_concurrency.lockutils [None req-660d69a7-c098-4754-b4ba-64ac1e4cf7b8 tempest-DeleteServersTestJSON-1954528450 tempest-DeleteServersTestJSON-1954528450-project] Lock "812fd8d8-aa68-4b59-b01a-3dd674b7c00e" acquired by "nova.context.set_target_cell..get_or_set_cached_cell_and_set_connections" :: waited 0.000s {{(pid=116258) inner /usr/local/lib/python3.8/dist-packages/oslo_concurrency/lockutils.py:386}}
Nov 23 19:07:14.040952 dv-cinder-802955-4-iscsi devstack@n-api.service[116258]: DEBUG oslo_concurrency.lockutils [None req-660d69a7-c098-4754-b4ba-64ac1e4cf7b8 tempest-DeleteServersTestJSON-1954528450 tempest-DeleteServersTestJSON-1954528450-project] Lock "812fd8d8-aa68-4b59-b01a-3dd674b7c00e" "released" by "nova.context.set_target_cell..get_or_set_cached_cell_and_set_connections" :: held 0.005s {{(pid=116258) inner /usr/local/lib/python3.8/dist-packages/oslo_concurrency/lockutils.py:400}}
Nov 23 19:07:14.041838 dv-cinder-802955-4-iscsi devstack@n-api.service[116258]: DEBUG oslo_concurrency.lockutils [None req-660d69a7-c098-4754-b4ba-64ac1e4cf7b8 tempest-DeleteServersTestJSON-1954528450 tempest-DeleteServersTestJSON-1954528450-project] Lock "812fd8d8-aa68-4b59-b01a-3dd674b7c00e" acquired by "nova.context.set_target_cell..get_or_set_cached_cell_and_set_connections" :: waited 0.000s {{(pid=116258) inner /usr/local/lib/python3.8/dist-packages/oslo_concurrency/lockutils.py:386}}
Nov 23 19:07:14.042281 dv-cinder-802955-4-iscsi devstack@n-api.service[116258]: DEBUG oslo_concurrency.lockutils [None req-660d69a7-c098-4754-b4ba-64ac1e4cf7b8 tempest-DeleteServersTestJSON-1954528450 tempest-DeleteServersTestJSON-1954528450-project] Lock "812fd8d8-aa68-4b59-b01a-3dd674b7c00e" "released" by "nova.context.set_target_cell..get_or_set_cached_cell_and_set_connections" :: held 0.000s {{(pid=116258) inner /usr/local/lib/python3.8/dist-packages/oslo_concurrency/lockutils.py:400}}
