Nov 23 19:07:32.299783 dv-cinder-802955-4-iscsi devstack@c-api.service[109567]: DEBUG cinder.volume.api [None req-0ad12ab0-4281-4ea0-9304-cd66e5cb2cd3 tempest-VolumesGetTest-734219881 tempest-VolumesGetTest-734219881-project] Task 'cinder.volume.flows.api.create_volume.EntryCreateTask;volume:create' (88564591-543f-4fc9-be9c-803bb15371e5) transitioned into state 'SUCCESS' from state 'RUNNING' with result '{'volume_id': '9ae77c07-04e8-4822-88a9-cc22d2691c91', 'volume_properties': VolumeProperties(attach_status='detached',availability_zone='nova',cgsnapshot_id=None,consistencygroup_id=None,display_description='tempest-@#$%^* description-684634118',display_name=None,encryption_key_id=None,group_id=None,group_type_id=,metadata={},multiattach=False,project_id='3c260f910ba24b1eb79dd44af206ba1c',qos_specs=None,replication_status=,reservations=['c6512a49-00b7-48fa-bc67-b5fee216edd9','bb22255a-a301-4c95-b314-ce35ba75bd0c','7294cc42-17f6-494a-9be7-a33497914520','5248153c-050e-41e4-8162-4c95ff22531c'],size=1,snapshot_id=None,source_replicaid=,source_volid=None,status='creating',user_id='a7e43e91e4334e12a0baa20dd1ccd154',volume_type_id=5828968c-b6ae-4ebf-ba33-40f0a05c5f7e), 'volume': Volume(_name_id=None,admin_metadata=,attach_status='detached',availability_zone='nova',bootable=False,cluster=,cluster_name=None,consistencygroup=,consistencygroup_id=None,created_at=2021-11-23T19:07:32Z,deleted=False,deleted_at=None,display_description='tempest-@#$%^* description-684634118',display_name=None,ec2_id=None,encryption_key_id=None,glance_metadata=,group=,group_id=None,host=None,id=9ae77c07-04e8-4822-88a9-cc22d2691c91,launched_at=None,metadata={},migration_status=None,multiattach=False,previous_status=None,project_id='3c260f910ba24b1eb79dd44af206ba1c',provider_auth=None,provider_geometry=None,provider_id=None,provider_location=None,replication_driver_data=None,replication_extended_status=None,replication_status=None,scheduled_at=None,service_uuid=None,shared_targets=True,size=1,snapshot_id=None,snapshots=,source_volid=None,status='creating',terminated_at=None,updated_at=None,use_quota=True,user_id='a7e43e91e4334e12a0baa20dd1ccd154',volume_attachment=VolumeAttachmentList,volume_type=VolumeType(5828968c-b6ae-4ebf-ba33-40f0a05c5f7e),volume_type_id=5828968c-b6ae-4ebf-ba33-40f0a05c5f7e)}' {{(pid=109567) _task_receiver /usr/local/lib/python3.8/dist-packages/taskflow/listeners/logging.py:178}}
Nov 23 19:07:32.304699 dv-cinder-802955-4-iscsi devstack@c-api.service[109567]: DEBUG cinder.volume.api [None req-0ad12ab0-4281-4ea0-9304-cd66e5cb2cd3 tempest-VolumesGetTest-734219881 tempest-VolumesGetTest-734219881-project] Task 'cinder.volume.flows.api.create_volume.QuotaCommitTask;volume:create' (38a1c391-c57c-437e-81f0-bdaefa0b0080) transitioned into state 'RUNNING' from state 'PENDING' {{(pid=109567) _task_receiver /usr/local/lib/python3.8/dist-packages/taskflow/listeners/logging.py:190}}
Nov 23 19:07:32.364465 dv-cinder-802955-4-iscsi devstack@c-api.service[109567]: DEBUG cinder.volume.api [None req-0ad12ab0-4281-4ea0-9304-cd66e5cb2cd3 tempest-VolumesGetTest-734219881 tempest-VolumesGetTest-734219881-project] Task 'cinder.volume.flows.api.create_volume.QuotaCommitTask;volume:create' (38a1c391-c57c-437e-81f0-bdaefa0b0080) transitioned into state 'SUCCESS' from state 'RUNNING' with result '{'volume_properties': VolumeProperties(attach_status='detached',availability_zone='nova',cgsnapshot_id=None,consistencygroup_id=None,display_description='tempest-@#$%^* description-684634118',display_name=None,encryption_key_id=None,group_id=None,group_type_id=,metadata={},multiattach=False,project_id='3c260f910ba24b1eb79dd44af206ba1c',qos_specs=None,replication_status=,reservations=['c6512a49-00b7-48fa-bc67-b5fee216edd9','bb22255a-a301-4c95-b314-ce35ba75bd0c','7294cc42-17f6-494a-9be7-a33497914520','5248153c-050e-41e4-8162-4c95ff22531c'],size=1,snapshot_id=None,source_replicaid=,source_volid=None,status='creating',user_id='a7e43e91e4334e12a0baa20dd1ccd154',volume_type_id=5828968c-b6ae-4ebf-ba33-40f0a05c5f7e)}' {{(pid=109567) _task_receiver /usr/local/lib/python3.8/dist-packages/taskflow/listeners/logging.py:178}}
Nov 23 19:07:32.367525 dv-cinder-802955-4-iscsi devstack@c-api.service[109567]: DEBUG cinder.volume.api [None req-0ad12ab0-4281-4ea0-9304-cd66e5cb2cd3 tempest-VolumesGetTest-734219881 tempest-VolumesGetTest-734219881-project] Task 'cinder.volume.flows.api.create_volume.VolumeCastTask;volume:create' (f66ea7da-ca40-4f00-9149-874b83787759) transitioned into state 'RUNNING' from state 'PENDING' {{(pid=109567) _task_receiver /usr/local/lib/python3.8/dist-packages/taskflow/listeners/logging.py:190}}
Nov 23 19:07:32.383725 dv-cinder-802955-4-iscsi devstack@c-api.service[109568]: DEBUG cinder.volume.api [None req-59c6932c-fb3b-4a22-859d-cc5256a2812c tempest-GroupSnapshotsTest-1230275208 tempest-GroupSnapshotsTest-1230275208-project] Task 'cinder.volume.flows.api.create_volume.ExtractVolumeRequestTask;volume:create' (8b7aced8-4b16-480b-854c-b733951ddf0e) transitioned into state 'SUCCESS' from state 'RUNNING' with result '{'size': 1, 'snapshot_id': '920462f2-0e39-4243-b950-849139a713a7', 'source_volid': None, 'volume_type': VolumeType(created_at=2021-11-23T19:07:20Z,deleted=False,deleted_at=None,description=None,extra_specs={},id=b617f069-fc88-4523-9d8f-7bcff698b009,is_public=True,name='tempest-GroupSnapshotsTest-volume-type-1704963828',projects=[],qos_specs=,qos_specs_id=None,updated_at=None), 'volume_type_id': 'b617f069-fc88-4523-9d8f-7bcff698b009', 'encryption_key_id': None, 'qos_specs': None, 'consistencygroup_id': None, 'cgsnapshot_id': None, 'group_id': 'b318826e-c4a0-488e-8f35-4a0135ab42ef', 'replication_status': 'disabled', 'refresh_az': False, 'backup_id': None, 'multiattach': False, 'availability_zones': ['nova']}' {{(pid=109568) _task_receiver /usr/local/lib/python3.8/dist-packages/taskflow/listeners/logging.py:178}}
Nov 23 19:07:32.386214 dv-cinder-802955-4-iscsi devstack@c-api.service[109568]: DEBUG cinder.volume.api [None req-59c6932c-fb3b-4a22-859d-cc5256a2812c tempest-GroupSnapshotsTest-1230275208 tempest-GroupSnapshotsTest-1230275208-project] Task 'cinder.volume.flows.api.create_volume.QuotaReserveTask;volume:create' (ed238e9b-4b76-4ea8-b1fb-e9c829c7cd2a) transitioned into state 'RUNNING' from state 'PENDING' {{(pid=109568) _task_receiver /usr/local/lib/python3.8/dist-packages/taskflow/listeners/logging.py:190}}
Nov 23 19:07:32.400947 dv-cinder-802955-4-iscsi devstack@c-api.service[109567]: DEBUG cinder.volume.api [None req-0ad12ab0-4281-4ea0-9304-cd66e5cb2cd3 tempest-VolumesGetTest-734219881 tempest-VolumesGetTest-734219881-project] Task 'cinder.volume.flows.api.create_volume.VolumeCastTask;volume:create' (f66ea7da-ca40-4f00-9149-874b83787759) transitioned into state 'SUCCESS' from state 'RUNNING' with result 'None' {{(pid=109567) _task_receiver /usr/local/lib/python3.8/dist-packages/taskflow/listeners/logging.py:178}}
Nov 23 19:07:32.408490 dv-cinder-802955-4-iscsi devstack@c-api.service[109567]: DEBUG cinder.volume.api [None req-0ad12ab0-4281-4ea0-9304-cd66e5cb2cd3 tempest-VolumesGetTest-734219881 tempest-VolumesGetTest-734219881-project] Flow 'volume_create_api' (ac071f34-c0b5-4fdc-a3a0-79c1a9c2533b) transitioned into state 'SUCCESS' from state 'RUNNING' {{(pid=109567) _flow_receiver /usr/local/lib/python3.8/dist-packages/taskflow/listeners/logging.py:141}}
Nov 23 19:07:32.412059 dv-cinder-802955-4-iscsi devstack@c-api.service[109567]: INFO cinder.volume.api [None req-0ad12ab0-4281-4ea0-9304-cd66e5cb2cd3 tempest-VolumesGetTest-734219881 tempest-VolumesGetTest-734219881-project] Create volume request issued successfully.
Nov 23 19:07:32.414189 dv-cinder-802955-4-iscsi devstack@c-api.service[109567]: INFO cinder.api.openstack.wsgi [None req-0ad12ab0-4281-4ea0-9304-cd66e5cb2cd3 tempest-VolumesGetTest-734219881 tempest-VolumesGetTest-734219881-project] http://10.222.0.21/volume/v3/3c260f910ba24b1eb79dd44af206ba1c/volumes returned with HTTP 202
Nov 23 19:07:32.423469 dv-cinder-802955-4-iscsi devstack@c-api.service[109567]: [pid: 109567|app: 0|req: 170/263] 10.222.0.21 () {60 vars in 1235 bytes} [Tue Nov 23 19:07:32 2021] POST /volume/v3/3c260f910ba24b1eb79dd44af206ba1c/volumes => generated 810 bytes in 388 msecs (HTTP/1.1 202) 7 headers in 291 bytes (1 switches on core 0)
Nov 23 19:07:32.431894 dv-cinder-802955-4-iscsi devstack@c-api.service[109567]: INFO cinder.api.openstack.wsgi [None req-0ed8b8d4-5b56-4bdf-8eb7-09b0761eaaf7 tempest-GroupsTest-2024911687 tempest-GroupsTest-2024911687-project] GET http://10.222.0.21/volume/v3/cb9b432913664066914f3be2ee6d763f/volumes/6e7ab9e3-3d5a-4550-8ef3-038611c92cb0
Nov 23 19:07:32.435163 dv-cinder-802955-4-iscsi devstack@c-api.service[109568]: WARNING cinder.quota [None req-59c6932c-fb3b-4a22-859d-cc5256a2812c tempest-GroupSnapshotsTest-1230275208 tempest-GroupSnapshotsTest-1230275208-project] Deprecated: Default quota for resource: volumes_tempest-GroupSnapshotsTest-volume-type-1704963828 is set by the default quota flag: quota_volumes_tempest-GroupSnapshotsTest-volume-type-1704963828, it is now deprecated. Please use the default quota class for default quota.
Nov 23 19:07:32.435315 dv-cinder-802955-4-iscsi devstack@c-api.service[109567]: DEBUG cinder.api.openstack.wsgi [None req-0ed8b8d4-5b56-4bdf-8eb7-09b0761eaaf7 tempest-GroupsTest-2024911687 tempest-GroupsTest-2024911687-project] Empty body provided in request {{(pid=109567) get_body /opt/stack/cinder/cinder/api/openstack/wsgi.py:703}}
Nov 23 19:07:32.437913 dv-cinder-802955-4-iscsi devstack@c-api.service[109567]: /usr/local/lib/python3.8/dist-packages/webob/acceptparse.py:1047: DeprecationWarning: The behavior of AcceptValidHeader.best_match is currently being maintained for backward compatibility, but it will be deprecated in the future, as it does not conform to the RFC.
Nov 23 19:07:32.437913 dv-cinder-802955-4-iscsi devstack@c-api.service[109567]: warnings.warn(
Nov 23 19:07:32.438617 dv-cinder-802955-4-iscsi devstack@c-api.service[109567]: DEBUG cinder.api.openstack.wsgi [None req-0ed8b8d4-5b56-4bdf-8eb7-09b0761eaaf7 tempest-GroupsTest-2024911687 tempest-GroupsTest-2024911687-project] Calling method 'show' {{(pid=109567) _process_stack /opt/stack/cinder/cinder/api/openstack/wsgi.py:856}}
Nov 23 19:07:32.470554 dv-cinder-802955-4-iscsi devstack@c-api.service[109567]: INFO cinder.api.openstack.wsgi [None req-0ed8b8d4-5b56-4bdf-8eb7-09b0761eaaf7 tempest-GroupsTest-2024911687 tempest-GroupsTest-2024911687-project] http://10.222.0.21/volume/v3/cb9b432913664066914f3be2ee6d763f/volumes/6e7ab9e3-3d5a-4550-8ef3-038611c92cb0 returned with HTTP 404
Nov 23 19:07:32.471762 dv-cinder-802955-4-iscsi devstack@c-api.service[109567]: [pid: 109567|app: 0|req: 171/264] 10.222.0.21 () {60 vars in 1365 bytes} [Tue Nov 23 19:07:32 2021] GET /volume/v3/cb9b432913664066914f3be2ee6d763f/volumes/6e7ab9e3-3d5a-4550-8ef3-038611c92cb0 => generated 109 bytes in 48 msecs (HTTP/1.1 404) 7 headers in 293 bytes (1 switches on core 0)
Nov 23 19:07:32.479183 dv-cinder-802955-4-iscsi devstack@c-api.service[109567]: INFO cinder.api.openstack.wsgi [None req-1717f17d-ba43-44b9-a153-0eacc8b7d725 tempest-VolumesGetTest-734219881 tempest-VolumesGetTest-734219881-project] GET http://10.222.0.21/volume/v3/3c260f910ba24b1eb79dd44af206ba1c/volumes/9ae77c07-04e8-4822-88a9-cc22d2691c91
Nov 23 19:07:32.481539 dv-cinder-802955-4-iscsi devstack@c-api.service[109568]: DEBUG cinder.quota [None req-59c6932c-fb3b-4a22-859d-cc5256a2812c tempest-GroupSnapshotsTest-1230275208 tempest-GroupSnapshotsTest-1230275208-project] Created reservations ['f7731975-e471-4148-bebf-dcc498761b95', 'b696a43c-803b-4daf-a823-1b4b2284c939'] {{(pid=109568) reserve /opt/stack/cinder/cinder/quota.py:755}}
Nov 23 19:07:32.484032 dv-cinder-802955-4-iscsi devstack@c-api.service[109568]: DEBUG cinder.volume.api [None req-59c6932c-fb3b-4a22-859d-cc5256a2812c tempest-GroupSnapshotsTest-1230275208 tempest-GroupSnapshotsTest-1230275208-project] Task 'cinder.volume.flows.api.create_volume.QuotaReserveTask;volume:create' (ed238e9b-4b76-4ea8-b1fb-e9c829c7cd2a) transitioned into state 'SUCCESS' from state 'RUNNING' with result '{'reservations': ['f7731975-e471-4148-bebf-dcc498761b95', 'b696a43c-803b-4daf-a823-1b4b2284c939']}' {{(pid=109568) _task_receiver /usr/local/lib/python3.8/dist-packages/taskflow/listeners/logging.py:178}}
Nov 23 19:07:32.484580 dv-cinder-802955-4-iscsi devstack@c-api.service[109567]: DEBUG cinder.api.openstack.wsgi [None req-1717f17d-ba43-44b9-a153-0eacc8b7d725 tempest-VolumesGetTest-734219881 tempest-VolumesGetTest-734219881-project] Empty body provided in request {{(pid=109567) get_body /opt/stack/cinder/cinder/api/openstack/wsgi.py:703}}
Nov 23 19:07:32.485085 dv-cinder-802955-4-iscsi devstack@c-api.service[109567]: DEBUG cinder.api.openstack.wsgi [None req-1717f17d-ba43-44b9-a153-0eacc8b7d725 tempest-VolumesGetTest-734219881 tempest-VolumesGetTest-734219881-project] Calling method 'show' {{(pid=109567) _process_stack /opt/stack/cinder/cinder/api/openstack/wsgi.py:856}}
Nov 23 19:07:32.487168 dv-cinder-802955-4-iscsi devstack@c-api.service[109568]: DEBUG cinder.volume.api [None req-59c6932c-fb3b-4a22-859d-cc5256a2812c tempest-GroupSnapshotsTest-1230275208 tempest-GroupSnapshotsTest-1230275208-project] Task 'cinder.volume.flows.api.create_volume.EntryCreateTask;volume:create' (e93603ce-3fc4-429f-8631-694fddc02347) transitioned into state 'RUNNING' from state 'PENDING' {{(pid=109568) _task_receiver /usr/local/lib/python3.8/dist-packages/taskflow/listeners/logging.py:190}}
Nov 23 19:07:32.542246 dv-cinder-802955-4-iscsi devstack@c-api.service[109567]: /usr/local/lib/python3.8/dist-packages/oslo_context/context.py:105: DeprecationWarning: Policy enforcement is depending on the value of is_admin. This key is deprecated. Please update your policy file to use the standard policy values.
Nov 23 19:07:32.542246 dv-cinder-802955-4-iscsi devstack@c-api.service[109567]: warnings.warn('Policy enforcement is depending on the value of '
Nov 23 19:07:32.562259 dv-cinder-802955-4-iscsi devstack@c-api.service[109567]: INFO cinder.volume.api [None req-1717f17d-ba43-44b9-a153-0eacc8b7d725 tempest-VolumesGetTest-734219881 tempest-VolumesGetTest-734219881-project] Volume info retrieved successfully.
Nov 23 19:07:32.573961 dv-cinder-802955-4-iscsi devstack@c-api.service[109568]: DEBUG cinder.volume.api [None req-59c6932c-fb3b-4a22-859d-cc5256a2812c tempest-GroupSnapshotsTest-1230275208 tempest-GroupSnapshotsTest-1230275208-project] Task 'cinder.volume.flows.api.create_volume.EntryCreateTask;volume:create' (e93603ce-3fc4-429f-8631-694fddc02347) transitioned into state 'SUCCESS' from state 'RUNNING' with result '{'volume_id': '94bcf0e1-2c0f-4c11-a47b-aaf652583851', 'volume_properties': VolumeProperties(attach_status='detached',availability_zone='nova',cgsnapshot_id=None,consistencygroup_id=None,display_description=None,display_name=None,encryption_key_id=None,group_id=b318826e-c4a0-488e-8f35-4a0135ab42ef,group_type_id=,metadata={},multiattach=False,project_id='bfa3bcb001f7498d8113bd8eff0bb9c3',qos_specs=None,replication_status=,reservations=['f7731975-e471-4148-bebf-dcc498761b95','b696a43c-803b-4daf-a823-1b4b2284c939'],size=1,snapshot_id=920462f2-0e39-4243-b950-849139a713a7,source_replicaid=,source_volid=None,status='creating',user_id='5d2fd928bbf743c682df2bb026fca992',volume_type_id=b617f069-fc88-4523-9d8f-7bcff698b009), 'volume': Volume(_name_id=None,admin_metadata=,attach_status='detached',availability_zone='nova',bootable=False,cluster=,cluster_name=None,consistencygroup=,consistencygroup_id=None,created_at=2021-11-23T19:07:32Z,deleted=False,deleted_at=None,display_description=None,display_name=None,ec2_id=None,encryption_key_id=None,glance_metadata=,group=,group_id=b318826e-c4a0-488e-8f35-4a0135ab42ef,host=None,id=94bcf0e1-2c0f-4c11-a47b-aaf652583851,launched_at=None,metadata={},migration_status=None,multiattach=False,previous_status=None,project_id='bfa3bcb001f7498d8113bd8eff0bb9c3',provider_auth=None,provider_geometry=None,provider_id=None,provider_location=None,replication_driver_data=None,replication_extended_status=None,replication_status=None,scheduled_at=None,service_uuid=None,shared_targets=True,size=1,snapshot_id=920462f2-0e39-4243-b950-849139a713a7,snapshots=,source_volid=None,status='creating',terminated_at=None,updated_at=None,use_quota=True,user_id='5d2fd928bbf743c682df2bb026fca992',volume_attachment=VolumeAttachmentList,volume_type=VolumeType(b617f069-fc88-4523-9d8f-7bcff698b009),volume_type_id=b617f069-fc88-4523-9d8f-7bcff698b009)}' {{(pid=109568) _task_receiver /usr/local/lib/python3.8/dist-packages/taskflow/listeners/logging.py:178}}
Nov 23 19:07:32.578913 dv-cinder-802955-4-iscsi devstack@c-api.service[109568]: DEBUG cinder.volume.api [None req-59c6932c-fb3b-4a22-859d-cc5256a2812c tempest-GroupSnapshotsTest-1230275208 tempest-GroupSnapshotsTest-1230275208-project] Task 'cinder.volume.flows.api.create_volume.QuotaCommitTask;volume:create' (c1cb19ff-e1a1-436c-8e54-245f7cc2e110) transitioned into state 'RUNNING' from state 'PENDING' {{(pid=109568) _task_receiver /usr/local/lib/python3.8/dist-packages/taskflow/listeners/logging.py:190}}
Nov 23 19:07:32.583673 dv-cinder-802955-4-iscsi devstack@c-api.service[109567]: INFO cinder.api.openstack.wsgi [None req-1717f17d-ba43-44b9-a153-0eacc8b7d725 tempest-VolumesGetTest-734219881 tempest-VolumesGetTest-734219881-project] http://10.222.0.21/volume/v3/3c260f910ba24b1eb79dd44af206ba1c/volumes/9ae77c07-04e8-4822-88a9-cc22d2691c91 returned with HTTP 200
Nov 23 19:07:32.586476 dv-cinder-802955-4-iscsi devstack@c-api.service[109567]: [pid: 109567|app: 0|req: 172/265] 10.222.0.21 () {58 vars in 1324 bytes} [Tue Nov 23 19:07:32 2021] GET /volume/v3/3c260f910ba24b1eb79dd44af206ba1c/volumes/9ae77c07-04e8-4822-88a9-cc22d2691c91 => generated 878 bytes in 114 msecs (HTTP/1.1 200) 7 headers in 285 bytes (1 switches on core 0)
Nov 23 19:07:32.599839 dv-cinder-802955-4-iscsi devstack@c-api.service[109567]: INFO cinder.api.openstack.wsgi [None req-c96dca71-b2f7-407a-a973-577e7f8eea8d tempest-GroupsTest-2024911687 tempest-GroupsTest-2024911687-project] GET http://10.222.0.21/volume/v3/cb9b432913664066914f3be2ee6d763f/volumes/bb517d2f-d66b-473c-a914-3a968ceee268
Nov 23 19:07:32.600565 dv-cinder-802955-4-iscsi devstack@c-api.service[109567]: DEBUG cinder.api.openstack.wsgi [None req-c96dca71-b2f7-407a-a973-577e7f8eea8d tempest-GroupsTest-2024911687 tempest-GroupsTest-2024911687-project] Empty body provided in request {{(pid=109567) get_body /opt/stack/cinder/cinder/api/openstack/wsgi.py:703}}
Nov 23 19:07:32.600886 dv-cinder-802955-4-iscsi devstack@c-api.service[109567]: /usr/local/lib/python3.8/dist-packages/webob/acceptparse.py:1047: DeprecationWarning: The behavior of AcceptValidHeader.best_match is currently being maintained for backward compatibility, but it will be deprecated in the future, as it does not conform to the RFC.
Nov 23 19:07:32.600886 dv-cinder-802955-4-iscsi devstack@c-api.service[109567]: warnings.warn(
Nov 23 19:07:32.601486 dv-cinder-802955-4-iscsi devstack@c-api.service[109567]: DEBUG cinder.api.openstack.wsgi [None req-c96dca71-b2f7-407a-a973-577e7f8eea8d tempest-GroupsTest-2024911687 tempest-GroupsTest-2024911687-project] Calling method 'show' {{(pid=109567) _process_stack /opt/stack/cinder/cinder/api/openstack/wsgi.py:856}}
Nov 23 19:07:32.626856 dv-cinder-802955-4-iscsi devstack@c-api.service[109568]: DEBUG cinder.volume.api [None req-59c6932c-fb3b-4a22-859d-cc5256a2812c tempest-GroupSnapshotsTest-1230275208 tempest-GroupSnapshotsTest-1230275208-project] Task 'cinder.volume.flows.api.create_volume.QuotaCommitTask;volume:create' (c1cb19ff-e1a1-436c-8e54-245f7cc2e110) transitioned into state 'SUCCESS' from state 'RUNNING' with result '{'volume_properties': VolumeProperties(attach_status='detached',availability_zone='nova',cgsnapshot_id=None,consistencygroup_id=None,display_description=None,display_name=None,encryption_key_id=None,group_id=b318826e-c4a0-488e-8f35-4a0135ab42ef,group_type_id=,metadata={},multiattach=False,project_id='bfa3bcb001f7498d8113bd8eff0bb9c3',qos_specs=None,replication_status=,reservations=['f7731975-e471-4148-bebf-dcc498761b95','b696a43c-803b-4daf-a823-1b4b2284c939'],size=1,snapshot_id=920462f2-0e39-4243-b950-849139a713a7,source_replicaid=,source_volid=None,status='creating',user_id='5d2fd928bbf743c682df2bb026fca992',volume_type_id=b617f069-fc88-4523-9d8f-7bcff698b009)}' {{(pid=109568) _task_receiver /usr/local/lib/python3.8/dist-packages/taskflow/listeners/logging.py:178}}
Nov 23 19:07:32.629165 dv-cinder-802955-4-iscsi devstack@c-api.service[109567]: INFO cinder.api.openstack.wsgi [None req-c96dca71-b2f7-407a-a973-577e7f8eea8d tempest-GroupsTest-2024911687 tempest-GroupsTest-2024911687-project] http://10.222.0.21/volume/v3/cb9b432913664066914f3be2ee6d763f/volumes/bb517d2f-d66b-473c-a914-3a968ceee268 returned with HTTP 404
Nov 23 19:07:32.629789 dv-cinder-802955-4-iscsi devstack@c-api.service[109568]: DEBUG cinder.volume.api [None req-59c6932c-fb3b-4a22-859d-cc5256a2812c tempest-GroupSnapshotsTest-1230275208 tempest-GroupSnapshotsTest-1230275208-project] Flow 'volume_create_api' (951e6b3a-b829-40ea-b148-e7344384e9c3) transitioned into state 'SUCCESS' from state 'RUNNING' {{(pid=109568) _flow_receiver /usr/local/lib/python3.8/dist-packages/taskflow/listeners/logging.py:141}}
Nov 23 19:07:32.630498 dv-cinder-802955-4-iscsi devstack@c-api.service[109568]: INFO cinder.volume.api [None req-59c6932c-fb3b-4a22-859d-cc5256a2812c tempest-GroupSnapshotsTest-1230275208 tempest-GroupSnapshotsTest-1230275208-project] Create volume request issued successfully.
Nov 23 19:07:32.634817 dv-cinder-802955-4-iscsi devstack@c-api.service[109567]: [pid: 109567|app: 0|req: 173/266] 10.222.0.21 () {60 vars in 1365 bytes} [Tue Nov 23 19:07:32 2021] GET /volume/v3/cb9b432913664066914f3be2ee6d763f/volumes/bb517d2f-d66b-473c-a914-3a968ceee268 => generated 109 bytes in 46 msecs (HTTP/1.1 404) 7 headers in 293 bytes (1 switches on core 0)
Nov 23 19:07:32.646419 dv-cinder-802955-4-iscsi devstack@c-api.service[109567]: INFO cinder.api.openstack.wsgi [None req-aa6b36b0-67ba-4a36-a56f-12aef5df4881 tempest-GroupsTest-2024911687 tempest-GroupsTest-2024911687-project] GET http://10.222.0.21/volume/v3/cb9b432913664066914f3be2ee6d763f/groups/ded4d60f-3cab-45c4-a222-9574789a8b02
Nov 23 19:07:32.648138 dv-cinder-802955-4-iscsi devstack@c-api.service[109567]: DEBUG cinder.api.openstack.wsgi [None req-aa6b36b0-67ba-4a36-a56f-12aef5df4881 tempest-GroupsTest-2024911687 tempest-GroupsTest-2024911687-project] Empty body provided in request {{(pid=109567) get_body /opt/stack/cinder/cinder/api/openstack/wsgi.py:703}}
Nov 23 19:07:32.648806 dv-cinder-802955-4-iscsi devstack@c-api.service[109567]: DEBUG cinder.api.openstack.wsgi [None req-aa6b36b0-67ba-4a36-a56f-12aef5df4881 tempest-GroupsTest-2024911687 tempest-GroupsTest-2024911687-project] Calling method 'version_select' {{(pid=109567) _process_stack /opt/stack/cinder/cinder/api/openstack/wsgi.py:856}}
Nov 23 19:07:32.649939 dv-cinder-802955-4-iscsi devstack@c-api.service[109567]: DEBUG cinder.api.v3.groups [None req-aa6b36b0-67ba-4a36-a56f-12aef5df4881 tempest-GroupsTest-2024911687 tempest-GroupsTest-2024911687-project] show called for member ded4d60f-3cab-45c4-a222-9574789a8b02 {{(pid=109567) show /opt/stack/cinder/cinder/api/v3/groups.py:58}}
Nov 23 19:07:32.662133 dv-cinder-802955-4-iscsi devstack@c-api.service[109567]: INFO cinder.api.openstack.wsgi [None req-aa6b36b0-67ba-4a36-a56f-12aef5df4881 tempest-GroupsTest-2024911687 tempest-GroupsTest-2024911687-project] http://10.222.0.21/volume/v3/cb9b432913664066914f3be2ee6d763f/groups/ded4d60f-3cab-45c4-a222-9574789a8b02 returned with HTTP 404
Nov 23 19:07:32.669824 dv-cinder-802955-4-iscsi devstack@c-api.service[109567]: [pid: 109567|app: 0|req: 174/267] 10.222.0.21 () {60 vars in 1362 bytes} [Tue Nov 23 19:07:32 2021] GET /volume/v3/cb9b432913664066914f3be2ee6d763f/groups/ded4d60f-3cab-45c4-a222-9574789a8b02 => generated 108 bytes in 34 msecs (HTTP/1.1 404) 7 headers in 293 bytes (1 switches on core 0)
Nov 23 19:07:32.681129 dv-cinder-802955-4-iscsi devstack@c-api.service[109567]: INFO cinder.api.openstack.wsgi [None req-89bf80b2-ad31-4909-81ac-6c999e0dce07 tempest-GroupsTest-1132262718 tempest-GroupsTest-1132262718-project-admin] DELETE http://10.222.0.21/volume/v3/401aee203e924943a0d2adc75a503e5a/group_types/e1c64f7a-8439-4e1a-9506-8e533a6947e2
Nov 23 19:07:32.683932 dv-cinder-802955-4-iscsi devstack@c-api.service[109567]: DEBUG cinder.api.openstack.wsgi [None req-89bf80b2-ad31-4909-81ac-6c999e0dce07 tempest-GroupsTest-1132262718 tempest-GroupsTest-1132262718-project-admin] Empty body provided in request {{(pid=109567) get_body /opt/stack/cinder/cinder/api/openstack/wsgi.py:703}}
Nov 23 19:07:32.684492 dv-cinder-802955-4-iscsi devstack@c-api.service[109567]: DEBUG cinder.api.openstack.wsgi [None req-89bf80b2-ad31-4909-81ac-6c999e0dce07 tempest-GroupsTest-1132262718 tempest-GroupsTest-1132262718-project-admin] Calling method 'version_select' {{(pid=109567) _process_stack /opt/stack/cinder/cinder/api/openstack/wsgi.py:856}}
Nov 23 19:07:32.684912 dv-cinder-802955-4-iscsi devstack@c-api.service[109568]: INFO cinder.api.openstack.wsgi [None req-59c6932c-fb3b-4a22-859d-cc5256a2812c tempest-GroupSnapshotsTest-1230275208 tempest-GroupSnapshotsTest-1230275208-project] http://10.222.0.21/volume/v3/bfa3bcb001f7498d8113bd8eff0bb9c3/groups/action returned with HTTP 202
Nov 23 19:07:32.686853 dv-cinder-802955-4-iscsi devstack@c-api.service[109568]: [pid: 109568|app: 0|req: 94/268] 10.222.0.21 () {62 vars in 1294 bytes} [Tue Nov 23 19:07:31 2021] POST /volume/v3/bfa3bcb001f7498d8113bd8eff0bb9c3/groups/action => generated 102 bytes in 907 msecs (HTTP/1.1 202) 7 headers in 292 bytes (1 switches on core 0)
Nov 23 19:07:32.696405 dv-cinder-802955-4-iscsi devstack@c-api.service[109568]: INFO cinder.api.openstack.wsgi [None req-a95c1294-845d-4703-a164-da0d95c41a44 tempest-GroupSnapshotsTest-1230275208 tempest-GroupSnapshotsTest-1230275208-project] GET http://10.222.0.21/volume/v3/bfa3bcb001f7498d8113bd8eff0bb9c3/volumes/detail
Nov 23 19:07:32.699080 dv-cinder-802955-4-iscsi devstack@c-api.service[109568]: DEBUG cinder.api.openstack.wsgi [None req-a95c1294-845d-4703-a164-da0d95c41a44 tempest-GroupSnapshotsTest-1230275208 tempest-GroupSnapshotsTest-1230275208-project] Empty body provided in request {{(pid=109568) get_body /opt/stack/cinder/cinder/api/openstack/wsgi.py:703}}
Nov 23 19:07:32.699423 dv-cinder-802955-4-iscsi devstack@c-api.service[109568]: /usr/local/lib/python3.8/dist-packages/webob/acceptparse.py:1047: DeprecationWarning: The behavior of AcceptValidHeader.best_match is currently being maintained for backward compatibility, but it will be deprecated in the future, as it does not conform to the RFC.
Nov 23 19:07:32.699423 dv-cinder-802955-4-iscsi devstack@c-api.service[109568]: warnings.warn(
Nov 23 19:07:32.699970 dv-cinder-802955-4-iscsi devstack@c-api.service[109568]: DEBUG cinder.api.openstack.wsgi [None req-a95c1294-845d-4703-a164-da0d95c41a44 tempest-GroupSnapshotsTest-1230275208 tempest-GroupSnapshotsTest-1230275208-project] Calling method 'detail' {{(pid=109568) _process_stack /opt/stack/cinder/cinder/api/openstack/wsgi.py:856}}
Nov 23 19:07:32.700921 dv-cinder-802955-4-iscsi devstack@c-api.service[109568]: DEBUG cinder.api.api_utils [None req-a95c1294-845d-4703-a164-da0d95c41a44 tempest-GroupSnapshotsTest-1230275208 tempest-GroupSnapshotsTest-1230275208-project] Removing options '' from query. {{(pid=109568) remove_invalid_filter_options /opt/stack/cinder/cinder/api/api_utils.py:73}}
Nov 23 19:07:32.702614 dv-cinder-802955-4-iscsi devstack@c-api.service[109568]: /usr/local/lib/python3.8/dist-packages/oslo_context/context.py:105: DeprecationWarning: Policy enforcement is depending on the value of is_admin. This key is deprecated. Please update your policy file to use the standard policy values.
Nov 23 19:07:32.702614 dv-cinder-802955-4-iscsi devstack@c-api.service[109568]: warnings.warn('Policy enforcement is depending on the value of '
Nov 23 19:07:32.703830 dv-cinder-802955-4-iscsi devstack@c-api.service[109568]: DEBUG cinder.volume.api [None req-a95c1294-845d-4703-a164-da0d95c41a44 tempest-GroupSnapshotsTest-1230275208 tempest-GroupSnapshotsTest-1230275208-project] Searching by: MultiDict([('no_migration_targets', True)]). {{(pid=109568) get_all /opt/stack/cinder/cinder/volume/api.py:619}}
Nov 23 19:07:32.735170 dv-cinder-802955-4-iscsi devstack@c-api.service[109567]: INFO cinder.api.openstack.wsgi [None req-89bf80b2-ad31-4909-81ac-6c999e0dce07 tempest-GroupsTest-1132262718 tempest-GroupsTest-1132262718-project-admin] http://10.222.0.21/volume/v3/401aee203e924943a0d2adc75a503e5a/group_types/e1c64f7a-8439-4e1a-9506-8e533a6947e2 returned with HTTP 202
Nov 23 19:07:32.736142 dv-cinder-802955-4-iscsi devstack@c-api.service[109567]: [pid: 109567|app: 0|req: 175/269] 10.222.0.21 () {60 vars in 1380 bytes} [Tue Nov 23 19:07:32 2021] DELETE /volume/v3/401aee203e924943a0d2adc75a503e5a/group_types/e1c64f7a-8439-4e1a-9506-8e533a6947e2 => generated 0 bytes in 65 msecs (HTTP/1.1 202) 6 headers in 234 bytes (1 switches on core 0)
Nov 23 19:07:32.747109 dv-cinder-802955-4-iscsi devstack@c-api.service[109567]: INFO cinder.api.openstack.wsgi [None req-bbc4c811-9865-4800-9c53-22011999a7da tempest-GroupsTest-2024911687 tempest-GroupsTest-2024911687-project] DELETE http://10.222.0.21/volume/v3/cb9b432913664066914f3be2ee6d763f/volumes/6e7ab9e3-3d5a-4550-8ef3-038611c92cb0
Nov 23 19:07:32.747611 dv-cinder-802955-4-iscsi devstack@c-api.service[109567]: DEBUG cinder.api.openstack.wsgi [None req-bbc4c811-9865-4800-9c53-22011999a7da tempest-GroupsTest-2024911687 tempest-GroupsTest-2024911687-project] Empty body provided in request {{(pid=109567) get_body /opt/stack/cinder/cinder/api/openstack/wsgi.py:703}}
Nov 23 19:07:32.748093 dv-cinder-802955-4-iscsi devstack@c-api.service[109567]: DEBUG cinder.api.openstack.wsgi [None req-bbc4c811-9865-4800-9c53-22011999a7da tempest-GroupsTest-2024911687 tempest-GroupsTest-2024911687-project] Calling method 'delete' {{(pid=109567) _process_stack /opt/stack/cinder/cinder/api/openstack/wsgi.py:856}}
Nov 23 19:07:32.749711 dv-cinder-802955-4-iscsi devstack@c-api.service[109567]: INFO cinder.api.v3.volumes [None req-bbc4c811-9865-4800-9c53-22011999a7da tempest-GroupsTest-2024911687 tempest-GroupsTest-2024911687-project] Delete volume with id: 6e7ab9e3-3d5a-4550-8ef3-038611c92cb0
Nov 23 19:07:32.761204 dv-cinder-802955-4-iscsi devstack@c-api.service[109567]: INFO cinder.api.openstack.wsgi [None req-bbc4c811-9865-4800-9c53-22011999a7da tempest-GroupsTest-2024911687 tempest-GroupsTest-2024911687-project] http://10.222.0.21/volume/v3/cb9b432913664066914f3be2ee6d763f/volumes/6e7ab9e3-3d5a-4550-8ef3-038611c92cb0 returned with HTTP 404
Nov 23 19:07:32.766223 dv-cinder-802955-4-iscsi devstack@c-api.service[109567]: [pid: 109567|app: 0|req: 176/270] 10.222.0.21 () {58 vars in 1327 bytes} [Tue Nov 23 19:07:32 2021] DELETE /volume/v3/cb9b432913664066914f3be2ee6d763f/volumes/6e7ab9e3-3d5a-4550-8ef3-038611c92cb0 => generated 109 bytes in 25 msecs (HTTP/1.1 404) 7 headers in 292 bytes (1 switches on core 0)
Nov 23 19:07:32.772663 dv-cinder-802955-4-iscsi devstack@c-api.service[109567]: INFO cinder.api.openstack.wsgi [None req-b8f1435d-7804-4761-97d2-bf62138d74ed tempest-GroupsTest-2024911687 tempest-GroupsTest-2024911687-project] DELETE http://10.222.0.21/volume/v3/cb9b432913664066914f3be2ee6d763f/volumes/bb517d2f-d66b-473c-a914-3a968ceee268
Nov 23 19:07:32.777307 dv-cinder-802955-4-iscsi devstack@c-api.service[109567]: DEBUG cinder.api.openstack.wsgi [None req-b8f1435d-7804-4761-97d2-bf62138d74ed tempest-GroupsTest-2024911687 tempest-GroupsTest-2024911687-project] Empty body provided in request {{(pid=109567) get_body /opt/stack/cinder/cinder/api/openstack/wsgi.py:703}}
Nov 23 19:07:32.777926 dv-cinder-802955-4-iscsi devstack@c-api.service[109567]: DEBUG cinder.api.openstack.wsgi [None req-b8f1435d-7804-4761-97d2-bf62138d74ed tempest-GroupsTest-2024911687 tempest-GroupsTest-2024911687-project] Calling method 'delete' {{(pid=109567) _process_stack /opt/stack/cinder/cinder/api/openstack/wsgi.py:856}}
Nov 23 19:07:32.781179 dv-cinder-802955-4-iscsi devstack@c-api.service[109567]: INFO cinder.api.v3.volumes [None req-b8f1435d-7804-4761-97d2-bf62138d74ed tempest-GroupsTest-2024911687 tempest-GroupsTest-2024911687-project] Delete volume with id: bb517d2f-d66b-473c-a914-3a968ceee268
Nov 23 19:07:32.793748 dv-cinder-802955-4-iscsi devstack@c-api.service[109568]: INFO cinder.volume.api [None req-a95c1294-845d-4703-a164-da0d95c41a44 tempest-GroupSnapshotsTest-1230275208 tempest-GroupSnapshotsTest-1230275208-project] Get all volumes completed successfully.
Nov 23 19:07:32.796320 dv-cinder-802955-4-iscsi devstack@c-api.service[109568]: WARNING stevedore.named [None req-a95c1294-845d-4703-a164-da0d95c41a44 tempest-GroupSnapshotsTest-1230275208 tempest-GroupSnapshotsTest-1230275208-project] Could not load cinder.keymgr.conf_key_mgr.ConfKeyManager
Nov 23 19:07:32.796928 dv-cinder-802955-4-iscsi devstack@c-api.service[109568]: WARNING castellan.key_manager [None req-a95c1294-845d-4703-a164-da0d95c41a44 tempest-GroupSnapshotsTest-1230275208 tempest-GroupSnapshotsTest-1230275208-project] Deprecation Warning : cinder.keymgr.conf_key_mgr.ConfKeyManager is not a stevedore based driver, trying to load it as a class: stevedore.exception.NoMatches: No 'castellan.drivers' driver found, looking for 'cinder.keymgr.conf_key_mgr.ConfKeyManager'
Nov 23 19:07:32.808260 dv-cinder-802955-4-iscsi devstack@c-api.service[109568]: DEBUG oslo_db.sqlalchemy.engines [None req-a95c1294-845d-4703-a164-da0d95c41a44 tempest-GroupSnapshotsTest-1230275208 tempest-GroupSnapshotsTest-1230275208-project] MySQL server mode set to STRICT_TRANS_TABLES,STRICT_ALL_TABLES,NO_ZERO_IN_DATE,NO_ZERO_DATE,ERROR_FOR_DIVISION_BY_ZERO,TRADITIONAL,NO_ENGINE_SUBSTITUTION {{(pid=109568) _check_effective_sql_mode /usr/local/lib/python3.8/dist-packages/oslo_db/sqlalchemy/engines.py:314}}
Nov 23 19:07:32.813989 dv-cinder-802955-4-iscsi devstack@c-api.service[109567]: INFO cinder.api.openstack.wsgi [None req-b8f1435d-7804-4761-97d2-bf62138d74ed tempest-GroupsTest-2024911687 tempest-GroupsTest-2024911687-project] http://10.222.0.21/volume/v3/cb9b432913664066914f3be2ee6d763f/volumes/bb517d2f-d66b-473c-a914-3a968ceee268 returned with HTTP 404
Nov 23 19:07:32.816576 dv-cinder-802955-4-iscsi devstack@c-api.service[109568]: /usr/local/lib/python3.8/dist-packages/oslo_context/context.py:105: DeprecationWarning: Policy enforcement is depending on the value of is_admin. This key is deprecated. Please update your policy file to use the standard policy values.
Nov 23 19:07:32.816576 dv-cinder-802955-4-iscsi devstack@c-api.service[109568]: warnings.warn('Policy enforcement is depending on the value of '
Nov 23 19:07:32.817170 dv-cinder-802955-4-iscsi devstack@c-api.service[109567]: [pid: 109567|app: 0|req: 177/271] 10.222.0.21 () {58 vars in 1327 bytes} [Tue Nov 23 19:07:32 2021] DELETE /volume/v3/cb9b432913664066914f3be2ee6d763f/volumes/bb517d2f-d66b-473c-a914-3a968ceee268 => generated 109 bytes in 50 msecs (HTTP/1.1 404) 7 headers in 292 bytes (1 switches on core 0)
Nov 23 19:07:32.834627 dv-cinder-802955-4-iscsi devstack@c-api.service[109567]: INFO cinder.api.openstack.wsgi [None req-a434e776-1688-4391-b82f-3e2988ef846b tempest-GroupsTest-1132262718 tempest-GroupsTest-1132262718-project-admin] DELETE http://10.222.0.21/volume/v3/401aee203e924943a0d2adc75a503e5a/types/34b5d2aa-85f5-4b6d-8960-423b3aafd184
Nov 23 19:07:32.835254 dv-cinder-802955-4-iscsi devstack@c-api.service[109567]: DEBUG cinder.api.openstack.wsgi [None req-a434e776-1688-4391-b82f-3e2988ef846b tempest-GroupsTest-1132262718 tempest-GroupsTest-1132262718-project-admin] Empty body provided in request {{(pid=109567) get_body /opt/stack/cinder/cinder/api/openstack/wsgi.py:703}}
Nov 23 19:07:32.836825 dv-cinder-802955-4-iscsi devstack@c-api.service[109567]: DEBUG cinder.api.openstack.wsgi [None req-a434e776-1688-4391-b82f-3e2988ef846b tempest-GroupsTest-1132262718 tempest-GroupsTest-1132262718-project-admin] Calling method '_delete' {{(pid=109567) _process_stack /opt/stack/cinder/cinder/api/openstack/wsgi.py:856}}
Nov 23 19:07:32.844286 dv-cinder-802955-4-iscsi devstack@c-api.service[109568]: WARNING stevedore.named [None req-a95c1294-845d-4703-a164-da0d95c41a44 tempest-GroupSnapshotsTest-1230275208 tempest-GroupSnapshotsTest-1230275208-project] Could not load cinder.keymgr.conf_key_mgr.ConfKeyManager
Nov 23 19:07:32.844974 dv-cinder-802955-4-iscsi devstack@c-api.service[109568]: WARNING castellan.key_manager [None req-a95c1294-845d-4703-a164-da0d95c41a44 tempest-GroupSnapshotsTest-1230275208 tempest-GroupSnapshotsTest-1230275208-project] Deprecation Warning : cinder.keymgr.conf_key_mgr.ConfKeyManager is not a stevedore based driver, trying to load it as a class: stevedore.exception.NoMatches: No 'castellan.drivers' driver found, looking for 'cinder.keymgr.conf_key_mgr.ConfKeyManager'
Nov 23 19:07:32.855250 dv-cinder-802955-4-iscsi devstack@c-api.service[109568]: DEBUG oslo_db.sqlalchemy.engines [None req-a95c1294-845d-4703-a164-da0d95c41a44 tempest-GroupSnapshotsTest-1230275208 tempest-GroupSnapshotsTest-1230275208-project] MySQL server mode set to STRICT_TRANS_TABLES,STRICT_ALL_TABLES,NO_ZERO_IN_DATE,NO_ZERO_DATE,ERROR_FOR_DIVISION_BY_ZERO,TRADITIONAL,NO_ENGINE_SUBSTITUTION {{(pid=109568) _check_effective_sql_mode /usr/local/lib/python3.8/dist-packages/oslo_db/sqlalchemy/engines.py:314}}
Nov 23 19:07:32.862726 dv-cinder-802955-4-iscsi devstack@c-api.service[109568]: /usr/local/lib/python3.8/dist-packages/oslo_context/context.py:105: DeprecationWarning: Policy enforcement is depending on the value of is_admin. This key is deprecated. Please update your policy file to use the standard policy values.
Nov 23 19:07:32.862726 dv-cinder-802955-4-iscsi devstack@c-api.service[109568]: warnings.warn('Policy enforcement is depending on the value of '
Nov 23 19:07:32.888348 dv-cinder-802955-4-iscsi devstack@c-api.service[109568]: INFO cinder.api.openstack.wsgi [None req-a95c1294-845d-4703-a164-da0d95c41a44 tempest-GroupSnapshotsTest-1230275208 tempest-GroupSnapshotsTest-1230275208-project] http://10.222.0.21/volume/v3/bfa3bcb001f7498d8113bd8eff0bb9c3/volumes/detail returned with HTTP 200
Nov 23 19:07:32.892687 dv-cinder-802955-4-iscsi devstack@c-api.service[109568]: [pid: 109568|app: 0|req: 95/272] 10.222.0.21 () {60 vars in 1275 bytes} [Tue Nov 23 19:07:32 2021] GET /volume/v3/bfa3bcb001f7498d8113bd8eff0bb9c3/volumes/detail => generated 1984 bytes in 200 msecs (HTTP/1.1 200) 7 headers in 287 bytes (2 switches on core 0)
Nov 23 19:07:32.910133 dv-cinder-802955-4-iscsi devstack@c-api.service[109568]: INFO cinder.api.openstack.wsgi [None req-645b4d6f-5438-453f-be58-6b005ccd7173 tempest-GroupSnapshotsTest-1230275208 tempest-GroupSnapshotsTest-1230275208-project] GET http://10.222.0.21/volume/v3/bfa3bcb001f7498d8113bd8eff0bb9c3/volumes/94bcf0e1-2c0f-4c11-a47b-aaf652583851
Nov 23 19:07:32.911296 dv-cinder-802955-4-iscsi devstack@c-api.service[109568]: DEBUG cinder.api.openstack.wsgi [None req-645b4d6f-5438-453f-be58-6b005ccd7173 tempest-GroupSnapshotsTest-1230275208 tempest-GroupSnapshotsTest-1230275208-project] Empty body provided in request {{(pid=109568) get_body /opt/stack/cinder/cinder/api/openstack/wsgi.py:703}}
Nov 23 19:07:32.913253 dv-cinder-802955-4-iscsi devstack@c-api.service[109568]: /usr/local/lib/python3.8/dist-packages/webob/acceptparse.py:1047: DeprecationWarning: The behavior of AcceptValidHeader.best_match is currently being maintained for backward compatibility, but it will be deprecated in the future, as it does not conform to the RFC.
Nov 23 19:07:32.913253 dv-cinder-802955-4-iscsi devstack@c-api.service[109568]: warnings.warn(
Nov 23 19:07:32.914610 dv-cinder-802955-4-iscsi devstack@c-api.service[109568]: DEBUG cinder.api.openstack.wsgi [None req-645b4d6f-5438-453f-be58-6b005ccd7173 tempest-GroupSnapshotsTest-1230275208 tempest-GroupSnapshotsTest-1230275208-project] Calling method 'show' {{(pid=109568) _process_stack /opt/stack/cinder/cinder/api/openstack/wsgi.py:856}}
Nov 23 19:07:32.948547 dv-cinder-802955-4-iscsi devstack@c-api.service[109567]: INFO cinder.api.openstack.wsgi [None req-a434e776-1688-4391-b82f-3e2988ef846b tempest-GroupsTest-1132262718 tempest-GroupsTest-1132262718-project-admin] http://10.222.0.21/volume/v3/401aee203e924943a0d2adc75a503e5a/types/34b5d2aa-85f5-4b6d-8960-423b3aafd184 returned with HTTP 202
Nov 23 19:07:32.950265 dv-cinder-802955-4-iscsi devstack@c-api.service[109568]: /usr/local/lib/python3.8/dist-packages/oslo_context/context.py:105: DeprecationWarning: Policy enforcement is depending on the value of is_admin. This key is deprecated. Please update your policy file to use the standard policy values.
Nov 23 19:07:32.950265 dv-cinder-802955-4-iscsi devstack@c-api.service[109568]: warnings.warn('Policy enforcement is depending on the value of '
Nov 23 19:07:32.953125 dv-cinder-802955-4-iscsi devstack@c-api.service[109567]: [pid: 109567|app: 0|req: 178/273] 10.222.0.21 () {58 vars in 1321 bytes} [Tue Nov 23 19:07:32 2021] DELETE /volume/v3/401aee203e924943a0d2adc75a503e5a/types/34b5d2aa-85f5-4b6d-8960-423b3aafd184 => generated 0 bytes in 131 msecs (HTTP/1.1 202) 6 headers in 233 bytes (1 switches on core 0)
Nov 23 19:07:32.960263 dv-cinder-802955-4-iscsi devstack@c-api.service[109567]: INFO cinder.api.openstack.wsgi [None req-f8ac6cf1-dce5-4656-81de-963af46a70cb tempest-GroupsTest-1132262718 tempest-GroupsTest-1132262718-project-admin] GET http://10.222.0.21/volume/v3/401aee203e924943a0d2adc75a503e5a/types/34b5d2aa-85f5-4b6d-8960-423b3aafd184
Nov 23 19:07:32.963368 dv-cinder-802955-4-iscsi devstack@c-api.service[109567]: DEBUG cinder.api.openstack.wsgi [None req-f8ac6cf1-dce5-4656-81de-963af46a70cb tempest-GroupsTest-1132262718 tempest-GroupsTest-1132262718-project-admin] Empty body provided in request {{(pid=109567) get_body /opt/stack/cinder/cinder/api/openstack/wsgi.py:703}}
Nov 23 19:07:32.964853 dv-cinder-802955-4-iscsi devstack@c-api.service[109567]: DEBUG cinder.api.openstack.wsgi [None req-f8ac6cf1-dce5-4656-81de-963af46a70cb tempest-GroupsTest-1132262718 tempest-GroupsTest-1132262718-project-admin] Calling method 'show' {{(pid=109567) _process_stack /opt/stack/cinder/cinder/api/openstack/wsgi.py:856}}
Nov 23 19:07:32.975871 dv-cinder-802955-4-iscsi devstack@c-api.service[109568]: INFO cinder.volume.api [None req-645b4d6f-5438-453f-be58-6b005ccd7173 tempest-GroupSnapshotsTest-1230275208 tempest-GroupSnapshotsTest-1230275208-project] Volume info retrieved successfully.
Nov 23 19:07:32.976909 dv-cinder-802955-4-iscsi devstack@c-api.service[109567]: INFO cinder.api.openstack.wsgi [None req-f8ac6cf1-dce5-4656-81de-963af46a70cb tempest-GroupsTest-1132262718 tempest-GroupsTest-1132262718-project-admin] http://10.222.0.21/volume/v3/401aee203e924943a0d2adc75a503e5a/types/34b5d2aa-85f5-4b6d-8960-423b3aafd184 returned with HTTP 404
Nov 23 19:07:32.984035 dv-cinder-802955-4-iscsi devstack@c-api.service[109567]: [pid: 109567|app: 0|req: 179/274] 10.222.0.21 () {58 vars in 1318 bytes} [Tue Nov 23 19:07:32 2021] GET /volume/v3/401aee203e924943a0d2adc75a503e5a/types/34b5d2aa-85f5-4b6d-8960-423b3aafd184 => generated 114 bytes in 30 msecs (HTTP/1.1 404) 7 headers in 292 bytes (1 switches on core 0)
Nov 23 19:07:32.987259 dv-cinder-802955-4-iscsi devstack@c-api.service[109568]: WARNING stevedore.named [None req-645b4d6f-5438-453f-be58-6b005ccd7173 tempest-GroupSnapshotsTest-1230275208 tempest-GroupSnapshotsTest-1230275208-project] Could not load cinder.keymgr.conf_key_mgr.ConfKeyManager
Nov 23 19:07:32.988687 dv-cinder-802955-4-iscsi devstack@c-api.service[109568]: WARNING castellan.key_manager [None req-645b4d6f-5438-453f-be58-6b005ccd7173 tempest-GroupSnapshotsTest-1230275208 tempest-GroupSnapshotsTest-1230275208-project] Deprecation Warning : cinder.keymgr.conf_key_mgr.ConfKeyManager is not a stevedore based driver, trying to load it as a class: stevedore.exception.NoMatches: No 'castellan.drivers' driver found, looking for 'cinder.keymgr.conf_key_mgr.ConfKeyManager'
Nov 23 19:07:32.996186 dv-cinder-802955-4-iscsi devstack@c-api.service[109567]: INFO cinder.api.openstack.wsgi [None req-6d07f736-69d8-453b-827a-4e640c5905bc tempest-GroupsTest-1132262718 tempest-GroupsTest-1132262718-project-admin] DELETE http://10.222.0.21/volume/v3/401aee203e924943a0d2adc75a503e5a/types/d5e5946b-1cec-468b-8011-cd48114e6c9a
Nov 23 19:07:32.996783 dv-cinder-802955-4-iscsi devstack@c-api.service[109567]: DEBUG cinder.api.openstack.wsgi [None req-6d07f736-69d8-453b-827a-4e640c5905bc tempest-GroupsTest-1132262718 tempest-GroupsTest-1132262718-project-admin] Empty body provided in request {{(pid=109567) get_body /opt/stack/cinder/cinder/api/openstack/wsgi.py:703}}
Nov 23 19:07:32.998120 dv-cinder-802955-4-iscsi devstack@c-api.service[109568]: DEBUG oslo_db.sqlalchemy.engines [None req-645b4d6f-5438-453f-be58-6b005ccd7173 tempest-GroupSnapshotsTest-1230275208 tempest-GroupSnapshotsTest-1230275208-project] MySQL server mode set to STRICT_TRANS_TABLES,STRICT_ALL_TABLES,NO_ZERO_IN_DATE,NO_ZERO_DATE,ERROR_FOR_DIVISION_BY_ZERO,TRADITIONAL,NO_ENGINE_SUBSTITUTION {{(pid=109568) _check_effective_sql_mode /usr/local/lib/python3.8/dist-packages/oslo_db/sqlalchemy/engines.py:314}}
Nov 23 19:07:32.999398 dv-cinder-802955-4-iscsi devstack@c-api.service[109567]: DEBUG cinder.api.openstack.wsgi [None req-6d07f736-69d8-453b-827a-4e640c5905bc tempest-GroupsTest-1132262718 tempest-GroupsTest-1132262718-project-admin] Calling method '_delete' {{(pid=109567) _process_stack /opt/stack/cinder/cinder/api/openstack/wsgi.py:856}}
Nov 23 19:07:33.008890 dv-cinder-802955-4-iscsi devstack@c-api.service[109568]: /usr/local/lib/python3.8/dist-packages/oslo_context/context.py:105: DeprecationWarning: Policy enforcement is depending on the value of is_admin. This key is deprecated. Please update your policy file to use the standard policy values.
Nov 23 19:07:33.008890 dv-cinder-802955-4-iscsi devstack@c-api.service[109568]: warnings.warn('Policy enforcement is depending on the value of '
Nov 23 19:07:33.059567 dv-cinder-802955-4-iscsi devstack@c-api.service[109568]: INFO cinder.api.openstack.wsgi [None req-645b4d6f-5438-453f-be58-6b005ccd7173 tempest-GroupSnapshotsTest-1230275208 tempest-GroupSnapshotsTest-1230275208-project] http://10.222.0.21/volume/v3/bfa3bcb001f7498d8113bd8eff0bb9c3/volumes/94bcf0e1-2c0f-4c11-a47b-aaf652583851 returned with HTTP 200
Nov 23 19:07:33.070217 dv-cinder-802955-4-iscsi devstack@c-api.service[109568]: [pid: 109568|app: 0|req: 96/275] 10.222.0.21 () {60 vars in 1365 bytes} [Tue Nov 23 19:07:32 2021] GET /volume/v3/bfa3bcb001f7498d8113bd8eff0bb9c3/volumes/94bcf0e1-2c0f-4c11-a47b-aaf652583851 => generated 992 bytes in 158 msecs (HTTP/1.1 200) 7 headers in 286 bytes (1 switches on core 0)
Nov 23 19:07:33.070424 dv-cinder-802955-4-iscsi devstack@c-api.service[109567]: INFO cinder.api.openstack.wsgi [None req-6d07f736-69d8-453b-827a-4e640c5905bc tempest-GroupsTest-1132262718 tempest-GroupsTest-1132262718-project-admin] http://10.222.0.21/volume/v3/401aee203e924943a0d2adc75a503e5a/types/d5e5946b-1cec-468b-8011-cd48114e6c9a returned with HTTP 202
Nov 23 19:07:33.077406 dv-cinder-802955-4-iscsi devstack@c-api.service[109567]: [pid: 109567|app: 0|req: 180/276] 10.222.0.21 () {58 vars in 1321 bytes} [Tue Nov 23 19:07:32 2021] DELETE /volume/v3/401aee203e924943a0d2adc75a503e5a/types/d5e5946b-1cec-468b-8011-cd48114e6c9a => generated 0 bytes in 93 msecs (HTTP/1.1 202) 6 headers in 233 bytes (1 switches on core 0)
Nov 23 19:07:33.080598 dv-cinder-802955-4-iscsi devstack@c-api.service[109568]: INFO cinder.api.openstack.wsgi [None req-bd0ab7e9-66ea-4699-977f-e1a182879fd1 tempest-GroupsTest-1132262718 tempest-GroupsTest-1132262718-project-admin] GET http://10.222.0.21/volume/v3/401aee203e924943a0d2adc75a503e5a/types/d5e5946b-1cec-468b-8011-cd48114e6c9a
Nov 23 19:07:33.081178 dv-cinder-802955-4-iscsi devstack@c-api.service[109568]: DEBUG cinder.api.openstack.wsgi [None req-bd0ab7e9-66ea-4699-977f-e1a182879fd1 tempest-GroupsTest-1132262718 tempest-GroupsTest-1132262718-project-admin] Empty body provided in request {{(pid=109568) get_body /opt/stack/cinder/cinder/api/openstack/wsgi.py:703}}
Nov 23 19:07:33.081368 dv-cinder-802955-4-iscsi devstack@c-api.service[109568]: /usr/local/lib/python3.8/dist-packages/webob/acceptparse.py:1047: DeprecationWarning: The behavior of AcceptValidHeader.best_match is currently being maintained for backward compatibility, but it will be deprecated in the future, as it does not conform to the RFC.
Nov 23 19:07:33.081368 dv-cinder-802955-4-iscsi devstack@c-api.service[109568]: warnings.warn(
Nov 23 19:07:33.081711 dv-cinder-802955-4-iscsi devstack@c-api.service[109568]: DEBUG cinder.api.openstack.wsgi [None req-bd0ab7e9-66ea-4699-977f-e1a182879fd1 tempest-GroupsTest-1132262718 tempest-GroupsTest-1132262718-project-admin] Calling method 'show' {{(pid=109568) _process_stack /opt/stack/cinder/cinder/api/openstack/wsgi.py:856}}
Nov 23 19:07:33.093469 dv-cinder-802955-4-iscsi devstack@c-api.service[109568]: INFO cinder.api.openstack.wsgi [None req-bd0ab7e9-66ea-4699-977f-e1a182879fd1 tempest-GroupsTest-1132262718 tempest-GroupsTest-1132262718-project-admin] http://10.222.0.21/volume/v3/401aee203e924943a0d2adc75a503e5a/types/d5e5946b-1cec-468b-8011-cd48114e6c9a returned with HTTP 404
Nov 23 19:07:33.094496 dv-cinder-802955-4-iscsi devstack@c-api.service[109568]: [pid: 109568|app: 0|req: 97/277] 10.222.0.21 () {58 vars in 1318 bytes} [Tue Nov 23 19:07:33 2021] GET /volume/v3/401aee203e924943a0d2adc75a503e5a/types/d5e5946b-1cec-468b-8011-cd48114e6c9a => generated 114 bytes in 19 msecs (HTTP/1.1 404) 7 headers in 292 bytes (1 switches on core 0)
