Jul 29 20:38:46.153886 dv-cinder-802955-1-smb devstack@c-api.service[106504]: INFO cinder.api.openstack.wsgi [None req-0364adf6-df47-4b7e-b1df-be5ec0b118d1 tempest-GroupSnapshotsTest-1918090583 tempest-GroupSnapshotsTest-1918090583-project] POST http://10.222.0.10/volume/v3/da2b8151b6bf4a47ab306899e85b3002/groups/action
Jul 29 20:38:46.155258 dv-cinder-802955-1-smb devstack@c-api.service[106504]: /usr/local/lib/python3.8/dist-packages/webob/acceptparse.py:1047: DeprecationWarning: The behavior of AcceptValidHeader.best_match is currently being maintained for backward compatibility, but it will be deprecated in the future, as it does not conform to the RFC.
Jul 29 20:38:46.155258 dv-cinder-802955-1-smb devstack@c-api.service[106504]: warnings.warn(
Jul 29 20:38:46.156156 dv-cinder-802955-1-smb devstack@c-api.service[106504]: DEBUG cinder.api.openstack.wsgi [None req-0364adf6-df47-4b7e-b1df-be5ec0b118d1 tempest-GroupSnapshotsTest-1918090583 tempest-GroupSnapshotsTest-1918090583-project] Action body: b'{"create-from-src": {"group_snapshot_id": "cf706285-84a9-4015-beab-c0e87492cf7c", "name": "tempest-Group_from_snap-1044909828"}}' {{(pid=106504) get_method /opt/stack/cinder/cinder/api/openstack/wsgi.py:971}}
Jul 29 20:38:46.156657 dv-cinder-802955-1-smb devstack@c-api.service[106504]: DEBUG cinder.api.openstack.wsgi [None req-0364adf6-df47-4b7e-b1df-be5ec0b118d1 tempest-GroupSnapshotsTest-1918090583 tempest-GroupSnapshotsTest-1918090583-project] Action: 'action', calling method: version_select, body: {"create-from-src": {"group_snapshot_id": "cf706285-84a9-4015-beab-c0e87492cf7c", "name": "tempest-Group_from_snap-1044909828"}} {{(pid=106504) _process_stack /opt/stack/cinder/cinder/api/openstack/wsgi.py:854}}
Jul 29 20:38:46.157874 dv-cinder-802955-1-smb devstack@c-api.service[106504]: DEBUG cinder.api.v3.groups [None req-0364adf6-df47-4b7e-b1df-be5ec0b118d1 tempest-GroupSnapshotsTest-1918090583 tempest-GroupSnapshotsTest-1918090583-project] Creating new group {'create-from-src': {'group_snapshot_id': 'cf706285-84a9-4015-beab-c0e87492cf7c', 'name': 'tempest-Group_from_snap-1044909828'}}. {{(pid=106504) create_from_src /opt/stack/cinder/cinder/api/v3/groups.py:236}}
Jul 29 20:38:46.158376 dv-cinder-802955-1-smb devstack@c-api.service[106504]: INFO cinder.api.v3.groups [None req-0364adf6-df47-4b7e-b1df-be5ec0b118d1 tempest-GroupSnapshotsTest-1918090583 tempest-GroupSnapshotsTest-1918090583-project] Creating group tempest-Group_from_snap-1044909828 from group_snapshot cf706285-84a9-4015-beab-c0e87492cf7c.
Jul 29 20:38:46.167894 dv-cinder-802955-1-smb devstack@c-api.service[106504]: /usr/local/lib/python3.8/dist-packages/oslo_context/context.py:105: DeprecationWarning: Policy enforcement is depending on the value of is_admin. This key is deprecated. Please update your policy file to use the standard policy values.
Jul 29 20:38:46.167894 dv-cinder-802955-1-smb devstack@c-api.service[106504]: warnings.warn('Policy enforcement is depending on the value of '
Jul 29 20:38:46.200096 dv-cinder-802955-1-smb devstack@c-api.service[106504]: /usr/local/lib/python3.8/dist-packages/oslo_context/context.py:105: DeprecationWarning: Policy enforcement is depending on the value of is_admin. This key is deprecated. Please update your policy file to use the standard policy values.
Jul 29 20:38:46.200096 dv-cinder-802955-1-smb devstack@c-api.service[106504]: warnings.warn('Policy enforcement is depending on the value of '
Jul 29 20:38:46.216815 dv-cinder-802955-1-smb devstack@c-api.service[106504]: /usr/local/lib/python3.8/dist-packages/oslo_context/context.py:105: DeprecationWarning: Policy enforcement is depending on the value of is_admin. This key is deprecated. Please update your policy file to use the standard policy values.
Jul 29 20:38:46.216815 dv-cinder-802955-1-smb devstack@c-api.service[106504]: warnings.warn('Policy enforcement is depending on the value of '
Jul 29 20:38:46.301541 dv-cinder-802955-1-smb devstack@c-api.service[106504]: DEBUG cinder.quota [None req-0364adf6-df47-4b7e-b1df-be5ec0b118d1 tempest-GroupSnapshotsTest-1918090583 tempest-GroupSnapshotsTest-1918090583-project] Created reservations ['f4102d07-f965-4c32-be91-19bca499fbf4'] {{(pid=106504) reserve /opt/stack/cinder/cinder/quota.py:755}}
Jul 29 20:38:46.356831 dv-cinder-802955-1-smb devstack@c-api.service[106503]: INFO cinder.api.openstack.wsgi [None req-a84fe5a3-9d78-4a52-80c3-dd8b4c47dd25 tempest-GroupsTest-840981643 tempest-GroupsTest-840981643-project] GET http://10.222.0.10/volume/v3/94985566a270410b8946ec1d14a4827d/volumes/17adfd6d-d2a8-45fb-8d73-0ca3c81185c8
Jul 29 20:38:46.357727 dv-cinder-802955-1-smb devstack@c-api.service[106503]: DEBUG cinder.api.openstack.wsgi [None req-a84fe5a3-9d78-4a52-80c3-dd8b4c47dd25 tempest-GroupsTest-840981643 tempest-GroupsTest-840981643-project] Empty body provided in request {{(pid=106503) get_body /opt/stack/cinder/cinder/api/openstack/wsgi.py:703}}
Jul 29 20:38:46.358092 dv-cinder-802955-1-smb devstack@c-api.service[106503]: /usr/local/lib/python3.8/dist-packages/webob/acceptparse.py:1047: DeprecationWarning: The behavior of AcceptValidHeader.best_match is currently being maintained for backward compatibility, but it will be deprecated in the future, as it does not conform to the RFC.
Jul 29 20:38:46.358092 dv-cinder-802955-1-smb devstack@c-api.service[106503]: warnings.warn(
Jul 29 20:38:46.358700 dv-cinder-802955-1-smb devstack@c-api.service[106503]: DEBUG cinder.api.openstack.wsgi [None req-a84fe5a3-9d78-4a52-80c3-dd8b4c47dd25 tempest-GroupsTest-840981643 tempest-GroupsTest-840981643-project] Calling method 'show' {{(pid=106503) _process_stack /opt/stack/cinder/cinder/api/openstack/wsgi.py:856}}
Jul 29 20:38:46.396391 dv-cinder-802955-1-smb devstack@c-api.service[106503]: /usr/local/lib/python3.8/dist-packages/oslo_context/context.py:105: DeprecationWarning: Policy enforcement is depending on the value of is_admin. This key is deprecated. Please update your policy file to use the standard policy values.
Jul 29 20:38:46.396391 dv-cinder-802955-1-smb devstack@c-api.service[106503]: warnings.warn('Policy enforcement is depending on the value of '
Jul 29 20:38:46.438659 dv-cinder-802955-1-smb devstack@c-api.service[106504]: INFO cinder.group.api [None req-0364adf6-df47-4b7e-b1df-be5ec0b118d1 tempest-GroupSnapshotsTest-1918090583 tempest-GroupSnapshotsTest-1918090583-project] A mapping entry already exists for group 3fa36615-957e-4ab9-9c02-ba398f303cbd and volume type 4c244648-520e-4d4f-af60-9999513d3e19. Do not need to create again.
Jul 29 20:38:46.439471 dv-cinder-802955-1-smb devstack@c-api.service[106504]: /usr/local/lib/python3.8/dist-packages/oslo_context/context.py:105: DeprecationWarning: Policy enforcement is depending on the value of is_admin. This key is deprecated. Please update your policy file to use the standard policy values.
Jul 29 20:38:46.439471 dv-cinder-802955-1-smb devstack@c-api.service[106504]: warnings.warn('Policy enforcement is depending on the value of '
Jul 29 20:38:46.440336 dv-cinder-802955-1-smb devstack@c-api.service[106504]: INFO cinder.volume.api [None req-0364adf6-df47-4b7e-b1df-be5ec0b118d1 tempest-GroupSnapshotsTest-1918090583 tempest-GroupSnapshotsTest-1918090583-project] Availability Zones retrieved successfully.
Jul 29 20:38:46.473418 dv-cinder-802955-1-smb devstack@c-api.service[106503]: INFO cinder.volume.api [None req-a84fe5a3-9d78-4a52-80c3-dd8b4c47dd25 tempest-GroupsTest-840981643 tempest-GroupsTest-840981643-project] Volume info retrieved successfully.
Jul 29 20:38:46.480631 dv-cinder-802955-1-smb devstack@c-api.service[106504]: DEBUG cinder.volume.api [None req-0364adf6-df47-4b7e-b1df-be5ec0b118d1 tempest-GroupSnapshotsTest-1918090583 tempest-GroupSnapshotsTest-1918090583-project] Flow 'volume_create_api' (f779bea8-a57e-4ec8-90eb-1902a4a719df) transitioned into state 'RUNNING' from state 'PENDING' {{(pid=106504) _flow_receiver /usr/local/lib/python3.8/dist-packages/taskflow/listeners/logging.py:141}}
Jul 29 20:38:46.484926 dv-cinder-802955-1-smb devstack@c-api.service[106504]: DEBUG cinder.volume.api [None req-0364adf6-df47-4b7e-b1df-be5ec0b118d1 tempest-GroupSnapshotsTest-1918090583 tempest-GroupSnapshotsTest-1918090583-project] Task 'cinder.volume.flows.api.create_volume.ExtractVolumeRequestTask;volume:create' (67d8ce56-457a-495b-aa4d-25c535d917de) transitioned into state 'RUNNING' from state 'PENDING' {{(pid=106504) _task_receiver /usr/local/lib/python3.8/dist-packages/taskflow/listeners/logging.py:190}}
Jul 29 20:38:46.489366 dv-cinder-802955-1-smb devstack@c-api.service[106504]: DEBUG cinder.volume.flows.api.create_volume [None req-0364adf6-df47-4b7e-b1df-be5ec0b118d1 tempest-GroupSnapshotsTest-1918090583 tempest-GroupSnapshotsTest-1918090583-project] Validating volume size '1' using validate_int, validate_snap_size {{(pid=106504) _extract_size /opt/stack/cinder/cinder/volume/flows/api/create_volume.py:201}}
Jul 29 20:38:46.510690 dv-cinder-802955-1-smb devstack@c-api.service[106503]: WARNING stevedore.named [None req-a84fe5a3-9d78-4a52-80c3-dd8b4c47dd25 tempest-GroupsTest-840981643 tempest-GroupsTest-840981643-project] Could not load cinder.keymgr.conf_key_mgr.ConfKeyManager
Jul 29 20:38:46.511883 dv-cinder-802955-1-smb devstack@c-api.service[106503]: WARNING castellan.key_manager [None req-a84fe5a3-9d78-4a52-80c3-dd8b4c47dd25 tempest-GroupsTest-840981643 tempest-GroupsTest-840981643-project] Deprecation Warning : cinder.keymgr.conf_key_mgr.ConfKeyManager is not a stevedore based driver, trying to load it as a class: stevedore.exception.NoMatches: No 'castellan.drivers' driver found, looking for 'cinder.keymgr.conf_key_mgr.ConfKeyManager'
Jul 29 20:38:46.535822 dv-cinder-802955-1-smb devstack@c-api.service[106504]: DEBUG cinder.volume.api [None req-0364adf6-df47-4b7e-b1df-be5ec0b118d1 tempest-GroupSnapshotsTest-1918090583 tempest-GroupSnapshotsTest-1918090583-project] Task 'cinder.volume.flows.api.create_volume.ExtractVolumeRequestTask;volume:create' (67d8ce56-457a-495b-aa4d-25c535d917de) transitioned into state 'SUCCESS' from state 'RUNNING' with result '{'size': 1, 'snapshot_id': '04269b01-5997-4356-b8b3-6752e170c678', 'source_volid': None, 'volume_type': VolumeType(created_at=2021-07-29T20:38:40Z,deleted=False,deleted_at=None,description=None,extra_specs={},id=4c244648-520e-4d4f-af60-9999513d3e19,is_public=True,name='tempest-GroupSnapshotsTest-volume-type-1867669766',projects=[],qos_specs=,qos_specs_id=None,updated_at=None), 'volume_type_id': '4c244648-520e-4d4f-af60-9999513d3e19', 'encryption_key_id': None, 'qos_specs': None, 'consistencygroup_id': None, 'cgsnapshot_id': None, 'group_id': '3fa36615-957e-4ab9-9c02-ba398f303cbd', 'replication_status': 'disabled', 'refresh_az': False, 'backup_id': None, 'multiattach': False, 'availability_zones': ['nova']}' {{(pid=106504) _task_receiver /usr/local/lib/python3.8/dist-packages/taskflow/listeners/logging.py:178}}
Jul 29 20:38:46.540073 dv-cinder-802955-1-smb devstack@c-api.service[106503]: DEBUG oslo_db.sqlalchemy.engines [None req-a84fe5a3-9d78-4a52-80c3-dd8b4c47dd25 tempest-GroupsTest-840981643 tempest-GroupsTest-840981643-project] MySQL server mode set to STRICT_TRANS_TABLES,STRICT_ALL_TABLES,NO_ZERO_IN_DATE,NO_ZERO_DATE,ERROR_FOR_DIVISION_BY_ZERO,TRADITIONAL,NO_ENGINE_SUBSTITUTION {{(pid=106503) _check_effective_sql_mode /usr/local/lib/python3.8/dist-packages/oslo_db/sqlalchemy/engines.py:314}}
Jul 29 20:38:46.542057 dv-cinder-802955-1-smb devstack@c-api.service[106504]: DEBUG cinder.volume.api [None req-0364adf6-df47-4b7e-b1df-be5ec0b118d1 tempest-GroupSnapshotsTest-1918090583 tempest-GroupSnapshotsTest-1918090583-project] Task 'cinder.volume.flows.api.create_volume.QuotaReserveTask;volume:create' (2526ed59-14dc-4283-8ac8-f918a96dc38d) transitioned into state 'RUNNING' from state 'PENDING' {{(pid=106504) _task_receiver /usr/local/lib/python3.8/dist-packages/taskflow/listeners/logging.py:190}}
Jul 29 20:38:46.557908 dv-cinder-802955-1-smb devstack@c-api.service[106503]: /usr/local/lib/python3.8/dist-packages/oslo_context/context.py:105: DeprecationWarning: Policy enforcement is depending on the value of is_admin. This key is deprecated. Please update your policy file to use the standard policy values.
Jul 29 20:38:46.557908 dv-cinder-802955-1-smb devstack@c-api.service[106503]: warnings.warn('Policy enforcement is depending on the value of '
Jul 29 20:38:46.607215 dv-cinder-802955-1-smb devstack@c-api.service[106503]: INFO cinder.api.openstack.wsgi [None req-a84fe5a3-9d78-4a52-80c3-dd8b4c47dd25 tempest-GroupsTest-840981643 tempest-GroupsTest-840981643-project] http://10.222.0.10/volume/v3/94985566a270410b8946ec1d14a4827d/volumes/17adfd6d-d2a8-45fb-8d73-0ca3c81185c8 returned with HTTP 200
Jul 29 20:38:46.620950 dv-cinder-802955-1-smb devstack@c-api.service[106503]: [pid: 106503|app: 0|req: 20/41] 10.222.0.10 () {60 vars in 1366 bytes} [Thu Jul 29 20:38:46 2021] GET /volume/v3/94985566a270410b8946ec1d14a4827d/volumes/17adfd6d-d2a8-45fb-8d73-0ca3c81185c8 => generated 973 bytes in 269 msecs (HTTP/1.1 200) 7 headers in 286 bytes (1 switches on core 0)
Jul 29 20:38:46.632496 dv-cinder-802955-1-smb devstack@c-api.service[106503]: INFO cinder.api.openstack.wsgi [None req-0f6a5237-cd1b-4fd2-afeb-4a7c2c9a6b9b tempest-GroupsTest-840981643 tempest-GroupsTest-840981643-project] GET http://10.222.0.10/volume/v3/94985566a270410b8946ec1d14a4827d/groups/14176f8d-920a-4d4a-b82f-b89dd0835ba4
Jul 29 20:38:46.638526 dv-cinder-802955-1-smb devstack@c-api.service[106504]: DEBUG cinder.quota [None req-0364adf6-df47-4b7e-b1df-be5ec0b118d1 tempest-GroupSnapshotsTest-1918090583 tempest-GroupSnapshotsTest-1918090583-project] Created reservations ['b33d831b-70fd-4785-bbdf-5683c0f10e78', 'f267dca9-1ede-4d0d-a73d-31cd986e6bec'] {{(pid=106504) reserve /opt/stack/cinder/cinder/quota.py:755}}
Jul 29 20:38:46.638871 dv-cinder-802955-1-smb devstack@c-api.service[106503]: DEBUG cinder.api.openstack.wsgi [None req-0f6a5237-cd1b-4fd2-afeb-4a7c2c9a6b9b tempest-GroupsTest-840981643 tempest-GroupsTest-840981643-project] Empty body provided in request {{(pid=106503) get_body /opt/stack/cinder/cinder/api/openstack/wsgi.py:703}}
Jul 29 20:38:46.639165 dv-cinder-802955-1-smb devstack@c-api.service[106503]: /usr/local/lib/python3.8/dist-packages/webob/acceptparse.py:1047: DeprecationWarning: The behavior of AcceptValidHeader.best_match is currently being maintained for backward compatibility, but it will be deprecated in the future, as it does not conform to the RFC.
Jul 29 20:38:46.639165 dv-cinder-802955-1-smb devstack@c-api.service[106503]: warnings.warn(
Jul 29 20:38:46.640076 dv-cinder-802955-1-smb devstack@c-api.service[106503]: DEBUG cinder.api.openstack.wsgi [None req-0f6a5237-cd1b-4fd2-afeb-4a7c2c9a6b9b tempest-GroupsTest-840981643 tempest-GroupsTest-840981643-project] Calling method 'version_select' {{(pid=106503) _process_stack /opt/stack/cinder/cinder/api/openstack/wsgi.py:856}}
Jul 29 20:38:46.640542 dv-cinder-802955-1-smb devstack@c-api.service[106503]: DEBUG cinder.api.v3.groups [None req-0f6a5237-cd1b-4fd2-afeb-4a7c2c9a6b9b tempest-GroupsTest-840981643 tempest-GroupsTest-840981643-project] show called for member 14176f8d-920a-4d4a-b82f-b89dd0835ba4 {{(pid=106503) show /opt/stack/cinder/cinder/api/v3/groups.py:58}}
Jul 29 20:38:46.640672 dv-cinder-802955-1-smb devstack@c-api.service[106504]: DEBUG cinder.volume.api [None req-0364adf6-df47-4b7e-b1df-be5ec0b118d1 tempest-GroupSnapshotsTest-1918090583 tempest-GroupSnapshotsTest-1918090583-project] Task 'cinder.volume.flows.api.create_volume.QuotaReserveTask;volume:create' (2526ed59-14dc-4283-8ac8-f918a96dc38d) transitioned into state 'SUCCESS' from state 'RUNNING' with result '{'reservations': ['b33d831b-70fd-4785-bbdf-5683c0f10e78', 'f267dca9-1ede-4d0d-a73d-31cd986e6bec']}' {{(pid=106504) _task_receiver /usr/local/lib/python3.8/dist-packages/taskflow/listeners/logging.py:178}}
Jul 29 20:38:46.642458 dv-cinder-802955-1-smb devstack@c-api.service[106504]: DEBUG cinder.volume.api [None req-0364adf6-df47-4b7e-b1df-be5ec0b118d1 tempest-GroupSnapshotsTest-1918090583 tempest-GroupSnapshotsTest-1918090583-project] Task 'cinder.volume.flows.api.create_volume.EntryCreateTask;volume:create' (80e63426-4379-4709-b0d1-c1e2f092e691) transitioned into state 'RUNNING' from state 'PENDING' {{(pid=106504) _task_receiver /usr/local/lib/python3.8/dist-packages/taskflow/listeners/logging.py:190}}
Jul 29 20:38:46.652993 dv-cinder-802955-1-smb devstack@c-api.service[106503]: /usr/local/lib/python3.8/dist-packages/oslo_context/context.py:105: DeprecationWarning: Policy enforcement is depending on the value of is_admin. This key is deprecated. Please update your policy file to use the standard policy values.
Jul 29 20:38:46.652993 dv-cinder-802955-1-smb devstack@c-api.service[106503]: warnings.warn('Policy enforcement is depending on the value of '
Jul 29 20:38:46.692015 dv-cinder-802955-1-smb devstack@c-api.service[106503]: INFO cinder.api.openstack.wsgi [None req-0f6a5237-cd1b-4fd2-afeb-4a7c2c9a6b9b tempest-GroupsTest-840981643 tempest-GroupsTest-840981643-project] http://10.222.0.10/volume/v3/94985566a270410b8946ec1d14a4827d/groups/14176f8d-920a-4d4a-b82f-b89dd0835ba4 returned with HTTP 200
Jul 29 20:38:46.700436 dv-cinder-802955-1-smb devstack@c-api.service[106503]: [pid: 106503|app: 0|req: 21/42] 10.222.0.10 () {60 vars in 1363 bytes} [Thu Jul 29 20:38:46 2021] GET /volume/v3/94985566a270410b8946ec1d14a4827d/groups/14176f8d-920a-4d4a-b82f-b89dd0835ba4 => generated 322 bytes in 79 msecs (HTTP/1.1 200) 7 headers in 286 bytes (1 switches on core 0)
Jul 29 20:38:46.705384 dv-cinder-802955-1-smb devstack@c-api.service[106503]: INFO cinder.api.openstack.wsgi [None req-5c7c2f30-1803-439c-96dc-a386ba7ff402 tempest-GroupsTest-840981643 tempest-GroupsTest-840981643-project] GET http://10.222.0.10/volume/v3/94985566a270410b8946ec1d14a4827d/groups/4b97d991-7580-49e2-916b-42f13dbfaa13
Jul 29 20:38:46.706179 dv-cinder-802955-1-smb devstack@c-api.service[106503]: DEBUG cinder.api.openstack.wsgi [None req-5c7c2f30-1803-439c-96dc-a386ba7ff402 tempest-GroupsTest-840981643 tempest-GroupsTest-840981643-project] Empty body provided in request {{(pid=106503) get_body /opt/stack/cinder/cinder/api/openstack/wsgi.py:703}}
Jul 29 20:38:46.711030 dv-cinder-802955-1-smb devstack@c-api.service[106503]: /usr/local/lib/python3.8/dist-packages/webob/acceptparse.py:1047: DeprecationWarning: The behavior of AcceptValidHeader.best_match is currently being maintained for backward compatibility, but it will be deprecated in the future, as it does not conform to the RFC.
Jul 29 20:38:46.711030 dv-cinder-802955-1-smb devstack@c-api.service[106503]: warnings.warn(
Jul 29 20:38:46.712866 dv-cinder-802955-1-smb devstack@c-api.service[106503]: DEBUG cinder.api.openstack.wsgi [None req-5c7c2f30-1803-439c-96dc-a386ba7ff402 tempest-GroupsTest-840981643 tempest-GroupsTest-840981643-project] Calling method 'version_select' {{(pid=106503) _process_stack /opt/stack/cinder/cinder/api/openstack/wsgi.py:856}}
Jul 29 20:38:46.713952 dv-cinder-802955-1-smb devstack@c-api.service[106503]: DEBUG cinder.api.v3.groups [None req-5c7c2f30-1803-439c-96dc-a386ba7ff402 tempest-GroupsTest-840981643 tempest-GroupsTest-840981643-project] show called for member 4b97d991-7580-49e2-916b-42f13dbfaa13 {{(pid=106503) show /opt/stack/cinder/cinder/api/v3/groups.py:58}}
Jul 29 20:38:46.726839 dv-cinder-802955-1-smb devstack@c-api.service[106503]: /usr/local/lib/python3.8/dist-packages/oslo_context/context.py:105: DeprecationWarning: Policy enforcement is depending on the value of is_admin. This key is deprecated. Please update your policy file to use the standard policy values.
Jul 29 20:38:46.726839 dv-cinder-802955-1-smb devstack@c-api.service[106503]: warnings.warn('Policy enforcement is depending on the value of '
Jul 29 20:38:46.738863 dv-cinder-802955-1-smb devstack@c-api.service[106504]: DEBUG cinder.volume.api [None req-0364adf6-df47-4b7e-b1df-be5ec0b118d1 tempest-GroupSnapshotsTest-1918090583 tempest-GroupSnapshotsTest-1918090583-project] Task 'cinder.volume.flows.api.create_volume.EntryCreateTask;volume:create' (80e63426-4379-4709-b0d1-c1e2f092e691) transitioned into state 'SUCCESS' from state 'RUNNING' with result '{'volume_id': '9358452f-415b-481b-a14e-91d0fe2f77cb', 'volume_properties': VolumeProperties(attach_status='detached',availability_zone='nova',cgsnapshot_id=None,consistencygroup_id=None,display_description=None,display_name=None,encryption_key_id=None,group_id=3fa36615-957e-4ab9-9c02-ba398f303cbd,group_type_id=,metadata={},multiattach=False,project_id='da2b8151b6bf4a47ab306899e85b3002',qos_specs=None,replication_status=,reservations=['b33d831b-70fd-4785-bbdf-5683c0f10e78','f267dca9-1ede-4d0d-a73d-31cd986e6bec'],size=1,snapshot_id=04269b01-5997-4356-b8b3-6752e170c678,source_replicaid=,source_volid=None,status='creating',user_id='2f54043f4edf498f96ce331304bd5ffe',volume_type_id=4c244648-520e-4d4f-af60-9999513d3e19), 'volume': Volume(_name_id=None,admin_metadata=,attach_status='detached',availability_zone='nova',bootable=False,cluster=,cluster_name=None,consistencygroup=,consistencygroup_id=None,created_at=2021-07-29T20:38:46Z,deleted=False,deleted_at=None,display_description=None,display_name=None,ec2_id=None,encryption_key_id=None,glance_metadata=,group=,group_id=3fa36615-957e-4ab9-9c02-ba398f303cbd,host=None,id=9358452f-415b-481b-a14e-91d0fe2f77cb,launched_at=None,metadata={},migration_status=None,multiattach=False,previous_status=None,project_id='da2b8151b6bf4a47ab306899e85b3002',provider_auth=None,provider_geometry=None,provider_id=None,provider_location=None,replication_driver_data=None,replication_extended_status=None,replication_status=None,scheduled_at=None,service_uuid=None,shared_targets=True,size=1,snapshot_id=04269b01-5997-4356-b8b3-6752e170c678,snapshots=,source_volid=None,status='creating',terminated_at=None,updated_at=None,user_id='2f54043f4edf498f96ce331304bd5ffe',volume_attachment=,volume_type=VolumeType(4c244648-520e-4d4f-af60-9999513d3e19),volume_type_id=4c244648-520e-4d4f-af60-9999513d3e19)}' {{(pid=106504) _task_receiver /usr/local/lib/python3.8/dist-packages/taskflow/listeners/logging.py:178}}
Jul 29 20:38:46.741048 dv-cinder-802955-1-smb devstack@c-api.service[106504]: DEBUG cinder.volume.api [None req-0364adf6-df47-4b7e-b1df-be5ec0b118d1 tempest-GroupSnapshotsTest-1918090583 tempest-GroupSnapshotsTest-1918090583-project] Task 'cinder.volume.flows.api.create_volume.QuotaCommitTask;volume:create' (c4c525db-e975-4ccd-b6f0-4249e1f86674) transitioned into state 'RUNNING' from state 'PENDING' {{(pid=106504) _task_receiver /usr/local/lib/python3.8/dist-packages/taskflow/listeners/logging.py:190}}
Jul 29 20:38:46.769284 dv-cinder-802955-1-smb devstack@c-api.service[106503]: INFO cinder.api.openstack.wsgi [None req-5c7c2f30-1803-439c-96dc-a386ba7ff402 tempest-GroupsTest-840981643 tempest-GroupsTest-840981643-project] http://10.222.0.10/volume/v3/94985566a270410b8946ec1d14a4827d/groups/4b97d991-7580-49e2-916b-42f13dbfaa13 returned with HTTP 200
Jul 29 20:38:46.776536 dv-cinder-802955-1-smb devstack@c-api.service[106503]: [pid: 106503|app: 0|req: 22/43] 10.222.0.10 () {60 vars in 1363 bytes} [Thu Jul 29 20:38:46 2021] GET /volume/v3/94985566a270410b8946ec1d14a4827d/groups/4b97d991-7580-49e2-916b-42f13dbfaa13 => generated 322 bytes in 69 msecs (HTTP/1.1 200) 7 headers in 286 bytes (1 switches on core 0)
Jul 29 20:38:46.788407 dv-cinder-802955-1-smb devstack@c-api.service[106504]: DEBUG cinder.volume.api [None req-0364adf6-df47-4b7e-b1df-be5ec0b118d1 tempest-GroupSnapshotsTest-1918090583 tempest-GroupSnapshotsTest-1918090583-project] Task 'cinder.volume.flows.api.create_volume.QuotaCommitTask;volume:create' (c4c525db-e975-4ccd-b6f0-4249e1f86674) transitioned into state 'SUCCESS' from state 'RUNNING' with result '{'volume_properties': VolumeProperties(attach_status='detached',availability_zone='nova',cgsnapshot_id=None,consistencygroup_id=None,display_description=None,display_name=None,encryption_key_id=None,group_id=3fa36615-957e-4ab9-9c02-ba398f303cbd,group_type_id=,metadata={},multiattach=False,project_id='da2b8151b6bf4a47ab306899e85b3002',qos_specs=None,replication_status=,reservations=['b33d831b-70fd-4785-bbdf-5683c0f10e78','f267dca9-1ede-4d0d-a73d-31cd986e6bec'],size=1,snapshot_id=04269b01-5997-4356-b8b3-6752e170c678,source_replicaid=,source_volid=None,status='creating',user_id='2f54043f4edf498f96ce331304bd5ffe',volume_type_id=4c244648-520e-4d4f-af60-9999513d3e19)}' {{(pid=106504) _task_receiver /usr/local/lib/python3.8/dist-packages/taskflow/listeners/logging.py:178}}
Jul 29 20:38:46.793151 dv-cinder-802955-1-smb devstack@c-api.service[106503]: INFO cinder.api.openstack.wsgi [None req-18e9f2e3-4d3b-45c6-b598-2ac401756099 tempest-GroupsTest-840981643 tempest-GroupsTest-840981643-project] GET http://10.222.0.10/volume/v3/94985566a270410b8946ec1d14a4827d/groups/detail
Jul 29 20:38:46.794248 dv-cinder-802955-1-smb devstack@c-api.service[106503]: DEBUG cinder.api.openstack.wsgi [None req-18e9f2e3-4d3b-45c6-b598-2ac401756099 tempest-GroupsTest-840981643 tempest-GroupsTest-840981643-project] Empty body provided in request {{(pid=106503) get_body /opt/stack/cinder/cinder/api/openstack/wsgi.py:703}}
Jul 29 20:38:46.794639 dv-cinder-802955-1-smb devstack@c-api.service[106503]: /usr/local/lib/python3.8/dist-packages/webob/acceptparse.py:1047: DeprecationWarning: The behavior of AcceptValidHeader.best_match is currently being maintained for backward compatibility, but it will be deprecated in the future, as it does not conform to the RFC.
Jul 29 20:38:46.794639 dv-cinder-802955-1-smb devstack@c-api.service[106503]: warnings.warn(
Jul 29 20:38:46.795281 dv-cinder-802955-1-smb devstack@c-api.service[106503]: DEBUG cinder.api.openstack.wsgi [None req-18e9f2e3-4d3b-45c6-b598-2ac401756099 tempest-GroupsTest-840981643 tempest-GroupsTest-840981643-project] Calling method 'version_select' {{(pid=106503) _process_stack /opt/stack/cinder/cinder/api/openstack/wsgi.py:856}}
Jul 29 20:38:46.795413 dv-cinder-802955-1-smb devstack@c-api.service[106504]: DEBUG cinder.volume.api [None req-0364adf6-df47-4b7e-b1df-be5ec0b118d1 tempest-GroupSnapshotsTest-1918090583 tempest-GroupSnapshotsTest-1918090583-project] Flow 'volume_create_api' (f779bea8-a57e-4ec8-90eb-1902a4a719df) transitioned into state 'SUCCESS' from state 'RUNNING' {{(pid=106504) _flow_receiver /usr/local/lib/python3.8/dist-packages/taskflow/listeners/logging.py:141}}
Jul 29 20:38:46.796595 dv-cinder-802955-1-smb devstack@c-api.service[106503]: /usr/local/lib/python3.8/dist-packages/oslo_context/context.py:105: DeprecationWarning: Policy enforcement is depending on the value of is_admin. This key is deprecated. Please update your policy file to use the standard policy values.
Jul 29 20:38:46.796595 dv-cinder-802955-1-smb devstack@c-api.service[106503]: warnings.warn('Policy enforcement is depending on the value of '
Jul 29 20:38:46.799351 dv-cinder-802955-1-smb devstack@c-api.service[106504]: INFO cinder.volume.api [None req-0364adf6-df47-4b7e-b1df-be5ec0b118d1 tempest-GroupSnapshotsTest-1918090583 tempest-GroupSnapshotsTest-1918090583-project] Create volume request issued successfully.
Jul 29 20:38:46.856074 dv-cinder-802955-1-smb devstack@c-api.service[106504]: INFO cinder.api.openstack.wsgi [None req-0364adf6-df47-4b7e-b1df-be5ec0b118d1 tempest-GroupSnapshotsTest-1918090583 tempest-GroupSnapshotsTest-1918090583-project] http://10.222.0.10/volume/v3/da2b8151b6bf4a47ab306899e85b3002/groups/action returned with HTTP 202
Jul 29 20:38:46.857922 dv-cinder-802955-1-smb devstack@c-api.service[106504]: [pid: 106504|app: 0|req: 22/44] 10.222.0.10 () {62 vars in 1295 bytes} [Thu Jul 29 20:38:46 2021] POST /volume/v3/da2b8151b6bf4a47ab306899e85b3002/groups/action => generated 103 bytes in 708 msecs (HTTP/1.1 202) 7 headers in 292 bytes (1 switches on core 0)
Jul 29 20:38:46.870904 dv-cinder-802955-1-smb devstack@c-api.service[106504]: INFO cinder.api.openstack.wsgi [None req-940698fb-c0d0-43aa-802c-73a2fb9a937b tempest-GroupSnapshotsTest-1918090583 tempest-GroupSnapshotsTest-1918090583-project] GET http://10.222.0.10/volume/v3/da2b8151b6bf4a47ab306899e85b3002/volumes/detail
Jul 29 20:38:46.872084 dv-cinder-802955-1-smb devstack@c-api.service[106504]: DEBUG cinder.api.openstack.wsgi [None req-940698fb-c0d0-43aa-802c-73a2fb9a937b tempest-GroupSnapshotsTest-1918090583 tempest-GroupSnapshotsTest-1918090583-project] Empty body provided in request {{(pid=106504) get_body /opt/stack/cinder/cinder/api/openstack/wsgi.py:703}}
Jul 29 20:38:46.872850 dv-cinder-802955-1-smb devstack@c-api.service[106504]: /usr/local/lib/python3.8/dist-packages/webob/acceptparse.py:1047: DeprecationWarning: The behavior of AcceptValidHeader.best_match is currently being maintained for backward compatibility, but it will be deprecated in the future, as it does not conform to the RFC.
Jul 29 20:38:46.872850 dv-cinder-802955-1-smb devstack@c-api.service[106504]: warnings.warn(
Jul 29 20:38:46.873193 dv-cinder-802955-1-smb devstack@c-api.service[106504]: DEBUG cinder.api.openstack.wsgi [None req-940698fb-c0d0-43aa-802c-73a2fb9a937b tempest-GroupSnapshotsTest-1918090583 tempest-GroupSnapshotsTest-1918090583-project] Calling method 'detail' {{(pid=106504) _process_stack /opt/stack/cinder/cinder/api/openstack/wsgi.py:856}}
Jul 29 20:38:46.879201 dv-cinder-802955-1-smb devstack@c-api.service[106504]: DEBUG cinder.api.api_utils [None req-940698fb-c0d0-43aa-802c-73a2fb9a937b tempest-GroupSnapshotsTest-1918090583 tempest-GroupSnapshotsTest-1918090583-project] Removing options '' from query. {{(pid=106504) remove_invalid_filter_options /opt/stack/cinder/cinder/api/api_utils.py:73}}
Jul 29 20:38:46.880338 dv-cinder-802955-1-smb devstack@c-api.service[106504]: /usr/local/lib/python3.8/dist-packages/oslo_context/context.py:105: DeprecationWarning: Policy enforcement is depending on the value of is_admin. This key is deprecated. Please update your policy file to use the standard policy values.
Jul 29 20:38:46.880338 dv-cinder-802955-1-smb devstack@c-api.service[106504]: warnings.warn('Policy enforcement is depending on the value of '
Jul 29 20:38:46.883055 dv-cinder-802955-1-smb devstack@c-api.service[106504]: DEBUG cinder.volume.api [None req-940698fb-c0d0-43aa-802c-73a2fb9a937b tempest-GroupSnapshotsTest-1918090583 tempest-GroupSnapshotsTest-1918090583-project] Searching by: MultiDict([('no_migration_targets', True)]). {{(pid=106504) get_all /opt/stack/cinder/cinder/volume/api.py:617}}
Jul 29 20:38:46.902562 dv-cinder-802955-1-smb devstack@c-api.service[106503]: INFO cinder.api.openstack.wsgi [None req-18e9f2e3-4d3b-45c6-b598-2ac401756099 tempest-GroupsTest-840981643 tempest-GroupsTest-840981643-project] http://10.222.0.10/volume/v3/94985566a270410b8946ec1d14a4827d/groups/detail returned with HTTP 200
Jul 29 20:38:46.912651 dv-cinder-802955-1-smb devstack@c-api.service[106503]: [pid: 106503|app: 0|req: 23/45] 10.222.0.10 () {60 vars in 1273 bytes} [Thu Jul 29 20:38:46 2021] GET /volume/v3/94985566a270410b8946ec1d14a4827d/groups/detail => generated 638 bytes in 131 msecs (HTTP/1.1 200) 7 headers in 286 bytes (1 switches on core 0)
Jul 29 20:38:46.920332 dv-cinder-802955-1-smb devstack@c-api.service[106503]: INFO cinder.api.openstack.wsgi [None req-badb092d-96a4-47aa-9902-fe687c064b1f tempest-GroupsTest-840981643 tempest-GroupsTest-840981643-project] GET http://10.222.0.10/volume/v3/94985566a270410b8946ec1d14a4827d/volumes/detail
Jul 29 20:38:46.921010 dv-cinder-802955-1-smb devstack@c-api.service[106503]: DEBUG cinder.api.openstack.wsgi [None req-badb092d-96a4-47aa-9902-fe687c064b1f tempest-GroupsTest-840981643 tempest-GroupsTest-840981643-project] Empty body provided in request {{(pid=106503) get_body /opt/stack/cinder/cinder/api/openstack/wsgi.py:703}}
Jul 29 20:38:46.929492 dv-cinder-802955-1-smb devstack@c-api.service[106503]: /usr/local/lib/python3.8/dist-packages/webob/acceptparse.py:1047: DeprecationWarning: The behavior of AcceptValidHeader.best_match is currently being maintained for backward compatibility, but it will be deprecated in the future, as it does not conform to the RFC.
Jul 29 20:38:46.929492 dv-cinder-802955-1-smb devstack@c-api.service[106503]: warnings.warn(
Jul 29 20:38:46.930845 dv-cinder-802955-1-smb devstack@c-api.service[106503]: DEBUG cinder.api.openstack.wsgi [None req-badb092d-96a4-47aa-9902-fe687c064b1f tempest-GroupsTest-840981643 tempest-GroupsTest-840981643-project] Calling method 'detail' {{(pid=106503) _process_stack /opt/stack/cinder/cinder/api/openstack/wsgi.py:856}}
Jul 29 20:38:46.932180 dv-cinder-802955-1-smb devstack@c-api.service[106503]: DEBUG cinder.api.api_utils [None req-badb092d-96a4-47aa-9902-fe687c064b1f tempest-GroupsTest-840981643 tempest-GroupsTest-840981643-project] Removing options '' from query. {{(pid=106503) remove_invalid_filter_options /opt/stack/cinder/cinder/api/api_utils.py:73}}
Jul 29 20:38:46.933253 dv-cinder-802955-1-smb devstack@c-api.service[106503]: /usr/local/lib/python3.8/dist-packages/oslo_context/context.py:105: DeprecationWarning: Policy enforcement is depending on the value of is_admin. This key is deprecated. Please update your policy file to use the standard policy values.
Jul 29 20:38:46.933253 dv-cinder-802955-1-smb devstack@c-api.service[106503]: warnings.warn('Policy enforcement is depending on the value of '
Jul 29 20:38:46.934539 dv-cinder-802955-1-smb devstack@c-api.service[106503]: DEBUG cinder.volume.api [None req-badb092d-96a4-47aa-9902-fe687c064b1f tempest-GroupsTest-840981643 tempest-GroupsTest-840981643-project] Searching by: MultiDict([('no_migration_targets', True)]). {{(pid=106503) get_all /opt/stack/cinder/cinder/volume/api.py:617}}
Jul 29 20:38:47.025881 dv-cinder-802955-1-smb devstack@c-api.service[106504]: INFO cinder.volume.api [None req-940698fb-c0d0-43aa-802c-73a2fb9a937b tempest-GroupSnapshotsTest-1918090583 tempest-GroupSnapshotsTest-1918090583-project] Get all volumes completed successfully.
Jul 29 20:38:47.028468 dv-cinder-802955-1-smb devstack@c-api.service[106504]: WARNING stevedore.named [None req-940698fb-c0d0-43aa-802c-73a2fb9a937b tempest-GroupSnapshotsTest-1918090583 tempest-GroupSnapshotsTest-1918090583-project] Could not load cinder.keymgr.conf_key_mgr.ConfKeyManager
Jul 29 20:38:47.031500 dv-cinder-802955-1-smb devstack@c-api.service[106504]: WARNING castellan.key_manager [None req-940698fb-c0d0-43aa-802c-73a2fb9a937b tempest-GroupSnapshotsTest-1918090583 tempest-GroupSnapshotsTest-1918090583-project] Deprecation Warning : cinder.keymgr.conf_key_mgr.ConfKeyManager is not a stevedore based driver, trying to load it as a class: stevedore.exception.NoMatches: No 'castellan.drivers' driver found, looking for 'cinder.keymgr.conf_key_mgr.ConfKeyManager'
Jul 29 20:38:47.042812 dv-cinder-802955-1-smb devstack@c-api.service[106503]: INFO cinder.volume.api [None req-badb092d-96a4-47aa-9902-fe687c064b1f tempest-GroupsTest-840981643 tempest-GroupsTest-840981643-project] Get all volumes completed successfully.
Jul 29 20:38:47.047609 dv-cinder-802955-1-smb devstack@c-api.service[106503]: WARNING stevedore.named [None req-badb092d-96a4-47aa-9902-fe687c064b1f tempest-GroupsTest-840981643 tempest-GroupsTest-840981643-project] Could not load cinder.keymgr.conf_key_mgr.ConfKeyManager
Jul 29 20:38:47.049233 dv-cinder-802955-1-smb devstack@c-api.service[106503]: WARNING castellan.key_manager [None req-badb092d-96a4-47aa-9902-fe687c064b1f tempest-GroupsTest-840981643 tempest-GroupsTest-840981643-project] Deprecation Warning : cinder.keymgr.conf_key_mgr.ConfKeyManager is not a stevedore based driver, trying to load it as a class: stevedore.exception.NoMatches: No 'castellan.drivers' driver found, looking for 'cinder.keymgr.conf_key_mgr.ConfKeyManager'
Jul 29 20:38:47.063097 dv-cinder-802955-1-smb devstack@c-api.service[106504]: DEBUG oslo_db.sqlalchemy.engines [None req-940698fb-c0d0-43aa-802c-73a2fb9a937b tempest-GroupSnapshotsTest-1918090583 tempest-GroupSnapshotsTest-1918090583-project] MySQL server mode set to STRICT_TRANS_TABLES,STRICT_ALL_TABLES,NO_ZERO_IN_DATE,NO_ZERO_DATE,ERROR_FOR_DIVISION_BY_ZERO,TRADITIONAL,NO_ENGINE_SUBSTITUTION {{(pid=106504) _check_effective_sql_mode /usr/local/lib/python3.8/dist-packages/oslo_db/sqlalchemy/engines.py:314}}
Jul 29 20:38:47.068020 dv-cinder-802955-1-smb devstack@c-api.service[106503]: DEBUG oslo_db.sqlalchemy.engines [None req-badb092d-96a4-47aa-9902-fe687c064b1f tempest-GroupsTest-840981643 tempest-GroupsTest-840981643-project] MySQL server mode set to STRICT_TRANS_TABLES,STRICT_ALL_TABLES,NO_ZERO_IN_DATE,NO_ZERO_DATE,ERROR_FOR_DIVISION_BY_ZERO,TRADITIONAL,NO_ENGINE_SUBSTITUTION {{(pid=106503) _check_effective_sql_mode /usr/local/lib/python3.8/dist-packages/oslo_db/sqlalchemy/engines.py:314}}
Jul 29 20:38:47.080797 dv-cinder-802955-1-smb devstack@c-api.service[106503]: /usr/local/lib/python3.8/dist-packages/oslo_context/context.py:105: DeprecationWarning: Policy enforcement is depending on the value of is_admin. This key is deprecated. Please update your policy file to use the standard policy values.
Jul 29 20:38:47.080797 dv-cinder-802955-1-smb devstack@c-api.service[106503]: warnings.warn('Policy enforcement is depending on the value of '
Jul 29 20:38:47.082774 dv-cinder-802955-1-smb devstack@c-api.service[106504]: /usr/local/lib/python3.8/dist-packages/oslo_context/context.py:105: DeprecationWarning: Policy enforcement is depending on the value of is_admin. This key is deprecated. Please update your policy file to use the standard policy values.
Jul 29 20:38:47.082774 dv-cinder-802955-1-smb devstack@c-api.service[106504]: warnings.warn('Policy enforcement is depending on the value of '
Jul 29 20:38:47.105407 dv-cinder-802955-1-smb devstack@c-api.service[106504]: WARNING stevedore.named [None req-940698fb-c0d0-43aa-802c-73a2fb9a937b tempest-GroupSnapshotsTest-1918090583 tempest-GroupSnapshotsTest-1918090583-project] Could not load cinder.keymgr.conf_key_mgr.ConfKeyManager
Jul 29 20:38:47.105817 dv-cinder-802955-1-smb devstack@c-api.service[106504]: WARNING castellan.key_manager [None req-940698fb-c0d0-43aa-802c-73a2fb9a937b tempest-GroupSnapshotsTest-1918090583 tempest-GroupSnapshotsTest-1918090583-project] Deprecation Warning : cinder.keymgr.conf_key_mgr.ConfKeyManager is not a stevedore based driver, trying to load it as a class: stevedore.exception.NoMatches: No 'castellan.drivers' driver found, looking for 'cinder.keymgr.conf_key_mgr.ConfKeyManager'
Jul 29 20:38:47.119830 dv-cinder-802955-1-smb devstack@c-api.service[106503]: INFO cinder.api.openstack.wsgi [None req-badb092d-96a4-47aa-9902-fe687c064b1f tempest-GroupsTest-840981643 tempest-GroupsTest-840981643-project] http://10.222.0.10/volume/v3/94985566a270410b8946ec1d14a4827d/volumes/detail returned with HTTP 200
Jul 29 20:38:47.122177 dv-cinder-802955-1-smb devstack@c-api.service[106503]: [pid: 106503|app: 0|req: 24/46] 10.222.0.10 () {60 vars in 1276 bytes} [Thu Jul 29 20:38:46 2021] GET /volume/v3/94985566a270410b8946ec1d14a4827d/volumes/detail => generated 976 bytes in 209 msecs (HTTP/1.1 200) 7 headers in 286 bytes (1 switches on core 0)
Jul 29 20:38:47.137555 dv-cinder-802955-1-smb devstack@c-api.service[106504]: DEBUG oslo_db.sqlalchemy.engines [None req-940698fb-c0d0-43aa-802c-73a2fb9a937b tempest-GroupSnapshotsTest-1918090583 tempest-GroupSnapshotsTest-1918090583-project] MySQL server mode set to STRICT_TRANS_TABLES,STRICT_ALL_TABLES,NO_ZERO_IN_DATE,NO_ZERO_DATE,ERROR_FOR_DIVISION_BY_ZERO,TRADITIONAL,NO_ENGINE_SUBSTITUTION {{(pid=106504) _check_effective_sql_mode /usr/local/lib/python3.8/dist-packages/oslo_db/sqlalchemy/engines.py:314}}
Jul 29 20:38:47.146701 dv-cinder-802955-1-smb devstack@c-api.service[106504]: /usr/local/lib/python3.8/dist-packages/oslo_context/context.py:105: DeprecationWarning: Policy enforcement is depending on the value of is_admin. This key is deprecated. Please update your policy file to use the standard policy values.
Jul 29 20:38:47.146701 dv-cinder-802955-1-smb devstack@c-api.service[106504]: warnings.warn('Policy enforcement is depending on the value of '
Jul 29 20:38:47.150256 dv-cinder-802955-1-smb devstack@c-api.service[106503]: INFO cinder.api.openstack.wsgi [None req-d49db3c0-95a8-447e-a7e6-eb5032a20529 tempest-GroupsTest-840981643 tempest-GroupsTest-840981643-project] GET http://10.222.0.10/volume/v3/94985566a270410b8946ec1d14a4827d/volumes/detail
Jul 29 20:38:47.151268 dv-cinder-802955-1-smb devstack@c-api.service[106503]: DEBUG cinder.api.openstack.wsgi [None req-d49db3c0-95a8-447e-a7e6-eb5032a20529 tempest-GroupsTest-840981643 tempest-GroupsTest-840981643-project] Empty body provided in request {{(pid=106503) get_body /opt/stack/cinder/cinder/api/openstack/wsgi.py:703}}
Jul 29 20:38:47.152007 dv-cinder-802955-1-smb devstack@c-api.service[106503]: /usr/local/lib/python3.8/dist-packages/webob/acceptparse.py:1047: DeprecationWarning: The behavior of AcceptValidHeader.best_match is currently being maintained for backward compatibility, but it will be deprecated in the future, as it does not conform to the RFC.
Jul 29 20:38:47.152007 dv-cinder-802955-1-smb devstack@c-api.service[106503]: warnings.warn(
Jul 29 20:38:47.153845 dv-cinder-802955-1-smb devstack@c-api.service[106503]: DEBUG cinder.api.openstack.wsgi [None req-d49db3c0-95a8-447e-a7e6-eb5032a20529 tempest-GroupsTest-840981643 tempest-GroupsTest-840981643-project] Calling method 'detail' {{(pid=106503) _process_stack /opt/stack/cinder/cinder/api/openstack/wsgi.py:856}}
Jul 29 20:38:47.156601 dv-cinder-802955-1-smb devstack@c-api.service[106503]: DEBUG cinder.api.api_utils [None req-d49db3c0-95a8-447e-a7e6-eb5032a20529 tempest-GroupsTest-840981643 tempest-GroupsTest-840981643-project] Removing options '' from query. {{(pid=106503) remove_invalid_filter_options /opt/stack/cinder/cinder/api/api_utils.py:73}}
Jul 29 20:38:47.161957 dv-cinder-802955-1-smb devstack@c-api.service[106503]: DEBUG cinder.volume.api [None req-d49db3c0-95a8-447e-a7e6-eb5032a20529 tempest-GroupsTest-840981643 tempest-GroupsTest-840981643-project] Searching by: MultiDict([('no_migration_targets', True)]). {{(pid=106503) get_all /opt/stack/cinder/cinder/volume/api.py:617}}
Jul 29 20:38:47.197860 dv-cinder-802955-1-smb devstack@c-api.service[106504]: INFO cinder.api.openstack.wsgi [None req-940698fb-c0d0-43aa-802c-73a2fb9a937b tempest-GroupSnapshotsTest-1918090583 tempest-GroupSnapshotsTest-1918090583-project] http://10.222.0.10/volume/v3/da2b8151b6bf4a47ab306899e85b3002/volumes/detail returned with HTTP 200
Jul 29 20:38:47.202698 dv-cinder-802955-1-smb devstack@c-api.service[106504]: [pid: 106504|app: 0|req: 23/47] 10.222.0.10 () {60 vars in 1276 bytes} [Thu Jul 29 20:38:46 2021] GET /volume/v3/da2b8151b6bf4a47ab306899e85b3002/volumes/detail => generated 1985 bytes in 340 msecs (HTTP/1.1 200) 7 headers in 287 bytes (1 switches on core 0)
Jul 29 20:38:47.219440 dv-cinder-802955-1-smb devstack@c-api.service[106504]: INFO cinder.api.openstack.wsgi [None req-70797b24-6f31-4e21-8f6e-92bcc9d91b32 tempest-GroupSnapshotsTest-1918090583 tempest-GroupSnapshotsTest-1918090583-project] GET http://10.222.0.10/volume/v3/da2b8151b6bf4a47ab306899e85b3002/volumes/9358452f-415b-481b-a14e-91d0fe2f77cb
Jul 29 20:38:47.219837 dv-cinder-802955-1-smb devstack@c-api.service[106504]: DEBUG cinder.api.openstack.wsgi [None req-70797b24-6f31-4e21-8f6e-92bcc9d91b32 tempest-GroupSnapshotsTest-1918090583 tempest-GroupSnapshotsTest-1918090583-project] Empty body provided in request {{(pid=106504) get_body /opt/stack/cinder/cinder/api/openstack/wsgi.py:703}}
Jul 29 20:38:47.220340 dv-cinder-802955-1-smb devstack@c-api.service[106504]: /usr/local/lib/python3.8/dist-packages/webob/acceptparse.py:1047: DeprecationWarning: The behavior of AcceptValidHeader.best_match is currently being maintained for backward compatibility, but it will be deprecated in the future, as it does not conform to the RFC.
Jul 29 20:38:47.220340 dv-cinder-802955-1-smb devstack@c-api.service[106504]: warnings.warn(
Jul 29 20:38:47.220969 dv-cinder-802955-1-smb devstack@c-api.service[106504]: DEBUG cinder.api.openstack.wsgi [None req-70797b24-6f31-4e21-8f6e-92bcc9d91b32 tempest-GroupSnapshotsTest-1918090583 tempest-GroupSnapshotsTest-1918090583-project] Calling method 'show' {{(pid=106504) _process_stack /opt/stack/cinder/cinder/api/openstack/wsgi.py:856}}
Jul 29 20:38:47.253029 dv-cinder-802955-1-smb devstack@c-api.service[106504]: /usr/local/lib/python3.8/dist-packages/oslo_context/context.py:105: DeprecationWarning: Policy enforcement is depending on the value of is_admin. This key is deprecated. Please update your policy file to use the standard policy values.
Jul 29 20:38:47.253029 dv-cinder-802955-1-smb devstack@c-api.service[106504]: warnings.warn('Policy enforcement is depending on the value of '
Jul 29 20:38:47.275764 dv-cinder-802955-1-smb devstack@c-api.service[106504]: INFO cinder.volume.api [None req-70797b24-6f31-4e21-8f6e-92bcc9d91b32 tempest-GroupSnapshotsTest-1918090583 tempest-GroupSnapshotsTest-1918090583-project] Volume info retrieved successfully.
Jul 29 20:38:47.288513 dv-cinder-802955-1-smb devstack@c-api.service[106504]: WARNING stevedore.named [None req-70797b24-6f31-4e21-8f6e-92bcc9d91b32 tempest-GroupSnapshotsTest-1918090583 tempest-GroupSnapshotsTest-1918090583-project] Could not load cinder.keymgr.conf_key_mgr.ConfKeyManager
Jul 29 20:38:47.289210 dv-cinder-802955-1-smb devstack@c-api.service[106504]: WARNING castellan.key_manager [None req-70797b24-6f31-4e21-8f6e-92bcc9d91b32 tempest-GroupSnapshotsTest-1918090583 tempest-GroupSnapshotsTest-1918090583-project] Deprecation Warning : cinder.keymgr.conf_key_mgr.ConfKeyManager is not a stevedore based driver, trying to load it as a class: stevedore.exception.NoMatches: No 'castellan.drivers' driver found, looking for 'cinder.keymgr.conf_key_mgr.ConfKeyManager'
Jul 29 20:38:47.301533 dv-cinder-802955-1-smb devstack@c-api.service[106504]: DEBUG oslo_db.sqlalchemy.engines [None req-70797b24-6f31-4e21-8f6e-92bcc9d91b32 tempest-GroupSnapshotsTest-1918090583 tempest-GroupSnapshotsTest-1918090583-project] MySQL server mode set to STRICT_TRANS_TABLES,STRICT_ALL_TABLES,NO_ZERO_IN_DATE,NO_ZERO_DATE,ERROR_FOR_DIVISION_BY_ZERO,TRADITIONAL,NO_ENGINE_SUBSTITUTION {{(pid=106504) _check_effective_sql_mode /usr/local/lib/python3.8/dist-packages/oslo_db/sqlalchemy/engines.py:314}}
Jul 29 20:38:47.309561 dv-cinder-802955-1-smb devstack@c-api.service[106503]: INFO cinder.volume.api [None req-d49db3c0-95a8-447e-a7e6-eb5032a20529 tempest-GroupsTest-840981643 tempest-GroupsTest-840981643-project] Get all volumes completed successfully.
Jul 29 20:38:47.313117 dv-cinder-802955-1-smb devstack@c-api.service[106503]: WARNING stevedore.named [None req-d49db3c0-95a8-447e-a7e6-eb5032a20529 tempest-GroupsTest-840981643 tempest-GroupsTest-840981643-project] Could not load cinder.keymgr.conf_key_mgr.ConfKeyManager
Jul 29 20:38:47.316094 dv-cinder-802955-1-smb devstack@c-api.service[106503]: WARNING castellan.key_manager [None req-d49db3c0-95a8-447e-a7e6-eb5032a20529 tempest-GroupsTest-840981643 tempest-GroupsTest-840981643-project] Deprecation Warning : cinder.keymgr.conf_key_mgr.ConfKeyManager is not a stevedore based driver, trying to load it as a class: stevedore.exception.NoMatches: No 'castellan.drivers' driver found, looking for 'cinder.keymgr.conf_key_mgr.ConfKeyManager'
Jul 29 20:38:47.318485 dv-cinder-802955-1-smb devstack@c-api.service[106504]: /usr/local/lib/python3.8/dist-packages/oslo_context/context.py:105: DeprecationWarning: Policy enforcement is depending on the value of is_admin. This key is deprecated. Please update your policy file to use the standard policy values.
Jul 29 20:38:47.318485 dv-cinder-802955-1-smb devstack@c-api.service[106504]: warnings.warn('Policy enforcement is depending on the value of '
Jul 29 20:38:47.338045 dv-cinder-802955-1-smb devstack@c-api.service[106503]: DEBUG oslo_db.sqlalchemy.engines [None req-d49db3c0-95a8-447e-a7e6-eb5032a20529 tempest-GroupsTest-840981643 tempest-GroupsTest-840981643-project] MySQL server mode set to STRICT_TRANS_TABLES,STRICT_ALL_TABLES,NO_ZERO_IN_DATE,NO_ZERO_DATE,ERROR_FOR_DIVISION_BY_ZERO,TRADITIONAL,NO_ENGINE_SUBSTITUTION {{(pid=106503) _check_effective_sql_mode /usr/local/lib/python3.8/dist-packages/oslo_db/sqlalchemy/engines.py:314}}
Jul 29 20:38:47.341338 dv-cinder-802955-1-smb devstack@c-api.service[106504]: INFO cinder.api.openstack.wsgi [None req-70797b24-6f31-4e21-8f6e-92bcc9d91b32 tempest-GroupSnapshotsTest-1918090583 tempest-GroupSnapshotsTest-1918090583-project] http://10.222.0.10/volume/v3/da2b8151b6bf4a47ab306899e85b3002/volumes/9358452f-415b-481b-a14e-91d0fe2f77cb returned with HTTP 200
Jul 29 20:38:47.342761 dv-cinder-802955-1-smb devstack@c-api.service[106504]: [pid: 106504|app: 0|req: 24/48] 10.222.0.10 () {60 vars in 1366 bytes} [Thu Jul 29 20:38:47 2021] GET /volume/v3/da2b8151b6bf4a47ab306899e85b3002/volumes/9358452f-415b-481b-a14e-91d0fe2f77cb => generated 993 bytes in 129 msecs (HTTP/1.1 200) 7 headers in 286 bytes (1 switches on core 0)
Jul 29 20:38:47.344505 dv-cinder-802955-1-smb devstack@c-api.service[106503]: /usr/local/lib/python3.8/dist-packages/oslo_context/context.py:105: DeprecationWarning: Policy enforcement is depending on the value of is_admin. This key is deprecated. Please update your policy file to use the standard policy values.
Jul 29 20:38:47.344505 dv-cinder-802955-1-smb devstack@c-api.service[106503]: warnings.warn('Policy enforcement is depending on the value of '
Jul 29 20:38:47.377831 dv-cinder-802955-1-smb devstack@c-api.service[106504]: INFO cinder.api.openstack.wsgi [None req-89a22994-3053-4b3f-94dc-aacc695f2474 tempest-GroupSnapshotsTest-1918090583 tempest-GroupSnapshotsTest-1918090583-project] GET http://10.222.0.10/volume/v3/da2b8151b6bf4a47ab306899e85b3002/groups/3fa36615-957e-4ab9-9c02-ba398f303cbd
