Aug 18 18:23:28.538236 dv-cinder-802882-9-smb devstack@c-api.service[100647]: WARNING stevedore.named [None req-c7fa8c02-3eb1-4ef1-874c-1aa95d94c044 tempest-GroupSnapshotsTest-1781688614 tempest-GroupSnapshotsTest-1781688614-project] Could not load cinder.keymgr.conf_key_mgr.ConfKeyManager
Aug 18 18:23:28.539216 dv-cinder-802882-9-smb devstack@c-api.service[100647]: WARNING castellan.key_manager [None req-c7fa8c02-3eb1-4ef1-874c-1aa95d94c044 tempest-GroupSnapshotsTest-1781688614 tempest-GroupSnapshotsTest-1781688614-project] Deprecation Warning : cinder.keymgr.conf_key_mgr.ConfKeyManager is not a stevedore based driver, trying to load it as a class: stevedore.exception.NoMatches: No 'castellan.drivers' driver found, looking for 'cinder.keymgr.conf_key_mgr.ConfKeyManager'
Aug 18 18:23:28.550673 dv-cinder-802882-9-smb devstack@c-api.service[100647]: DEBUG oslo_db.sqlalchemy.engines [None req-c7fa8c02-3eb1-4ef1-874c-1aa95d94c044 tempest-GroupSnapshotsTest-1781688614 tempest-GroupSnapshotsTest-1781688614-project] MySQL server mode set to STRICT_TRANS_TABLES,STRICT_ALL_TABLES,NO_ZERO_IN_DATE,NO_ZERO_DATE,ERROR_FOR_DIVISION_BY_ZERO,TRADITIONAL,NO_ENGINE_SUBSTITUTION {{(pid=100647) _check_effective_sql_mode /usr/local/lib/python3.8/dist-packages/oslo_db/sqlalchemy/engines.py:314}}
Aug 18 18:23:28.561456 dv-cinder-802882-9-smb devstack@c-api.service[100647]: /usr/local/lib/python3.8/dist-packages/oslo_context/context.py:105: DeprecationWarning: Policy enforcement is depending on the value of is_admin. This key is deprecated. Please update your policy file to use the standard policy values.
Aug 18 18:23:28.561456 dv-cinder-802882-9-smb devstack@c-api.service[100647]: warnings.warn('Policy enforcement is depending on the value of '
Aug 18 18:23:28.570862 dv-cinder-802882-9-smb devstack@c-api.service[100647]: INFO cinder.api.openstack.wsgi [None req-c7fa8c02-3eb1-4ef1-874c-1aa95d94c044 tempest-GroupSnapshotsTest-1781688614 tempest-GroupSnapshotsTest-1781688614-project] http://10.222.0.59/volume/v3/cb072e28fcef477ea58ba41da4154e71/volumes returned with HTTP 202
Aug 18 18:23:28.571600 dv-cinder-802882-9-smb devstack@c-api.service[100647]: [pid: 100647|app: 0|req: 97/194] 10.222.0.59 () {62 vars in 1277 bytes} [Wed Aug 18 18:23:28 2021] POST /volume/v3/cb072e28fcef477ea58ba41da4154e71/volumes => generated 907 bytes in 496 msecs (HTTP/1.1 202) 7 headers in 292 bytes (1 switches on core 0)
Aug 18 18:23:28.596127 dv-cinder-802882-9-smb devstack@c-api.service[100648]: INFO cinder.api.openstack.wsgi [None req-a527ebb1-69ba-45c2-835b-2a362a125eda tempest-GroupSnapshotsTest-1781688614 tempest-GroupSnapshotsTest-1781688614-project] GET http://10.222.0.59/volume/v3/cb072e28fcef477ea58ba41da4154e71/volumes/d372b18b-2f57-4199-8a10-7272e3ebc73f
Aug 18 18:23:28.596709 dv-cinder-802882-9-smb devstack@c-api.service[100648]: DEBUG cinder.api.openstack.wsgi [None req-a527ebb1-69ba-45c2-835b-2a362a125eda tempest-GroupSnapshotsTest-1781688614 tempest-GroupSnapshotsTest-1781688614-project] Empty body provided in request {{(pid=100648) get_body /opt/stack/cinder/cinder/api/openstack/wsgi.py:703}}
Aug 18 18:23:28.596967 dv-cinder-802882-9-smb devstack@c-api.service[100648]: /usr/local/lib/python3.8/dist-packages/webob/acceptparse.py:1047: DeprecationWarning: The behavior of AcceptValidHeader.best_match is currently being maintained for backward compatibility, but it will be deprecated in the future, as it does not conform to the RFC.
Aug 18 18:23:28.596967 dv-cinder-802882-9-smb devstack@c-api.service[100648]: warnings.warn(
Aug 18 18:23:28.597401 dv-cinder-802882-9-smb devstack@c-api.service[100648]: DEBUG cinder.api.openstack.wsgi [None req-a527ebb1-69ba-45c2-835b-2a362a125eda tempest-GroupSnapshotsTest-1781688614 tempest-GroupSnapshotsTest-1781688614-project] Calling method 'show' {{(pid=100648) _process_stack /opt/stack/cinder/cinder/api/openstack/wsgi.py:856}}
Aug 18 18:23:28.626877 dv-cinder-802882-9-smb devstack@c-api.service[100648]: /usr/local/lib/python3.8/dist-packages/oslo_context/context.py:105: DeprecationWarning: Policy enforcement is depending on the value of is_admin. This key is deprecated. Please update your policy file to use the standard policy values.
Aug 18 18:23:28.626877 dv-cinder-802882-9-smb devstack@c-api.service[100648]: warnings.warn('Policy enforcement is depending on the value of '
Aug 18 18:23:28.653497 dv-cinder-802882-9-smb devstack@c-api.service[100648]: INFO cinder.volume.api [None req-a527ebb1-69ba-45c2-835b-2a362a125eda tempest-GroupSnapshotsTest-1781688614 tempest-GroupSnapshotsTest-1781688614-project] Volume info retrieved successfully.
Aug 18 18:23:28.661326 dv-cinder-802882-9-smb devstack@c-api.service[100648]: WARNING stevedore.named [None req-a527ebb1-69ba-45c2-835b-2a362a125eda tempest-GroupSnapshotsTest-1781688614 tempest-GroupSnapshotsTest-1781688614-project] Could not load cinder.keymgr.conf_key_mgr.ConfKeyManager
Aug 18 18:23:28.677154 dv-cinder-802882-9-smb devstack@c-api.service[100648]: WARNING castellan.key_manager [None req-a527ebb1-69ba-45c2-835b-2a362a125eda tempest-GroupSnapshotsTest-1781688614 tempest-GroupSnapshotsTest-1781688614-project] Deprecation Warning : cinder.keymgr.conf_key_mgr.ConfKeyManager is not a stevedore based driver, trying to load it as a class: stevedore.exception.NoMatches: No 'castellan.drivers' driver found, looking for 'cinder.keymgr.conf_key_mgr.ConfKeyManager'
Aug 18 18:23:28.691040 dv-cinder-802882-9-smb devstack@c-api.service[100648]: DEBUG oslo_db.sqlalchemy.engines [None req-a527ebb1-69ba-45c2-835b-2a362a125eda tempest-GroupSnapshotsTest-1781688614 tempest-GroupSnapshotsTest-1781688614-project] MySQL server mode set to STRICT_TRANS_TABLES,STRICT_ALL_TABLES,NO_ZERO_IN_DATE,NO_ZERO_DATE,ERROR_FOR_DIVISION_BY_ZERO,TRADITIONAL,NO_ENGINE_SUBSTITUTION {{(pid=100648) _check_effective_sql_mode /usr/local/lib/python3.8/dist-packages/oslo_db/sqlalchemy/engines.py:314}}
Aug 18 18:23:28.704085 dv-cinder-802882-9-smb devstack@c-api.service[100648]: /usr/local/lib/python3.8/dist-packages/oslo_context/context.py:105: DeprecationWarning: Policy enforcement is depending on the value of is_admin. This key is deprecated. Please update your policy file to use the standard policy values.
Aug 18 18:23:28.704085 dv-cinder-802882-9-smb devstack@c-api.service[100648]: warnings.warn('Policy enforcement is depending on the value of '
Aug 18 18:23:28.755485 dv-cinder-802882-9-smb devstack@c-api.service[100648]: INFO cinder.api.openstack.wsgi [None req-a527ebb1-69ba-45c2-835b-2a362a125eda tempest-GroupSnapshotsTest-1781688614 tempest-GroupSnapshotsTest-1781688614-project] http://10.222.0.59/volume/v3/cb072e28fcef477ea58ba41da4154e71/volumes/d372b18b-2f57-4199-8a10-7272e3ebc73f returned with HTTP 200
Aug 18 18:23:28.756280 dv-cinder-802882-9-smb devstack@c-api.service[100648]: [pid: 100648|app: 0|req: 98/195] 10.222.0.59 () {60 vars in 1366 bytes} [Wed Aug 18 18:23:28 2021] GET /volume/v3/cb072e28fcef477ea58ba41da4154e71/volumes/d372b18b-2f57-4199-8a10-7272e3ebc73f => generated 975 bytes in 165 msecs (HTTP/1.1 200) 7 headers in 286 bytes (1 switches on core 0)
Aug 18 18:23:29.535910 dv-cinder-802882-9-smb devstack@c-api.service[100647]: INFO cinder.api.openstack.wsgi [None req-24aecf7c-af3f-45c6-847c-493a0d15b37a tempest-VolumeRetypeWithoutMigrationTest-1039036757 tempest-VolumeRetypeWithoutMigrationTest-1039036757-project] GET http://10.222.0.59/volume/v3/960360ec5e8e4736b27674f18f15c6f0/volumes/5d372e2d-fc80-45ce-8aff-320ef0bcdfd6
Aug 18 18:23:29.537418 dv-cinder-802882-9-smb devstack@c-api.service[100647]: DEBUG cinder.api.openstack.wsgi [None req-24aecf7c-af3f-45c6-847c-493a0d15b37a tempest-VolumeRetypeWithoutMigrationTest-1039036757 tempest-VolumeRetypeWithoutMigrationTest-1039036757-project] Empty body provided in request {{(pid=100647) get_body /opt/stack/cinder/cinder/api/openstack/wsgi.py:703}}
Aug 18 18:23:29.537593 dv-cinder-802882-9-smb devstack@c-api.service[100647]: /usr/local/lib/python3.8/dist-packages/webob/acceptparse.py:1047: DeprecationWarning: The behavior of AcceptValidHeader.best_match is currently being maintained for backward compatibility, but it will be deprecated in the future, as it does not conform to the RFC.
Aug 18 18:23:29.537593 dv-cinder-802882-9-smb devstack@c-api.service[100647]: warnings.warn(
Aug 18 18:23:29.538664 dv-cinder-802882-9-smb devstack@c-api.service[100647]: DEBUG cinder.api.openstack.wsgi [None req-24aecf7c-af3f-45c6-847c-493a0d15b37a tempest-VolumeRetypeWithoutMigrationTest-1039036757 tempest-VolumeRetypeWithoutMigrationTest-1039036757-project] Calling method 'show' {{(pid=100647) _process_stack /opt/stack/cinder/cinder/api/openstack/wsgi.py:856}}
Aug 18 18:23:29.556726 dv-cinder-802882-9-smb devstack@c-api.service[100647]: /usr/local/lib/python3.8/dist-packages/oslo_context/context.py:105: DeprecationWarning: Policy enforcement is depending on the value of is_admin. This key is deprecated. Please update your policy file to use the standard policy values.
Aug 18 18:23:29.556726 dv-cinder-802882-9-smb devstack@c-api.service[100647]: warnings.warn('Policy enforcement is depending on the value of '
Aug 18 18:23:29.569568 dv-cinder-802882-9-smb devstack@c-api.service[100647]: INFO cinder.volume.api [None req-24aecf7c-af3f-45c6-847c-493a0d15b37a tempest-VolumeRetypeWithoutMigrationTest-1039036757 tempest-VolumeRetypeWithoutMigrationTest-1039036757-project] Volume info retrieved successfully.
Aug 18 18:23:29.591414 dv-cinder-802882-9-smb devstack@c-api.service[100647]: INFO cinder.api.openstack.wsgi [None req-24aecf7c-af3f-45c6-847c-493a0d15b37a tempest-VolumeRetypeWithoutMigrationTest-1039036757 tempest-VolumeRetypeWithoutMigrationTest-1039036757-project] http://10.222.0.59/volume/v3/960360ec5e8e4736b27674f18f15c6f0/volumes/5d372e2d-fc80-45ce-8aff-320ef0bcdfd6 returned with HTTP 200
Aug 18 18:23:29.592817 dv-cinder-802882-9-smb devstack@c-api.service[100647]: [pid: 100647|app: 0|req: 98/196] 10.222.0.59 () {58 vars in 1325 bytes} [Wed Aug 18 18:23:29 2021] GET /volume/v3/960360ec5e8e4736b27674f18f15c6f0/volumes/5d372e2d-fc80-45ce-8aff-320ef0bcdfd6 => generated 927 bytes in 62 msecs (HTTP/1.1 200) 7 headers in 285 bytes (2 switches on core 0)
Aug 18 18:23:29.614698 dv-cinder-802882-9-smb devstack@c-api.service[100648]: INFO cinder.api.openstack.wsgi [None req-e5681a10-9bc5-4c21-b87d-90e24deedcd9 tempest-VolumeRetypeWithoutMigrationTest-1973142383 tempest-VolumeRetypeWithoutMigrationTest-1973142383-project-admin] GET http://10.222.0.59/volume/v3/f99d32818ed34520a841c445360fd041/volumes/5d372e2d-fc80-45ce-8aff-320ef0bcdfd6
Aug 18 18:23:29.616316 dv-cinder-802882-9-smb devstack@c-api.service[100648]: DEBUG cinder.api.openstack.wsgi [None req-e5681a10-9bc5-4c21-b87d-90e24deedcd9 tempest-VolumeRetypeWithoutMigrationTest-1973142383 tempest-VolumeRetypeWithoutMigrationTest-1973142383-project-admin] Empty body provided in request {{(pid=100648) get_body /opt/stack/cinder/cinder/api/openstack/wsgi.py:703}}
Aug 18 18:23:29.616467 dv-cinder-802882-9-smb devstack@c-api.service[100648]: /usr/local/lib/python3.8/dist-packages/webob/acceptparse.py:1047: DeprecationWarning: The behavior of AcceptValidHeader.best_match is currently being maintained for backward compatibility, but it will be deprecated in the future, as it does not conform to the RFC.
Aug 18 18:23:29.616467 dv-cinder-802882-9-smb devstack@c-api.service[100648]: warnings.warn(
Aug 18 18:23:29.616755 dv-cinder-802882-9-smb devstack@c-api.service[100648]: DEBUG cinder.api.openstack.wsgi [None req-e5681a10-9bc5-4c21-b87d-90e24deedcd9 tempest-VolumeRetypeWithoutMigrationTest-1973142383 tempest-VolumeRetypeWithoutMigrationTest-1973142383-project-admin] Calling method 'show' {{(pid=100648) _process_stack /opt/stack/cinder/cinder/api/openstack/wsgi.py:856}}
Aug 18 18:23:29.654989 dv-cinder-802882-9-smb devstack@c-api.service[100648]: /usr/local/lib/python3.8/dist-packages/oslo_context/context.py:105: DeprecationWarning: Policy enforcement is depending on the value of is_admin. This key is deprecated. Please update your policy file to use the standard policy values.
Aug 18 18:23:29.654989 dv-cinder-802882-9-smb devstack@c-api.service[100648]: warnings.warn('Policy enforcement is depending on the value of '
Aug 18 18:23:29.665052 dv-cinder-802882-9-smb devstack@c-api.service[100648]: INFO cinder.volume.api [None req-e5681a10-9bc5-4c21-b87d-90e24deedcd9 tempest-VolumeRetypeWithoutMigrationTest-1973142383 tempest-VolumeRetypeWithoutMigrationTest-1973142383-project-admin] Volume info retrieved successfully.
Aug 18 18:23:29.683836 dv-cinder-802882-9-smb devstack@c-api.service[100648]: INFO cinder.api.openstack.wsgi [None req-e5681a10-9bc5-4c21-b87d-90e24deedcd9 tempest-VolumeRetypeWithoutMigrationTest-1973142383 tempest-VolumeRetypeWithoutMigrationTest-1973142383-project-admin] http://10.222.0.59/volume/v3/f99d32818ed34520a841c445360fd041/volumes/5d372e2d-fc80-45ce-8aff-320ef0bcdfd6 returned with HTTP 200
Aug 18 18:23:29.691703 dv-cinder-802882-9-smb devstack@c-api.service[100648]: [pid: 100648|app: 0|req: 99/197] 10.222.0.59 () {58 vars in 1325 bytes} [Wed Aug 18 18:23:29 2021] GET /volume/v3/f99d32818ed34520a841c445360fd041/volumes/5d372e2d-fc80-45ce-8aff-320ef0bcdfd6 => generated 1093 bytes in 81 msecs (HTTP/1.1 200) 7 headers in 286 bytes (1 switches on core 0)
Aug 18 18:23:29.702738 dv-cinder-802882-9-smb devstack@c-api.service[100647]: INFO cinder.api.openstack.wsgi [None req-7cd179b6-1a95-4062-b2f9-b165b020b4e1 tempest-VolumeRetypeWithoutMigrationTest-1973142383 tempest-VolumeRetypeWithoutMigrationTest-1973142383-project-admin] GET http://10.222.0.59/volume/v3/f99d32818ed34520a841c445360fd041/volumes?all_tenants=True&name=tempest-VolumeRetypeWithoutMigrationTest-Volume-1228863477
Aug 18 18:23:29.703190 dv-cinder-802882-9-smb devstack@c-api.service[100647]: DEBUG cinder.api.openstack.wsgi [None req-7cd179b6-1a95-4062-b2f9-b165b020b4e1 tempest-VolumeRetypeWithoutMigrationTest-1973142383 tempest-VolumeRetypeWithoutMigrationTest-1973142383-project-admin] Empty body provided in request {{(pid=100647) get_body /opt/stack/cinder/cinder/api/openstack/wsgi.py:703}}
Aug 18 18:23:29.703524 dv-cinder-802882-9-smb devstack@c-api.service[100647]: /usr/local/lib/python3.8/dist-packages/webob/acceptparse.py:1047: DeprecationWarning: The behavior of AcceptValidHeader.best_match is currently being maintained for backward compatibility, but it will be deprecated in the future, as it does not conform to the RFC.
Aug 18 18:23:29.703524 dv-cinder-802882-9-smb devstack@c-api.service[100647]: warnings.warn(
Aug 18 18:23:29.704103 dv-cinder-802882-9-smb devstack@c-api.service[100647]: DEBUG cinder.api.openstack.wsgi [None req-7cd179b6-1a95-4062-b2f9-b165b020b4e1 tempest-VolumeRetypeWithoutMigrationTest-1973142383 tempest-VolumeRetypeWithoutMigrationTest-1973142383-project-admin] Calling method 'index' {{(pid=100647) _process_stack /opt/stack/cinder/cinder/api/openstack/wsgi.py:856}}
Aug 18 18:23:29.705841 dv-cinder-802882-9-smb devstack@c-api.service[100647]: DEBUG cinder.volume.api [None req-7cd179b6-1a95-4062-b2f9-b165b020b4e1 tempest-VolumeRetypeWithoutMigrationTest-1973142383 tempest-VolumeRetypeWithoutMigrationTest-1973142383-project-admin] Searching by: MultiDict([('display_name', 'tempest-VolumeRetypeWithoutMigrationTest-Volume-1228863477'), ('all_tenants', True)]). {{(pid=100647) get_all /opt/stack/cinder/cinder/volume/api.py:619}}
Aug 18 18:23:29.765796 dv-cinder-802882-9-smb devstack@c-api.service[100647]: INFO cinder.volume.api [None req-7cd179b6-1a95-4062-b2f9-b165b020b4e1 tempest-VolumeRetypeWithoutMigrationTest-1973142383 tempest-VolumeRetypeWithoutMigrationTest-1973142383-project-admin] Get all volumes completed successfully.
Aug 18 18:23:29.766693 dv-cinder-802882-9-smb devstack@c-api.service[100647]: INFO cinder.api.openstack.wsgi [None req-7cd179b6-1a95-4062-b2f9-b165b020b4e1 tempest-VolumeRetypeWithoutMigrationTest-1973142383 tempest-VolumeRetypeWithoutMigrationTest-1973142383-project-admin] http://10.222.0.59/volume/v3/f99d32818ed34520a841c445360fd041/volumes?all_tenants=True&name=tempest-VolumeRetypeWithoutMigrationTest-Volume-1228863477 returned with HTTP 200
Aug 18 18:23:29.767388 dv-cinder-802882-9-smb devstack@c-api.service[100647]: [pid: 100647|app: 0|req: 99/198] 10.222.0.59 () {58 vars in 1375 bytes} [Wed Aug 18 18:23:29 2021] GET /volume/v3/f99d32818ed34520a841c445360fd041/volumes?all_tenants=True&name=tempest-VolumeRetypeWithoutMigrationTest-Volume-1228863477 => generated 413 bytes in 69 msecs (HTTP/1.1 200) 7 headers in 285 bytes (1 switches on core 0)
Aug 18 18:23:29.781139 dv-cinder-802882-9-smb devstack@c-api.service[100648]: INFO cinder.api.openstack.wsgi [None req-96f6eb6e-177b-4631-a6df-f25f814bd1ec tempest-GroupSnapshotsTest-1781688614 tempest-GroupSnapshotsTest-1781688614-project] GET http://10.222.0.59/volume/v3/cb072e28fcef477ea58ba41da4154e71/volumes/d372b18b-2f57-4199-8a10-7272e3ebc73f
Aug 18 18:23:29.782428 dv-cinder-802882-9-smb devstack@c-api.service[100648]: DEBUG cinder.api.openstack.wsgi [None req-96f6eb6e-177b-4631-a6df-f25f814bd1ec tempest-GroupSnapshotsTest-1781688614 tempest-GroupSnapshotsTest-1781688614-project] Empty body provided in request {{(pid=100648) get_body /opt/stack/cinder/cinder/api/openstack/wsgi.py:703}}
Aug 18 18:23:29.782798 dv-cinder-802882-9-smb devstack@c-api.service[100648]: /usr/local/lib/python3.8/dist-packages/webob/acceptparse.py:1047: DeprecationWarning: The behavior of AcceptValidHeader.best_match is currently being maintained for backward compatibility, but it will be deprecated in the future, as it does not conform to the RFC.
Aug 18 18:23:29.782798 dv-cinder-802882-9-smb devstack@c-api.service[100648]: warnings.warn(
Aug 18 18:23:29.783422 dv-cinder-802882-9-smb devstack@c-api.service[100648]: DEBUG cinder.api.openstack.wsgi [None req-96f6eb6e-177b-4631-a6df-f25f814bd1ec tempest-GroupSnapshotsTest-1781688614 tempest-GroupSnapshotsTest-1781688614-project] Calling method 'show' {{(pid=100648) _process_stack /opt/stack/cinder/cinder/api/openstack/wsgi.py:856}}
Aug 18 18:23:29.788894 dv-cinder-802882-9-smb devstack@c-api.service[100647]: INFO cinder.api.openstack.wsgi [None req-e642607e-a3d8-40c7-8312-2bf80d95f52e tempest-VolumeRetypeWithoutMigrationTest-1039036757 tempest-VolumeRetypeWithoutMigrationTest-1039036757-project] DELETE http://10.222.0.59/volume/v3/960360ec5e8e4736b27674f18f15c6f0/volumes/5d372e2d-fc80-45ce-8aff-320ef0bcdfd6
Aug 18 18:23:29.788894 dv-cinder-802882-9-smb devstack@c-api.service[100647]: DEBUG cinder.api.openstack.wsgi [None req-e642607e-a3d8-40c7-8312-2bf80d95f52e tempest-VolumeRetypeWithoutMigrationTest-1039036757 tempest-VolumeRetypeWithoutMigrationTest-1039036757-project] Empty body provided in request {{(pid=100647) get_body /opt/stack/cinder/cinder/api/openstack/wsgi.py:703}}
Aug 18 18:23:29.788894 dv-cinder-802882-9-smb devstack@c-api.service[100647]: /usr/local/lib/python3.8/dist-packages/webob/acceptparse.py:1047: DeprecationWarning: The behavior of AcceptValidHeader.best_match is currently being maintained for backward compatibility, but it will be deprecated in the future, as it does not conform to the RFC.
Aug 18 18:23:29.788894 dv-cinder-802882-9-smb devstack@c-api.service[100647]: warnings.warn(
Aug 18 18:23:29.788894 dv-cinder-802882-9-smb devstack@c-api.service[100647]: DEBUG cinder.api.openstack.wsgi [None req-e642607e-a3d8-40c7-8312-2bf80d95f52e tempest-VolumeRetypeWithoutMigrationTest-1039036757 tempest-VolumeRetypeWithoutMigrationTest-1039036757-project] Calling method 'delete' {{(pid=100647) _process_stack /opt/stack/cinder/cinder/api/openstack/wsgi.py:856}}
Aug 18 18:23:29.789334 dv-cinder-802882-9-smb devstack@c-api.service[100647]: INFO cinder.api.v3.volumes [None req-e642607e-a3d8-40c7-8312-2bf80d95f52e tempest-VolumeRetypeWithoutMigrationTest-1039036757 tempest-VolumeRetypeWithoutMigrationTest-1039036757-project] Delete volume with id: 5d372e2d-fc80-45ce-8aff-320ef0bcdfd6
Aug 18 18:23:29.803360 dv-cinder-802882-9-smb devstack@c-api.service[100648]: /usr/local/lib/python3.8/dist-packages/oslo_context/context.py:105: DeprecationWarning: Policy enforcement is depending on the value of is_admin. This key is deprecated. Please update your policy file to use the standard policy values.
Aug 18 18:23:29.803360 dv-cinder-802882-9-smb devstack@c-api.service[100648]: warnings.warn('Policy enforcement is depending on the value of '
Aug 18 18:23:29.813973 dv-cinder-802882-9-smb devstack@c-api.service[100648]: INFO cinder.volume.api [None req-96f6eb6e-177b-4631-a6df-f25f814bd1ec tempest-GroupSnapshotsTest-1781688614 tempest-GroupSnapshotsTest-1781688614-project] Volume info retrieved successfully.
Aug 18 18:23:29.824821 dv-cinder-802882-9-smb devstack@c-api.service[100648]: WARNING stevedore.named [None req-96f6eb6e-177b-4631-a6df-f25f814bd1ec tempest-GroupSnapshotsTest-1781688614 tempest-GroupSnapshotsTest-1781688614-project] Could not load cinder.keymgr.conf_key_mgr.ConfKeyManager
Aug 18 18:23:29.826081 dv-cinder-802882-9-smb devstack@c-api.service[100648]: WARNING castellan.key_manager [None req-96f6eb6e-177b-4631-a6df-f25f814bd1ec tempest-GroupSnapshotsTest-1781688614 tempest-GroupSnapshotsTest-1781688614-project] Deprecation Warning : cinder.keymgr.conf_key_mgr.ConfKeyManager is not a stevedore based driver, trying to load it as a class: stevedore.exception.NoMatches: No 'castellan.drivers' driver found, looking for 'cinder.keymgr.conf_key_mgr.ConfKeyManager'
Aug 18 18:23:29.830643 dv-cinder-802882-9-smb devstack@c-api.service[100647]: /usr/local/lib/python3.8/dist-packages/oslo_context/context.py:105: DeprecationWarning: Policy enforcement is depending on the value of is_admin. This key is deprecated. Please update your policy file to use the standard policy values.
Aug 18 18:23:29.830643 dv-cinder-802882-9-smb devstack@c-api.service[100647]: warnings.warn('Policy enforcement is depending on the value of '
Aug 18 18:23:29.831981 dv-cinder-802882-9-smb devstack@c-api.service[100647]: INFO cinder.volume.api [None req-e642607e-a3d8-40c7-8312-2bf80d95f52e tempest-VolumeRetypeWithoutMigrationTest-1039036757 tempest-VolumeRetypeWithoutMigrationTest-1039036757-project] Volume info retrieved successfully.
Aug 18 18:23:29.841365 dv-cinder-802882-9-smb devstack@c-api.service[100648]: DEBUG oslo_db.sqlalchemy.engines [None req-96f6eb6e-177b-4631-a6df-f25f814bd1ec tempest-GroupSnapshotsTest-1781688614 tempest-GroupSnapshotsTest-1781688614-project] MySQL server mode set to STRICT_TRANS_TABLES,STRICT_ALL_TABLES,NO_ZERO_IN_DATE,NO_ZERO_DATE,ERROR_FOR_DIVISION_BY_ZERO,TRADITIONAL,NO_ENGINE_SUBSTITUTION {{(pid=100648) _check_effective_sql_mode /usr/local/lib/python3.8/dist-packages/oslo_db/sqlalchemy/engines.py:314}}
Aug 18 18:23:29.847994 dv-cinder-802882-9-smb devstack@c-api.service[100648]: /usr/local/lib/python3.8/dist-packages/oslo_context/context.py:105: DeprecationWarning: Policy enforcement is depending on the value of is_admin. This key is deprecated. Please update your policy file to use the standard policy values.
Aug 18 18:23:29.847994 dv-cinder-802882-9-smb devstack@c-api.service[100648]: warnings.warn('Policy enforcement is depending on the value of '
Aug 18 18:23:29.880371 dv-cinder-802882-9-smb devstack@c-api.service[100648]: INFO cinder.api.openstack.wsgi [None req-96f6eb6e-177b-4631-a6df-f25f814bd1ec tempest-GroupSnapshotsTest-1781688614 tempest-GroupSnapshotsTest-1781688614-project] http://10.222.0.59/volume/v3/cb072e28fcef477ea58ba41da4154e71/volumes/d372b18b-2f57-4199-8a10-7272e3ebc73f returned with HTTP 200
Aug 18 18:23:29.888416 dv-cinder-802882-9-smb devstack@c-api.service[100648]: [pid: 100648|app: 0|req: 100/199] 10.222.0.59 () {60 vars in 1366 bytes} [Wed Aug 18 18:23:29 2021] GET /volume/v3/cb072e28fcef477ea58ba41da4154e71/volumes/d372b18b-2f57-4199-8a10-7272e3ebc73f => generated 1000 bytes in 118 msecs (HTTP/1.1 200) 7 headers in 287 bytes (1 switches on core 0)
Aug 18 18:23:29.910737 dv-cinder-802882-9-smb devstack@c-api.service[100647]: INFO cinder.volume.api [None req-e642607e-a3d8-40c7-8312-2bf80d95f52e tempest-VolumeRetypeWithoutMigrationTest-1039036757 tempest-VolumeRetypeWithoutMigrationTest-1039036757-project] Delete volume request issued successfully.
Aug 18 18:23:29.911227 dv-cinder-802882-9-smb devstack@c-api.service[100647]: INFO cinder.api.openstack.wsgi [None req-e642607e-a3d8-40c7-8312-2bf80d95f52e tempest-VolumeRetypeWithoutMigrationTest-1039036757 tempest-VolumeRetypeWithoutMigrationTest-1039036757-project] http://10.222.0.59/volume/v3/960360ec5e8e4736b27674f18f15c6f0/volumes/5d372e2d-fc80-45ce-8aff-320ef0bcdfd6 returned with HTTP 202
Aug 18 18:23:29.915026 dv-cinder-802882-9-smb devstack@c-api.service[100647]: [pid: 100647|app: 0|req: 100/200] 10.222.0.59 () {58 vars in 1328 bytes} [Wed Aug 18 18:23:29 2021] DELETE /volume/v3/960360ec5e8e4736b27674f18f15c6f0/volumes/5d372e2d-fc80-45ce-8aff-320ef0bcdfd6 => generated 0 bytes in 134 msecs (HTTP/1.1 202) 6 headers in 233 bytes (2 switches on core 0)
Aug 18 18:23:29.916909 dv-cinder-802882-9-smb devstack@c-api.service[100648]: INFO cinder.api.openstack.wsgi [None req-0abeb616-7507-4425-8db6-6091add8c0e0 tempest-GroupSnapshotsTest-1781688614 tempest-GroupSnapshotsTest-1781688614-project] POST http://10.222.0.59/volume/v3/cb072e28fcef477ea58ba41da4154e71/group_snapshots
Aug 18 18:23:29.917869 dv-cinder-802882-9-smb devstack@c-api.service[100648]: /usr/local/lib/python3.8/dist-packages/webob/acceptparse.py:1047: DeprecationWarning: The behavior of AcceptValidHeader.best_match is currently being maintained for backward compatibility, but it will be deprecated in the future, as it does not conform to the RFC.
Aug 18 18:23:29.917869 dv-cinder-802882-9-smb devstack@c-api.service[100648]: warnings.warn(
Aug 18 18:23:29.918369 dv-cinder-802882-9-smb devstack@c-api.service[100648]: DEBUG cinder.api.openstack.wsgi [None req-0abeb616-7507-4425-8db6-6091add8c0e0 tempest-GroupSnapshotsTest-1781688614 tempest-GroupSnapshotsTest-1781688614-project] Action: 'create', calling method: version_select, body: {"group_snapshot": {"group_id": "a9e2d877-aa9f-4d63-b768-0efb8b5a90c2", "name": "tempest-group_snapshot-923829047"}} {{(pid=100648) _process_stack /opt/stack/cinder/cinder/api/openstack/wsgi.py:854}}
Aug 18 18:23:29.919310 dv-cinder-802882-9-smb devstack@c-api.service[100648]: DEBUG cinder.api.v3.group_snapshots [None req-0abeb616-7507-4425-8db6-6091add8c0e0 tempest-GroupSnapshotsTest-1781688614 tempest-GroupSnapshotsTest-1781688614-project] Creating new group_snapshot {'group_snapshot': {'group_id': 'a9e2d877-aa9f-4d63-b768-0efb8b5a90c2', 'name': 'tempest-group_snapshot-923829047'}} {{(pid=100648) create /opt/stack/cinder/cinder/api/v3/group_snapshots.py:154}}
Aug 18 18:23:29.919984 dv-cinder-802882-9-smb devstack@c-api.service[100647]: INFO cinder.api.openstack.wsgi [None req-45785037-21ec-4d55-b6bb-b3dffc87e13c tempest-VolumeRetypeWithoutMigrationTest-1039036757 tempest-VolumeRetypeWithoutMigrationTest-1039036757-project] GET http://10.222.0.59/volume/v3/960360ec5e8e4736b27674f18f15c6f0/volumes/5d372e2d-fc80-45ce-8aff-320ef0bcdfd6
Aug 18 18:23:29.920431 dv-cinder-802882-9-smb devstack@c-api.service[100647]: DEBUG cinder.api.openstack.wsgi [None req-45785037-21ec-4d55-b6bb-b3dffc87e13c tempest-VolumeRetypeWithoutMigrationTest-1039036757 tempest-VolumeRetypeWithoutMigrationTest-1039036757-project] Empty body provided in request {{(pid=100647) get_body /opt/stack/cinder/cinder/api/openstack/wsgi.py:703}}
Aug 18 18:23:29.920608 dv-cinder-802882-9-smb devstack@c-api.service[100647]: /usr/local/lib/python3.8/dist-packages/webob/acceptparse.py:1047: DeprecationWarning: The behavior of AcceptValidHeader.best_match is currently being maintained for backward compatibility, but it will be deprecated in the future, as it does not conform to the RFC.
Aug 18 18:23:29.920608 dv-cinder-802882-9-smb devstack@c-api.service[100647]: warnings.warn(
Aug 18 18:23:29.920909 dv-cinder-802882-9-smb devstack@c-api.service[100647]: DEBUG cinder.api.openstack.wsgi [None req-45785037-21ec-4d55-b6bb-b3dffc87e13c tempest-VolumeRetypeWithoutMigrationTest-1039036757 tempest-VolumeRetypeWithoutMigrationTest-1039036757-project] Calling method 'show' {{(pid=100647) _process_stack /opt/stack/cinder/cinder/api/openstack/wsgi.py:856}}
Aug 18 18:23:29.929697 dv-cinder-802882-9-smb devstack@c-api.service[100648]: /usr/local/lib/python3.8/dist-packages/oslo_context/context.py:105: DeprecationWarning: Policy enforcement is depending on the value of is_admin. This key is deprecated. Please update your policy file to use the standard policy values.
Aug 18 18:23:29.929697 dv-cinder-802882-9-smb devstack@c-api.service[100648]: warnings.warn('Policy enforcement is depending on the value of '
Aug 18 18:23:29.937245 dv-cinder-802882-9-smb devstack@c-api.service[100648]: INFO cinder.api.v3.group_snapshots [None req-0abeb616-7507-4425-8db6-6091add8c0e0 tempest-GroupSnapshotsTest-1781688614 tempest-GroupSnapshotsTest-1781688614-project] Creating group_snapshot tempest-group_snapshot-923829047.
Aug 18 18:23:29.947034 dv-cinder-802882-9-smb devstack@c-api.service[100647]: /usr/local/lib/python3.8/dist-packages/oslo_context/context.py:105: DeprecationWarning: Policy enforcement is depending on the value of is_admin. This key is deprecated. Please update your policy file to use the standard policy values.
Aug 18 18:23:29.947034 dv-cinder-802882-9-smb devstack@c-api.service[100647]: warnings.warn('Policy enforcement is depending on the value of '
Aug 18 18:23:29.959108 dv-cinder-802882-9-smb devstack@c-api.service[100647]: INFO cinder.volume.api [None req-45785037-21ec-4d55-b6bb-b3dffc87e13c tempest-VolumeRetypeWithoutMigrationTest-1039036757 tempest-VolumeRetypeWithoutMigrationTest-1039036757-project] Volume info retrieved successfully.
Aug 18 18:23:29.977706 dv-cinder-802882-9-smb devstack@c-api.service[100647]: INFO cinder.api.openstack.wsgi [None req-45785037-21ec-4d55-b6bb-b3dffc87e13c tempest-VolumeRetypeWithoutMigrationTest-1039036757 tempest-VolumeRetypeWithoutMigrationTest-1039036757-project] http://10.222.0.59/volume/v3/960360ec5e8e4736b27674f18f15c6f0/volumes/5d372e2d-fc80-45ce-8aff-320ef0bcdfd6 returned with HTTP 200
Aug 18 18:23:29.981700 dv-cinder-802882-9-smb devstack@c-api.service[100648]: /usr/local/lib/python3.8/dist-packages/oslo_context/context.py:105: DeprecationWarning: Policy enforcement is depending on the value of is_admin. This key is deprecated. Please update your policy file to use the standard policy values.
Aug 18 18:23:29.981700 dv-cinder-802882-9-smb devstack@c-api.service[100648]: warnings.warn('Policy enforcement is depending on the value of '
Aug 18 18:23:29.988435 dv-cinder-802882-9-smb devstack@c-api.service[100647]: [pid: 100647|app: 0|req: 101/201] 10.222.0.59 () {58 vars in 1325 bytes} [Wed Aug 18 18:23:29 2021] GET /volume/v3/960360ec5e8e4736b27674f18f15c6f0/volumes/5d372e2d-fc80-45ce-8aff-320ef0bcdfd6 => generated 926 bytes in 72 msecs (HTTP/1.1 200) 7 headers in 285 bytes (2 switches on core 0)
Aug 18 18:23:30.019535 dv-cinder-802882-9-smb devstack@c-api.service[100648]: WARNING cinder.quota [None req-0abeb616-7507-4425-8db6-6091add8c0e0 tempest-GroupSnapshotsTest-1781688614 tempest-GroupSnapshotsTest-1781688614-project] Deprecated: Default quota for resource: gigabytes_tempest-GroupSnapshotsTest-volume-type-1258485990 is set by the default quota flag: quota_gigabytes_tempest-GroupSnapshotsTest-volume-type-1258485990, it is now deprecated. Please use the default quota class for default quota.
Aug 18 18:23:30.020236 dv-cinder-802882-9-smb devstack@c-api.service[100648]: WARNING cinder.quota [None req-0abeb616-7507-4425-8db6-6091add8c0e0 tempest-GroupSnapshotsTest-1781688614 tempest-GroupSnapshotsTest-1781688614-project] Deprecated: Default quota for resource: snapshots_tempest-GroupSnapshotsTest-volume-type-1258485990 is set by the default quota flag: quota_snapshots_tempest-GroupSnapshotsTest-volume-type-1258485990, it is now deprecated. Please use the default quota class for default quota.
Aug 18 18:23:30.073764 dv-cinder-802882-9-smb devstack@c-api.service[100648]: DEBUG cinder.quota [None req-0abeb616-7507-4425-8db6-6091add8c0e0 tempest-GroupSnapshotsTest-1781688614 tempest-GroupSnapshotsTest-1781688614-project] Created reservations ['77d9cdd0-aaf0-4c45-9bc2-70c5510d73aa', '0341c160-11cd-4bdb-a1ae-8f7ae212225a', '26f9f0f3-f615-4803-8949-4cb4e8e6ce05', '5173c8b3-6186-4ad9-b444-ea3da98ecd95'] {{(pid=100648) reserve /opt/stack/cinder/cinder/quota.py:755}}
Aug 18 18:23:30.157793 dv-cinder-802882-9-smb devstack@c-api.service[100648]: INFO cinder.api.openstack.wsgi [None req-0abeb616-7507-4425-8db6-6091add8c0e0 tempest-GroupSnapshotsTest-1781688614 tempest-GroupSnapshotsTest-1781688614-project] http://10.222.0.59/volume/v3/cb072e28fcef477ea58ba41da4154e71/group_snapshots returned with HTTP 202
Aug 18 18:23:30.165168 dv-cinder-802882-9-smb devstack@c-api.service[100648]: [pid: 100648|app: 0|req: 101/202] 10.222.0.59 () {62 vars in 1301 bytes} [Wed Aug 18 18:23:29 2021] POST /volume/v3/cb072e28fcef477ea58ba41da4154e71/group_snapshots => generated 167 bytes in 254 msecs (HTTP/1.1 202) 7 headers in 292 bytes (1 switches on core 0)
Aug 18 18:23:30.169640 dv-cinder-802882-9-smb devstack@c-api.service[100647]: INFO cinder.api.openstack.wsgi [None req-c0662421-b9f8-453c-b0ff-3f700c2e9613 tempest-GroupSnapshotsTest-1781688614 tempest-GroupSnapshotsTest-1781688614-project] GET http://10.222.0.59/volume/v3/cb072e28fcef477ea58ba41da4154e71/group_snapshots/bab4718a-0bd3-4d9d-8305-395617ea7bb1
Aug 18 18:23:30.170136 dv-cinder-802882-9-smb devstack@c-api.service[100647]: DEBUG cinder.api.openstack.wsgi [None req-c0662421-b9f8-453c-b0ff-3f700c2e9613 tempest-GroupSnapshotsTest-1781688614 tempest-GroupSnapshotsTest-1781688614-project] Empty body provided in request {{(pid=100647) get_body /opt/stack/cinder/cinder/api/openstack/wsgi.py:703}}
Aug 18 18:23:30.170302 dv-cinder-802882-9-smb devstack@c-api.service[100647]: /usr/local/lib/python3.8/dist-packages/webob/acceptparse.py:1047: DeprecationWarning: The behavior of AcceptValidHeader.best_match is currently being maintained for backward compatibility, but it will be deprecated in the future, as it does not conform to the RFC.
Aug 18 18:23:30.170302 dv-cinder-802882-9-smb devstack@c-api.service[100647]: warnings.warn(
Aug 18 18:23:30.170614 dv-cinder-802882-9-smb devstack@c-api.service[100647]: DEBUG cinder.api.openstack.wsgi [None req-c0662421-b9f8-453c-b0ff-3f700c2e9613 tempest-GroupSnapshotsTest-1781688614 tempest-GroupSnapshotsTest-1781688614-project] Calling method 'version_select' {{(pid=100647) _process_stack /opt/stack/cinder/cinder/api/openstack/wsgi.py:856}}
Aug 18 18:23:30.170961 dv-cinder-802882-9-smb devstack@c-api.service[100647]: DEBUG cinder.api.v3.group_snapshots [None req-c0662421-b9f8-453c-b0ff-3f700c2e9613 tempest-GroupSnapshotsTest-1781688614 tempest-GroupSnapshotsTest-1781688614-project] show called for member bab4718a-0bd3-4d9d-8305-395617ea7bb1 {{(pid=100647) show /opt/stack/cinder/cinder/api/v3/group_snapshots.py:58}}
Aug 18 18:23:30.179145 dv-cinder-802882-9-smb devstack@c-api.service[100647]: /usr/local/lib/python3.8/dist-packages/oslo_context/context.py:105: DeprecationWarning: Policy enforcement is depending on the value of is_admin. This key is deprecated. Please update your policy file to use the standard policy values.
Aug 18 18:23:30.179145 dv-cinder-802882-9-smb devstack@c-api.service[100647]: warnings.warn('Policy enforcement is depending on the value of '
Aug 18 18:23:30.188403 dv-cinder-802882-9-smb devstack@c-api.service[100647]: INFO cinder.api.openstack.wsgi [None req-c0662421-b9f8-453c-b0ff-3f700c2e9613 tempest-GroupSnapshotsTest-1781688614 tempest-GroupSnapshotsTest-1781688614-project] http://10.222.0.59/volume/v3/cb072e28fcef477ea58ba41da4154e71/group_snapshots/bab4718a-0bd3-4d9d-8305-395617ea7bb1 returned with HTTP 200
Aug 18 18:23:30.189791 dv-cinder-802882-9-smb devstack@c-api.service[100647]: [pid: 100647|app: 0|req: 102/203] 10.222.0.59 () {60 vars in 1390 bytes} [Wed Aug 18 18:23:30 2021] GET /volume/v3/cb072e28fcef477ea58ba41da4154e71/group_snapshots/bab4718a-0bd3-4d9d-8305-395617ea7bb1 => generated 306 bytes in 25 msecs (HTTP/1.1 200) 7 headers in 286 bytes (2 switches on core 0)
Aug 18 18:23:30.996618 dv-cinder-802882-9-smb devstack@c-api.service[100648]: INFO cinder.api.openstack.wsgi [None req-6c711adb-cb3f-431b-b2cc-7870c6a7ebaa tempest-VolumeRetypeWithoutMigrationTest-1039036757 tempest-VolumeRetypeWithoutMigrationTest-1039036757-project] GET http://10.222.0.59/volume/v3/960360ec5e8e4736b27674f18f15c6f0/volumes/5d372e2d-fc80-45ce-8aff-320ef0bcdfd6
Aug 18 18:23:30.998729 dv-cinder-802882-9-smb devstack@c-api.service[100648]: DEBUG cinder.api.openstack.wsgi [None req-6c711adb-cb3f-431b-b2cc-7870c6a7ebaa tempest-VolumeRetypeWithoutMigrationTest-1039036757 tempest-VolumeRetypeWithoutMigrationTest-1039036757-project] Empty body provided in request {{(pid=100648) get_body /opt/stack/cinder/cinder/api/openstack/wsgi.py:703}}
Aug 18 18:23:30.999080 dv-cinder-802882-9-smb devstack@c-api.service[100648]: /usr/local/lib/python3.8/dist-packages/webob/acceptparse.py:1047: DeprecationWarning: The behavior of AcceptValidHeader.best_match is currently being maintained for backward compatibility, but it will be deprecated in the future, as it does not conform to the RFC.
Aug 18 18:23:30.999080 dv-cinder-802882-9-smb devstack@c-api.service[100648]: warnings.warn(
Aug 18 18:23:30.999756 dv-cinder-802882-9-smb devstack@c-api.service[100648]: DEBUG cinder.api.openstack.wsgi [None req-6c711adb-cb3f-431b-b2cc-7870c6a7ebaa tempest-VolumeRetypeWithoutMigrationTest-1039036757 tempest-VolumeRetypeWithoutMigrationTest-1039036757-project] Calling method 'show' {{(pid=100648) _process_stack /opt/stack/cinder/cinder/api/openstack/wsgi.py:856}}
Aug 18 18:23:31.031947 dv-cinder-802882-9-smb devstack@c-api.service[100648]: INFO cinder.api.openstack.wsgi [None req-6c711adb-cb3f-431b-b2cc-7870c6a7ebaa tempest-VolumeRetypeWithoutMigrationTest-1039036757 tempest-VolumeRetypeWithoutMigrationTest-1039036757-project] http://10.222.0.59/volume/v3/960360ec5e8e4736b27674f18f15c6f0/volumes/5d372e2d-fc80-45ce-8aff-320ef0bcdfd6 returned with HTTP 404
Aug 18 18:23:31.032834 dv-cinder-802882-9-smb devstack@c-api.service[100648]: [pid: 100648|app: 0|req: 102/204] 10.222.0.59 () {58 vars in 1325 bytes} [Wed Aug 18 18:23:30 2021] GET /volume/v3/960360ec5e8e4736b27674f18f15c6f0/volumes/5d372e2d-fc80-45ce-8aff-320ef0bcdfd6 => generated 109 bytes in 42 msecs (HTTP/1.1 404) 7 headers in 292 bytes (1 switches on core 0)
Aug 18 18:23:31.040416 dv-cinder-802882-9-smb devstack@c-api.service[100647]: INFO cinder.api.openstack.wsgi [None req-5b4eec1a-3f7e-4ce8-a523-e22a33cba21e tempest-VolumeRetypeWithoutMigrationTest-1973142383 tempest-VolumeRetypeWithoutMigrationTest-1973142383-project-admin] DELETE http://10.222.0.59/volume/v3/f99d32818ed34520a841c445360fd041/types/b2526c62-b082-434e-b877-9e66d411e8c9
Aug 18 18:23:31.041795 dv-cinder-802882-9-smb devstack@c-api.service[100647]: DEBUG cinder.api.openstack.wsgi [None req-5b4eec1a-3f7e-4ce8-a523-e22a33cba21e tempest-VolumeRetypeWithoutMigrationTest-1973142383 tempest-VolumeRetypeWithoutMigrationTest-1973142383-project-admin] Empty body provided in request {{(pid=100647) get_body /opt/stack/cinder/cinder/api/openstack/wsgi.py:703}}
Aug 18 18:23:31.042108 dv-cinder-802882-9-smb devstack@c-api.service[100647]: /usr/local/lib/python3.8/dist-packages/webob/acceptparse.py:1047: DeprecationWarning: The behavior of AcceptValidHeader.best_match is currently being maintained for backward compatibility, but it will be deprecated in the future, as it does not conform to the RFC.
Aug 18 18:23:31.042108 dv-cinder-802882-9-smb devstack@c-api.service[100647]: warnings.warn(
Aug 18 18:23:31.043292 dv-cinder-802882-9-smb devstack@c-api.service[100647]: DEBUG cinder.api.openstack.wsgi [None req-5b4eec1a-3f7e-4ce8-a523-e22a33cba21e tempest-VolumeRetypeWithoutMigrationTest-1973142383 tempest-VolumeRetypeWithoutMigrationTest-1973142383-project-admin] Calling method '_delete' {{(pid=100647) _process_stack /opt/stack/cinder/cinder/api/openstack/wsgi.py:856}}
Aug 18 18:23:31.138189 dv-cinder-802882-9-smb devstack@c-api.service[100647]: INFO cinder.api.openstack.wsgi [None req-5b4eec1a-3f7e-4ce8-a523-e22a33cba21e tempest-VolumeRetypeWithoutMigrationTest-1973142383 tempest-VolumeRetypeWithoutMigrationTest-1973142383-project-admin] http://10.222.0.59/volume/v3/f99d32818ed34520a841c445360fd041/types/b2526c62-b082-434e-b877-9e66d411e8c9 returned with HTTP 202
Aug 18 18:23:31.139893 dv-cinder-802882-9-smb devstack@c-api.service[100647]: [pid: 100647|app: 0|req: 103/205] 10.222.0.59 () {58 vars in 1322 bytes} [Wed Aug 18 18:23:31 2021] DELETE /volume/v3/f99d32818ed34520a841c445360fd041/types/b2526c62-b082-434e-b877-9e66d411e8c9 => generated 0 bytes in 103 msecs (HTTP/1.1 202) 6 headers in 233 bytes (1 switches on core 0)
Aug 18 18:23:31.148370 dv-cinder-802882-9-smb devstack@c-api.service[100648]: INFO cinder.api.openstack.wsgi [None req-08ee9f47-7d2f-438b-9ae0-dabd3ae822b9 tempest-VolumeRetypeWithoutMigrationTest-1973142383 tempest-VolumeRetypeWithoutMigrationTest-1973142383-project-admin] GET http://10.222.0.59/volume/v3/f99d32818ed34520a841c445360fd041/types/b2526c62-b082-434e-b877-9e66d411e8c9
Aug 18 18:23:31.149178 dv-cinder-802882-9-smb devstack@c-api.service[100648]: DEBUG cinder.api.openstack.wsgi [None req-08ee9f47-7d2f-438b-9ae0-dabd3ae822b9 tempest-VolumeRetypeWithoutMigrationTest-1973142383 tempest-VolumeRetypeWithoutMigrationTest-1973142383-project-admin] Empty body provided in request {{(pid=100648) get_body /opt/stack/cinder/cinder/api/openstack/wsgi.py:703}}
Aug 18 18:23:31.149681 dv-cinder-802882-9-smb devstack@c-api.service[100648]: DEBUG cinder.api.openstack.wsgi [None req-08ee9f47-7d2f-438b-9ae0-dabd3ae822b9 tempest-VolumeRetypeWithoutMigrationTest-1973142383 tempest-VolumeRetypeWithoutMigrationTest-1973142383-project-admin] Calling method 'show' {{(pid=100648) _process_stack /opt/stack/cinder/cinder/api/openstack/wsgi.py:856}}
Aug 18 18:23:31.161720 dv-cinder-802882-9-smb devstack@c-api.service[100648]: INFO cinder.api.openstack.wsgi [None req-08ee9f47-7d2f-438b-9ae0-dabd3ae822b9 tempest-VolumeRetypeWithoutMigrationTest-1973142383 tempest-VolumeRetypeWithoutMigrationTest-1973142383-project-admin] http://10.222.0.59/volume/v3/f99d32818ed34520a841c445360fd041/types/b2526c62-b082-434e-b877-9e66d411e8c9 returned with HTTP 404
Aug 18 18:23:31.164230 dv-cinder-802882-9-smb devstack@c-api.service[100648]: [pid: 100648|app: 0|req: 103/206] 10.222.0.59 () {58 vars in 1319 bytes} [Wed Aug 18 18:23:31 2021] GET /volume/v3/f99d32818ed34520a841c445360fd041/types/b2526c62-b082-434e-b877-9e66d411e8c9 => generated 114 bytes in 21 msecs (HTTP/1.1 404) 7 headers in 292 bytes (1 switches on core 0)
Aug 18 18:23:31.172375 dv-cinder-802882-9-smb devstack@c-api.service[100647]: INFO cinder.api.openstack.wsgi [None req-8c819f05-8261-4550-a4ba-264b3c1397c0 tempest-VolumeRetypeWithoutMigrationTest-1973142383 tempest-VolumeRetypeWithoutMigrationTest-1973142383-project-admin] DELETE http://10.222.0.59/volume/v3/f99d32818ed34520a841c445360fd041/types/ef70ad24-e617-4083-86bf-515739179d7e
Aug 18 18:23:31.173252 dv-cinder-802882-9-smb devstack@c-api.service[100647]: DEBUG cinder.api.openstack.wsgi [None req-8c819f05-8261-4550-a4ba-264b3c1397c0 tempest-VolumeRetypeWithoutMigrationTest-1973142383 tempest-VolumeRetypeWithoutMigrationTest-1973142383-project-admin] Empty body provided in request {{(pid=100647) get_body /opt/stack/cinder/cinder/api/openstack/wsgi.py:703}}
Aug 18 18:23:31.173887 dv-cinder-802882-9-smb devstack@c-api.service[100647]: DEBUG cinder.api.openstack.wsgi [None req-8c819f05-8261-4550-a4ba-264b3c1397c0 tempest-VolumeRetypeWithoutMigrationTest-1973142383 tempest-VolumeRetypeWithoutMigrationTest-1973142383-project-admin] Calling method '_delete' {{(pid=100647) _process_stack /opt/stack/cinder/cinder/api/openstack/wsgi.py:856}}
Aug 18 18:23:31.201256 dv-cinder-802882-9-smb devstack@c-api.service[100648]: INFO cinder.api.openstack.wsgi [None req-8617d77c-11c3-42c4-b828-304c90bbfc52 tempest-GroupSnapshotsTest-1781688614 tempest-GroupSnapshotsTest-1781688614-project] GET http://10.222.0.59/volume/v3/cb072e28fcef477ea58ba41da4154e71/group_snapshots/bab4718a-0bd3-4d9d-8305-395617ea7bb1
Aug 18 18:23:31.201913 dv-cinder-802882-9-smb devstack@c-api.service[100648]: DEBUG cinder.api.openstack.wsgi [None req-8617d77c-11c3-42c4-b828-304c90bbfc52 tempest-GroupSnapshotsTest-1781688614 tempest-GroupSnapshotsTest-1781688614-project] Empty body provided in request {{(pid=100648) get_body /opt/stack/cinder/cinder/api/openstack/wsgi.py:703}}
Aug 18 18:23:31.202327 dv-cinder-802882-9-smb devstack@c-api.service[100648]: DEBUG cinder.api.openstack.wsgi [None req-8617d77c-11c3-42c4-b828-304c90bbfc52 tempest-GroupSnapshotsTest-1781688614 tempest-GroupSnapshotsTest-1781688614-project] Calling method 'version_select' {{(pid=100648) _process_stack /opt/stack/cinder/cinder/api/openstack/wsgi.py:856}}
Aug 18 18:23:31.202673 dv-cinder-802882-9-smb devstack@c-api.service[100648]: DEBUG cinder.api.v3.group_snapshots [None req-8617d77c-11c3-42c4-b828-304c90bbfc52 tempest-GroupSnapshotsTest-1781688614 tempest-GroupSnapshotsTest-1781688614-project] show called for member bab4718a-0bd3-4d9d-8305-395617ea7bb1 {{(pid=100648) show /opt/stack/cinder/cinder/api/v3/group_snapshots.py:58}}
Aug 18 18:23:31.211933 dv-cinder-802882-9-smb devstack@c-api.service[100648]: /usr/local/lib/python3.8/dist-packages/oslo_context/context.py:105: DeprecationWarning: Policy enforcement is depending on the value of is_admin. This key is deprecated. Please update your policy file to use the standard policy values.
Aug 18 18:23:31.211933 dv-cinder-802882-9-smb devstack@c-api.service[100648]: warnings.warn('Policy enforcement is depending on the value of '
Aug 18 18:23:31.228499 dv-cinder-802882-9-smb devstack@c-api.service[100648]: INFO cinder.api.openstack.wsgi [None req-8617d77c-11c3-42c4-b828-304c90bbfc52 tempest-GroupSnapshotsTest-1781688614 tempest-GroupSnapshotsTest-1781688614-project] http://10.222.0.59/volume/v3/cb072e28fcef477ea58ba41da4154e71/group_snapshots/bab4718a-0bd3-4d9d-8305-395617ea7bb1 returned with HTTP 200
Aug 18 18:23:31.231887 dv-cinder-802882-9-smb devstack@c-api.service[100648]: [pid: 100648|app: 0|req: 104/207] 10.222.0.59 () {60 vars in 1390 bytes} [Wed Aug 18 18:23:31 2021] GET /volume/v3/cb072e28fcef477ea58ba41da4154e71/group_snapshots/bab4718a-0bd3-4d9d-8305-395617ea7bb1 => generated 307 bytes in 35 msecs (HTTP/1.1 200) 7 headers in 286 bytes (2 switches on core 0)
Aug 18 18:23:31.243707 dv-cinder-802882-9-smb devstack@c-api.service[100648]: INFO cinder.api.openstack.wsgi [None req-d4c07905-6835-43f0-aaef-33b1f00d6cbf tempest-GroupSnapshotsTest-1781688614 tempest-GroupSnapshotsTest-1781688614-project] GET http://10.222.0.59/volume/v3/cb072e28fcef477ea58ba41da4154e71/snapshots/detail
Aug 18 18:23:31.244753 dv-cinder-802882-9-smb devstack@c-api.service[100648]: DEBUG cinder.api.openstack.wsgi [None req-d4c07905-6835-43f0-aaef-33b1f00d6cbf tempest-GroupSnapshotsTest-1781688614 tempest-GroupSnapshotsTest-1781688614-project] Empty body provided in request {{(pid=100648) get_body /opt/stack/cinder/cinder/api/openstack/wsgi.py:703}}
Aug 18 18:23:31.245740 dv-cinder-802882-9-smb devstack@c-api.service[100648]: /usr/local/lib/python3.8/dist-packages/webob/acceptparse.py:1047: DeprecationWarning: The behavior of AcceptValidHeader.best_match is currently being maintained for backward compatibility, but it will be deprecated in the future, as it does not conform to the RFC.
Aug 18 18:23:31.245740 dv-cinder-802882-9-smb devstack@c-api.service[100648]: warnings.warn(
Aug 18 18:23:31.246299 dv-cinder-802882-9-smb devstack@c-api.service[100648]: DEBUG cinder.api.openstack.wsgi [None req-d4c07905-6835-43f0-aaef-33b1f00d6cbf tempest-GroupSnapshotsTest-1781688614 tempest-GroupSnapshotsTest-1781688614-project] Calling method 'detail' {{(pid=100648) _process_stack /opt/stack/cinder/cinder/api/openstack/wsgi.py:856}}
Aug 18 18:23:31.247776 dv-cinder-802882-9-smb devstack@c-api.service[100647]: INFO cinder.api.openstack.wsgi [None req-8c819f05-8261-4550-a4ba-264b3c1397c0 tempest-VolumeRetypeWithoutMigrationTest-1973142383 tempest-VolumeRetypeWithoutMigrationTest-1973142383-project-admin] http://10.222.0.59/volume/v3/f99d32818ed34520a841c445360fd041/types/ef70ad24-e617-4083-86bf-515739179d7e returned with HTTP 202
Aug 18 18:23:31.248196 dv-cinder-802882-9-smb devstack@c-api.service[100648]: DEBUG cinder.api.api_utils [None req-d4c07905-6835-43f0-aaef-33b1f00d6cbf tempest-GroupSnapshotsTest-1781688614 tempest-GroupSnapshotsTest-1781688614-project] Removing options '' from query. {{(pid=100648) remove_invalid_filter_options /opt/stack/cinder/cinder/api/api_utils.py:73}}
Aug 18 18:23:31.249782 dv-cinder-802882-9-smb devstack@c-api.service[100647]: [pid: 100647|app: 0|req: 104/208] 10.222.0.59 () {58 vars in 1322 bytes} [Wed Aug 18 18:23:31 2021] DELETE /volume/v3/f99d32818ed34520a841c445360fd041/types/ef70ad24-e617-4083-86bf-515739179d7e => generated 0 bytes in 82 msecs (HTTP/1.1 202) 6 headers in 233 bytes (1 switches on core 0)
Aug 18 18:23:31.252253 dv-cinder-802882-9-smb devstack@c-api.service[100648]: DEBUG cinder.db.sqlalchemy.api [None req-d4c07905-6835-43f0-aaef-33b1f00d6cbf tempest-GroupSnapshotsTest-1781688614 tempest-GroupSnapshotsTest-1781688614-project] Building query based on filter {{(pid=100648) _process_snaps_filters /opt/stack/cinder/cinder/db/sqlalchemy/api.py:3138}}
