Aug 18 18:24:05.658959 dv-cinder-802882-9-iscsi devstack@c-api.service[100683]: INFO cinder.volume.api [None req-421d70c5-04a2-46ba-a297-f86949171e2d tempest-SnapshotsActionsTest-567766303 tempest-SnapshotsActionsTest-567766303-project] Snapshot retrieved successfully.
Aug 18 18:24:05.660795 dv-cinder-802882-9-iscsi devstack@c-api.service[100683]: INFO cinder.api.openstack.wsgi [None req-421d70c5-04a2-46ba-a297-f86949171e2d tempest-SnapshotsActionsTest-567766303 tempest-SnapshotsActionsTest-567766303-project] http://10.222.0.46/volume/v3/802246ac8b9b4688bd7f4c86a60c29a8/snapshots/e47e0179-f196-4199-a51e-741dd6d3d80d returned with HTTP 200
Aug 18 18:24:05.661584 dv-cinder-802882-9-iscsi devstack@c-api.service[100683]: [pid: 100683|app: 0|req: 155/342] 10.222.0.46 () {58 vars in 1331 bytes} [Wed Aug 18 18:24:05 2021] GET /volume/v3/802246ac8b9b4688bd7f4c86a60c29a8/snapshots/e47e0179-f196-4199-a51e-741dd6d3d80d => generated 465 bytes in 20 msecs (HTTP/1.1 200) 7 headers in 285 bytes (1 switches on core 0)
Aug 18 18:24:05.671882 dv-cinder-802882-9-iscsi devstack@c-api.service[100684]: INFO cinder.api.openstack.wsgi [None req-62908550-3812-4246-8e7a-762091280714 tempest-SnapshotsActionsTest-567766303 tempest-SnapshotsActionsTest-567766303-project] POST http://10.222.0.46/volume/v3/802246ac8b9b4688bd7f4c86a60c29a8/snapshots/e47e0179-f196-4199-a51e-741dd6d3d80d/action
Aug 18 18:24:05.672323 dv-cinder-802882-9-iscsi devstack@c-api.service[100684]: /usr/local/lib/python3.8/dist-packages/webob/acceptparse.py:1047: DeprecationWarning: The behavior of AcceptValidHeader.best_match is currently being maintained for backward compatibility, but it will be deprecated in the future, as it does not conform to the RFC.
Aug 18 18:24:05.672323 dv-cinder-802882-9-iscsi devstack@c-api.service[100684]: warnings.warn(
Aug 18 18:24:05.672788 dv-cinder-802882-9-iscsi devstack@c-api.service[100684]: DEBUG cinder.api.openstack.wsgi [None req-62908550-3812-4246-8e7a-762091280714 tempest-SnapshotsActionsTest-567766303 tempest-SnapshotsActionsTest-567766303-project] Action body: b'{"os-update_snapshot_status": {"status": "error", "progress": "80%"}}' {{(pid=100684) get_method /opt/stack/cinder/cinder/api/openstack/wsgi.py:971}}
Aug 18 18:24:05.673120 dv-cinder-802882-9-iscsi devstack@c-api.service[100684]: DEBUG cinder.api.openstack.wsgi [None req-62908550-3812-4246-8e7a-762091280714 tempest-SnapshotsActionsTest-567766303 tempest-SnapshotsActionsTest-567766303-project] Action: 'action', calling method: _update_snapshot_status, body: {"os-update_snapshot_status": {"status": "error", "progress": "80%"}} {{(pid=100684) _process_stack /opt/stack/cinder/cinder/api/openstack/wsgi.py:854}}
Aug 18 18:24:05.673884 dv-cinder-802882-9-iscsi devstack@c-api.service[100684]: DEBUG cinder.api.contrib.snapshot_actions [None req-62908550-3812-4246-8e7a-762091280714 tempest-SnapshotsActionsTest-567766303 tempest-SnapshotsActionsTest-567766303-project] body: {'os-update_snapshot_status': {'status': 'error', 'progress': '80%'}} {{(pid=100684) _update_snapshot_status /opt/stack/cinder/cinder/api/contrib/snapshot_actions.py:46}}
Aug 18 18:24:05.682838 dv-cinder-802882-9-iscsi devstack@c-api.service[100684]: /usr/local/lib/python3.8/dist-packages/oslo_context/context.py:105: DeprecationWarning: Policy enforcement is depending on the value of is_admin. This key is deprecated. Please update your policy file to use the standard policy values.
Aug 18 18:24:05.682838 dv-cinder-802882-9-iscsi devstack@c-api.service[100684]: warnings.warn('Policy enforcement is depending on the value of '
Aug 18 18:24:05.683249 dv-cinder-802882-9-iscsi devstack@c-api.service[100684]: INFO cinder.api.contrib.snapshot_actions [None req-62908550-3812-4246-8e7a-762091280714 tempest-SnapshotsActionsTest-567766303 tempest-SnapshotsActionsTest-567766303-project] Updating snapshot e47e0179-f196-4199-a51e-741dd6d3d80d with info {'id': 'e47e0179-f196-4199-a51e-741dd6d3d80d', 'status': 'error', 'progress': '80%'}
Aug 18 18:24:05.692276 dv-cinder-802882-9-iscsi devstack@c-api.service[100684]: INFO cinder.api.openstack.wsgi [None req-62908550-3812-4246-8e7a-762091280714 tempest-SnapshotsActionsTest-567766303 tempest-SnapshotsActionsTest-567766303-project] http://10.222.0.46/volume/v3/802246ac8b9b4688bd7f4c86a60c29a8/snapshots/e47e0179-f196-4199-a51e-741dd6d3d80d/action returned with HTTP 202
Aug 18 18:24:05.693050 dv-cinder-802882-9-iscsi devstack@c-api.service[100684]: [pid: 100684|app: 0|req: 188/343] 10.222.0.46 () {60 vars in 1373 bytes} [Wed Aug 18 18:24:05 2021] POST /volume/v3/802246ac8b9b4688bd7f4c86a60c29a8/snapshots/e47e0179-f196-4199-a51e-741dd6d3d80d/action => generated 0 bytes in 25 msecs (HTTP/1.1 202) 6 headers in 233 bytes (1 switches on core 0)
Aug 18 18:24:05.701807 dv-cinder-802882-9-iscsi devstack@c-api.service[100683]: INFO cinder.api.openstack.wsgi [None req-b36bc78a-35a2-4d81-8b20-432d19330966 tempest-SnapshotsActionsTest-624926672 tempest-SnapshotsActionsTest-624926672-project-admin] GET http://10.222.0.46/volume/v3/f67edce8d0e9445fa357c442b80ea681/snapshots/e47e0179-f196-4199-a51e-741dd6d3d80d
Aug 18 18:24:05.702335 dv-cinder-802882-9-iscsi devstack@c-api.service[100683]: DEBUG cinder.api.openstack.wsgi [None req-b36bc78a-35a2-4d81-8b20-432d19330966 tempest-SnapshotsActionsTest-624926672 tempest-SnapshotsActionsTest-624926672-project-admin] Empty body provided in request {{(pid=100683) get_body /opt/stack/cinder/cinder/api/openstack/wsgi.py:703}}
Aug 18 18:24:05.702548 dv-cinder-802882-9-iscsi devstack@c-api.service[100683]: /usr/local/lib/python3.8/dist-packages/webob/acceptparse.py:1047: DeprecationWarning: The behavior of AcceptValidHeader.best_match is currently being maintained for backward compatibility, but it will be deprecated in the future, as it does not conform to the RFC.
Aug 18 18:24:05.702548 dv-cinder-802882-9-iscsi devstack@c-api.service[100683]: warnings.warn(
Aug 18 18:24:05.703074 dv-cinder-802882-9-iscsi devstack@c-api.service[100683]: DEBUG cinder.api.openstack.wsgi [None req-b36bc78a-35a2-4d81-8b20-432d19330966 tempest-SnapshotsActionsTest-624926672 tempest-SnapshotsActionsTest-624926672-project-admin] Calling method 'show' {{(pid=100683) _process_stack /opt/stack/cinder/cinder/api/openstack/wsgi.py:856}}
Aug 18 18:24:05.713391 dv-cinder-802882-9-iscsi devstack@c-api.service[100683]: /usr/local/lib/python3.8/dist-packages/oslo_context/context.py:105: DeprecationWarning: Policy enforcement is depending on the value of is_admin. This key is deprecated. Please update your policy file to use the standard policy values.
Aug 18 18:24:05.713391 dv-cinder-802882-9-iscsi devstack@c-api.service[100683]: warnings.warn('Policy enforcement is depending on the value of '
Aug 18 18:24:05.714126 dv-cinder-802882-9-iscsi devstack@c-api.service[100683]: INFO cinder.volume.api [None req-b36bc78a-35a2-4d81-8b20-432d19330966 tempest-SnapshotsActionsTest-624926672 tempest-SnapshotsActionsTest-624926672-project-admin] Snapshot retrieved successfully.
Aug 18 18:24:05.715633 dv-cinder-802882-9-iscsi devstack@c-api.service[100683]: INFO cinder.api.openstack.wsgi [None req-b36bc78a-35a2-4d81-8b20-432d19330966 tempest-SnapshotsActionsTest-624926672 tempest-SnapshotsActionsTest-624926672-project-admin] http://10.222.0.46/volume/v3/f67edce8d0e9445fa357c442b80ea681/snapshots/e47e0179-f196-4199-a51e-741dd6d3d80d returned with HTTP 200
Aug 18 18:24:05.716384 dv-cinder-802882-9-iscsi devstack@c-api.service[100683]: [pid: 100683|app: 0|req: 156/344] 10.222.0.46 () {58 vars in 1331 bytes} [Wed Aug 18 18:24:05 2021] GET /volume/v3/f67edce8d0e9445fa357c442b80ea681/snapshots/e47e0179-f196-4199-a51e-741dd6d3d80d => generated 461 bytes in 19 msecs (HTTP/1.1 200) 7 headers in 285 bytes (1 switches on core 0)
Aug 18 18:24:05.729032 dv-cinder-802882-9-iscsi devstack@c-api.service[100684]: INFO cinder.api.openstack.wsgi [None req-5b8fa794-eb97-4ce5-a888-609343d69a66 tempest-SnapshotsActionsTest-624926672 tempest-SnapshotsActionsTest-624926672-project-admin] POST http://10.222.0.46/volume/v3/f67edce8d0e9445fa357c442b80ea681/snapshots/e47e0179-f196-4199-a51e-741dd6d3d80d/action
Aug 18 18:24:05.729567 dv-cinder-802882-9-iscsi devstack@c-api.service[100684]: /usr/local/lib/python3.8/dist-packages/webob/acceptparse.py:1047: DeprecationWarning: The behavior of AcceptValidHeader.best_match is currently being maintained for backward compatibility, but it will be deprecated in the future, as it does not conform to the RFC.
Aug 18 18:24:05.729567 dv-cinder-802882-9-iscsi devstack@c-api.service[100684]: warnings.warn(
Aug 18 18:24:05.730083 dv-cinder-802882-9-iscsi devstack@c-api.service[100684]: DEBUG cinder.api.openstack.wsgi [None req-5b8fa794-eb97-4ce5-a888-609343d69a66 tempest-SnapshotsActionsTest-624926672 tempest-SnapshotsActionsTest-624926672-project-admin] Action body: b'{"os-reset_status": {"status": "available"}}' {{(pid=100684) get_method /opt/stack/cinder/cinder/api/openstack/wsgi.py:971}}
Aug 18 18:24:05.730573 dv-cinder-802882-9-iscsi devstack@c-api.service[100684]: DEBUG cinder.api.openstack.wsgi [None req-5b8fa794-eb97-4ce5-a888-609343d69a66 tempest-SnapshotsActionsTest-624926672 tempest-SnapshotsActionsTest-624926672-project-admin] Action: 'action', calling method: _reset_status, body: {"os-reset_status": {"status": "available"}} {{(pid=100684) _process_stack /opt/stack/cinder/cinder/api/openstack/wsgi.py:854}}
Aug 18 18:24:05.731903 dv-cinder-802882-9-iscsi devstack@c-api.service[100684]: DEBUG cinder.api.contrib.admin_actions [None req-5b8fa794-eb97-4ce5-a888-609343d69a66 tempest-SnapshotsActionsTest-624926672 tempest-SnapshotsActionsTest-624926672-project-admin] Updating snapshot 'e47e0179-f196-4199-a51e-741dd6d3d80d' with '{'status': 'available'}' {{(pid=100684) _reset_status /opt/stack/cinder/cinder/api/contrib/admin_actions.py:100}}
Aug 18 18:24:05.753790 dv-cinder-802882-9-iscsi devstack@c-api.service[100684]: /usr/local/lib/python3.8/dist-packages/oslo_context/context.py:105: DeprecationWarning: Policy enforcement is depending on the value of is_admin. This key is deprecated. Please update your policy file to use the standard policy values.
Aug 18 18:24:05.753790 dv-cinder-802882-9-iscsi devstack@c-api.service[100684]: warnings.warn('Policy enforcement is depending on the value of '
Aug 18 18:24:05.776333 dv-cinder-802882-9-iscsi devstack@c-api.service[100684]: INFO cinder.api.openstack.wsgi [None req-5b8fa794-eb97-4ce5-a888-609343d69a66 tempest-SnapshotsActionsTest-624926672 tempest-SnapshotsActionsTest-624926672-project-admin] http://10.222.0.46/volume/v3/f67edce8d0e9445fa357c442b80ea681/snapshots/e47e0179-f196-4199-a51e-741dd6d3d80d/action returned with HTTP 202
Aug 18 18:24:05.777666 dv-cinder-802882-9-iscsi devstack@c-api.service[100684]: [pid: 100684|app: 0|req: 189/345] 10.222.0.46 () {60 vars in 1373 bytes} [Wed Aug 18 18:24:05 2021] POST /volume/v3/f67edce8d0e9445fa357c442b80ea681/snapshots/e47e0179-f196-4199-a51e-741dd6d3d80d/action => generated 0 bytes in 55 msecs (HTTP/1.1 202) 7 headers in 289 bytes (1 switches on core 0)
Aug 18 18:24:05.785156 dv-cinder-802882-9-iscsi devstack@c-api.service[100683]: INFO cinder.api.openstack.wsgi [None req-4ac91af4-56b0-4ecf-aee4-250e3516dd1e tempest-DeleteServersTestJSON-899580196 tempest-DeleteServersTestJSON-899580196-project] GET http://10.222.0.46/volume/v3/df7205fbeea74a84a8de4fdecfdb8fad/volumes/8214e078-d286-4760-8dbb-1830a2983682
Aug 18 18:24:05.785594 dv-cinder-802882-9-iscsi devstack@c-api.service[100683]: DEBUG cinder.api.openstack.wsgi [None req-4ac91af4-56b0-4ecf-aee4-250e3516dd1e tempest-DeleteServersTestJSON-899580196 tempest-DeleteServersTestJSON-899580196-project] Empty body provided in request {{(pid=100683) get_body /opt/stack/cinder/cinder/api/openstack/wsgi.py:703}}
Aug 18 18:24:05.785765 dv-cinder-802882-9-iscsi devstack@c-api.service[100683]: /usr/local/lib/python3.8/dist-packages/webob/acceptparse.py:1047: DeprecationWarning: The behavior of AcceptValidHeader.best_match is currently being maintained for backward compatibility, but it will be deprecated in the future, as it does not conform to the RFC.
Aug 18 18:24:05.785765 dv-cinder-802882-9-iscsi devstack@c-api.service[100683]: warnings.warn(
Aug 18 18:24:05.786072 dv-cinder-802882-9-iscsi devstack@c-api.service[100683]: DEBUG cinder.api.openstack.wsgi [None req-4ac91af4-56b0-4ecf-aee4-250e3516dd1e tempest-DeleteServersTestJSON-899580196 tempest-DeleteServersTestJSON-899580196-project] Calling method 'show' {{(pid=100683) _process_stack /opt/stack/cinder/cinder/api/openstack/wsgi.py:856}}
Aug 18 18:24:05.787043 dv-cinder-802882-9-iscsi devstack@c-api.service[100684]: INFO cinder.api.openstack.wsgi [None req-9798ca80-d2be-46d0-b0bd-725d3252bb4f tempest-SnapshotsActionsTest-567766303 tempest-SnapshotsActionsTest-567766303-project] GET http://10.222.0.46/volume/v3/802246ac8b9b4688bd7f4c86a60c29a8/snapshots/e47e0179-f196-4199-a51e-741dd6d3d80d
Aug 18 18:24:05.787519 dv-cinder-802882-9-iscsi devstack@c-api.service[100684]: DEBUG cinder.api.openstack.wsgi [None req-9798ca80-d2be-46d0-b0bd-725d3252bb4f tempest-SnapshotsActionsTest-567766303 tempest-SnapshotsActionsTest-567766303-project] Empty body provided in request {{(pid=100684) get_body /opt/stack/cinder/cinder/api/openstack/wsgi.py:703}}
Aug 18 18:24:05.787691 dv-cinder-802882-9-iscsi devstack@c-api.service[100684]: /usr/local/lib/python3.8/dist-packages/webob/acceptparse.py:1047: DeprecationWarning: The behavior of AcceptValidHeader.best_match is currently being maintained for backward compatibility, but it will be deprecated in the future, as it does not conform to the RFC.
Aug 18 18:24:05.787691 dv-cinder-802882-9-iscsi devstack@c-api.service[100684]: warnings.warn(
Aug 18 18:24:05.788000 dv-cinder-802882-9-iscsi devstack@c-api.service[100684]: DEBUG cinder.api.openstack.wsgi [None req-9798ca80-d2be-46d0-b0bd-725d3252bb4f tempest-SnapshotsActionsTest-567766303 tempest-SnapshotsActionsTest-567766303-project] Calling method 'show' {{(pid=100684) _process_stack /opt/stack/cinder/cinder/api/openstack/wsgi.py:856}}
Aug 18 18:24:05.803098 dv-cinder-802882-9-iscsi devstack@c-api.service[100683]: /usr/local/lib/python3.8/dist-packages/oslo_context/context.py:105: DeprecationWarning: Policy enforcement is depending on the value of is_admin. This key is deprecated. Please update your policy file to use the standard policy values.
Aug 18 18:24:05.803098 dv-cinder-802882-9-iscsi devstack@c-api.service[100683]: warnings.warn('Policy enforcement is depending on the value of '
Aug 18 18:24:05.804225 dv-cinder-802882-9-iscsi devstack@c-api.service[100684]: /usr/local/lib/python3.8/dist-packages/oslo_context/context.py:105: DeprecationWarning: Policy enforcement is depending on the value of is_admin. This key is deprecated. Please update your policy file to use the standard policy values.
Aug 18 18:24:05.804225 dv-cinder-802882-9-iscsi devstack@c-api.service[100684]: warnings.warn('Policy enforcement is depending on the value of '
Aug 18 18:24:05.805317 dv-cinder-802882-9-iscsi devstack@c-api.service[100684]: INFO cinder.volume.api [None req-9798ca80-d2be-46d0-b0bd-725d3252bb4f tempest-SnapshotsActionsTest-567766303 tempest-SnapshotsActionsTest-567766303-project] Snapshot retrieved successfully.
Aug 18 18:24:05.807102 dv-cinder-802882-9-iscsi devstack@c-api.service[100684]: INFO cinder.api.openstack.wsgi [None req-9798ca80-d2be-46d0-b0bd-725d3252bb4f tempest-SnapshotsActionsTest-567766303 tempest-SnapshotsActionsTest-567766303-project] http://10.222.0.46/volume/v3/802246ac8b9b4688bd7f4c86a60c29a8/snapshots/e47e0179-f196-4199-a51e-741dd6d3d80d returned with HTTP 200
Aug 18 18:24:05.807869 dv-cinder-802882-9-iscsi devstack@c-api.service[100684]: [pid: 100684|app: 0|req: 190/346] 10.222.0.46 () {58 vars in 1331 bytes} [Wed Aug 18 18:24:05 2021] GET /volume/v3/802246ac8b9b4688bd7f4c86a60c29a8/snapshots/e47e0179-f196-4199-a51e-741dd6d3d80d => generated 465 bytes in 25 msecs (HTTP/1.1 200) 7 headers in 285 bytes (1 switches on core 0)
Aug 18 18:24:05.810805 dv-cinder-802882-9-iscsi devstack@c-api.service[100683]: INFO cinder.volume.api [None req-4ac91af4-56b0-4ecf-aee4-250e3516dd1e tempest-DeleteServersTestJSON-899580196 tempest-DeleteServersTestJSON-899580196-project] Volume info retrieved successfully.
Aug 18 18:24:05.819126 dv-cinder-802882-9-iscsi devstack@c-api.service[100684]: INFO cinder.api.openstack.wsgi [None req-d1fa140f-1d4c-4bbe-9107-e07cd57c9645 tempest-SnapshotsActionsTest-567766303 tempest-SnapshotsActionsTest-567766303-project] DELETE http://10.222.0.46/volume/v3/802246ac8b9b4688bd7f4c86a60c29a8/snapshots/d2afaa1f-20ad-4eed-835b-7135c7cd5cf8
Aug 18 18:24:05.819610 dv-cinder-802882-9-iscsi devstack@c-api.service[100684]: DEBUG cinder.api.openstack.wsgi [None req-d1fa140f-1d4c-4bbe-9107-e07cd57c9645 tempest-SnapshotsActionsTest-567766303 tempest-SnapshotsActionsTest-567766303-project] Empty body provided in request {{(pid=100684) get_body /opt/stack/cinder/cinder/api/openstack/wsgi.py:703}}
Aug 18 18:24:05.819772 dv-cinder-802882-9-iscsi devstack@c-api.service[100684]: /usr/local/lib/python3.8/dist-packages/webob/acceptparse.py:1047: DeprecationWarning: The behavior of AcceptValidHeader.best_match is currently being maintained for backward compatibility, but it will be deprecated in the future, as it does not conform to the RFC.
Aug 18 18:24:05.819772 dv-cinder-802882-9-iscsi devstack@c-api.service[100684]: warnings.warn(
Aug 18 18:24:05.820349 dv-cinder-802882-9-iscsi devstack@c-api.service[100684]: DEBUG cinder.api.openstack.wsgi [None req-d1fa140f-1d4c-4bbe-9107-e07cd57c9645 tempest-SnapshotsActionsTest-567766303 tempest-SnapshotsActionsTest-567766303-project] Calling method 'delete' {{(pid=100684) _process_stack /opt/stack/cinder/cinder/api/openstack/wsgi.py:856}}
Aug 18 18:24:05.820645 dv-cinder-802882-9-iscsi devstack@c-api.service[100684]: INFO cinder.api.v2.snapshots [None req-d1fa140f-1d4c-4bbe-9107-e07cd57c9645 tempest-SnapshotsActionsTest-567766303 tempest-SnapshotsActionsTest-567766303-project] Delete snapshot with id: d2afaa1f-20ad-4eed-835b-7135c7cd5cf8
Aug 18 18:24:05.827647 dv-cinder-802882-9-iscsi devstack@c-api.service[100683]: /usr/local/lib/python3.8/dist-packages/oslo_context/context.py:105: DeprecationWarning: Policy enforcement is depending on the value of is_admin. This key is deprecated. Please update your policy file to use the standard policy values.
Aug 18 18:24:05.827647 dv-cinder-802882-9-iscsi devstack@c-api.service[100683]: warnings.warn('Policy enforcement is depending on the value of '
Aug 18 18:24:05.828816 dv-cinder-802882-9-iscsi devstack@c-api.service[100684]: INFO cinder.api.openstack.wsgi [None req-d1fa140f-1d4c-4bbe-9107-e07cd57c9645 tempest-SnapshotsActionsTest-567766303 tempest-SnapshotsActionsTest-567766303-project] http://10.222.0.46/volume/v3/802246ac8b9b4688bd7f4c86a60c29a8/snapshots/d2afaa1f-20ad-4eed-835b-7135c7cd5cf8 returned with HTTP 404
Aug 18 18:24:05.830013 dv-cinder-802882-9-iscsi devstack@c-api.service[100684]: [pid: 100684|app: 0|req: 191/347] 10.222.0.46 () {58 vars in 1334 bytes} [Wed Aug 18 18:24:05 2021] DELETE /volume/v3/802246ac8b9b4688bd7f4c86a60c29a8/snapshots/d2afaa1f-20ad-4eed-835b-7135c7cd5cf8 => generated 111 bytes in 15 msecs (HTTP/1.1 404) 7 headers in 292 bytes (2 switches on core 0)
Aug 18 18:24:05.837751 dv-cinder-802882-9-iscsi devstack@c-api.service[100684]: INFO cinder.api.openstack.wsgi [None req-54779bc2-869b-4429-aca1-e8fd221e1b1d tempest-SnapshotsActionsTest-567766303 tempest-SnapshotsActionsTest-567766303-project] DELETE http://10.222.0.46/volume/v3/802246ac8b9b4688bd7f4c86a60c29a8/snapshots/3f7dd2b2-d82a-4f69-b74e-56d95be23b54
Aug 18 18:24:05.838327 dv-cinder-802882-9-iscsi devstack@c-api.service[100684]: DEBUG cinder.api.openstack.wsgi [None req-54779bc2-869b-4429-aca1-e8fd221e1b1d tempest-SnapshotsActionsTest-567766303 tempest-SnapshotsActionsTest-567766303-project] Empty body provided in request {{(pid=100684) get_body /opt/stack/cinder/cinder/api/openstack/wsgi.py:703}}
Aug 18 18:24:05.838435 dv-cinder-802882-9-iscsi devstack@c-api.service[100683]: INFO cinder.api.openstack.wsgi [None req-4ac91af4-56b0-4ecf-aee4-250e3516dd1e tempest-DeleteServersTestJSON-899580196 tempest-DeleteServersTestJSON-899580196-project] http://10.222.0.46/volume/v3/df7205fbeea74a84a8de4fdecfdb8fad/volumes/8214e078-d286-4760-8dbb-1830a2983682 returned with HTTP 200
Aug 18 18:24:05.838758 dv-cinder-802882-9-iscsi devstack@c-api.service[100684]: DEBUG cinder.api.openstack.wsgi [None req-54779bc2-869b-4429-aca1-e8fd221e1b1d tempest-SnapshotsActionsTest-567766303 tempest-SnapshotsActionsTest-567766303-project] Calling method 'delete' {{(pid=100684) _process_stack /opt/stack/cinder/cinder/api/openstack/wsgi.py:856}}
Aug 18 18:24:05.839442 dv-cinder-802882-9-iscsi devstack@c-api.service[100684]: INFO cinder.api.v2.snapshots [None req-54779bc2-869b-4429-aca1-e8fd221e1b1d tempest-SnapshotsActionsTest-567766303 tempest-SnapshotsActionsTest-567766303-project] Delete snapshot with id: 3f7dd2b2-d82a-4f69-b74e-56d95be23b54
Aug 18 18:24:05.839546 dv-cinder-802882-9-iscsi devstack@c-api.service[100683]: [pid: 100683|app: 0|req: 157/348] 10.222.0.46 () {58 vars in 1325 bytes} [Wed Aug 18 18:24:05 2021] GET /volume/v3/df7205fbeea74a84a8de4fdecfdb8fad/volumes/8214e078-d286-4760-8dbb-1830a2983682 => generated 914 bytes in 58 msecs (HTTP/1.1 200) 7 headers in 285 bytes (1 switches on core 0)
Aug 18 18:24:05.845011 dv-cinder-802882-9-iscsi devstack@c-api.service[100683]: INFO cinder.api.openstack.wsgi [None req-1d22bb1b-c319-4d6f-b766-ac18eea6a40d tempest-AttachVolumeNegativeTest-1238992990 tempest-AttachVolumeNegativeTest-1238992990-project] GET http://10.222.0.46/volume/v3/2869a7a76b7147b3a553c984756809c4/volumes/703ce4f7-ccea-4e9d-b86e-20aae462c373
Aug 18 18:24:05.845607 dv-cinder-802882-9-iscsi devstack@c-api.service[100683]: DEBUG cinder.api.openstack.wsgi [None req-1d22bb1b-c319-4d6f-b766-ac18eea6a40d tempest-AttachVolumeNegativeTest-1238992990 tempest-AttachVolumeNegativeTest-1238992990-project] Empty body provided in request {{(pid=100683) get_body /opt/stack/cinder/cinder/api/openstack/wsgi.py:703}}
Aug 18 18:24:05.845762 dv-cinder-802882-9-iscsi devstack@c-api.service[100683]: /usr/local/lib/python3.8/dist-packages/webob/acceptparse.py:1047: DeprecationWarning: The behavior of AcceptValidHeader.best_match is currently being maintained for backward compatibility, but it will be deprecated in the future, as it does not conform to the RFC.
Aug 18 18:24:05.845762 dv-cinder-802882-9-iscsi devstack@c-api.service[100683]: warnings.warn(
Aug 18 18:24:05.846605 dv-cinder-802882-9-iscsi devstack@c-api.service[100683]: DEBUG cinder.api.openstack.wsgi [None req-1d22bb1b-c319-4d6f-b766-ac18eea6a40d tempest-AttachVolumeNegativeTest-1238992990 tempest-AttachVolumeNegativeTest-1238992990-project] Calling method 'show' {{(pid=100683) _process_stack /opt/stack/cinder/cinder/api/openstack/wsgi.py:856}}
Aug 18 18:24:05.847934 dv-cinder-802882-9-iscsi devstack@c-api.service[100684]: INFO cinder.api.openstack.wsgi [None req-54779bc2-869b-4429-aca1-e8fd221e1b1d tempest-SnapshotsActionsTest-567766303 tempest-SnapshotsActionsTest-567766303-project] http://10.222.0.46/volume/v3/802246ac8b9b4688bd7f4c86a60c29a8/snapshots/3f7dd2b2-d82a-4f69-b74e-56d95be23b54 returned with HTTP 404
Aug 18 18:24:05.849293 dv-cinder-802882-9-iscsi devstack@c-api.service[100684]: [pid: 100684|app: 0|req: 192/349] 10.222.0.46 () {58 vars in 1334 bytes} [Wed Aug 18 18:24:05 2021] DELETE /volume/v3/802246ac8b9b4688bd7f4c86a60c29a8/snapshots/3f7dd2b2-d82a-4f69-b74e-56d95be23b54 => generated 111 bytes in 15 msecs (HTTP/1.1 404) 7 headers in 292 bytes (1 switches on core 0)
Aug 18 18:24:05.856366 dv-cinder-802882-9-iscsi devstack@c-api.service[100684]: INFO cinder.api.openstack.wsgi [None req-f449650e-9aa3-4c7d-9cbf-b73a40875638 tempest-SnapshotsActionsTest-567766303 tempest-SnapshotsActionsTest-567766303-project] DELETE http://10.222.0.46/volume/v3/802246ac8b9b4688bd7f4c86a60c29a8/snapshots/0250b68c-4d41-44cd-9aac-d3e03caf7ff7
Aug 18 18:24:05.856798 dv-cinder-802882-9-iscsi devstack@c-api.service[100684]: DEBUG cinder.api.openstack.wsgi [None req-f449650e-9aa3-4c7d-9cbf-b73a40875638 tempest-SnapshotsActionsTest-567766303 tempest-SnapshotsActionsTest-567766303-project] Empty body provided in request {{(pid=100684) get_body /opt/stack/cinder/cinder/api/openstack/wsgi.py:703}}
Aug 18 18:24:05.857206 dv-cinder-802882-9-iscsi devstack@c-api.service[100684]: DEBUG cinder.api.openstack.wsgi [None req-f449650e-9aa3-4c7d-9cbf-b73a40875638 tempest-SnapshotsActionsTest-567766303 tempest-SnapshotsActionsTest-567766303-project] Calling method 'delete' {{(pid=100684) _process_stack /opt/stack/cinder/cinder/api/openstack/wsgi.py:856}}
Aug 18 18:24:05.857493 dv-cinder-802882-9-iscsi devstack@c-api.service[100684]: INFO cinder.api.v2.snapshots [None req-f449650e-9aa3-4c7d-9cbf-b73a40875638 tempest-SnapshotsActionsTest-567766303 tempest-SnapshotsActionsTest-567766303-project] Delete snapshot with id: 0250b68c-4d41-44cd-9aac-d3e03caf7ff7
Aug 18 18:24:05.860217 dv-cinder-802882-9-iscsi devstack@c-api.service[100683]: /usr/local/lib/python3.8/dist-packages/oslo_context/context.py:105: DeprecationWarning: Policy enforcement is depending on the value of is_admin. This key is deprecated. Please update your policy file to use the standard policy values.
Aug 18 18:24:05.860217 dv-cinder-802882-9-iscsi devstack@c-api.service[100683]: warnings.warn('Policy enforcement is depending on the value of '
Aug 18 18:24:05.864727 dv-cinder-802882-9-iscsi devstack@c-api.service[100684]: INFO cinder.api.openstack.wsgi [None req-f449650e-9aa3-4c7d-9cbf-b73a40875638 tempest-SnapshotsActionsTest-567766303 tempest-SnapshotsActionsTest-567766303-project] http://10.222.0.46/volume/v3/802246ac8b9b4688bd7f4c86a60c29a8/snapshots/0250b68c-4d41-44cd-9aac-d3e03caf7ff7 returned with HTTP 404
Aug 18 18:24:05.865587 dv-cinder-802882-9-iscsi devstack@c-api.service[100684]: [pid: 100684|app: 0|req: 193/350] 10.222.0.46 () {58 vars in 1334 bytes} [Wed Aug 18 18:24:05 2021] DELETE /volume/v3/802246ac8b9b4688bd7f4c86a60c29a8/snapshots/0250b68c-4d41-44cd-9aac-d3e03caf7ff7 => generated 111 bytes in 13 msecs (HTTP/1.1 404) 7 headers in 292 bytes (2 switches on core 0)
Aug 18 18:24:05.870860 dv-cinder-802882-9-iscsi devstack@c-api.service[100683]: INFO cinder.volume.api [None req-1d22bb1b-c319-4d6f-b766-ac18eea6a40d tempest-AttachVolumeNegativeTest-1238992990 tempest-AttachVolumeNegativeTest-1238992990-project] Volume info retrieved successfully.
Aug 18 18:24:05.872544 dv-cinder-802882-9-iscsi devstack@c-api.service[100684]: INFO cinder.api.openstack.wsgi [None req-d1ed11c7-a318-40e5-bcd3-107d45707f68 tempest-SnapshotsActionsTest-567766303 tempest-SnapshotsActionsTest-567766303-project] DELETE http://10.222.0.46/volume/v3/802246ac8b9b4688bd7f4c86a60c29a8/snapshots/a6be2e1a-79ab-4e48-913b-98b103075dce
Aug 18 18:24:05.872972 dv-cinder-802882-9-iscsi devstack@c-api.service[100684]: DEBUG cinder.api.openstack.wsgi [None req-d1ed11c7-a318-40e5-bcd3-107d45707f68 tempest-SnapshotsActionsTest-567766303 tempest-SnapshotsActionsTest-567766303-project] Empty body provided in request {{(pid=100684) get_body /opt/stack/cinder/cinder/api/openstack/wsgi.py:703}}
Aug 18 18:24:05.873371 dv-cinder-802882-9-iscsi devstack@c-api.service[100684]: DEBUG cinder.api.openstack.wsgi [None req-d1ed11c7-a318-40e5-bcd3-107d45707f68 tempest-SnapshotsActionsTest-567766303 tempest-SnapshotsActionsTest-567766303-project] Calling method 'delete' {{(pid=100684) _process_stack /opt/stack/cinder/cinder/api/openstack/wsgi.py:856}}
Aug 18 18:24:05.873659 dv-cinder-802882-9-iscsi devstack@c-api.service[100684]: INFO cinder.api.v2.snapshots [None req-d1ed11c7-a318-40e5-bcd3-107d45707f68 tempest-SnapshotsActionsTest-567766303 tempest-SnapshotsActionsTest-567766303-project] Delete snapshot with id: a6be2e1a-79ab-4e48-913b-98b103075dce
Aug 18 18:24:05.881110 dv-cinder-802882-9-iscsi devstack@c-api.service[100684]: INFO cinder.api.openstack.wsgi [None req-d1ed11c7-a318-40e5-bcd3-107d45707f68 tempest-SnapshotsActionsTest-567766303 tempest-SnapshotsActionsTest-567766303-project] http://10.222.0.46/volume/v3/802246ac8b9b4688bd7f4c86a60c29a8/snapshots/a6be2e1a-79ab-4e48-913b-98b103075dce returned with HTTP 404
Aug 18 18:24:05.881758 dv-cinder-802882-9-iscsi devstack@c-api.service[100683]: /usr/local/lib/python3.8/dist-packages/oslo_context/context.py:105: DeprecationWarning: Policy enforcement is depending on the value of is_admin. This key is deprecated. Please update your policy file to use the standard policy values.
Aug 18 18:24:05.881758 dv-cinder-802882-9-iscsi devstack@c-api.service[100683]: warnings.warn('Policy enforcement is depending on the value of '
Aug 18 18:24:05.881934 dv-cinder-802882-9-iscsi devstack@c-api.service[100684]: [pid: 100684|app: 0|req: 194/351] 10.222.0.46 () {58 vars in 1334 bytes} [Wed Aug 18 18:24:05 2021] DELETE /volume/v3/802246ac8b9b4688bd7f4c86a60c29a8/snapshots/a6be2e1a-79ab-4e48-913b-98b103075dce => generated 111 bytes in 13 msecs (HTTP/1.1 404) 7 headers in 292 bytes (2 switches on core 0)
Aug 18 18:24:05.888891 dv-cinder-802882-9-iscsi devstack@c-api.service[100684]: INFO cinder.api.openstack.wsgi [None req-872c4e0c-ea97-4ee8-80b0-43c12f483bca tempest-SnapshotsActionsTest-567766303 tempest-SnapshotsActionsTest-567766303-project] DELETE http://10.222.0.46/volume/v3/802246ac8b9b4688bd7f4c86a60c29a8/snapshots/e47e0179-f196-4199-a51e-741dd6d3d80d
Aug 18 18:24:05.889316 dv-cinder-802882-9-iscsi devstack@c-api.service[100684]: DEBUG cinder.api.openstack.wsgi [None req-872c4e0c-ea97-4ee8-80b0-43c12f483bca tempest-SnapshotsActionsTest-567766303 tempest-SnapshotsActionsTest-567766303-project] Empty body provided in request {{(pid=100684) get_body /opt/stack/cinder/cinder/api/openstack/wsgi.py:703}}
Aug 18 18:24:05.889491 dv-cinder-802882-9-iscsi devstack@c-api.service[100683]: INFO cinder.api.openstack.wsgi [None req-1d22bb1b-c319-4d6f-b766-ac18eea6a40d tempest-AttachVolumeNegativeTest-1238992990 tempest-AttachVolumeNegativeTest-1238992990-project] http://10.222.0.46/volume/v3/2869a7a76b7147b3a553c984756809c4/volumes/703ce4f7-ccea-4e9d-b86e-20aae462c373 returned with HTTP 200
Aug 18 18:24:05.889725 dv-cinder-802882-9-iscsi devstack@c-api.service[100684]: DEBUG cinder.api.openstack.wsgi [None req-872c4e0c-ea97-4ee8-80b0-43c12f483bca tempest-SnapshotsActionsTest-567766303 tempest-SnapshotsActionsTest-567766303-project] Calling method 'delete' {{(pid=100684) _process_stack /opt/stack/cinder/cinder/api/openstack/wsgi.py:856}}
Aug 18 18:24:05.889996 dv-cinder-802882-9-iscsi devstack@c-api.service[100684]: INFO cinder.api.v2.snapshots [None req-872c4e0c-ea97-4ee8-80b0-43c12f483bca tempest-SnapshotsActionsTest-567766303 tempest-SnapshotsActionsTest-567766303-project] Delete snapshot with id: e47e0179-f196-4199-a51e-741dd6d3d80d
Aug 18 18:24:05.898898 dv-cinder-802882-9-iscsi devstack@c-api.service[100683]: [pid: 100683|app: 0|req: 158/352] 10.222.0.46 () {58 vars in 1325 bytes} [Wed Aug 18 18:24:05 2021] GET /volume/v3/2869a7a76b7147b3a553c984756809c4/volumes/703ce4f7-ccea-4e9d-b86e-20aae462c373 => generated 916 bytes in 49 msecs (HTTP/1.1 200) 7 headers in 285 bytes (2 switches on core 0)
Aug 18 18:24:05.903244 dv-cinder-802882-9-iscsi devstack@c-api.service[100684]: /usr/local/lib/python3.8/dist-packages/oslo_context/context.py:105: DeprecationWarning: Policy enforcement is depending on the value of is_admin. This key is deprecated. Please update your policy file to use the standard policy values.
Aug 18 18:24:05.903244 dv-cinder-802882-9-iscsi devstack@c-api.service[100684]: warnings.warn('Policy enforcement is depending on the value of '
Aug 18 18:24:05.904408 dv-cinder-802882-9-iscsi devstack@c-api.service[100684]: INFO cinder.volume.api [None req-872c4e0c-ea97-4ee8-80b0-43c12f483bca tempest-SnapshotsActionsTest-567766303 tempest-SnapshotsActionsTest-567766303-project] Snapshot retrieved successfully.
Aug 18 18:24:05.939039 dv-cinder-802882-9-iscsi devstack@c-api.service[100684]: INFO cinder.volume.api [None req-872c4e0c-ea97-4ee8-80b0-43c12f483bca tempest-SnapshotsActionsTest-567766303 tempest-SnapshotsActionsTest-567766303-project] Snapshot delete request issued successfully.
Aug 18 18:24:05.939141 dv-cinder-802882-9-iscsi devstack@c-api.service[100684]: INFO cinder.api.openstack.wsgi [None req-872c4e0c-ea97-4ee8-80b0-43c12f483bca tempest-SnapshotsActionsTest-567766303 tempest-SnapshotsActionsTest-567766303-project] http://10.222.0.46/volume/v3/802246ac8b9b4688bd7f4c86a60c29a8/snapshots/e47e0179-f196-4199-a51e-741dd6d3d80d returned with HTTP 202
Aug 18 18:24:05.939984 dv-cinder-802882-9-iscsi devstack@c-api.service[100684]: [pid: 100684|app: 0|req: 195/353] 10.222.0.46 () {58 vars in 1334 bytes} [Wed Aug 18 18:24:05 2021] DELETE /volume/v3/802246ac8b9b4688bd7f4c86a60c29a8/snapshots/e47e0179-f196-4199-a51e-741dd6d3d80d => generated 0 bytes in 54 msecs (HTTP/1.1 202) 6 headers in 233 bytes (2 switches on core 0)
Aug 18 18:24:05.948046 dv-cinder-802882-9-iscsi devstack@c-api.service[100683]: INFO cinder.api.openstack.wsgi [None req-5b7dede1-21e6-44f9-9e4b-e3cbaa898adf tempest-SnapshotsActionsTest-567766303 tempest-SnapshotsActionsTest-567766303-project] GET http://10.222.0.46/volume/v3/802246ac8b9b4688bd7f4c86a60c29a8/snapshots/e47e0179-f196-4199-a51e-741dd6d3d80d
Aug 18 18:24:05.948772 dv-cinder-802882-9-iscsi devstack@c-api.service[100683]: DEBUG cinder.api.openstack.wsgi [None req-5b7dede1-21e6-44f9-9e4b-e3cbaa898adf tempest-SnapshotsActionsTest-567766303 tempest-SnapshotsActionsTest-567766303-project] Empty body provided in request {{(pid=100683) get_body /opt/stack/cinder/cinder/api/openstack/wsgi.py:703}}
Aug 18 18:24:05.949014 dv-cinder-802882-9-iscsi devstack@c-api.service[100683]: /usr/local/lib/python3.8/dist-packages/webob/acceptparse.py:1047: DeprecationWarning: The behavior of AcceptValidHeader.best_match is currently being maintained for backward compatibility, but it will be deprecated in the future, as it does not conform to the RFC.
Aug 18 18:24:05.949014 dv-cinder-802882-9-iscsi devstack@c-api.service[100683]: warnings.warn(
Aug 18 18:24:05.949428 dv-cinder-802882-9-iscsi devstack@c-api.service[100683]: DEBUG cinder.api.openstack.wsgi [None req-5b7dede1-21e6-44f9-9e4b-e3cbaa898adf tempest-SnapshotsActionsTest-567766303 tempest-SnapshotsActionsTest-567766303-project] Calling method 'show' {{(pid=100683) _process_stack /opt/stack/cinder/cinder/api/openstack/wsgi.py:856}}
Aug 18 18:24:05.959230 dv-cinder-802882-9-iscsi devstack@c-api.service[100683]: /usr/local/lib/python3.8/dist-packages/oslo_context/context.py:105: DeprecationWarning: Policy enforcement is depending on the value of is_admin. This key is deprecated. Please update your policy file to use the standard policy values.
Aug 18 18:24:05.959230 dv-cinder-802882-9-iscsi devstack@c-api.service[100683]: warnings.warn('Policy enforcement is depending on the value of '
Aug 18 18:24:05.960197 dv-cinder-802882-9-iscsi devstack@c-api.service[100683]: INFO cinder.volume.api [None req-5b7dede1-21e6-44f9-9e4b-e3cbaa898adf tempest-SnapshotsActionsTest-567766303 tempest-SnapshotsActionsTest-567766303-project] Snapshot retrieved successfully.
Aug 18 18:24:05.961952 dv-cinder-802882-9-iscsi devstack@c-api.service[100683]: INFO cinder.api.openstack.wsgi [None req-5b7dede1-21e6-44f9-9e4b-e3cbaa898adf tempest-SnapshotsActionsTest-567766303 tempest-SnapshotsActionsTest-567766303-project] http://10.222.0.46/volume/v3/802246ac8b9b4688bd7f4c86a60c29a8/snapshots/e47e0179-f196-4199-a51e-741dd6d3d80d returned with HTTP 200
Aug 18 18:24:05.962671 dv-cinder-802882-9-iscsi devstack@c-api.service[100683]: [pid: 100683|app: 0|req: 159/354] 10.222.0.46 () {58 vars in 1331 bytes} [Wed Aug 18 18:24:05 2021] GET /volume/v3/802246ac8b9b4688bd7f4c86a60c29a8/snapshots/e47e0179-f196-4199-a51e-741dd6d3d80d => generated 464 bytes in 19 msecs (HTTP/1.1 200) 7 headers in 285 bytes (1 switches on core 0)
Aug 18 18:24:06.433541 dv-cinder-802882-9-iscsi devstack@c-api.service[100684]: INFO cinder.api.openstack.wsgi [None req-d7f1e439-3212-417c-99f9-d06f12ad1fa3 tempest-VolumesActionsTest-388358089 tempest-VolumesActionsTest-388358089-project] GET http://10.222.0.46/volume/v3/40c6f39b55af44b6bcdb8763d1433617/volumes/3982b6b8-3c5a-4bda-99f0-33f707dfebac
Aug 18 18:24:06.433973 dv-cinder-802882-9-iscsi devstack@c-api.service[100684]: DEBUG cinder.api.openstack.wsgi [None req-d7f1e439-3212-417c-99f9-d06f12ad1fa3 tempest-VolumesActionsTest-388358089 tempest-VolumesActionsTest-388358089-project] Empty body provided in request {{(pid=100684) get_body /opt/stack/cinder/cinder/api/openstack/wsgi.py:703}}
Aug 18 18:24:06.434144 dv-cinder-802882-9-iscsi devstack@c-api.service[100684]: /usr/local/lib/python3.8/dist-packages/webob/acceptparse.py:1047: DeprecationWarning: The behavior of AcceptValidHeader.best_match is currently being maintained for backward compatibility, but it will be deprecated in the future, as it does not conform to the RFC.
Aug 18 18:24:06.434144 dv-cinder-802882-9-iscsi devstack@c-api.service[100684]: warnings.warn(
Aug 18 18:24:06.434450 dv-cinder-802882-9-iscsi devstack@c-api.service[100684]: DEBUG cinder.api.openstack.wsgi [None req-d7f1e439-3212-417c-99f9-d06f12ad1fa3 tempest-VolumesActionsTest-388358089 tempest-VolumesActionsTest-388358089-project] Calling method 'show' {{(pid=100684) _process_stack /opt/stack/cinder/cinder/api/openstack/wsgi.py:856}}
Aug 18 18:24:06.446101 dv-cinder-802882-9-iscsi devstack@c-api.service[100684]: INFO cinder.api.openstack.wsgi [None req-d7f1e439-3212-417c-99f9-d06f12ad1fa3 tempest-VolumesActionsTest-388358089 tempest-VolumesActionsTest-388358089-project] http://10.222.0.46/volume/v3/40c6f39b55af44b6bcdb8763d1433617/volumes/3982b6b8-3c5a-4bda-99f0-33f707dfebac returned with HTTP 404
Aug 18 18:24:06.446913 dv-cinder-802882-9-iscsi devstack@c-api.service[100684]: [pid: 100684|app: 0|req: 196/355] 10.222.0.46 () {58 vars in 1325 bytes} [Wed Aug 18 18:24:06 2021] GET /volume/v3/40c6f39b55af44b6bcdb8763d1433617/volumes/3982b6b8-3c5a-4bda-99f0-33f707dfebac => generated 109 bytes in 17 msecs (HTTP/1.1 404) 7 headers in 292 bytes (1 switches on core 0)
Aug 18 18:24:06.455906 dv-cinder-802882-9-iscsi devstack@c-api.service[100683]: INFO cinder.api.openstack.wsgi [None req-2a9f4a98-a508-4a4a-b18b-39097936a288 tempest-VolumesActionsTest-388358089 tempest-VolumesActionsTest-388358089-project] POST http://10.222.0.46/volume/v3/40c6f39b55af44b6bcdb8763d1433617/volumes
Aug 18 18:24:06.456649 dv-cinder-802882-9-iscsi devstack@c-api.service[100683]: /usr/local/lib/python3.8/dist-packages/webob/acceptparse.py:1047: DeprecationWarning: The behavior of AcceptValidHeader.best_match is currently being maintained for backward compatibility, but it will be deprecated in the future, as it does not conform to the RFC.
Aug 18 18:24:06.456649 dv-cinder-802882-9-iscsi devstack@c-api.service[100683]: warnings.warn(
Aug 18 18:24:06.461281 dv-cinder-802882-9-iscsi devstack@c-api.service[100683]: DEBUG cinder.api.openstack.wsgi [None req-2a9f4a98-a508-4a4a-b18b-39097936a288 tempest-VolumesActionsTest-388358089 tempest-VolumesActionsTest-388358089-project] Action: 'create', calling method: create, body: {"volume": {"size": 1, "name": "tempest-VolumesActionsTest-Volume-493149409"}} {{(pid=100683) _process_stack /opt/stack/cinder/cinder/api/openstack/wsgi.py:854}}
Aug 18 18:24:06.462662 dv-cinder-802882-9-iscsi devstack@c-api.service[100683]: DEBUG cinder.api.v3.volumes [None req-2a9f4a98-a508-4a4a-b18b-39097936a288 tempest-VolumesActionsTest-388358089 tempest-VolumesActionsTest-388358089-project] Create volume request body: {'volume': {'size': 1, 'name': 'tempest-VolumesActionsTest-Volume-493149409'}} {{(pid=100683) create /opt/stack/cinder/cinder/api/v3/volumes.py:290}}
Aug 18 18:24:06.463047 dv-cinder-802882-9-iscsi devstack@c-api.service[100683]: INFO cinder.api.v3.volumes [None req-2a9f4a98-a508-4a4a-b18b-39097936a288 tempest-VolumesActionsTest-388358089 tempest-VolumesActionsTest-388358089-project] Create volume of 1 GB
Aug 18 18:24:06.469787 dv-cinder-802882-9-iscsi devstack@c-api.service[100683]: INFO cinder.volume.api [None req-2a9f4a98-a508-4a4a-b18b-39097936a288 tempest-VolumesActionsTest-388358089 tempest-VolumesActionsTest-388358089-project] Availability Zones retrieved successfully.
Aug 18 18:24:06.486127 dv-cinder-802882-9-iscsi devstack@c-api.service[100683]: DEBUG cinder.volume.api [None req-2a9f4a98-a508-4a4a-b18b-39097936a288 tempest-VolumesActionsTest-388358089 tempest-VolumesActionsTest-388358089-project] Flow 'volume_create_api' (0aed3de1-370b-431b-9100-38ad6beb37d7) transitioned into state 'RUNNING' from state 'PENDING' {{(pid=100683) _flow_receiver /usr/local/lib/python3.8/dist-packages/taskflow/listeners/logging.py:141}}
Aug 18 18:24:06.489234 dv-cinder-802882-9-iscsi devstack@c-api.service[100683]: DEBUG cinder.volume.api [None req-2a9f4a98-a508-4a4a-b18b-39097936a288 tempest-VolumesActionsTest-388358089 tempest-VolumesActionsTest-388358089-project] Task 'cinder.volume.flows.api.create_volume.ExtractVolumeRequestTask;volume:create' (66fc7cac-e179-40ac-9267-8c72e3644240) transitioned into state 'RUNNING' from state 'PENDING' {{(pid=100683) _task_receiver /usr/local/lib/python3.8/dist-packages/taskflow/listeners/logging.py:190}}
Aug 18 18:24:06.491136 dv-cinder-802882-9-iscsi devstack@c-api.service[100683]: DEBUG cinder.volume.flows.api.create_volume [None req-2a9f4a98-a508-4a4a-b18b-39097936a288 tempest-VolumesActionsTest-388358089 tempest-VolumesActionsTest-388358089-project] Validating volume size '1' using validate_int {{(pid=100683) _extract_size /opt/stack/cinder/cinder/volume/flows/api/create_volume.py:201}}
Aug 18 18:24:06.524627 dv-cinder-802882-9-iscsi devstack@c-api.service[100683]: DEBUG cinder.volume.api [None req-2a9f4a98-a508-4a4a-b18b-39097936a288 tempest-VolumesActionsTest-388358089 tempest-VolumesActionsTest-388358089-project] Task 'cinder.volume.flows.api.create_volume.ExtractVolumeRequestTask;volume:create' (66fc7cac-e179-40ac-9267-8c72e3644240) transitioned into state 'SUCCESS' from state 'RUNNING' with result '{'size': 1, 'snapshot_id': None, 'source_volid': None, 'volume_type': VolumeType(created_at=2021-08-18T18:13:42Z,deleted=False,deleted_at=None,description='Default Volume Type',extra_specs={},id=a278be76-c9b2-45ac-97f3-eda13788dda5,is_public=True,name='__DEFAULT__',projects=[],qos_specs=,qos_specs_id=None,updated_at=2021-08-18T18:13:42Z), 'volume_type_id': 'a278be76-c9b2-45ac-97f3-eda13788dda5', 'encryption_key_id': None, 'qos_specs': None, 'consistencygroup_id': None, 'cgsnapshot_id': None, 'group_id': None, 'replication_status': 'disabled', 'refresh_az': False, 'backup_id': None, 'multiattach': False, 'availability_zones': ['nova']}' {{(pid=100683) _task_receiver /usr/local/lib/python3.8/dist-packages/taskflow/listeners/logging.py:178}}
Aug 18 18:24:06.526992 dv-cinder-802882-9-iscsi devstack@c-api.service[100683]: DEBUG cinder.volume.api [None req-2a9f4a98-a508-4a4a-b18b-39097936a288 tempest-VolumesActionsTest-388358089 tempest-VolumesActionsTest-388358089-project] Task 'cinder.volume.flows.api.create_volume.QuotaReserveTask;volume:create' (9ea2267a-3d6d-46f6-ae1e-8d44a7c4f3e1) transitioned into state 'RUNNING' from state 'PENDING' {{(pid=100683) _task_receiver /usr/local/lib/python3.8/dist-packages/taskflow/listeners/logging.py:190}}
Aug 18 18:24:06.546136 dv-cinder-802882-9-iscsi devstack@c-api.service[100684]: INFO cinder.api.openstack.wsgi [None req-07b11db2-cc37-4f3e-8eaf-0d753c778d41 tempest-VolumesImageMetadata-74961145 tempest-VolumesImageMetadata-74961145-project] GET http://10.222.0.46/volume/v3/f2d086bf84324ea0a6613ab61c72d102/volumes/63ceb445-a212-437e-bfdf-788c441881d2
Aug 18 18:24:06.546690 dv-cinder-802882-9-iscsi devstack@c-api.service[100684]: DEBUG cinder.api.openstack.wsgi [None req-07b11db2-cc37-4f3e-8eaf-0d753c778d41 tempest-VolumesImageMetadata-74961145 tempest-VolumesImageMetadata-74961145-project] Empty body provided in request {{(pid=100684) get_body /opt/stack/cinder/cinder/api/openstack/wsgi.py:703}}
Aug 18 18:24:06.547800 dv-cinder-802882-9-iscsi devstack@c-api.service[100684]: DEBUG cinder.api.openstack.wsgi [None req-07b11db2-cc37-4f3e-8eaf-0d753c778d41 tempest-VolumesImageMetadata-74961145 tempest-VolumesImageMetadata-74961145-project] Calling method 'show' {{(pid=100684) _process_stack /opt/stack/cinder/cinder/api/openstack/wsgi.py:856}}
Aug 18 18:24:06.565684 dv-cinder-802882-9-iscsi devstack@c-api.service[100684]: /usr/local/lib/python3.8/dist-packages/oslo_context/context.py:105: DeprecationWarning: Policy enforcement is depending on the value of is_admin. This key is deprecated. Please update your policy file to use the standard policy values.
Aug 18 18:24:06.565684 dv-cinder-802882-9-iscsi devstack@c-api.service[100684]: warnings.warn('Policy enforcement is depending on the value of '
Aug 18 18:24:06.574038 dv-cinder-802882-9-iscsi devstack@c-api.service[100684]: INFO cinder.volume.api [None req-07b11db2-cc37-4f3e-8eaf-0d753c778d41 tempest-VolumesImageMetadata-74961145 tempest-VolumesImageMetadata-74961145-project] Volume info retrieved successfully.
Aug 18 18:24:06.582078 dv-cinder-802882-9-iscsi devstack@c-api.service[100683]: DEBUG cinder.quota [None req-2a9f4a98-a508-4a4a-b18b-39097936a288 tempest-VolumesActionsTest-388358089 tempest-VolumesActionsTest-388358089-project] Created reservations ['bded9fa1-272e-4705-9472-4d7174164761', 'ea926845-8839-41f7-8f7e-052a0a40401f', '4a0801de-2709-4c14-9e98-de17b7175217', 'da0734b1-d5f1-40a7-89b7-1cf048b85d1d'] {{(pid=100683) reserve /opt/stack/cinder/cinder/quota.py:755}}
Aug 18 18:24:06.584131 dv-cinder-802882-9-iscsi devstack@c-api.service[100683]: DEBUG cinder.volume.api [None req-2a9f4a98-a508-4a4a-b18b-39097936a288 tempest-VolumesActionsTest-388358089 tempest-VolumesActionsTest-388358089-project] Task 'cinder.volume.flows.api.create_volume.QuotaReserveTask;volume:create' (9ea2267a-3d6d-46f6-ae1e-8d44a7c4f3e1) transitioned into state 'SUCCESS' from state 'RUNNING' with result '{'reservations': ['bded9fa1-272e-4705-9472-4d7174164761', 'ea926845-8839-41f7-8f7e-052a0a40401f', '4a0801de-2709-4c14-9e98-de17b7175217', 'da0734b1-d5f1-40a7-89b7-1cf048b85d1d']}' {{(pid=100683) _task_receiver /usr/local/lib/python3.8/dist-packages/taskflow/listeners/logging.py:178}}
Aug 18 18:24:06.586226 dv-cinder-802882-9-iscsi devstack@c-api.service[100683]: DEBUG cinder.volume.api [None req-2a9f4a98-a508-4a4a-b18b-39097936a288 tempest-VolumesActionsTest-388358089 tempest-VolumesActionsTest-388358089-project] Task 'cinder.volume.flows.api.create_volume.EntryCreateTask;volume:create' (d3acef5e-883f-41b0-a839-c660698abf64) transitioned into state 'RUNNING' from state 'PENDING' {{(pid=100683) _task_receiver /usr/local/lib/python3.8/dist-packages/taskflow/listeners/logging.py:190}}
Aug 18 18:24:06.592198 dv-cinder-802882-9-iscsi devstack@c-api.service[100684]: INFO cinder.api.openstack.wsgi [None req-07b11db2-cc37-4f3e-8eaf-0d753c778d41 tempest-VolumesImageMetadata-74961145 tempest-VolumesImageMetadata-74961145-project] http://10.222.0.46/volume/v3/f2d086bf84324ea0a6613ab61c72d102/volumes/63ceb445-a212-437e-bfdf-788c441881d2 returned with HTTP 200
Aug 18 18:24:06.593528 dv-cinder-802882-9-iscsi devstack@c-api.service[100684]: [pid: 100684|app: 0|req: 197/356] 10.222.0.46 () {58 vars in 1325 bytes} [Wed Aug 18 18:24:06 2021] GET /volume/v3/f2d086bf84324ea0a6613ab61c72d102/volumes/63ceb445-a212-437e-bfdf-788c441881d2 => generated 972 bytes in 52 msecs (HTTP/1.1 200) 7 headers in 285 bytes (1 switches on core 0)
