Aug 04 16:27:05.321688 dv-cinder-802882-3-iscsi neutron-server[93291]: DEBUG neutron_lib.callbacks.manager [None req-35622a89-fe66-4c13-8172-7d6e34c9ccdc admin admin] Notify callbacks [] for security_group, before_delete {{(pid=93291) _notify_loop /usr/local/lib/python3.8/dist-packages/neutron_lib/callbacks/manager.py:192}}
Aug 04 16:27:05.324797 dv-cinder-802882-3-iscsi neutron-server[93291]: DEBUG neutron.pecan_wsgi.hooks.policy_enforcement [req-086c5875-23d8-4b41-976b-ccf562cd3b59 req-5c8255af-2971-4db3-8d27-5f25637c4804 service neutron] Attributes excluded by policy engine: ['standard_attr_id'] {{(pid=93291) _exclude_attributes_by_policy /opt/stack/neutron/neutron/pecan_wsgi/hooks/policy_enforcement.py:255}}
Aug 04 16:27:05.326452 dv-cinder-802882-3-iscsi neutron-server[93291]: INFO neutron.wsgi [req-086c5875-23d8-4b41-976b-ccf562cd3b59 req-5c8255af-2971-4db3-8d27-5f25637c4804 service neutron] 10.222.0.53 "GET /v2.0/ports?device_id=681ec17e-093b-415d-a9c0-2c86bd9f734b HTTP/1.1" status: 200 len: 1099 time: 0.0774009
Aug 04 16:27:05.368089 dv-cinder-802882-3-iscsi neutron-server[93291]: DEBUG neutron_lib.callbacks.manager [None req-35622a89-fe66-4c13-8172-7d6e34c9ccdc admin admin] Notify callbacks [] for security_group, precommit_delete {{(pid=93291) _notify_loop /usr/local/lib/python3.8/dist-packages/neutron_lib/callbacks/manager.py:192}}
Aug 04 16:27:05.408659 dv-cinder-802882-3-iscsi neutron-server[93291]: INFO neutron.wsgi [req-086c5875-23d8-4b41-976b-ccf562cd3b59 req-08ee095d-7ca2-4cdb-9f2a-d5a2fefb40df service neutron] 10.222.0.53 "GET /v2.0/security-groups?id=a3cd3efc-5f54-434e-acfc-d70bf5719f9b&fields=id&fields=name HTTP/1.1" status: 200 len: 313 time: 0.0738161
Aug 04 16:27:05.442316 dv-cinder-802882-3-iscsi neutron-server[93291]: DEBUG neutron_lib.callbacks.manager [None req-35622a89-fe66-4c13-8172-7d6e34c9ccdc admin admin] Notify callbacks ['neutron.plugins.ml2.ovo_rpc._ObjectChangeHandler.handle_event-583622'] for security_group, after_delete {{(pid=93291) _notify_loop /usr/local/lib/python3.8/dist-packages/neutron_lib/callbacks/manager.py:192}}
Aug 04 16:27:05.449124 dv-cinder-802882-3-iscsi neutron-server[93291]: DEBUG neutron_lib.callbacks.manager [None req-35622a89-fe66-4c13-8172-7d6e34c9ccdc admin admin] Notify callbacks [] for security_group, before_response {{(pid=93291) _notify_loop /usr/local/lib/python3.8/dist-packages/neutron_lib/callbacks/manager.py:192}}
Aug 04 16:27:05.449124 dv-cinder-802882-3-iscsi neutron-server[93291]: INFO neutron.wsgi [None req-35622a89-fe66-4c13-8172-7d6e34c9ccdc admin admin] 10.222.0.79 "DELETE /v2.0/security-groups/7076d53f-c7bd-4432-a7bd-e1b9be0c5c39 HTTP/1.1" status: 204 len: 168 time: 0.2596371
Aug 04 16:27:05.453723 dv-cinder-802882-3-iscsi neutron-server[93292]: DEBUG neutron_lib.callbacks.manager [None req-c9f12e62-73ea-4234-a6d2-913b4123ccf0 None None] Notify callbacks ['neutron.plugins.ml2.plugin.SecurityGroupDbMixin._ensure_default_security_group_handler-1563148'] for port, before_update {{(pid=93292) _notify_loop /usr/local/lib/python3.8/dist-packages/neutron_lib/callbacks/manager.py:192}}
Aug 04 16:27:05.457477 dv-cinder-802882-3-iscsi neutron-server[93291]: DEBUG neutron.api.rpc.handlers.resources_rpc [None req-35622a89-fe66-4c13-8172-7d6e34c9ccdc admin admin] Pushing event deleted for resources: {'SecurityGroup': ['ID=7076d53f-c7bd-4432-a7bd-e1b9be0c5c39,revision_number=None']} {{(pid=93291) push /opt/stack/neutron/neutron/api/rpc/handlers/resources_rpc.py:237}}
Aug 04 16:27:05.516506 dv-cinder-802882-3-iscsi neutron-server[93292]: DEBUG neutron.plugins.ml2.db [None req-c9f12e62-73ea-4234-a6d2-913b4123ccf0 None None] For port a66f0a1e-4a1b-4481-bdb6-70b278de2f2f, host hv-cinder-80288, got binding levels [PortBindingLevel(driver='hyperv',host='hv-cinder-80288',level=0,port_id=a66f0a1e-4a1b-4481-bdb6-70b278de2f2f,segment=NetworkSegment(a7cd2de6-4bea-4acd-b432-e6fe72a486c9),segment_id=a7cd2de6-4bea-4acd-b432-e6fe72a486c9)] {{(pid=93292) get_binding_level_objs /opt/stack/neutron/neutron/plugins/ml2/db.py:74}}
Aug 04 16:27:05.527206 dv-cinder-802882-3-iscsi neutron-server[93292]: DEBUG neutron_lib.callbacks.manager [None req-c9f12e62-73ea-4234-a6d2-913b4123ccf0 None None] Notify callbacks ['neutron.plugins.ml2.plugin.SecurityGroupServerNotifierRpcMixin._notify_sg_on_port_change-1563213', 'neutron.plugins.ml2.ovo_rpc._ObjectChangeHandler.handle_event-969447', 'neutron.api.rpc.agentnotifiers.dhcp_rpc_agent_api.DhcpAgentNotifyAPI._native_event_send_dhcp_notification-629733', 'neutron.db.l3_db.L3RpcNotifierMixin._notify_gateway_port_ip_changed-8791840510082', 'neutron.db.l3_dvrscheduler_db._notify_l3_agent_port_update-8791840023345', 'neutron.db.l3_hascheduler_db._notify_l3_agent_ha_port_update-8791840023363'] for port, after_update {{(pid=93292) _notify_loop /usr/local/lib/python3.8/dist-packages/neutron_lib/callbacks/manager.py:192}}
Aug 04 16:27:05.596933 dv-cinder-802882-3-iscsi neutron-server[93292]: DEBUG neutron.api.rpc.handlers.resources_rpc [None req-c9f12e62-73ea-4234-a6d2-913b4123ccf0 None None] Pushing event updated for resources: {'Port': ['ID=a66f0a1e-4a1b-4481-bdb6-70b278de2f2f,revision_number=5']} {{(pid=93292) push /opt/stack/neutron/neutron/api/rpc/handlers/resources_rpc.py:237}}
Aug 04 16:27:05.701684 dv-cinder-802882-3-iscsi neutron-server[93290]: DEBUG neutron.pecan_wsgi.hooks.policy_enforcement [req-38e87046-70be-4218-9c58-8e243a5a15b5 req-5cac9d52-03e8-47f8-9f56-cd5e4006012f tempest-AttachVolumeShelveTestJSON-1943137196 tempest-AttachVolumeShelveTestJSON-1943137196-project] Attributes excluded by policy engine: ['standard_attr_id', 'binding:profile', 'binding:host_id', 'binding:vif_type', 'binding:vif_details'] {{(pid=93290) _exclude_attributes_by_policy /opt/stack/neutron/neutron/pecan_wsgi/hooks/policy_enforcement.py:255}}
Aug 04 16:27:05.703743 dv-cinder-802882-3-iscsi neutron-server[93290]: INFO neutron.wsgi [req-38e87046-70be-4218-9c58-8e243a5a15b5 req-5cac9d52-03e8-47f8-9f56-cd5e4006012f tempest-AttachVolumeShelveTestJSON-1943137196 tempest-AttachVolumeShelveTestJSON-1943137196-project] 10.222.0.79 "GET /v2.0/ports?device_id=681ec17e-093b-415d-a9c0-2c86bd9f734b HTTP/1.1" status: 200 len: 946 time: 0.0652649
Aug 04 16:27:05.762936 dv-cinder-802882-3-iscsi neutron-server[93290]: INFO neutron.wsgi [req-38e87046-70be-4218-9c58-8e243a5a15b5 req-30103926-0a02-4dbf-8023-991b04fb1d17 tempest-AttachVolumeShelveTestJSON-1943137196 tempest-AttachVolumeShelveTestJSON-1943137196-project] 10.222.0.79 "GET /v2.0/security-groups?id=a3cd3efc-5f54-434e-acfc-d70bf5719f9b&fields=id&fields=name HTTP/1.1" status: 200 len: 313 time: 0.0525453
Aug 04 16:27:06.044296 dv-cinder-802882-3-iscsi neutron-server[93290]: DEBUG neutron.wsgi [-] (93290) accepted ('10.222.0.79', 45634) {{(pid=93290) server /usr/local/lib/python3.8/dist-packages/eventlet/wsgi.py:982}}
Aug 04 16:27:06.272632 dv-cinder-802882-3-iscsi neutron-server[93290]: DEBUG neutron_lib.callbacks.manager [None req-63099d5b-bff1-4eb0-b53f-04bacbfd289c admin admin] Notify callbacks [] for security_group, before_create {{(pid=93290) _notify_loop /usr/local/lib/python3.8/dist-packages/neutron_lib/callbacks/manager.py:192}}
Aug 04 16:27:06.523638 dv-cinder-802882-3-iscsi neutron-server[93290]: DEBUG neutron_lib.callbacks.manager [None req-63099d5b-bff1-4eb0-b53f-04bacbfd289c admin admin] Notify callbacks [] for security_group, precommit_create {{(pid=93290) _notify_loop /usr/local/lib/python3.8/dist-packages/neutron_lib/callbacks/manager.py:192}}
Aug 04 16:27:06.531062 dv-cinder-802882-3-iscsi neutron-server[93290]: DEBUG neutron_lib.callbacks.manager [None req-63099d5b-bff1-4eb0-b53f-04bacbfd289c admin admin] Notify callbacks ['neutron.plugins.ml2.ovo_rpc._ObjectChangeHandler.handle_event-583622'] for security_group, after_create {{(pid=93290) _notify_loop /usr/local/lib/python3.8/dist-packages/neutron_lib/callbacks/manager.py:192}}
Aug 04 16:27:06.596974 dv-cinder-802882-3-iscsi neutron-server[93290]: DEBUG neutron.api.rpc.handlers.resources_rpc [None req-63099d5b-bff1-4eb0-b53f-04bacbfd289c admin admin] Pushing event updated for resources: {'SecurityGroup': ['ID=55361eec-7d6f-437a-aea8-d7337d2ae94f,revision_number=1']} {{(pid=93290) push /opt/stack/neutron/neutron/api/rpc/handlers/resources_rpc.py:237}}
Aug 04 16:27:06.602897 dv-cinder-802882-3-iscsi neutron-server[93290]: INFO neutron.wsgi [None req-63099d5b-bff1-4eb0-b53f-04bacbfd289c admin admin] 10.222.0.79 "GET /v2.0/security-groups?tenant_id=8b921eff2fd34bfa8ae3fce78afd011d&name=default HTTP/1.1" status: 200 len: 2979 time: 0.5573287
Aug 04 16:27:06.606888 dv-cinder-802882-3-iscsi neutron-server[93291]: DEBUG neutron.wsgi [-] (93291) accepted ('10.222.0.79', 45668) {{(pid=93291) server /usr/local/lib/python3.8/dist-packages/eventlet/wsgi.py:982}}
Aug 04 16:27:06.622379 dv-cinder-802882-3-iscsi neutron-server[93290]: DEBUG neutron.pecan_wsgi.hooks.policy_enforcement [req-36e832e8-6c1f-43ab-8651-5a93e3ec5d11 req-ed28e907-28b4-4d41-875e-8ed9beaa131a tempest-ServerRescueNegativeTestJSON-621308247 tempest-ServerRescueNegativeTestJSON-621308247-project] Attributes excluded by policy engine: ['standard_attr_id', 'binding:profile', 'binding:host_id', 'binding:vif_type', 'binding:vif_details'] {{(pid=93290) _exclude_attributes_by_policy /opt/stack/neutron/neutron/pecan_wsgi/hooks/policy_enforcement.py:255}}
Aug 04 16:27:06.630346 dv-cinder-802882-3-iscsi neutron-server[93290]: INFO neutron.wsgi [req-36e832e8-6c1f-43ab-8651-5a93e3ec5d11 req-ed28e907-28b4-4d41-875e-8ed9beaa131a tempest-ServerRescueNegativeTestJSON-621308247 tempest-ServerRescueNegativeTestJSON-621308247-project] 10.222.0.79 "GET /v2.0/ports?device_id=89935247-ccfb-402d-bdbf-a0aa16c7f54a HTTP/1.1" status: 200 len: 945 time: 0.1798046
Aug 04 16:27:06.689491 dv-cinder-802882-3-iscsi neutron-server[93291]: DEBUG neutron_lib.callbacks.manager [None req-f4c626e8-f906-47c5-ae99-f45ab83cb44c admin admin] Notify callbacks [] for security_group, before_delete {{(pid=93291) _notify_loop /usr/local/lib/python3.8/dist-packages/neutron_lib/callbacks/manager.py:192}}
Aug 04 16:27:06.692856 dv-cinder-802882-3-iscsi neutron-server[93290]: INFO neutron.wsgi [req-36e832e8-6c1f-43ab-8651-5a93e3ec5d11 req-54efd535-ef41-4493-8676-260ca47ff2fa tempest-ServerRescueNegativeTestJSON-621308247 tempest-ServerRescueNegativeTestJSON-621308247-project] 10.222.0.79 "GET /v2.0/security-groups?id=0c7c2d7e-91b5-41fc-9129-b89ffa163c47&fields=id&fields=name HTTP/1.1" status: 200 len: 286 time: 0.0615232
Aug 04 16:27:06.723448 dv-cinder-802882-3-iscsi neutron-server[93291]: DEBUG neutron_lib.callbacks.manager [None req-f4c626e8-f906-47c5-ae99-f45ab83cb44c admin admin] Notify callbacks [] for security_group, precommit_delete {{(pid=93291) _notify_loop /usr/local/lib/python3.8/dist-packages/neutron_lib/callbacks/manager.py:192}}
Aug 04 16:27:06.785815 dv-cinder-802882-3-iscsi neutron-server[93291]: DEBUG neutron_lib.callbacks.manager [None req-f4c626e8-f906-47c5-ae99-f45ab83cb44c admin admin] Notify callbacks ['neutron.plugins.ml2.ovo_rpc._ObjectChangeHandler.handle_event-583622'] for security_group, after_delete {{(pid=93291) _notify_loop /usr/local/lib/python3.8/dist-packages/neutron_lib/callbacks/manager.py:192}}
Aug 04 16:27:06.788489 dv-cinder-802882-3-iscsi neutron-server[93291]: DEBUG neutron_lib.callbacks.manager [None req-f4c626e8-f906-47c5-ae99-f45ab83cb44c admin admin] Notify callbacks [] for security_group, before_response {{(pid=93291) _notify_loop /usr/local/lib/python3.8/dist-packages/neutron_lib/callbacks/manager.py:192}}
Aug 04 16:27:06.789662 dv-cinder-802882-3-iscsi neutron-server[93291]: INFO neutron.wsgi [None req-f4c626e8-f906-47c5-ae99-f45ab83cb44c admin admin] 10.222.0.79 "DELETE /v2.0/security-groups/55361eec-7d6f-437a-aea8-d7337d2ae94f HTTP/1.1" status: 204 len: 168 time: 0.1810679
Aug 04 16:27:06.805357 dv-cinder-802882-3-iscsi neutron-server[93291]: DEBUG neutron.api.rpc.handlers.resources_rpc [None req-f4c626e8-f906-47c5-ae99-f45ab83cb44c admin admin] Pushing event deleted for resources: {'SecurityGroup': ['ID=55361eec-7d6f-437a-aea8-d7337d2ae94f,revision_number=None']} {{(pid=93291) push /opt/stack/neutron/neutron/api/rpc/handlers/resources_rpc.py:237}}
Aug 04 16:27:06.912059 dv-cinder-802882-3-iscsi neutron-server[93290]: DEBUG neutron.pecan_wsgi.hooks.policy_enforcement [req-84a005c7-2c8c-4d8d-8d60-7b560f7fd98a req-c93700e6-a85c-4828-965e-4c373d268aa4 tempest-AttachVolumeShelveTestJSON-1943137196 tempest-AttachVolumeShelveTestJSON-1943137196-project] Attributes excluded by policy engine: ['standard_attr_id', 'binding:profile', 'binding:host_id', 'binding:vif_type', 'binding:vif_details'] {{(pid=93290) _exclude_attributes_by_policy /opt/stack/neutron/neutron/pecan_wsgi/hooks/policy_enforcement.py:255}}
Aug 04 16:27:06.919192 dv-cinder-802882-3-iscsi neutron-server[93290]: INFO neutron.wsgi [req-84a005c7-2c8c-4d8d-8d60-7b560f7fd98a req-c93700e6-a85c-4828-965e-4c373d268aa4 tempest-AttachVolumeShelveTestJSON-1943137196 tempest-AttachVolumeShelveTestJSON-1943137196-project] 10.222.0.79 "GET /v2.0/ports?device_id=681ec17e-093b-415d-a9c0-2c86bd9f734b HTTP/1.1" status: 200 len: 946 time: 0.0664113
Aug 04 16:27:06.953802 dv-cinder-802882-3-iscsi neutron-server[93290]: INFO neutron.wsgi [req-84a005c7-2c8c-4d8d-8d60-7b560f7fd98a req-b7d16d28-9c54-4917-89c3-eab0e089526b tempest-AttachVolumeShelveTestJSON-1943137196 tempest-AttachVolumeShelveTestJSON-1943137196-project] 10.222.0.79 "GET /v2.0/security-groups?id=a3cd3efc-5f54-434e-acfc-d70bf5719f9b&fields=id&fields=name HTTP/1.1" status: 200 len: 313 time: 0.0335147
Aug 04 16:27:07.093688 dv-cinder-802882-3-iscsi neutron-server[93290]: DEBUG neutron.pecan_wsgi.hooks.policy_enforcement [req-1b6c8f97-1f98-4705-8240-77398078402b req-d3591466-e3a6-4106-9afe-31e2bebf663e tempest-AttachVolumeShelveTestJSON-1943137196 tempest-AttachVolumeShelveTestJSON-1943137196-project] Attributes excluded by policy engine: ['standard_attr_id', 'binding:profile', 'binding:host_id', 'binding:vif_type', 'binding:vif_details'] {{(pid=93290) _exclude_attributes_by_policy /opt/stack/neutron/neutron/pecan_wsgi/hooks/policy_enforcement.py:255}}
Aug 04 16:27:07.095436 dv-cinder-802882-3-iscsi neutron-server[93290]: INFO neutron.wsgi [req-1b6c8f97-1f98-4705-8240-77398078402b req-d3591466-e3a6-4106-9afe-31e2bebf663e tempest-AttachVolumeShelveTestJSON-1943137196 tempest-AttachVolumeShelveTestJSON-1943137196-project] 10.222.0.79 "GET /v2.0/ports?device_id=681ec17e-093b-415d-a9c0-2c86bd9f734b HTTP/1.1" status: 200 len: 946 time: 0.0672512
Aug 04 16:27:07.104818 dv-cinder-802882-3-iscsi neutron-server[93291]: DEBUG neutron.wsgi [-] (93291) accepted ('10.222.0.79', 45690) {{(pid=93291) server /usr/local/lib/python3.8/dist-packages/eventlet/wsgi.py:982}}
Aug 04 16:27:07.110047 dv-cinder-802882-3-iscsi neutron-server[93291]: DEBUG neutron.api.v2.base [None req-e050ceae-3ce0-4f91-a9c7-786743bd4577 tempest-AttachVolumeShelveTestJSON-1943137196 tempest-AttachVolumeShelveTestJSON-1943137196-project] Request body: {'floatingip': {'port_id': '32d36800-47c1-4d51-ad55-6e26c10d4ffd'}} {{(pid=93291) prepare_request_body /opt/stack/neutron/neutron/api/v2/base.py:729}}
Aug 04 16:27:07.188908 dv-cinder-802882-3-iscsi neutron-server[93291]: DEBUG neutron_lib.callbacks.manager [None req-e050ceae-3ce0-4f91-a9c7-786743bd4577 tempest-AttachVolumeShelveTestJSON-1943137196 tempest-AttachVolumeShelveTestJSON-1943137196-project] Notify callbacks [] for floatingip, before_update {{(pid=93291) _notify_loop /usr/local/lib/python3.8/dist-packages/neutron_lib/callbacks/manager.py:192}}
Aug 04 16:27:07.204284 dv-cinder-802882-3-iscsi neutron-server[93292]: DEBUG neutron.notifiers.nova [-] Sending events: [{'server_uuid': '89935247-ccfb-402d-bdbf-a0aa16c7f54a', 'name': 'network-vif-plugged', 'status': 'completed', 'tag': 'a66f0a1e-4a1b-4481-bdb6-70b278de2f2f'}] {{(pid=93292) send_events /opt/stack/neutron/neutron/notifiers/nova.py:262}}
Aug 04 16:27:07.204812 dv-cinder-802882-3-iscsi neutron-server[93292]: DEBUG novaclient.v2.client [-] REQ: curl -g -i --cacert "/opt/stack/data/ca-bundle.pem" -X POST http://10.222.0.79/compute/v2.1/os-server-external-events -H "Accept: application/json" -H "Content-Type: application/json" -H "User-Agent: python-novaclient" -H "X-Auth-Token: {SHA256}d4018e0be46577184282586fb5f4a8ff0423a9584902dadbd3a3205a9b6fc8ff" -H "X-OpenStack-Nova-API-Version: 2.1" -H "X-OpenStack-Request-ID: req-e0d7aac4-2c57-4946-8a14-043b6e13f8ba" -d '{"events": [{"server_uuid": "89935247-ccfb-402d-bdbf-a0aa16c7f54a", "name": "network-vif-plugged", "status": "completed", "tag": "a66f0a1e-4a1b-4481-bdb6-70b278de2f2f"}]}' {{(pid=93292) _http_log_request /usr/local/lib/python3.8/dist-packages/keystoneauth1/session.py:519}}
Aug 04 16:27:07.250658 dv-cinder-802882-3-iscsi neutron-server[93292]: DEBUG novaclient.v2.client [-] RESP: [200] Connection: close Content-Length: 183 Content-Type: application/json Date: Wed, 04 Aug 2021 16:27:07 GMT OpenStack-API-Version: compute 2.1 Server: Apache/2.4.41 (Ubuntu) Vary: OpenStack-API-Version,X-OpenStack-Nova-API-Version X-OpenStack-Nova-API-Version: 2.1 x-compute-request-id: req-1e409ced-b0eb-47f0-b7e5-8a2a689ddf84 x-openstack-request-id: req-1e409ced-b0eb-47f0-b7e5-8a2a689ddf84 {{(pid=93292) _http_log_response /usr/local/lib/python3.8/dist-packages/keystoneauth1/session.py:550}}
Aug 04 16:27:07.250962 dv-cinder-802882-3-iscsi neutron-server[93292]: DEBUG novaclient.v2.client [-] RESP BODY: {"events": [{"server_uuid": "89935247-ccfb-402d-bdbf-a0aa16c7f54a", "name": "network-vif-plugged", "status": "completed", "tag": "a66f0a1e-4a1b-4481-bdb6-70b278de2f2f", "code": 200}]} {{(pid=93292) _http_log_response /usr/local/lib/python3.8/dist-packages/keystoneauth1/session.py:582}}
Aug 04 16:27:07.251253 dv-cinder-802882-3-iscsi neutron-server[93292]: DEBUG novaclient.v2.client [-] POST call to compute for http://10.222.0.79/compute/v2.1/os-server-external-events used request id req-1e409ced-b0eb-47f0-b7e5-8a2a689ddf84 {{(pid=93292) request /usr/local/lib/python3.8/dist-packages/keystoneauth1/session.py:954}}
Aug 04 16:27:07.251804 dv-cinder-802882-3-iscsi neutron-server[93292]: INFO neutron.notifiers.nova [-] Nova event response: {'server_uuid': '89935247-ccfb-402d-bdbf-a0aa16c7f54a', 'name': 'network-vif-plugged', 'status': 'completed', 'tag': 'a66f0a1e-4a1b-4481-bdb6-70b278de2f2f', 'code': 200}
Aug 04 16:27:07.469902 dv-cinder-802882-3-iscsi neutron-server[93290]: DEBUG neutron.wsgi [-] (93290) accepted ('10.222.0.79', 45704) {{(pid=93290) server /usr/local/lib/python3.8/dist-packages/eventlet/wsgi.py:982}}
Aug 04 16:27:07.489477 dv-cinder-802882-3-iscsi neutron-server[93290]: DEBUG neutron_lib.callbacks.manager [None req-d54783e8-7dd6-4621-af30-bc0ca2b89ece admin admin] Notify callbacks [] for security_group, before_create {{(pid=93290) _notify_loop /usr/local/lib/python3.8/dist-packages/neutron_lib/callbacks/manager.py:192}}
Aug 04 16:27:07.622315 dv-cinder-802882-3-iscsi neutron-server[93290]: DEBUG neutron_lib.callbacks.manager [None req-d54783e8-7dd6-4621-af30-bc0ca2b89ece admin admin] Notify callbacks [] for security_group, precommit_create {{(pid=93290) _notify_loop /usr/local/lib/python3.8/dist-packages/neutron_lib/callbacks/manager.py:192}}
Aug 04 16:27:07.627298 dv-cinder-802882-3-iscsi neutron-server[93290]: DEBUG neutron_lib.callbacks.manager [None req-d54783e8-7dd6-4621-af30-bc0ca2b89ece admin admin] Notify callbacks ['neutron.plugins.ml2.ovo_rpc._ObjectChangeHandler.handle_event-583622'] for security_group, after_create {{(pid=93290) _notify_loop /usr/local/lib/python3.8/dist-packages/neutron_lib/callbacks/manager.py:192}}
Aug 04 16:27:07.674071 dv-cinder-802882-3-iscsi neutron-server[93291]: DEBUG neutron.pecan_wsgi.hooks.policy_enforcement [req-2c77ed95-9239-4bf3-94e9-d38e86598ad1 req-a7bd5ede-15a4-4f6d-8500-cec4b7ee8218 service neutron] Attributes excluded by policy engine: ['standard_attr_id'] {{(pid=93291) _exclude_attributes_by_policy /opt/stack/neutron/neutron/pecan_wsgi/hooks/policy_enforcement.py:255}}
Aug 04 16:27:07.675656 dv-cinder-802882-3-iscsi neutron-server[93291]: INFO neutron.wsgi [req-2c77ed95-9239-4bf3-94e9-d38e86598ad1 req-a7bd5ede-15a4-4f6d-8500-cec4b7ee8218 service neutron] 10.222.0.53 "GET /v2.0/ports?device_id=89935247-ccfb-402d-bdbf-a0aa16c7f54a HTTP/1.1" status: 200 len: 1098 time: 0.2654002
Aug 04 16:27:07.701814 dv-cinder-802882-3-iscsi neutron-server[93290]: INFO neutron.wsgi [None req-d54783e8-7dd6-4621-af30-bc0ca2b89ece admin admin] 10.222.0.79 "GET /v2.0/security-groups?tenant_id=4ae6948c58c34e4fb0a873158d944e51&name=default HTTP/1.1" status: 200 len: 2979 time: 0.2306373
Aug 04 16:27:07.702805 dv-cinder-802882-3-iscsi neutron-server[93290]: DEBUG neutron.wsgi [-] (93290) accepted ('10.222.0.79', 45714) {{(pid=93290) server /usr/local/lib/python3.8/dist-packages/eventlet/wsgi.py:982}}
Aug 04 16:27:07.710338 dv-cinder-802882-3-iscsi neutron-server[93290]: DEBUG neutron.api.rpc.handlers.resources_rpc [None req-d54783e8-7dd6-4621-af30-bc0ca2b89ece admin admin] Pushing event updated for resources: {'SecurityGroup': ['ID=03dbbb4d-1efb-45c8-aa5e-a05b3faac13f,revision_number=1']} {{(pid=93290) push /opt/stack/neutron/neutron/api/rpc/handlers/resources_rpc.py:237}}
Aug 04 16:27:07.829974 dv-cinder-802882-3-iscsi neutron-server[93291]: INFO neutron.wsgi [req-2c77ed95-9239-4bf3-94e9-d38e86598ad1 req-f8df24bf-4e4a-457f-ba25-c881a8ca3d8f service neutron] 10.222.0.53 "GET /v2.0/security-groups?id=0c7c2d7e-91b5-41fc-9129-b89ffa163c47&fields=id&fields=name HTTP/1.1" status: 200 len: 286 time: 0.1399918
Aug 04 16:27:07.904034 dv-cinder-802882-3-iscsi neutron-server[93290]: DEBUG neutron_lib.callbacks.manager [None req-2ae99769-7f17-4cf5-9338-e7b72980c125 admin admin] Notify callbacks [] for security_group, before_delete {{(pid=93290) _notify_loop /usr/local/lib/python3.8/dist-packages/neutron_lib/callbacks/manager.py:192}}
Aug 04 16:27:07.935907 dv-cinder-802882-3-iscsi neutron-server[93290]: DEBUG neutron_lib.callbacks.manager [None req-2ae99769-7f17-4cf5-9338-e7b72980c125 admin admin] Notify callbacks [] for security_group, precommit_delete {{(pid=93290) _notify_loop /usr/local/lib/python3.8/dist-packages/neutron_lib/callbacks/manager.py:192}}
Aug 04 16:27:07.959503 dv-cinder-802882-3-iscsi neutron-server[93290]: DEBUG neutron.pecan_wsgi.hooks.policy_enforcement [req-bb5516ab-62e3-412d-a9cd-e8774b168f17 req-e7c2b730-c266-4201-85c2-762e360f6be1 tempest-ServerRescueNegativeTestJSON-621308247 tempest-ServerRescueNegativeTestJSON-621308247-project] Attributes excluded by policy engine: ['standard_attr_id', 'binding:profile', 'binding:host_id', 'binding:vif_type', 'binding:vif_details'] {{(pid=93290) _exclude_attributes_by_policy /opt/stack/neutron/neutron/pecan_wsgi/hooks/policy_enforcement.py:255}}
Aug 04 16:27:07.967813 dv-cinder-802882-3-iscsi neutron-server[93290]: INFO neutron.wsgi [req-bb5516ab-62e3-412d-a9cd-e8774b168f17 req-e7c2b730-c266-4201-85c2-762e360f6be1 tempest-ServerRescueNegativeTestJSON-621308247 tempest-ServerRescueNegativeTestJSON-621308247-project] 10.222.0.79 "GET /v2.0/ports?device_id=89935247-ccfb-402d-bdbf-a0aa16c7f54a HTTP/1.1" status: 200 len: 945 time: 0.1427572
Aug 04 16:27:08.050303 dv-cinder-802882-3-iscsi neutron-server[93290]: INFO neutron.wsgi [req-bb5516ab-62e3-412d-a9cd-e8774b168f17 req-35402222-eb2f-449e-b9e0-a002f4db34e8 tempest-ServerRescueNegativeTestJSON-621308247 tempest-ServerRescueNegativeTestJSON-621308247-project] 10.222.0.79 "GET /v2.0/security-groups?id=0c7c2d7e-91b5-41fc-9129-b89ffa163c47&fields=id&fields=name HTTP/1.1" status: 200 len: 286 time: 0.0813501
Aug 04 16:27:08.074190 dv-cinder-802882-3-iscsi neutron-server[93290]: DEBUG neutron_lib.callbacks.manager [None req-2ae99769-7f17-4cf5-9338-e7b72980c125 admin admin] Notify callbacks ['neutron.plugins.ml2.ovo_rpc._ObjectChangeHandler.handle_event-583622'] for security_group, after_delete {{(pid=93290) _notify_loop /usr/local/lib/python3.8/dist-packages/neutron_lib/callbacks/manager.py:192}}
Aug 04 16:27:08.077207 dv-cinder-802882-3-iscsi neutron-server[93290]: DEBUG neutron_lib.callbacks.manager [None req-2ae99769-7f17-4cf5-9338-e7b72980c125 admin admin] Notify callbacks [] for security_group, before_response {{(pid=93290) _notify_loop /usr/local/lib/python3.8/dist-packages/neutron_lib/callbacks/manager.py:192}}
Aug 04 16:27:08.079060 dv-cinder-802882-3-iscsi neutron-server[93290]: INFO neutron.wsgi [None req-2ae99769-7f17-4cf5-9338-e7b72980c125 admin admin] 10.222.0.79 "DELETE /v2.0/security-groups/03dbbb4d-1efb-45c8-aa5e-a05b3faac13f HTTP/1.1" status: 204 len: 168 time: 0.3740859
Aug 04 16:27:08.091464 dv-cinder-802882-3-iscsi neutron-server[93290]: DEBUG neutron.api.rpc.handlers.resources_rpc [None req-2ae99769-7f17-4cf5-9338-e7b72980c125 admin admin] Pushing event deleted for resources: {'SecurityGroup': ['ID=03dbbb4d-1efb-45c8-aa5e-a05b3faac13f,revision_number=None']} {{(pid=93290) push /opt/stack/neutron/neutron/api/rpc/handlers/resources_rpc.py:237}}
Aug 04 16:27:08.185477 dv-cinder-802882-3-iscsi neutron-server[93291]: DEBUG neutron_lib.callbacks.manager [None req-e050ceae-3ce0-4f91-a9c7-786743bd4577 tempest-AttachVolumeShelveTestJSON-1943137196 tempest-AttachVolumeShelveTestJSON-1943137196-project] Notify callbacks [] for floatingip, precommit_update {{(pid=93291) _notify_loop /usr/local/lib/python3.8/dist-packages/neutron_lib/callbacks/manager.py:192}}
Aug 04 16:27:08.198666 dv-cinder-802882-3-iscsi neutron-server[93291]: DEBUG neutron_lib.callbacks.manager [None req-e050ceae-3ce0-4f91-a9c7-786743bd4577 tempest-AttachVolumeShelveTestJSON-1943137196 tempest-AttachVolumeShelveTestJSON-1943137196-project] Notify callbacks ['neutron.services.l3_router.l3_router_plugin.DVRResourceOperationHandler._create_dvr_floating_gw_port-471691'] for floatingip, after_update {{(pid=93291) _notify_loop /usr/local/lib/python3.8/dist-packages/neutron_lib/callbacks/manager.py:192}}
Aug 04 16:27:08.359245 dv-cinder-802882-3-iscsi neutron-server[93291]: INFO neutron.db.l3_db [None req-e050ceae-3ce0-4f91-a9c7-786743bd4577 tempest-AttachVolumeShelveTestJSON-1943137196 tempest-AttachVolumeShelveTestJSON-1943137196-project] Floating IP d82fe73a-0ebf-4cef-8590-b357db37f324 associated. External IP: 172.27.0.125, port: 32d36800-47c1-4d51-ad55-6e26c10d4ffd.
Aug 04 16:27:08.612343 dv-cinder-802882-3-iscsi neutron-server[93291]: DEBUG neutron.scheduler.l3_agent_scheduler [None req-e050ceae-3ce0-4f91-a9c7-786743bd4577 tempest-AttachVolumeShelveTestJSON-1943137196 tempest-AttachVolumeShelveTestJSON-1943137196-project] Router 657d3cae-fe19-4376-9455-d96192286599 has already been hosted by L3 agent 3c6f3d62-e196-4211-948a-d23e7e8bf78c {{(pid=93291) _get_candidates /opt/stack/neutron/neutron/scheduler/l3_agent_scheduler.py:127}}
Aug 04 16:27:08.768384 dv-cinder-802882-3-iscsi neutron-server[93291]: DEBUG neutron.api.rpc.agentnotifiers.l3_rpc_agent_api [None req-e050ceae-3ce0-4f91-a9c7-786743bd4577 tempest-AttachVolumeShelveTestJSON-1943137196 tempest-AttachVolumeShelveTestJSON-1943137196-project] Notify agent at l3_agent.dv-cinder-802882-3-iscsi the message routers_updated {{(pid=93291) _agent_notification /opt/stack/neutron/neutron/api/rpc/agentnotifiers/l3_rpc_agent_api.py:65}}
Aug 04 16:27:08.784267 dv-cinder-802882-3-iscsi neutron-server[93291]: DEBUG neutron_lib.callbacks.manager [None req-e050ceae-3ce0-4f91-a9c7-786743bd4577 tempest-AttachVolumeShelveTestJSON-1943137196 tempest-AttachVolumeShelveTestJSON-1943137196-project] Notify callbacks ['neutron.notifiers.nova.Notifier._send_nova_notification-130484'] for floatingip, before_response {{(pid=93291) _notify_loop /usr/local/lib/python3.8/dist-packages/neutron_lib/callbacks/manager.py:192}}
Aug 04 16:27:08.801279 dv-cinder-802882-3-iscsi neutron-server[93293]: DEBUG neutron.api.rpc.handlers.l3_rpc [None req-059bda4f-6867-4404-bff6-7e6ed8f09245 None None] Sync routers for ids ['657d3cae-fe19-4376-9455-d96192286599'] in dv-cinder-802882-3-iscsi {{(pid=93293) sync_routers /opt/stack/neutron/neutron/api/rpc/handlers/l3_rpc.py:125}}
Aug 04 16:27:08.811990 dv-cinder-802882-3-iscsi neutron-server[93293]: DEBUG neutron.db.l3_dvrscheduler_db [None req-059bda4f-6867-4404-bff6-7e6ed8f09245 None None] Routers {'657d3cae-fe19-4376-9455-d96192286599'} bound to L3 agent in host dv-cinder-802882-3-iscsi {{(pid=93293) _get_router_ids_for_agent /opt/stack/neutron/neutron/db/l3_dvrscheduler_db.py:420}}
Aug 04 16:27:08.813100 dv-cinder-802882-3-iscsi neutron-server[93293]: DEBUG neutron.db.l3_hamode_db [None req-059bda4f-6867-4404-bff6-7e6ed8f09245 None None] neutron.services.l3_router.l3_router_plugin.L3RouterPlugin method get_ha_sync_data_for_host called with arguments (, 'dv-cinder-802882-3-iscsi', Agent(admin_state_up=True,agent_type='L3 agent',availability_zone='nova',binary='neutron-l3-agent',configurations={"agent_mode": "legacy", "ex_gw_ports": 3, "extensions": [], "floating_ips": 0, "handle_internal_only_routers": true, "interface_driver": "openvswitch", "interfaces": 3, "log_agent_heartbeats": false, "routers": 3},created_at=2021-08-04T16:18:55Z,description=,heartbeat_timestamp=2021-08-04T16:26:55Z,host='dv-cinder-802882-3-iscsi',id=3c6f3d62-e196-4211-948a-d23e7e8bf78c,load=0,resource_versions=,resources_synced=,started_at=2021-08-04T16:18:55Z,topic='l3_agent')) {'router_ids': ['657d3cae-fe19-4376-9455-d96192286599'], 'active': True} {{(pid=93293) wrapper /usr/local/lib/python3.8/dist-packages/oslo_log/helpers.py:65}}
Aug 04 16:27:08.840719 dv-cinder-802882-3-iscsi neutron-server[93291]: INFO neutron.wsgi [None req-e050ceae-3ce0-4f91-a9c7-786743bd4577 tempest-AttachVolumeShelveTestJSON-1943137196 tempest-AttachVolumeShelveTestJSON-1943137196-project] 10.222.0.79 "PUT /v2.0/floatingips/d82fe73a-0ebf-4cef-8590-b357db37f324 HTTP/1.1" status: 200 len: 992 time: 1.7315552
Aug 04 16:27:08.840719 dv-cinder-802882-3-iscsi neutron-server[93291]: DEBUG neutron.notifiers.nova [-] Sending events: [{'name': 'network-changed', 'server_uuid': '681ec17e-093b-415d-a9c0-2c86bd9f734b', 'tag': '32d36800-47c1-4d51-ad55-6e26c10d4ffd'}] {{(pid=93291) send_events /opt/stack/neutron/neutron/notifiers/nova.py:262}}
Aug 04 16:27:08.842438 dv-cinder-802882-3-iscsi neutron-server[93291]: DEBUG novaclient.v2.client [-] REQ: curl -g -i --cacert "/opt/stack/data/ca-bundle.pem" -X POST http://10.222.0.79/compute/v2.1/os-server-external-events -H "Accept: application/json" -H "Content-Type: application/json" -H "User-Agent: python-novaclient" -H "X-Auth-Token: {SHA256}e96dee9ea8405e407e942d0e3b7e62e61b37bc10ae8a06f0a7898f106efb1651" -H "X-OpenStack-Nova-API-Version: 2.1" -H "X-OpenStack-Request-ID: req-757092c5-ec02-4415-869b-fdc146cf8bcf" -d '{"events": [{"name": "network-changed", "server_uuid": "681ec17e-093b-415d-a9c0-2c86bd9f734b", "tag": "32d36800-47c1-4d51-ad55-6e26c10d4ffd"}]}' {{(pid=93291) _http_log_request /usr/local/lib/python3.8/dist-packages/keystoneauth1/session.py:519}}
Aug 04 16:27:08.912066 dv-cinder-802882-3-iscsi neutron-server[93291]: DEBUG novaclient.v2.client [-] RESP: [200] Connection: close Content-Length: 179 Content-Type: application/json Date: Wed, 04 Aug 2021 16:27:08 GMT OpenStack-API-Version: compute 2.1 Server: Apache/2.4.41 (Ubuntu) Vary: OpenStack-API-Version,X-OpenStack-Nova-API-Version X-OpenStack-Nova-API-Version: 2.1 x-compute-request-id: req-982387d6-6c03-4d7c-835c-a737a85adc5a x-openstack-request-id: req-982387d6-6c03-4d7c-835c-a737a85adc5a {{(pid=93291) _http_log_response /usr/local/lib/python3.8/dist-packages/keystoneauth1/session.py:550}}
Aug 04 16:27:08.912470 dv-cinder-802882-3-iscsi neutron-server[93291]: DEBUG novaclient.v2.client [-] RESP BODY: {"events": [{"name": "network-changed", "server_uuid": "681ec17e-093b-415d-a9c0-2c86bd9f734b", "tag": "32d36800-47c1-4d51-ad55-6e26c10d4ffd", "status": "completed", "code": 200}]} {{(pid=93291) _http_log_response /usr/local/lib/python3.8/dist-packages/keystoneauth1/session.py:582}}
Aug 04 16:27:08.912733 dv-cinder-802882-3-iscsi neutron-server[93291]: DEBUG novaclient.v2.client [-] POST call to compute for http://10.222.0.79/compute/v2.1/os-server-external-events used request id req-982387d6-6c03-4d7c-835c-a737a85adc5a {{(pid=93291) request /usr/local/lib/python3.8/dist-packages/keystoneauth1/session.py:954}}
Aug 04 16:27:08.913136 dv-cinder-802882-3-iscsi neutron-server[93291]: INFO neutron.notifiers.nova [-] Nova event response: {'name': 'network-changed', 'server_uuid': '681ec17e-093b-415d-a9c0-2c86bd9f734b', 'tag': '32d36800-47c1-4d51-ad55-6e26c10d4ffd', 'status': 'completed', 'code': 200}
Aug 04 16:27:08.982123 dv-cinder-802882-3-iscsi neutron-server[93293]: DEBUG neutron.db.l3_dvr_db [None req-059bda4f-6867-4404-bff6-7e6ed8f09245 None None] Set router 657d3cae-fe19-4376-9455-d96192286599 gateway port host: dv-cinder-802882-3-iscsi {{(pid=93293) _build_routers_list /opt/stack/neutron/neutron/db/l3_dvr_db.py:899}}
Aug 04 16:27:09.021219 dv-cinder-802882-3-iscsi neutron-server[93291]: DEBUG neutron.pecan_wsgi.hooks.policy_enforcement [req-757092c5-ec02-4415-869b-fdc146cf8bcf req-653dcea8-e6b0-440e-9c9a-07c01f0243be service neutron] Attributes excluded by policy engine: ['standard_attr_id'] {{(pid=93291) _exclude_attributes_by_policy /opt/stack/neutron/neutron/pecan_wsgi/hooks/policy_enforcement.py:255}}
Aug 04 16:27:09.022866 dv-cinder-802882-3-iscsi neutron-server[93291]: INFO neutron.wsgi [req-757092c5-ec02-4415-869b-fdc146cf8bcf req-653dcea8-e6b0-440e-9c9a-07c01f0243be service neutron] 10.222.0.53 "GET /v2.0/ports?tenant_id=8ff82611a96c4818a79ee7bd235eb797&device_id=681ec17e-093b-415d-a9c0-2c86bd9f734b HTTP/1.1" status: 200 len: 1099 time: 0.0546689
Aug 04 16:27:09.138937 dv-cinder-802882-3-iscsi neutron-server[93291]: DEBUG neutron.pecan_wsgi.hooks.policy_enforcement [req-757092c5-ec02-4415-869b-fdc146cf8bcf req-44d47bc6-0119-4d2d-9acf-3d666e7a8f8c service neutron] Attributes excluded by policy engine: ['standard_attr_id', 'vlan_transparent'] {{(pid=93291) _exclude_attributes_by_policy /opt/stack/neutron/neutron/pecan_wsgi/hooks/policy_enforcement.py:255}}
Aug 04 16:27:09.140971 dv-cinder-802882-3-iscsi neutron-server[93291]: INFO neutron.wsgi [req-757092c5-ec02-4415-869b-fdc146cf8bcf req-44d47bc6-0119-4d2d-9acf-3d666e7a8f8c service neutron] 10.222.0.53 "GET /v2.0/networks?id=a2d4ee58-23cd-45ae-bb2b-776ec2946139 HTTP/1.1" status: 200 len: 918 time: 0.1088655
Aug 04 16:27:09.177950 dv-cinder-802882-3-iscsi neutron-server[93290]: DEBUG neutron.pecan_wsgi.hooks.policy_enforcement [req-500ee225-c691-4014-b140-6955ad3d3269 req-a4404f4b-d052-4b62-86b2-877d8bc7d1a4 tempest-ServerRescueNegativeTestJSON-621308247 tempest-ServerRescueNegativeTestJSON-621308247-project] Attributes excluded by policy engine: ['standard_attr_id', 'binding:profile', 'binding:host_id', 'binding:vif_type', 'binding:vif_details'] {{(pid=93290) _exclude_attributes_by_policy /opt/stack/neutron/neutron/pecan_wsgi/hooks/policy_enforcement.py:255}}
Aug 04 16:27:09.181185 dv-cinder-802882-3-iscsi neutron-server[93290]: INFO neutron.wsgi [req-500ee225-c691-4014-b140-6955ad3d3269 req-a4404f4b-d052-4b62-86b2-877d8bc7d1a4 tempest-ServerRescueNegativeTestJSON-621308247 tempest-ServerRescueNegativeTestJSON-621308247-project] 10.222.0.79 "GET /v2.0/ports?device_id=89935247-ccfb-402d-bdbf-a0aa16c7f54a HTTP/1.1" status: 200 len: 945 time: 0.0587487
Aug 04 16:27:09.242464 dv-cinder-802882-3-iscsi neutron-server[93290]: INFO neutron.wsgi [req-500ee225-c691-4014-b140-6955ad3d3269 req-45fd914d-9ac4-417a-a1b8-cbcd37a640c3 tempest-ServerRescueNegativeTestJSON-621308247 tempest-ServerRescueNegativeTestJSON-621308247-project] 10.222.0.79 "GET /v2.0/security-groups?id=0c7c2d7e-91b5-41fc-9129-b89ffa163c47&fields=id&fields=name HTTP/1.1" status: 200 len: 286 time: 0.0542223
Aug 04 16:27:09.268747 dv-cinder-802882-3-iscsi neutron-server[93291]: INFO neutron.wsgi [req-757092c5-ec02-4415-869b-fdc146cf8bcf req-ea0ab796-e43c-406e-8673-441da77f84fc service neutron] 10.222.0.53 "GET /v2.0/floatingips?fixed_ip_address=172.20.0.12&port_id=32d36800-47c1-4d51-ad55-6e26c10d4ffd HTTP/1.1" status: 200 len: 1000 time: 0.1181016
Aug 04 16:27:09.315481 dv-cinder-802882-3-iscsi neutron-server[93293]: DEBUG neutron.db.l3_hamode_db [None req-059bda4f-6867-4404-bff6-7e6ed8f09245 None None] neutron.services.l3_router.l3_router_plugin.L3RouterPlugin method _process_sync_ha_data called with arguments (, [{'id': '657d3cae-fe19-4376-9455-d96192286599', 'name': 'tempest-AttachVolumeShelveTestJSON-2024411345-router', 'tenant_id': '8ff82611a96c4818a79ee7bd235eb797', 'admin_state_up': True, 'status': 'ACTIVE', 'external_gateway_info': {'network_id': 'f05b84e7-1061-4d46-8ceb-ac3ad5ce1769', 'external_fixed_ips': [{'subnet_id': '6cbd1ccc-da78-4ae2-ab6d-ef82afeab5d7', 'ip_address': '172.27.0.170'}], 'enable_snat': True}, 'gw_port_id': '762c7c89-a99f-4777-984a-71783c633329', 'description': '', 'availability_zones': ['nova'], 'distributed': False, 'ha': False, 'ha_vr_id': 0, 'availability_zone_hints': [], 'routes': [], 'flavor_id': None, 'tags': [], 'created_at': '2021-08-04T16:26:24Z', 'updated_at': '2021-08-04T16:26:37Z', 'revision_number': 4, 'project_id': '8ff82611a96c4818a79ee7bd235eb797', 'gw_port': {'id': '762c7c89-a99f-4777-984a-71783c633329', 'name': '', 'network_id': 'f05b84e7-1061-4d46-8ceb-ac3ad5ce1769', 'tenant_id': '', 'mac_address': 'fa:16:3e:64:7e:23', 'admin_state_up': True, 'status': 'ACTIVE', 'device_id': '657d3cae-fe19-4376-9455-d96192286599', 'device_owner': 'network:router_gateway', 'standard_attr_id': 80, 'fixed_ips': [{'subnet_id': '6cbd1ccc-da78-4ae2-ab6d-ef82afeab5d7', 'ip_address': '172.27.0.170', 'prefixlen': 24}], 'allowed_address_pairs': [], 'extra_dhcp_opts': [], 'security_groups': [], 'description': '', 'binding:vnic_type': 'normal', 'binding:profile': {}, 'binding:host_id': 'dv-cinder-802882-3-iscsi', 'binding:vif_type': 'ovs', 'binding:vif_details': {'connectivity': 'l2', 'port_filter': True, 'ovs_hybrid_plug': False, 'datapath_type': 'system', 'bridge_name': 'br-int'}, 'port_security_enabled': False, 'tags': [], 'created_at': '2021-08-04T16:26:26Z', 'updated_at': '2021-08-04T16:26:33Z', 'revision_number': 4, 'project_id': '', 'subnets': [{'id': '6cbd1ccc-da78-4ae2-ab6d-ef82afeab5d7', 'cidr': '172.27.0.0/24', 'gateway_ip': '172.27.0.1', 'dns_nameservers': [], 'ipv6_ra_mode': None, 'subnetpool_id': None}], 'extra_subnets': [], 'address_scopes': {4: None, 6: None}, 'mtu': 1500}, 'enable_snat': True, 'gw_port_host': 'dv-cinder-802882-3-iscsi', '_floatingips': [{'id': 'd82fe73a-0ebf-4cef-8590-b357db37f324', 'tenant_id': '8ff82611a96c4818a79ee7bd235eb797', 'floating_ip_address': '172.27.0.125', 'floating_network_id': 'f05b84e7-1061-4d46-8ceb-ac3ad5ce1769', 'router_id': '657d3cae-fe19-4376-9455-d96192286599', 'port_id': '32d36800-47c1-4d51-ad55-6e26c10d4ffd', 'fixed_ip_address': '172.20.0.12', 'status': 'DOWN', 'standard_attr_id': 119, 'description': '', 'qos_policy_id': None, 'port_details': {'name': '', 'network_id': 'a2d4ee58-23cd-45ae-bb2b-776ec2946139', 'mac_address': 'fa:16:3e:e0:94:c2', 'admin_state_up': True, 'status': 'ACTIVE', 'device_id': '681ec17e-093b-415d-a9c0-2c86bd9f734b', 'device_owner': 'compute:nova'}, 'dns_domain': '', 'dns_name': '', 'tags': [], 'created_at': '2021-08-04T16:26:45Z', 'updated_at': '2021-08-04T16:27:07Z', 'revision_number': 1, 'project_id': '8ff82611a96c4818a79ee7bd235eb797', 'fixed_ip_address_scope': None}], '_interfaces': [{'id': '17d453e9-91d1-40b9-ba3f-2355dfc8ce28', 'name': '', 'network_id': 'a2d4ee58-23cd-45ae-bb2b-776ec2946139', 'tenant_id': '8ff82611a96c4818a79ee7bd235eb797', 'mac_address': 'fa:16:3e:52:91:4f', 'admin_state_up': True, 'status': 'ACTIVE', 'device_id': '657d3cae-fe19-4376-9455-d96192286599', 'device_owner': 'network:router_interface', 'standard_attr_id': 102, 'fixed_ips': [{'subnet_id': '453778b9-e617-4945-bd8c-5c81416458a1', 'ip_address': '172.20.0.1', 'prefixlen': 28}], 'allowed_address_pairs': [], 'extra_dhcp_opts': [], 'security_groups': [], 'description': '', 'binding:vnic_type': 'normal', 'binding:profile': {}, 'binding:host_id': 'dv-cinder-802882-3-iscsi', 'binding:vif_type': 'ovs', 'binding:vif_details': {'connectivity': 'l2', 'port_filter': True, 'ovs_hybrid_plug': False, 'datapath_type': 'system', 'bridge_name': 'br-int'}, 'port_security_enabled': False, 'tags': [], 'created_at': '2021-08-04T16:26:33Z', 'updated_at': '2021-08-04T16:26:45Z', 'revision_number': 5, 'project_id': '8ff82611a96c4818a79ee7bd235eb797', 'subnets': [{'id': '453778b9-e617-4945-bd8c-5c81416458a1', 'cidr': '172.20.0.0/28', 'gateway_ip': '172.20.0.1', 'dns_nameservers': [], 'ipv6_ra_mode': None, 'subnetpool_id': None}], 'extra_subnets': [], 'address_scopes': {4: None, 6: None}, 'mtu': 1500}]}], 'dv-cinder-802882-3-iscsi', False) {} {{(pid=93293) wrapper /usr/local/lib/python3.8/dist-packages/oslo_log/helpers.py:65}}
Aug 04 16:27:09.341115 dv-cinder-802882-3-iscsi neutron-server[93291]: DEBUG neutron.pecan_wsgi.hooks.policy_enforcement [req-757092c5-ec02-4415-869b-fdc146cf8bcf req-5e5dce99-5812-4aa2-ba11-caea5eb0edf6 service neutron] Attributes excluded by policy engine: ['standard_attr_id', 'shared'] {{(pid=93291) _exclude_attributes_by_policy /opt/stack/neutron/neutron/pecan_wsgi/hooks/policy_enforcement.py:255}}
Aug 04 16:27:09.342948 dv-cinder-802882-3-iscsi neutron-server[93291]: INFO neutron.wsgi [req-757092c5-ec02-4415-869b-fdc146cf8bcf req-5e5dce99-5812-4aa2-ba11-caea5eb0edf6 service neutron] 10.222.0.53 "GET /v2.0/subnets?id=453778b9-e617-4945-bd8c-5c81416458a1 HTTP/1.1" status: 200 len: 856 time: 0.0661414
Aug 04 16:27:09.348660 dv-cinder-802882-3-iscsi neutron-server[93293]: DEBUG neutron.api.rpc.handlers.l3_rpc [None req-059bda4f-6867-4404-bff6-7e6ed8f09245 None None] Checking router: 657d3cae-fe19-4376-9455-d96192286599 for host: dv-cinder-802882-3-iscsi {{(pid=93293) _ensure_host_set_on_ports /opt/stack/neutron/neutron/api/rpc/handlers/l3_rpc.py:155}}
Aug 04 16:27:09.359015 dv-cinder-802882-3-iscsi neutron-server[93293]: DEBUG neutron.db.l3_dvrscheduler_db [None req-059bda4f-6867-4404-bff6-7e6ed8f09245 None None] Routers {'657d3cae-fe19-4376-9455-d96192286599'} bound to L3 agent in host dv-cinder-802882-3-iscsi {{(pid=93293) _get_router_ids_for_agent /opt/stack/neutron/neutron/db/l3_dvrscheduler_db.py:420}}
Aug 04 16:27:09.360056 dv-cinder-802882-3-iscsi neutron-server[93293]: DEBUG neutron.db.l3_hamode_db [None req-059bda4f-6867-4404-bff6-7e6ed8f09245 None None] neutron.services.l3_router.l3_router_plugin.L3RouterPlugin method get_ha_sync_data_for_host called with arguments (, 'dv-cinder-802882-3-iscsi', Agent(admin_state_up=True,agent_type='L3 agent',availability_zone='nova',binary='neutron-l3-agent',configurations={"agent_mode": "legacy", "ex_gw_ports": 3, "extensions": [], "floating_ips": 0, "handle_internal_only_routers": true, "interface_driver": "openvswitch", "interfaces": 3, "log_agent_heartbeats": false, "routers": 3},created_at=2021-08-04T16:18:55Z,description=,heartbeat_timestamp=2021-08-04T16:26:55Z,host='dv-cinder-802882-3-iscsi',id=3c6f3d62-e196-4211-948a-d23e7e8bf78c,load=0,resource_versions=,resources_synced=,started_at=2021-08-04T16:18:55Z,topic='l3_agent')) {'router_ids': ['657d3cae-fe19-4376-9455-d96192286599'], 'active': True} {{(pid=93293) wrapper /usr/local/lib/python3.8/dist-packages/oslo_log/helpers.py:65}}
Aug 04 16:27:09.437206 dv-cinder-802882-3-iscsi neutron-server[93291]: DEBUG neutron.pecan_wsgi.hooks.policy_enforcement [req-757092c5-ec02-4415-869b-fdc146cf8bcf req-e8c8f490-7140-40c9-ac08-fc0aafd2e152 service neutron] Attributes excluded by policy engine: ['standard_attr_id'] {{(pid=93291) _exclude_attributes_by_policy /opt/stack/neutron/neutron/pecan_wsgi/hooks/policy_enforcement.py:255}}
Aug 04 16:27:09.440164 dv-cinder-802882-3-iscsi neutron-server[93291]: INFO neutron.wsgi [req-757092c5-ec02-4415-869b-fdc146cf8bcf req-e8c8f490-7140-40c9-ac08-fc0aafd2e152 service neutron] 10.222.0.53 "GET /v2.0/ports?network_id=a2d4ee58-23cd-45ae-bb2b-776ec2946139&device_owner=network%3Adhcp HTTP/1.1" status: 200 len: 1175 time: 0.0818443
Aug 04 16:27:09.646665 dv-cinder-802882-3-iscsi neutron-server[93293]: DEBUG neutron.db.l3_dvr_db [None req-059bda4f-6867-4404-bff6-7e6ed8f09245 None None] Set router 657d3cae-fe19-4376-9455-d96192286599 gateway port host: dv-cinder-802882-3-iscsi {{(pid=93293) _build_routers_list /opt/stack/neutron/neutron/db/l3_dvr_db.py:899}}
Aug 04 16:27:09.658236 dv-cinder-802882-3-iscsi neutron-server[93290]: DEBUG neutron.pecan_wsgi.hooks.policy_enforcement [req-aae541e8-8539-42ab-8871-2a59cff7e012 req-5d6465f6-fd46-4968-a6c6-ae52d7d88c20 tempest-ServerRescueNegativeTestJSON-621308247 tempest-ServerRescueNegativeTestJSON-621308247-project] Attributes excluded by policy engine: ['standard_attr_id', 'binding:profile', 'binding:host_id', 'binding:vif_type', 'binding:vif_details'] {{(pid=93290) _exclude_attributes_by_policy /opt/stack/neutron/neutron/pecan_wsgi/hooks/policy_enforcement.py:255}}
Aug 04 16:27:09.659795 dv-cinder-802882-3-iscsi neutron-server[93290]: INFO neutron.wsgi [req-aae541e8-8539-42ab-8871-2a59cff7e012 req-5d6465f6-fd46-4968-a6c6-ae52d7d88c20 tempest-ServerRescueNegativeTestJSON-621308247 tempest-ServerRescueNegativeTestJSON-621308247-project] 10.222.0.79 "GET /v2.0/ports?device_id=89935247-ccfb-402d-bdbf-a0aa16c7f54a HTTP/1.1" status: 200 len: 945 time: 0.0741010
Aug 04 16:27:09.729737 dv-cinder-802882-3-iscsi neutron-server[93290]: INFO neutron.wsgi [req-aae541e8-8539-42ab-8871-2a59cff7e012 req-5001e6cb-5a65-43e7-8405-7c242ac2e077 tempest-ServerRescueNegativeTestJSON-621308247 tempest-ServerRescueNegativeTestJSON-621308247-project] 10.222.0.79 "GET /v2.0/security-groups?id=0c7c2d7e-91b5-41fc-9129-b89ffa163c47&fields=id&fields=name HTTP/1.1" status: 200 len: 286 time: 0.0462289
Aug 04 16:27:09.931410 dv-cinder-802882-3-iscsi neutron-server[93291]: INFO neutron.wsgi [req-757092c5-ec02-4415-869b-fdc146cf8bcf req-8c4ca4b9-148d-4d6b-967f-127517099cae service neutron] 10.222.0.53 "GET /v2.0/networks/a2d4ee58-23cd-45ae-bb2b-776ec2946139?fields=segments HTTP/1.1" status: 200 len: 212 time: 0.4737134
Aug 04 16:27:09.944489 dv-cinder-802882-3-iscsi neutron-server[93291]: DEBUG neutron.pecan_wsgi.hooks.policy_enforcement [req-d90e73f7-b717-472a-96cc-703a1dda6882 req-020dc669-1089-42a3-b073-cfddaa2d88d7 service neutron] Attributes excluded by policy engine: ['standard_attr_id'] {{(pid=93291) _exclude_attributes_by_policy /opt/stack/neutron/neutron/pecan_wsgi/hooks/policy_enforcement.py:255}}
