Aug 19 11:40:30.690788 dv-cinder-802882-10-smb devstack@c-api.service[107842]: DEBUG cinder.volume.api [None req-b2805a9a-f0d8-4dcc-9995-954874235c85 tempest-VolumeTypesAccessTest-1580568161 tempest-VolumeTypesAccessTest-1580568161-project] Flow 'volume_create_api' (0d4245f5-9490-4640-8563-634bfaac5ed0) transitioned into state 'RUNNING' from state 'PENDING' {{(pid=107842) _flow_receiver /usr/local/lib/python3.8/dist-packages/taskflow/listeners/logging.py:141}}
Aug 19 11:40:30.693589 dv-cinder-802882-10-smb devstack@c-api.service[107842]: DEBUG cinder.volume.api [None req-b2805a9a-f0d8-4dcc-9995-954874235c85 tempest-VolumeTypesAccessTest-1580568161 tempest-VolumeTypesAccessTest-1580568161-project] Task 'cinder.volume.flows.api.create_volume.ExtractVolumeRequestTask;volume:create' (310a67f1-0768-43a8-95ce-261b2b91565d) transitioned into state 'RUNNING' from state 'PENDING' {{(pid=107842) _task_receiver /usr/local/lib/python3.8/dist-packages/taskflow/listeners/logging.py:190}}
Aug 19 11:40:30.695601 dv-cinder-802882-10-smb devstack@c-api.service[107842]: DEBUG cinder.volume.flows.api.create_volume [None req-b2805a9a-f0d8-4dcc-9995-954874235c85 tempest-VolumeTypesAccessTest-1580568161 tempest-VolumeTypesAccessTest-1580568161-project] Validating volume size '1' using validate_int {{(pid=107842) _extract_size /opt/stack/cinder/cinder/volume/flows/api/create_volume.py:225}}
Aug 19 11:40:30.719247 dv-cinder-802882-10-smb devstack@c-api.service[107842]: DEBUG cinder.volume.api [None req-b2805a9a-f0d8-4dcc-9995-954874235c85 tempest-VolumeTypesAccessTest-1580568161 tempest-VolumeTypesAccessTest-1580568161-project] Task 'cinder.volume.flows.api.create_volume.ExtractVolumeRequestTask;volume:create' (310a67f1-0768-43a8-95ce-261b2b91565d) transitioned into state 'SUCCESS' from state 'RUNNING' with result '{'size': 1, 'snapshot_id': None, 'source_volid': None, 'volume_type': VolumeType(created_at=2021-08-19T11:40:30Z,deleted=False,deleted_at=None,description=None,extra_specs={},id=4b5a43c2-27b5-450a-aca5-6d50163fe2d4,is_public=False,name='tempest-VolumeTypesAccessTest-volume-type-486673722',projects=[],qos_specs=,qos_specs_id=None,updated_at=None), 'volume_type_id': '4b5a43c2-27b5-450a-aca5-6d50163fe2d4', 'encryption_key_id': None, 'qos_specs': None, 'consistencygroup_id': None, 'cgsnapshot_id': None, 'group_id': None, 'replication_status': 'disabled', 'refresh_az': False, 'backup_id': None, 'multiattach': False, 'availability_zones': ['nova']}' {{(pid=107842) _task_receiver /usr/local/lib/python3.8/dist-packages/taskflow/listeners/logging.py:178}}
Aug 19 11:40:30.720303 dv-cinder-802882-10-smb devstack@c-api.service[107843]: INFO cinder.api.openstack.wsgi [None req-884f364a-e980-42c5-b663-49199fb57ecb tempest-VolumesMetadataTest-1673283124 tempest-VolumesMetadataTest-1673283124-project] GET http://10.222.0.57/volume/v3/5d06030fd6de4d5f9b37fe61709f08e7/volumes/db2a5554-e8a9-4bea-9d59-5d048dd7d3be
Aug 19 11:40:30.720474 dv-cinder-802882-10-smb devstack@c-api.service[107843]: DEBUG cinder.api.openstack.wsgi [None req-884f364a-e980-42c5-b663-49199fb57ecb tempest-VolumesMetadataTest-1673283124 tempest-VolumesMetadataTest-1673283124-project] Empty body provided in request {{(pid=107843) get_body /opt/stack/cinder/cinder/api/openstack/wsgi.py:703}}
Aug 19 11:40:30.720885 dv-cinder-802882-10-smb devstack@c-api.service[107843]: DEBUG cinder.api.openstack.wsgi [None req-884f364a-e980-42c5-b663-49199fb57ecb tempest-VolumesMetadataTest-1673283124 tempest-VolumesMetadataTest-1673283124-project] Calling method 'show' {{(pid=107843) _process_stack /opt/stack/cinder/cinder/api/openstack/wsgi.py:856}}
Aug 19 11:40:30.721551 dv-cinder-802882-10-smb devstack@c-api.service[107842]: DEBUG cinder.volume.api [None req-b2805a9a-f0d8-4dcc-9995-954874235c85 tempest-VolumeTypesAccessTest-1580568161 tempest-VolumeTypesAccessTest-1580568161-project] Task 'cinder.volume.flows.api.create_volume.QuotaReserveTask;volume:create' (7cc6408a-c68d-4448-98c8-47cc8db25f68) transitioned into state 'RUNNING' from state 'PENDING' {{(pid=107842) _task_receiver /usr/local/lib/python3.8/dist-packages/taskflow/listeners/logging.py:190}}
Aug 19 11:40:30.736883 dv-cinder-802882-10-smb devstack@c-api.service[107843]: /usr/local/lib/python3.8/dist-packages/oslo_context/context.py:105: DeprecationWarning: Policy enforcement is depending on the value of is_admin. This key is deprecated. Please update your policy file to use the standard policy values.
Aug 19 11:40:30.736883 dv-cinder-802882-10-smb devstack@c-api.service[107843]: warnings.warn('Policy enforcement is depending on the value of '
Aug 19 11:40:30.752867 dv-cinder-802882-10-smb devstack@c-api.service[107843]: INFO cinder.volume.api [None req-884f364a-e980-42c5-b663-49199fb57ecb tempest-VolumesMetadataTest-1673283124 tempest-VolumesMetadataTest-1673283124-project] Volume info retrieved successfully.
Aug 19 11:40:30.767980 dv-cinder-802882-10-smb devstack@c-api.service[107843]: INFO cinder.api.openstack.wsgi [None req-884f364a-e980-42c5-b663-49199fb57ecb tempest-VolumesMetadataTest-1673283124 tempest-VolumesMetadataTest-1673283124-project] http://10.222.0.57/volume/v3/5d06030fd6de4d5f9b37fe61709f08e7/volumes/db2a5554-e8a9-4bea-9d59-5d048dd7d3be returned with HTTP 200
Aug 19 11:40:30.769409 dv-cinder-802882-10-smb devstack@c-api.service[107843]: [pid: 107843|app: 0|req: 227/425] 10.222.0.57 () {58 vars in 1325 bytes} [Thu Aug 19 11:40:30 2021] GET /volume/v3/5d06030fd6de4d5f9b37fe61709f08e7/volumes/db2a5554-e8a9-4bea-9d59-5d048dd7d3be => generated 911 bytes in 53 msecs (HTTP/1.1 200) 7 headers in 285 bytes (2 switches on core 0)
Aug 19 11:40:30.786862 dv-cinder-802882-10-smb devstack@c-api.service[107843]: INFO cinder.api.openstack.wsgi [None req-17c60813-27b7-4e2d-afa7-309987e06544 tempest-VolumesMetadataTest-1673283124 tempest-VolumesMetadataTest-1673283124-project] POST http://10.222.0.57/volume/v3/5d06030fd6de4d5f9b37fe61709f08e7/volumes/db2a5554-e8a9-4bea-9d59-5d048dd7d3be/metadata
Aug 19 11:40:30.787864 dv-cinder-802882-10-smb devstack@c-api.service[107843]: /usr/local/lib/python3.8/dist-packages/webob/acceptparse.py:1047: DeprecationWarning: The behavior of AcceptValidHeader.best_match is currently being maintained for backward compatibility, but it will be deprecated in the future, as it does not conform to the RFC.
Aug 19 11:40:30.787864 dv-cinder-802882-10-smb devstack@c-api.service[107843]: warnings.warn(
Aug 19 11:40:30.788645 dv-cinder-802882-10-smb devstack@c-api.service[107843]: DEBUG cinder.api.openstack.wsgi [None req-17c60813-27b7-4e2d-afa7-309987e06544 tempest-VolumesMetadataTest-1673283124 tempest-VolumesMetadataTest-1673283124-project] Action: 'create', calling method: create, body: {"metadata": {"key1": "value1", "key2": "value2", "key3": "value3", "key4": ""}} {{(pid=107843) _process_stack /opt/stack/cinder/cinder/api/openstack/wsgi.py:854}}
Aug 19 11:40:30.805172 dv-cinder-802882-10-smb devstack@c-api.service[107843]: /usr/local/lib/python3.8/dist-packages/oslo_context/context.py:105: DeprecationWarning: Policy enforcement is depending on the value of is_admin. This key is deprecated. Please update your policy file to use the standard policy values.
Aug 19 11:40:30.805172 dv-cinder-802882-10-smb devstack@c-api.service[107843]: warnings.warn('Policy enforcement is depending on the value of '
Aug 19 11:40:30.806308 dv-cinder-802882-10-smb devstack@c-api.service[107843]: INFO cinder.volume.api [None req-17c60813-27b7-4e2d-afa7-309987e06544 tempest-VolumesMetadataTest-1673283124 tempest-VolumesMetadataTest-1673283124-project] Volume info retrieved successfully.
Aug 19 11:40:31.002985 dv-cinder-802882-10-smb devstack@c-api.service[107843]: INFO cinder.volume.api [None req-17c60813-27b7-4e2d-afa7-309987e06544 tempest-VolumesMetadataTest-1673283124 tempest-VolumesMetadataTest-1673283124-project] Create volume metadata completed successfully.
Aug 19 11:40:31.003542 dv-cinder-802882-10-smb devstack@c-api.service[107843]: INFO cinder.api.openstack.wsgi [None req-17c60813-27b7-4e2d-afa7-309987e06544 tempest-VolumesMetadataTest-1673283124 tempest-VolumesMetadataTest-1673283124-project] http://10.222.0.57/volume/v3/5d06030fd6de4d5f9b37fe61709f08e7/volumes/db2a5554-e8a9-4bea-9d59-5d048dd7d3be/metadata returned with HTTP 200
Aug 19 11:40:31.018953 dv-cinder-802882-10-smb devstack@c-api.service[107843]: [pid: 107843|app: 0|req: 228/426] 10.222.0.57 () {60 vars in 1374 bytes} [Thu Aug 19 11:40:30 2021] POST /volume/v3/5d06030fd6de4d5f9b37fe61709f08e7/volumes/db2a5554-e8a9-4bea-9d59-5d048dd7d3be/metadata => generated 101 bytes in 223 msecs (HTTP/1.1 200) 7 headers in 285 bytes (1 switches on core 0)
Aug 19 11:40:31.018953 dv-cinder-802882-10-smb devstack@c-api.service[107843]: INFO cinder.api.openstack.wsgi [None req-b6f30b75-a953-41e8-90ee-8b35591a551e tempest-VolumesImageMetadata-1913821733 tempest-VolumesImageMetadata-1913821733-project] GET http://10.222.0.57/volume/v3/7dc509859bc4461b863a4d2572a10a1c/volumes/5dcfbc1a-840d-4b6a-961b-a72f52985650
Aug 19 11:40:31.018953 dv-cinder-802882-10-smb devstack@c-api.service[107843]: DEBUG cinder.api.openstack.wsgi [None req-b6f30b75-a953-41e8-90ee-8b35591a551e tempest-VolumesImageMetadata-1913821733 tempest-VolumesImageMetadata-1913821733-project] Empty body provided in request {{(pid=107843) get_body /opt/stack/cinder/cinder/api/openstack/wsgi.py:703}}
Aug 19 11:40:31.018953 dv-cinder-802882-10-smb devstack@c-api.service[107843]: /usr/local/lib/python3.8/dist-packages/webob/acceptparse.py:1047: DeprecationWarning: The behavior of AcceptValidHeader.best_match is currently being maintained for backward compatibility, but it will be deprecated in the future, as it does not conform to the RFC.
Aug 19 11:40:31.018953 dv-cinder-802882-10-smb devstack@c-api.service[107843]: warnings.warn(
Aug 19 11:40:31.018953 dv-cinder-802882-10-smb devstack@c-api.service[107843]: DEBUG cinder.api.openstack.wsgi [None req-b6f30b75-a953-41e8-90ee-8b35591a551e tempest-VolumesImageMetadata-1913821733 tempest-VolumesImageMetadata-1913821733-project] Calling method 'show' {{(pid=107843) _process_stack /opt/stack/cinder/cinder/api/openstack/wsgi.py:856}}
Aug 19 11:40:31.035777 dv-cinder-802882-10-smb devstack@c-api.service[107843]: /usr/local/lib/python3.8/dist-packages/oslo_context/context.py:105: DeprecationWarning: Policy enforcement is depending on the value of is_admin. This key is deprecated. Please update your policy file to use the standard policy values.
Aug 19 11:40:31.035777 dv-cinder-802882-10-smb devstack@c-api.service[107843]: warnings.warn('Policy enforcement is depending on the value of '
Aug 19 11:40:31.044979 dv-cinder-802882-10-smb devstack@c-api.service[107843]: INFO cinder.volume.api [None req-b6f30b75-a953-41e8-90ee-8b35591a551e tempest-VolumesImageMetadata-1913821733 tempest-VolumesImageMetadata-1913821733-project] Volume info retrieved successfully.
Aug 19 11:40:31.061457 dv-cinder-802882-10-smb devstack@c-api.service[107843]: INFO cinder.api.openstack.wsgi [None req-b6f30b75-a953-41e8-90ee-8b35591a551e tempest-VolumesImageMetadata-1913821733 tempest-VolumesImageMetadata-1913821733-project] http://10.222.0.57/volume/v3/7dc509859bc4461b863a4d2572a10a1c/volumes/5dcfbc1a-840d-4b6a-961b-a72f52985650 returned with HTTP 200
Aug 19 11:40:31.062226 dv-cinder-802882-10-smb devstack@c-api.service[107843]: [pid: 107843|app: 0|req: 229/427] 10.222.0.57 () {58 vars in 1325 bytes} [Thu Aug 19 11:40:31 2021] GET /volume/v3/7dc509859bc4461b863a4d2572a10a1c/volumes/5dcfbc1a-840d-4b6a-961b-a72f52985650 => generated 911 bytes in 57 msecs (HTTP/1.1 200) 7 headers in 285 bytes (1 switches on core 0)
Aug 19 11:40:31.081866 dv-cinder-802882-10-smb devstack@c-api.service[107843]: INFO cinder.api.openstack.wsgi [None req-49dd63be-3566-46fd-a8a3-e3e4e8c315b2 tempest-VolumesMetadataTest-1673283124 tempest-VolumesMetadataTest-1673283124-project] GET http://10.222.0.57/volume/v3/5d06030fd6de4d5f9b37fe61709f08e7/volumes/db2a5554-e8a9-4bea-9d59-5d048dd7d3be/metadata
Aug 19 11:40:31.081866 dv-cinder-802882-10-smb devstack@c-api.service[107843]: DEBUG cinder.api.openstack.wsgi [None req-49dd63be-3566-46fd-a8a3-e3e4e8c315b2 tempest-VolumesMetadataTest-1673283124 tempest-VolumesMetadataTest-1673283124-project] Empty body provided in request {{(pid=107843) get_body /opt/stack/cinder/cinder/api/openstack/wsgi.py:703}}
Aug 19 11:40:31.081866 dv-cinder-802882-10-smb devstack@c-api.service[107843]: /usr/local/lib/python3.8/dist-packages/webob/acceptparse.py:1047: DeprecationWarning: The behavior of AcceptValidHeader.best_match is currently being maintained for backward compatibility, but it will be deprecated in the future, as it does not conform to the RFC.
Aug 19 11:40:31.081866 dv-cinder-802882-10-smb devstack@c-api.service[107843]: warnings.warn(
Aug 19 11:40:31.081866 dv-cinder-802882-10-smb devstack@c-api.service[107843]: DEBUG cinder.api.openstack.wsgi [None req-49dd63be-3566-46fd-a8a3-e3e4e8c315b2 tempest-VolumesMetadataTest-1673283124 tempest-VolumesMetadataTest-1673283124-project] Calling method 'index' {{(pid=107843) _process_stack /opt/stack/cinder/cinder/api/openstack/wsgi.py:856}}
Aug 19 11:40:31.092214 dv-cinder-802882-10-smb devstack@c-api.service[107843]: /usr/local/lib/python3.8/dist-packages/oslo_context/context.py:105: DeprecationWarning: Policy enforcement is depending on the value of is_admin. This key is deprecated. Please update your policy file to use the standard policy values.
Aug 19 11:40:31.092214 dv-cinder-802882-10-smb devstack@c-api.service[107843]: warnings.warn('Policy enforcement is depending on the value of '
Aug 19 11:40:31.093606 dv-cinder-802882-10-smb devstack@c-api.service[107843]: INFO cinder.volume.api [None req-49dd63be-3566-46fd-a8a3-e3e4e8c315b2 tempest-VolumesMetadataTest-1673283124 tempest-VolumesMetadataTest-1673283124-project] Volume info retrieved successfully.
Aug 19 11:40:31.103322 dv-cinder-802882-10-smb devstack@c-api.service[107843]: INFO cinder.volume.api [None req-49dd63be-3566-46fd-a8a3-e3e4e8c315b2 tempest-VolumesMetadataTest-1673283124 tempest-VolumesMetadataTest-1673283124-project] Get volume metadata completed successfully.
Aug 19 11:40:31.104128 dv-cinder-802882-10-smb devstack@c-api.service[107843]: INFO cinder.api.openstack.wsgi [None req-49dd63be-3566-46fd-a8a3-e3e4e8c315b2 tempest-VolumesMetadataTest-1673283124 tempest-VolumesMetadataTest-1673283124-project] http://10.222.0.57/volume/v3/5d06030fd6de4d5f9b37fe61709f08e7/volumes/db2a5554-e8a9-4bea-9d59-5d048dd7d3be/metadata returned with HTTP 200
Aug 19 11:40:31.109702 dv-cinder-802882-10-smb devstack@c-api.service[107843]: [pid: 107843|app: 0|req: 230/428] 10.222.0.57 () {58 vars in 1352 bytes} [Thu Aug 19 11:40:31 2021] GET /volume/v3/5d06030fd6de4d5f9b37fe61709f08e7/volumes/db2a5554-e8a9-4bea-9d59-5d048dd7d3be/metadata => generated 101 bytes in 34 msecs (HTTP/1.1 200) 7 headers in 285 bytes (1 switches on core 0)
Aug 19 11:40:31.114291 dv-cinder-802882-10-smb devstack@c-api.service[107843]: INFO cinder.api.openstack.wsgi [None req-b49e7918-b57d-431d-bae9-c71905659fba tempest-VolumesMetadataTest-1673283124 tempest-VolumesMetadataTest-1673283124-project] PUT http://10.222.0.57/volume/v3/5d06030fd6de4d5f9b37fe61709f08e7/volumes/db2a5554-e8a9-4bea-9d59-5d048dd7d3be/metadata
Aug 19 11:40:31.114671 dv-cinder-802882-10-smb devstack@c-api.service[107843]: /usr/local/lib/python3.8/dist-packages/webob/acceptparse.py:1047: DeprecationWarning: The behavior of AcceptValidHeader.best_match is currently being maintained for backward compatibility, but it will be deprecated in the future, as it does not conform to the RFC.
Aug 19 11:40:31.114671 dv-cinder-802882-10-smb devstack@c-api.service[107843]: warnings.warn(
Aug 19 11:40:31.115017 dv-cinder-802882-10-smb devstack@c-api.service[107843]: DEBUG cinder.api.openstack.wsgi [None req-b49e7918-b57d-431d-bae9-c71905659fba tempest-VolumesMetadataTest-1673283124 tempest-VolumesMetadataTest-1673283124-project] Action: 'update_all', calling method: update_all, body: {"metadata": {"key4": "value4", "key1": "value1_update"}} {{(pid=107843) _process_stack /opt/stack/cinder/cinder/api/openstack/wsgi.py:854}}
Aug 19 11:40:31.130789 dv-cinder-802882-10-smb devstack@c-api.service[107843]: /usr/local/lib/python3.8/dist-packages/oslo_context/context.py:105: DeprecationWarning: Policy enforcement is depending on the value of is_admin. This key is deprecated. Please update your policy file to use the standard policy values.
Aug 19 11:40:31.130789 dv-cinder-802882-10-smb devstack@c-api.service[107843]: warnings.warn('Policy enforcement is depending on the value of '
Aug 19 11:40:31.131861 dv-cinder-802882-10-smb devstack@c-api.service[107843]: INFO cinder.volume.api [None req-b49e7918-b57d-431d-bae9-c71905659fba tempest-VolumesMetadataTest-1673283124 tempest-VolumesMetadataTest-1673283124-project] Volume info retrieved successfully.
Aug 19 11:40:31.224074 dv-cinder-802882-10-smb devstack@c-api.service[107842]: DEBUG cinder.quota [None req-b2805a9a-f0d8-4dcc-9995-954874235c85 tempest-VolumeTypesAccessTest-1580568161 tempest-VolumeTypesAccessTest-1580568161-project] Created reservations ['0df2a3a4-08c9-4059-894a-a133dcaf6413', '3b7498f2-7ca4-477a-a483-e23e0c1921b0', '719cfcaf-1ec0-406a-88a3-2f741caf120b', '9c3a397e-670a-4eb7-bd36-46b05b60034d'] {{(pid=107842) reserve /opt/stack/cinder/cinder/quota.py:755}}
Aug 19 11:40:31.226003 dv-cinder-802882-10-smb devstack@c-api.service[107842]: DEBUG cinder.volume.api [None req-b2805a9a-f0d8-4dcc-9995-954874235c85 tempest-VolumeTypesAccessTest-1580568161 tempest-VolumeTypesAccessTest-1580568161-project] Task 'cinder.volume.flows.api.create_volume.QuotaReserveTask;volume:create' (7cc6408a-c68d-4448-98c8-47cc8db25f68) transitioned into state 'SUCCESS' from state 'RUNNING' with result '{'reservations': ['0df2a3a4-08c9-4059-894a-a133dcaf6413', '3b7498f2-7ca4-477a-a483-e23e0c1921b0', '719cfcaf-1ec0-406a-88a3-2f741caf120b', '9c3a397e-670a-4eb7-bd36-46b05b60034d']}' {{(pid=107842) _task_receiver /usr/local/lib/python3.8/dist-packages/taskflow/listeners/logging.py:178}}
Aug 19 11:40:31.228576 dv-cinder-802882-10-smb devstack@c-api.service[107842]: DEBUG cinder.volume.api [None req-b2805a9a-f0d8-4dcc-9995-954874235c85 tempest-VolumeTypesAccessTest-1580568161 tempest-VolumeTypesAccessTest-1580568161-project] Task 'cinder.volume.flows.api.create_volume.EntryCreateTask;volume:create' (0a7a6f58-044e-4668-9461-b0589502e338) transitioned into state 'RUNNING' from state 'PENDING' {{(pid=107842) _task_receiver /usr/local/lib/python3.8/dist-packages/taskflow/listeners/logging.py:190}}
Aug 19 11:40:31.351541 dv-cinder-802882-10-smb devstack@c-api.service[107842]: DEBUG cinder.volume.api [None req-b2805a9a-f0d8-4dcc-9995-954874235c85 tempest-VolumeTypesAccessTest-1580568161 tempest-VolumeTypesAccessTest-1580568161-project] Task 'cinder.volume.flows.api.create_volume.EntryCreateTask;volume:create' (0a7a6f58-044e-4668-9461-b0589502e338) transitioned into state 'SUCCESS' from state 'RUNNING' with result '{'volume_id': '396290c7-0928-4935-85a9-3a6b6f034a2c', 'volume_properties': VolumeProperties(attach_status='detached',availability_zone='nova',cgsnapshot_id=None,consistencygroup_id=None,display_description=None,display_name='tempest-VolumeTypesAccessTest-Volume-1364282256',encryption_key_id=None,group_id=None,group_type_id=,metadata={},multiattach=False,project_id='67af43c2e0ec42c58b715fe228818af1',qos_specs=None,replication_status=,reservations=['0df2a3a4-08c9-4059-894a-a133dcaf6413','3b7498f2-7ca4-477a-a483-e23e0c1921b0','719cfcaf-1ec0-406a-88a3-2f741caf120b','9c3a397e-670a-4eb7-bd36-46b05b60034d'],size=1,snapshot_id=None,source_replicaid=,source_volid=None,status='creating',user_id='a594d4b8611342ac92690e6ef9efb590',volume_type_id=4b5a43c2-27b5-450a-aca5-6d50163fe2d4), 'volume': Volume(_name_id=None,admin_metadata=,attach_status='detached',availability_zone='nova',bootable=False,cluster=,cluster_name=None,consistencygroup=,consistencygroup_id=None,created_at=2021-08-19T11:40:31Z,deleted=False,deleted_at=None,display_description=None,display_name='tempest-VolumeTypesAccessTest-Volume-1364282256',ec2_id=None,encryption_key_id=None,glance_metadata=,group=,group_id=None,host=None,id=396290c7-0928-4935-85a9-3a6b6f034a2c,launched_at=None,metadata={},migration_status=None,multiattach=False,previous_status=None,project_id='67af43c2e0ec42c58b715fe228818af1',provider_auth=None,provider_geometry=None,provider_id=None,provider_location=None,replication_driver_data=None,replication_extended_status=None,replication_status=None,scheduled_at=None,service_uuid=None,shared_targets=True,size=1,snapshot_id=None,snapshots=,source_volid=None,status='creating',terminated_at=None,updated_at=None,user_id='a594d4b8611342ac92690e6ef9efb590',volume_attachment=,volume_type=VolumeType(4b5a43c2-27b5-450a-aca5-6d50163fe2d4),volume_type_id=4b5a43c2-27b5-450a-aca5-6d50163fe2d4)}' {{(pid=107842) _task_receiver /usr/local/lib/python3.8/dist-packages/taskflow/listeners/logging.py:178}}
Aug 19 11:40:31.356807 dv-cinder-802882-10-smb devstack@c-api.service[107842]: DEBUG cinder.volume.api [None req-b2805a9a-f0d8-4dcc-9995-954874235c85 tempest-VolumeTypesAccessTest-1580568161 tempest-VolumeTypesAccessTest-1580568161-project] Task 'cinder.volume.flows.api.create_volume.QuotaCommitTask;volume:create' (b2c4d924-55b5-49c3-a164-aba8c15d1da7) transitioned into state 'RUNNING' from state 'PENDING' {{(pid=107842) _task_receiver /usr/local/lib/python3.8/dist-packages/taskflow/listeners/logging.py:190}}
Aug 19 11:40:31.363145 dv-cinder-802882-10-smb devstack@c-api.service[107843]: INFO cinder.volume.api [None req-b49e7918-b57d-431d-bae9-c71905659fba tempest-VolumesMetadataTest-1673283124 tempest-VolumesMetadataTest-1673283124-project] Update volume metadata completed successfully.
Aug 19 11:40:31.363710 dv-cinder-802882-10-smb devstack@c-api.service[107843]: INFO cinder.api.openstack.wsgi [None req-b49e7918-b57d-431d-bae9-c71905659fba tempest-VolumesMetadataTest-1673283124 tempest-VolumesMetadataTest-1673283124-project] http://10.222.0.57/volume/v3/5d06030fd6de4d5f9b37fe61709f08e7/volumes/db2a5554-e8a9-4bea-9d59-5d048dd7d3be/metadata returned with HTTP 200
Aug 19 11:40:31.365630 dv-cinder-802882-10-smb devstack@c-api.service[107843]: [pid: 107843|app: 0|req: 231/429] 10.222.0.57 () {60 vars in 1372 bytes} [Thu Aug 19 11:40:31 2021] PUT /volume/v3/5d06030fd6de4d5f9b37fe61709f08e7/volumes/db2a5554-e8a9-4bea-9d59-5d048dd7d3be/metadata => generated 57 bytes in 255 msecs (HTTP/1.1 200) 7 headers in 284 bytes (2 switches on core 0)
Aug 19 11:40:31.380182 dv-cinder-802882-10-smb devstack@c-api.service[107843]: INFO cinder.api.openstack.wsgi [None req-486e6be7-a49c-4dc3-93d8-d66936e5fd7a tempest-VolumesMetadataTest-1673283124 tempest-VolumesMetadataTest-1673283124-project] GET http://10.222.0.57/volume/v3/5d06030fd6de4d5f9b37fe61709f08e7/volumes/db2a5554-e8a9-4bea-9d59-5d048dd7d3be/metadata
Aug 19 11:40:31.380682 dv-cinder-802882-10-smb devstack@c-api.service[107843]: DEBUG cinder.api.openstack.wsgi [None req-486e6be7-a49c-4dc3-93d8-d66936e5fd7a tempest-VolumesMetadataTest-1673283124 tempest-VolumesMetadataTest-1673283124-project] Empty body provided in request {{(pid=107843) get_body /opt/stack/cinder/cinder/api/openstack/wsgi.py:703}}
Aug 19 11:40:31.381311 dv-cinder-802882-10-smb devstack@c-api.service[107843]: /usr/local/lib/python3.8/dist-packages/webob/acceptparse.py:1047: DeprecationWarning: The behavior of AcceptValidHeader.best_match is currently being maintained for backward compatibility, but it will be deprecated in the future, as it does not conform to the RFC.
Aug 19 11:40:31.381311 dv-cinder-802882-10-smb devstack@c-api.service[107843]: warnings.warn(
Aug 19 11:40:31.381311 dv-cinder-802882-10-smb devstack@c-api.service[107843]: DEBUG cinder.api.openstack.wsgi [None req-486e6be7-a49c-4dc3-93d8-d66936e5fd7a tempest-VolumesMetadataTest-1673283124 tempest-VolumesMetadataTest-1673283124-project] Calling method 'index' {{(pid=107843) _process_stack /opt/stack/cinder/cinder/api/openstack/wsgi.py:856}}
Aug 19 11:40:31.408617 dv-cinder-802882-10-smb devstack@c-api.service[107843]: /usr/local/lib/python3.8/dist-packages/oslo_context/context.py:105: DeprecationWarning: Policy enforcement is depending on the value of is_admin. This key is deprecated. Please update your policy file to use the standard policy values.
Aug 19 11:40:31.408617 dv-cinder-802882-10-smb devstack@c-api.service[107843]: warnings.warn('Policy enforcement is depending on the value of '
Aug 19 11:40:31.415075 dv-cinder-802882-10-smb devstack@c-api.service[107843]: INFO cinder.volume.api [None req-486e6be7-a49c-4dc3-93d8-d66936e5fd7a tempest-VolumesMetadataTest-1673283124 tempest-VolumesMetadataTest-1673283124-project] Volume info retrieved successfully.
Aug 19 11:40:31.433292 dv-cinder-802882-10-smb devstack@c-api.service[107843]: INFO cinder.volume.api [None req-486e6be7-a49c-4dc3-93d8-d66936e5fd7a tempest-VolumesMetadataTest-1673283124 tempest-VolumesMetadataTest-1673283124-project] Get volume metadata completed successfully.
Aug 19 11:40:31.436195 dv-cinder-802882-10-smb devstack@c-api.service[107843]: INFO cinder.api.openstack.wsgi [None req-486e6be7-a49c-4dc3-93d8-d66936e5fd7a tempest-VolumesMetadataTest-1673283124 tempest-VolumesMetadataTest-1673283124-project] http://10.222.0.57/volume/v3/5d06030fd6de4d5f9b37fe61709f08e7/volumes/db2a5554-e8a9-4bea-9d59-5d048dd7d3be/metadata returned with HTTP 200
Aug 19 11:40:31.441273 dv-cinder-802882-10-smb devstack@c-api.service[107843]: [pid: 107843|app: 0|req: 232/430] 10.222.0.57 () {58 vars in 1352 bytes} [Thu Aug 19 11:40:31 2021] GET /volume/v3/5d06030fd6de4d5f9b37fe61709f08e7/volumes/db2a5554-e8a9-4bea-9d59-5d048dd7d3be/metadata => generated 57 bytes in 65 msecs (HTTP/1.1 200) 7 headers in 284 bytes (1 switches on core 0)
Aug 19 11:40:31.448417 dv-cinder-802882-10-smb devstack@c-api.service[107843]: INFO cinder.api.openstack.wsgi [None req-cf2cef52-bf3e-40bf-b902-e3554468547b tempest-VolumesMetadataTest-1673283124 tempest-VolumesMetadataTest-1673283124-project] DELETE http://10.222.0.57/volume/v3/5d06030fd6de4d5f9b37fe61709f08e7/volumes/db2a5554-e8a9-4bea-9d59-5d048dd7d3be/metadata/key1
Aug 19 11:40:31.448896 dv-cinder-802882-10-smb devstack@c-api.service[107843]: DEBUG cinder.api.openstack.wsgi [None req-cf2cef52-bf3e-40bf-b902-e3554468547b tempest-VolumesMetadataTest-1673283124 tempest-VolumesMetadataTest-1673283124-project] Empty body provided in request {{(pid=107843) get_body /opt/stack/cinder/cinder/api/openstack/wsgi.py:703}}
Aug 19 11:40:31.449066 dv-cinder-802882-10-smb devstack@c-api.service[107843]: /usr/local/lib/python3.8/dist-packages/webob/acceptparse.py:1047: DeprecationWarning: The behavior of AcceptValidHeader.best_match is currently being maintained for backward compatibility, but it will be deprecated in the future, as it does not conform to the RFC.
Aug 19 11:40:31.449066 dv-cinder-802882-10-smb devstack@c-api.service[107843]: warnings.warn(
Aug 19 11:40:31.449387 dv-cinder-802882-10-smb devstack@c-api.service[107843]: DEBUG cinder.api.openstack.wsgi [None req-cf2cef52-bf3e-40bf-b902-e3554468547b tempest-VolumesMetadataTest-1673283124 tempest-VolumesMetadataTest-1673283124-project] Calling method 'delete' {{(pid=107843) _process_stack /opt/stack/cinder/cinder/api/openstack/wsgi.py:856}}
Aug 19 11:40:31.475402 dv-cinder-802882-10-smb devstack@c-api.service[107843]: /usr/local/lib/python3.8/dist-packages/oslo_context/context.py:105: DeprecationWarning: Policy enforcement is depending on the value of is_admin. This key is deprecated. Please update your policy file to use the standard policy values.
Aug 19 11:40:31.475402 dv-cinder-802882-10-smb devstack@c-api.service[107843]: warnings.warn('Policy enforcement is depending on the value of '
Aug 19 11:40:31.476846 dv-cinder-802882-10-smb devstack@c-api.service[107843]: INFO cinder.volume.api [None req-cf2cef52-bf3e-40bf-b902-e3554468547b tempest-VolumesMetadataTest-1673283124 tempest-VolumesMetadataTest-1673283124-project] Volume info retrieved successfully.
Aug 19 11:40:31.489558 dv-cinder-802882-10-smb devstack@c-api.service[107843]: INFO cinder.volume.api [None req-cf2cef52-bf3e-40bf-b902-e3554468547b tempest-VolumesMetadataTest-1673283124 tempest-VolumesMetadataTest-1673283124-project] Get volume metadata completed successfully.
Aug 19 11:40:31.507401 dv-cinder-802882-10-smb devstack@c-api.service[107842]: DEBUG cinder.volume.api [None req-b2805a9a-f0d8-4dcc-9995-954874235c85 tempest-VolumeTypesAccessTest-1580568161 tempest-VolumeTypesAccessTest-1580568161-project] Task 'cinder.volume.flows.api.create_volume.QuotaCommitTask;volume:create' (b2c4d924-55b5-49c3-a164-aba8c15d1da7) transitioned into state 'SUCCESS' from state 'RUNNING' with result '{'volume_properties': VolumeProperties(attach_status='detached',availability_zone='nova',cgsnapshot_id=None,consistencygroup_id=None,display_description=None,display_name='tempest-VolumeTypesAccessTest-Volume-1364282256',encryption_key_id=None,group_id=None,group_type_id=,metadata={},multiattach=False,project_id='67af43c2e0ec42c58b715fe228818af1',qos_specs=None,replication_status=,reservations=['0df2a3a4-08c9-4059-894a-a133dcaf6413','3b7498f2-7ca4-477a-a483-e23e0c1921b0','719cfcaf-1ec0-406a-88a3-2f741caf120b','9c3a397e-670a-4eb7-bd36-46b05b60034d'],size=1,snapshot_id=None,source_replicaid=,source_volid=None,status='creating',user_id='a594d4b8611342ac92690e6ef9efb590',volume_type_id=4b5a43c2-27b5-450a-aca5-6d50163fe2d4)}' {{(pid=107842) _task_receiver /usr/local/lib/python3.8/dist-packages/taskflow/listeners/logging.py:178}}
Aug 19 11:40:31.510553 dv-cinder-802882-10-smb devstack@c-api.service[107842]: DEBUG cinder.volume.api [None req-b2805a9a-f0d8-4dcc-9995-954874235c85 tempest-VolumeTypesAccessTest-1580568161 tempest-VolumeTypesAccessTest-1580568161-project] Task 'cinder.volume.flows.api.create_volume.VolumeCastTask;volume:create' (8be615c6-dddb-4bb4-906f-ddcd30548e1b) transitioned into state 'RUNNING' from state 'PENDING' {{(pid=107842) _task_receiver /usr/local/lib/python3.8/dist-packages/taskflow/listeners/logging.py:190}}
Aug 19 11:40:31.652961 dv-cinder-802882-10-smb devstack@c-api.service[107843]: INFO cinder.volume.api [None req-cf2cef52-bf3e-40bf-b902-e3554468547b tempest-VolumesMetadataTest-1673283124 tempest-VolumesMetadataTest-1673283124-project] Delete volume metadata completed successfully.
Aug 19 11:40:31.656836 dv-cinder-802882-10-smb devstack@c-api.service[107843]: INFO cinder.api.openstack.wsgi [None req-cf2cef52-bf3e-40bf-b902-e3554468547b tempest-VolumesMetadataTest-1673283124 tempest-VolumesMetadataTest-1673283124-project] http://10.222.0.57/volume/v3/5d06030fd6de4d5f9b37fe61709f08e7/volumes/db2a5554-e8a9-4bea-9d59-5d048dd7d3be/metadata/key1 returned with HTTP 200
Aug 19 11:40:31.664358 dv-cinder-802882-10-smb devstack@c-api.service[107843]: [pid: 107843|app: 0|req: 233/431] 10.222.0.57 () {58 vars in 1370 bytes} [Thu Aug 19 11:40:31 2021] DELETE /volume/v3/5d06030fd6de4d5f9b37fe61709f08e7/volumes/db2a5554-e8a9-4bea-9d59-5d048dd7d3be/metadata/key1 => generated 0 bytes in 222 msecs (HTTP/1.1 200) 6 headers in 227 bytes (1 switches on core 0)
Aug 19 11:40:31.674501 dv-cinder-802882-10-smb devstack@c-api.service[107842]: DEBUG cinder.volume.api [None req-b2805a9a-f0d8-4dcc-9995-954874235c85 tempest-VolumeTypesAccessTest-1580568161 tempest-VolumeTypesAccessTest-1580568161-project] Task 'cinder.volume.flows.api.create_volume.VolumeCastTask;volume:create' (8be615c6-dddb-4bb4-906f-ddcd30548e1b) transitioned into state 'SUCCESS' from state 'RUNNING' with result 'None' {{(pid=107842) _task_receiver /usr/local/lib/python3.8/dist-packages/taskflow/listeners/logging.py:178}}
Aug 19 11:40:31.679378 dv-cinder-802882-10-smb devstack@c-api.service[107843]: INFO cinder.api.openstack.wsgi [None req-ac0528a9-27ce-4d42-bb91-8c2a13acd81e tempest-VolumesMetadataTest-1673283124 tempest-VolumesMetadataTest-1673283124-project] GET http://10.222.0.57/volume/v3/5d06030fd6de4d5f9b37fe61709f08e7/volumes/db2a5554-e8a9-4bea-9d59-5d048dd7d3be/metadata
Aug 19 11:40:31.679863 dv-cinder-802882-10-smb devstack@c-api.service[107843]: DEBUG cinder.api.openstack.wsgi [None req-ac0528a9-27ce-4d42-bb91-8c2a13acd81e tempest-VolumesMetadataTest-1673283124 tempest-VolumesMetadataTest-1673283124-project] Empty body provided in request {{(pid=107843) get_body /opt/stack/cinder/cinder/api/openstack/wsgi.py:703}}
Aug 19 11:40:31.680043 dv-cinder-802882-10-smb devstack@c-api.service[107843]: /usr/local/lib/python3.8/dist-packages/webob/acceptparse.py:1047: DeprecationWarning: The behavior of AcceptValidHeader.best_match is currently being maintained for backward compatibility, but it will be deprecated in the future, as it does not conform to the RFC.
Aug 19 11:40:31.680043 dv-cinder-802882-10-smb devstack@c-api.service[107843]: warnings.warn(
Aug 19 11:40:31.680380 dv-cinder-802882-10-smb devstack@c-api.service[107843]: DEBUG cinder.api.openstack.wsgi [None req-ac0528a9-27ce-4d42-bb91-8c2a13acd81e tempest-VolumesMetadataTest-1673283124 tempest-VolumesMetadataTest-1673283124-project] Calling method 'index' {{(pid=107843) _process_stack /opt/stack/cinder/cinder/api/openstack/wsgi.py:856}}
Aug 19 11:40:31.682917 dv-cinder-802882-10-smb devstack@c-api.service[107842]: DEBUG cinder.volume.api [None req-b2805a9a-f0d8-4dcc-9995-954874235c85 tempest-VolumeTypesAccessTest-1580568161 tempest-VolumeTypesAccessTest-1580568161-project] Flow 'volume_create_api' (0d4245f5-9490-4640-8563-634bfaac5ed0) transitioned into state 'SUCCESS' from state 'RUNNING' {{(pid=107842) _flow_receiver /usr/local/lib/python3.8/dist-packages/taskflow/listeners/logging.py:141}}
Aug 19 11:40:31.693742 dv-cinder-802882-10-smb devstack@c-api.service[107842]: INFO cinder.volume.api [None req-b2805a9a-f0d8-4dcc-9995-954874235c85 tempest-VolumeTypesAccessTest-1580568161 tempest-VolumeTypesAccessTest-1580568161-project] Create volume request issued successfully.
Aug 19 11:40:31.708630 dv-cinder-802882-10-smb devstack@c-api.service[107842]: INFO cinder.api.openstack.wsgi [None req-b2805a9a-f0d8-4dcc-9995-954874235c85 tempest-VolumeTypesAccessTest-1580568161 tempest-VolumeTypesAccessTest-1580568161-project] http://10.222.0.57/volume/v3/67af43c2e0ec42c58b715fe228818af1/volumes returned with HTTP 202
Aug 19 11:40:31.710102 dv-cinder-802882-10-smb devstack@c-api.service[107843]: /usr/local/lib/python3.8/dist-packages/oslo_context/context.py:105: DeprecationWarning: Policy enforcement is depending on the value of is_admin. This key is deprecated. Please update your policy file to use the standard policy values.
Aug 19 11:40:31.710102 dv-cinder-802882-10-smb devstack@c-api.service[107843]: warnings.warn('Policy enforcement is depending on the value of '
Aug 19 11:40:31.712739 dv-cinder-802882-10-smb devstack@c-api.service[107843]: INFO cinder.volume.api [None req-ac0528a9-27ce-4d42-bb91-8c2a13acd81e tempest-VolumesMetadataTest-1673283124 tempest-VolumesMetadataTest-1673283124-project] Volume info retrieved successfully.
Aug 19 11:40:31.720517 dv-cinder-802882-10-smb devstack@c-api.service[107842]: [pid: 107842|app: 0|req: 199/432] 10.222.0.57 () {60 vars in 1236 bytes} [Thu Aug 19 11:40:30 2021] POST /volume/v3/67af43c2e0ec42c58b715fe228818af1/volumes => generated 861 bytes in 1062 msecs (HTTP/1.1 202) 7 headers in 291 bytes (2 switches on core 0)
Aug 19 11:40:31.733496 dv-cinder-802882-10-smb devstack@c-api.service[107843]: INFO cinder.volume.api [None req-ac0528a9-27ce-4d42-bb91-8c2a13acd81e tempest-VolumesMetadataTest-1673283124 tempest-VolumesMetadataTest-1673283124-project] Get volume metadata completed successfully.
Aug 19 11:40:31.735425 dv-cinder-802882-10-smb devstack@c-api.service[107842]: INFO cinder.api.openstack.wsgi [None req-8dd6392b-4338-46db-a3ea-9eebbf11fb61 tempest-VolumeTypesAccessTest-1580568161 tempest-VolumeTypesAccessTest-1580568161-project] GET http://10.222.0.57/volume/v3/67af43c2e0ec42c58b715fe228818af1/volumes/396290c7-0928-4935-85a9-3a6b6f034a2c
Aug 19 11:40:31.735876 dv-cinder-802882-10-smb devstack@c-api.service[107842]: DEBUG cinder.api.openstack.wsgi [None req-8dd6392b-4338-46db-a3ea-9eebbf11fb61 tempest-VolumeTypesAccessTest-1580568161 tempest-VolumeTypesAccessTest-1580568161-project] Empty body provided in request {{(pid=107842) get_body /opt/stack/cinder/cinder/api/openstack/wsgi.py:703}}
Aug 19 11:40:31.736152 dv-cinder-802882-10-smb devstack@c-api.service[107843]: INFO cinder.api.openstack.wsgi [None req-ac0528a9-27ce-4d42-bb91-8c2a13acd81e tempest-VolumesMetadataTest-1673283124 tempest-VolumesMetadataTest-1673283124-project] http://10.222.0.57/volume/v3/5d06030fd6de4d5f9b37fe61709f08e7/volumes/db2a5554-e8a9-4bea-9d59-5d048dd7d3be/metadata returned with HTTP 200
Aug 19 11:40:31.736276 dv-cinder-802882-10-smb devstack@c-api.service[107842]: /usr/local/lib/python3.8/dist-packages/webob/acceptparse.py:1047: DeprecationWarning: The behavior of AcceptValidHeader.best_match is currently being maintained for backward compatibility, but it will be deprecated in the future, as it does not conform to the RFC.
Aug 19 11:40:31.736276 dv-cinder-802882-10-smb devstack@c-api.service[107842]: warnings.warn(
Aug 19 11:40:31.736521 dv-cinder-802882-10-smb devstack@c-api.service[107842]: DEBUG cinder.api.openstack.wsgi [None req-8dd6392b-4338-46db-a3ea-9eebbf11fb61 tempest-VolumeTypesAccessTest-1580568161 tempest-VolumeTypesAccessTest-1580568161-project] Calling method 'show' {{(pid=107842) _process_stack /opt/stack/cinder/cinder/api/openstack/wsgi.py:856}}
Aug 19 11:40:31.742113 dv-cinder-802882-10-smb devstack@c-api.service[107843]: [pid: 107843|app: 0|req: 234/433] 10.222.0.57 () {58 vars in 1352 bytes} [Thu Aug 19 11:40:31 2021] GET /volume/v3/5d06030fd6de4d5f9b37fe61709f08e7/volumes/db2a5554-e8a9-4bea-9d59-5d048dd7d3be/metadata => generated 32 bytes in 73 msecs (HTTP/1.1 200) 7 headers in 284 bytes (1 switches on core 0)
Aug 19 11:40:31.750363 dv-cinder-802882-10-smb devstack@c-api.service[107843]: INFO cinder.api.openstack.wsgi [None req-ed110b6c-e64f-42ac-bcbd-3317eb73cd48 tempest-VolumesMetadataTest-1673283124 tempest-VolumesMetadataTest-1673283124-project] PUT http://10.222.0.57/volume/v3/5d06030fd6de4d5f9b37fe61709f08e7/volumes/db2a5554-e8a9-4bea-9d59-5d048dd7d3be/metadata
Aug 19 11:40:31.754335 dv-cinder-802882-10-smb devstack@c-api.service[107843]: /usr/local/lib/python3.8/dist-packages/webob/acceptparse.py:1047: DeprecationWarning: The behavior of AcceptValidHeader.best_match is currently being maintained for backward compatibility, but it will be deprecated in the future, as it does not conform to the RFC.
Aug 19 11:40:31.754335 dv-cinder-802882-10-smb devstack@c-api.service[107843]: warnings.warn(
Aug 19 11:40:31.754971 dv-cinder-802882-10-smb devstack@c-api.service[107843]: DEBUG cinder.api.openstack.wsgi [None req-ed110b6c-e64f-42ac-bcbd-3317eb73cd48 tempest-VolumesMetadataTest-1673283124 tempest-VolumesMetadataTest-1673283124-project] Action: 'update_all', calling method: update_all, body: {"metadata": {}} {{(pid=107843) _process_stack /opt/stack/cinder/cinder/api/openstack/wsgi.py:854}}
Aug 19 11:40:31.759228 dv-cinder-802882-10-smb devstack@c-api.service[107842]: /usr/local/lib/python3.8/dist-packages/oslo_context/context.py:105: DeprecationWarning: Policy enforcement is depending on the value of is_admin. This key is deprecated. Please update your policy file to use the standard policy values.
Aug 19 11:40:31.759228 dv-cinder-802882-10-smb devstack@c-api.service[107842]: warnings.warn('Policy enforcement is depending on the value of '
Aug 19 11:40:31.782395 dv-cinder-802882-10-smb devstack@c-api.service[107843]: /usr/local/lib/python3.8/dist-packages/oslo_context/context.py:105: DeprecationWarning: Policy enforcement is depending on the value of is_admin. This key is deprecated. Please update your policy file to use the standard policy values.
Aug 19 11:40:31.782395 dv-cinder-802882-10-smb devstack@c-api.service[107843]: warnings.warn('Policy enforcement is depending on the value of '
Aug 19 11:40:31.789518 dv-cinder-802882-10-smb devstack@c-api.service[107842]: INFO cinder.volume.api [None req-8dd6392b-4338-46db-a3ea-9eebbf11fb61 tempest-VolumeTypesAccessTest-1580568161 tempest-VolumeTypesAccessTest-1580568161-project] Volume info retrieved successfully.
Aug 19 11:40:31.801749 dv-cinder-802882-10-smb devstack@c-api.service[107843]: INFO cinder.volume.api [None req-ed110b6c-e64f-42ac-bcbd-3317eb73cd48 tempest-VolumesMetadataTest-1673283124 tempest-VolumesMetadataTest-1673283124-project] Volume info retrieved successfully.
Aug 19 11:40:31.825789 dv-cinder-802882-10-smb devstack@c-api.service[107842]: INFO cinder.api.openstack.wsgi [None req-8dd6392b-4338-46db-a3ea-9eebbf11fb61 tempest-VolumeTypesAccessTest-1580568161 tempest-VolumeTypesAccessTest-1580568161-project] http://10.222.0.57/volume/v3/67af43c2e0ec42c58b715fe228818af1/volumes/396290c7-0928-4935-85a9-3a6b6f034a2c returned with HTTP 200
Aug 19 11:40:31.825789 dv-cinder-802882-10-smb devstack@c-api.service[107842]: [pid: 107842|app: 0|req: 200/434] 10.222.0.57 () {58 vars in 1325 bytes} [Thu Aug 19 11:40:31 2021] GET /volume/v3/67af43c2e0ec42c58b715fe228818af1/volumes/396290c7-0928-4935-85a9-3a6b6f034a2c => generated 929 bytes in 92 msecs (HTTP/1.1 200) 7 headers in 285 bytes (1 switches on core 0)
Aug 19 11:40:31.920464 dv-cinder-802882-10-smb devstack@c-api.service[107843]: INFO cinder.volume.api [None req-ed110b6c-e64f-42ac-bcbd-3317eb73cd48 tempest-VolumesMetadataTest-1673283124 tempest-VolumesMetadataTest-1673283124-project] Update volume metadata completed successfully.
Aug 19 11:40:31.921001 dv-cinder-802882-10-smb devstack@c-api.service[107843]: INFO cinder.api.openstack.wsgi [None req-ed110b6c-e64f-42ac-bcbd-3317eb73cd48 tempest-VolumesMetadataTest-1673283124 tempest-VolumesMetadataTest-1673283124-project] http://10.222.0.57/volume/v3/5d06030fd6de4d5f9b37fe61709f08e7/volumes/db2a5554-e8a9-4bea-9d59-5d048dd7d3be/metadata returned with HTTP 200
Aug 19 11:40:31.927930 dv-cinder-802882-10-smb devstack@c-api.service[107843]: [pid: 107843|app: 0|req: 235/435] 10.222.0.57 () {60 vars in 1372 bytes} [Thu Aug 19 11:40:31 2021] PUT /volume/v3/5d06030fd6de4d5f9b37fe61709f08e7/volumes/db2a5554-e8a9-4bea-9d59-5d048dd7d3be/metadata => generated 16 bytes in 185 msecs (HTTP/1.1 200) 7 headers in 284 bytes (1 switches on core 0)
Aug 19 11:40:31.932517 dv-cinder-802882-10-smb devstack@c-api.service[107842]: INFO cinder.api.openstack.wsgi [None req-43ba3381-e332-473f-bdaa-65213fc4f757 tempest-VolumesMetadataTest-1673283124 tempest-VolumesMetadataTest-1673283124-project] POST http://10.222.0.57/volume/v3/5d06030fd6de4d5f9b37fe61709f08e7/volumes/db2a5554-e8a9-4bea-9d59-5d048dd7d3be/metadata
Aug 19 11:40:31.932922 dv-cinder-802882-10-smb devstack@c-api.service[107842]: /usr/local/lib/python3.8/dist-packages/webob/acceptparse.py:1047: DeprecationWarning: The behavior of AcceptValidHeader.best_match is currently being maintained for backward compatibility, but it will be deprecated in the future, as it does not conform to the RFC.
Aug 19 11:40:31.932922 dv-cinder-802882-10-smb devstack@c-api.service[107842]: warnings.warn(
Aug 19 11:40:31.933536 dv-cinder-802882-10-smb devstack@c-api.service[107842]: DEBUG cinder.api.openstack.wsgi [None req-43ba3381-e332-473f-bdaa-65213fc4f757 tempest-VolumesMetadataTest-1673283124 tempest-VolumesMetadataTest-1673283124-project] Action: 'create', calling method: create, body: {"metadata": {"key1": "value1", "key2": "value2", "key3": "value3"}} {{(pid=107842) _process_stack /opt/stack/cinder/cinder/api/openstack/wsgi.py:854}}
Aug 19 11:40:31.984195 dv-cinder-802882-10-smb devstack@c-api.service[107842]: /usr/local/lib/python3.8/dist-packages/oslo_context/context.py:105: DeprecationWarning: Policy enforcement is depending on the value of is_admin. This key is deprecated. Please update your policy file to use the standard policy values.
Aug 19 11:40:31.984195 dv-cinder-802882-10-smb devstack@c-api.service[107842]: warnings.warn('Policy enforcement is depending on the value of '
Aug 19 11:40:31.986240 dv-cinder-802882-10-smb devstack@c-api.service[107842]: INFO cinder.volume.api [None req-43ba3381-e332-473f-bdaa-65213fc4f757 tempest-VolumesMetadataTest-1673283124 tempest-VolumesMetadataTest-1673283124-project] Volume info retrieved successfully.
Aug 19 11:40:32.079541 dv-cinder-802882-10-smb devstack@c-api.service[107843]: INFO cinder.api.openstack.wsgi [None req-1c889de1-9b13-4825-8357-90f52ec1ffd3 tempest-VolumesImageMetadata-1913821733 tempest-VolumesImageMetadata-1913821733-project] GET http://10.222.0.57/volume/v3/7dc509859bc4461b863a4d2572a10a1c/volumes/5dcfbc1a-840d-4b6a-961b-a72f52985650
Aug 19 11:40:32.080277 dv-cinder-802882-10-smb devstack@c-api.service[107843]: DEBUG cinder.api.openstack.wsgi [None req-1c889de1-9b13-4825-8357-90f52ec1ffd3 tempest-VolumesImageMetadata-1913821733 tempest-VolumesImageMetadata-1913821733-project] Empty body provided in request {{(pid=107843) get_body /opt/stack/cinder/cinder/api/openstack/wsgi.py:703}}
Aug 19 11:40:32.080658 dv-cinder-802882-10-smb devstack@c-api.service[107843]: /usr/local/lib/python3.8/dist-packages/webob/acceptparse.py:1047: DeprecationWarning: The behavior of AcceptValidHeader.best_match is currently being maintained for backward compatibility, but it will be deprecated in the future, as it does not conform to the RFC.
Aug 19 11:40:32.080658 dv-cinder-802882-10-smb devstack@c-api.service[107843]: warnings.warn(
Aug 19 11:40:32.082289 dv-cinder-802882-10-smb devstack@c-api.service[107843]: DEBUG cinder.api.openstack.wsgi [None req-1c889de1-9b13-4825-8357-90f52ec1ffd3 tempest-VolumesImageMetadata-1913821733 tempest-VolumesImageMetadata-1913821733-project] Calling method 'show' {{(pid=107843) _process_stack /opt/stack/cinder/cinder/api/openstack/wsgi.py:856}}
Aug 19 11:40:32.099163 dv-cinder-802882-10-smb devstack@c-api.service[107843]: /usr/local/lib/python3.8/dist-packages/oslo_context/context.py:105: DeprecationWarning: Policy enforcement is depending on the value of is_admin. This key is deprecated. Please update your policy file to use the standard policy values.
Aug 19 11:40:32.099163 dv-cinder-802882-10-smb devstack@c-api.service[107843]: warnings.warn('Policy enforcement is depending on the value of '
Aug 19 11:40:32.108299 dv-cinder-802882-10-smb devstack@c-api.service[107843]: INFO cinder.volume.api [None req-1c889de1-9b13-4825-8357-90f52ec1ffd3 tempest-VolumesImageMetadata-1913821733 tempest-VolumesImageMetadata-1913821733-project] Volume info retrieved successfully.
Aug 19 11:40:32.117255 dv-cinder-802882-10-smb devstack@c-api.service[107842]: INFO cinder.volume.api [None req-43ba3381-e332-473f-bdaa-65213fc4f757 tempest-VolumesMetadataTest-1673283124 tempest-VolumesMetadataTest-1673283124-project] Create volume metadata completed successfully.
Aug 19 11:40:32.118472 dv-cinder-802882-10-smb devstack@c-api.service[107842]: INFO cinder.api.openstack.wsgi [None req-43ba3381-e332-473f-bdaa-65213fc4f757 tempest-VolumesMetadataTest-1673283124 tempest-VolumesMetadataTest-1673283124-project] http://10.222.0.57/volume/v3/5d06030fd6de4d5f9b37fe61709f08e7/volumes/db2a5554-e8a9-4bea-9d59-5d048dd7d3be/metadata returned with HTTP 200
Aug 19 11:40:32.124309 dv-cinder-802882-10-smb devstack@c-api.service[107842]: [pid: 107842|app: 0|req: 201/436] 10.222.0.57 () {60 vars in 1373 bytes} [Thu Aug 19 11:40:31 2021] POST /volume/v3/5d06030fd6de4d5f9b37fe61709f08e7/volumes/db2a5554-e8a9-4bea-9d59-5d048dd7d3be/metadata => generated 68 bytes in 192 msecs (HTTP/1.1 200) 7 headers in 284 bytes (2 switches on core 0)
Aug 19 11:40:32.129413 dv-cinder-802882-10-smb devstack@c-api.service[107842]: INFO cinder.api.openstack.wsgi [None req-a935cf22-7fe9-4b2c-926b-a3140e8ceba0 tempest-VolumesMetadataTest-1673283124 tempest-VolumesMetadataTest-1673283124-project] PUT http://10.222.0.57/volume/v3/5d06030fd6de4d5f9b37fe61709f08e7/volumes/db2a5554-e8a9-4bea-9d59-5d048dd7d3be/metadata/key3
Aug 19 11:40:32.129833 dv-cinder-802882-10-smb devstack@c-api.service[107842]: /usr/local/lib/python3.8/dist-packages/webob/acceptparse.py:1047: DeprecationWarning: The behavior of AcceptValidHeader.best_match is currently being maintained for backward compatibility, but it will be deprecated in the future, as it does not conform to the RFC.
Aug 19 11:40:32.129833 dv-cinder-802882-10-smb devstack@c-api.service[107842]: warnings.warn(
Aug 19 11:40:32.130240 dv-cinder-802882-10-smb devstack@c-api.service[107842]: DEBUG cinder.api.openstack.wsgi [None req-a935cf22-7fe9-4b2c-926b-a3140e8ceba0 tempest-VolumesMetadataTest-1673283124 tempest-VolumesMetadataTest-1673283124-project] Action: 'update', calling method: update, body: {"meta": {"key3": "value3_update"}} {{(pid=107842) _process_stack /opt/stack/cinder/cinder/api/openstack/wsgi.py:854}}
Aug 19 11:40:32.144412 dv-cinder-802882-10-smb devstack@c-api.service[107843]: INFO cinder.api.openstack.wsgi [None req-1c889de1-9b13-4825-8357-90f52ec1ffd3 tempest-VolumesImageMetadata-1913821733 tempest-VolumesImageMetadata-1913821733-project] http://10.222.0.57/volume/v3/7dc509859bc4461b863a4d2572a10a1c/volumes/5dcfbc1a-840d-4b6a-961b-a72f52985650 returned with HTTP 200
Aug 19 11:40:32.145148 dv-cinder-802882-10-smb devstack@c-api.service[107843]: [pid: 107843|app: 0|req: 236/437] 10.222.0.57 () {58 vars in 1325 bytes} [Thu Aug 19 11:40:32 2021] GET /volume/v3/7dc509859bc4461b863a4d2572a10a1c/volumes/5dcfbc1a-840d-4b6a-961b-a72f52985650 => generated 911 bytes in 71 msecs (HTTP/1.1 200) 7 headers in 285 bytes (1 switches on core 0)
Aug 19 11:40:32.157125 dv-cinder-802882-10-smb devstack@c-api.service[107842]: /usr/local/lib/python3.8/dist-packages/oslo_context/context.py:105: DeprecationWarning: Policy enforcement is depending on the value of is_admin. This key is deprecated. Please update your policy file to use the standard policy values.
