Jul 29 08:44:58.922944 dv-cinder-802781-1-smb neutron-server[79225]: DEBUG neutron_lib.callbacks.manager [None req-298dc110-6c87-48f3-85fb-455f341a2f80 admin admin] Notify callbacks ['neutron.plugins.ml2.ovo_rpc._ObjectChangeHandler.handle_event-992081'] for security_group, after_create {{(pid=79225) _notify_loop /usr/local/lib/python3.8/dist-packages/neutron_lib/callbacks/manager.py:192}}
Jul 29 08:44:59.105857 dv-cinder-802781-1-smb neutron-server[79225]: DEBUG neutron.scheduler.base_scheduler [req-1c5c9180-3488-4306-82ed-a863e10438d0 req-16f43069-a103-4290-b535-c6aaab2aa67b tempest-DeleteServersTestJSON-725736407 tempest-DeleteServersTestJSON-725736407-project] Resources bound (agent type, host, resource id): {{(pid=79225) schedule /opt/stack/neutron/neutron/scheduler/base_scheduler.py:57}}
Jul 29 08:44:59.110123 dv-cinder-802781-1-smb neutron-server[79225]: DEBUG neutron.db.l3_dvrscheduler_db [req-1c5c9180-3488-4306-82ed-a863e10438d0 req-16f43069-a103-4290-b535-c6aaab2aa67b tempest-DeleteServersTestJSON-725736407 tempest-DeleteServersTestJSON-725736407-project] Received port after_create {{(pid=79225) _notify_l3_agent_new_port /opt/stack/neutron/neutron/db/l3_dvrscheduler_db.py:537}}
Jul 29 08:44:59.121904 dv-cinder-802781-1-smb neutron-server[79225]: DEBUG neutron.pecan_wsgi.hooks.policy_enforcement [req-1c5c9180-3488-4306-82ed-a863e10438d0 req-16f43069-a103-4290-b535-c6aaab2aa67b tempest-DeleteServersTestJSON-725736407 tempest-DeleteServersTestJSON-725736407-project] Attributes excluded by policy engine: ['standard_attr_id', 'binding:profile', 'binding:host_id', 'binding:vif_type', 'binding:vif_details', 'network'] {{(pid=79225) _exclude_attributes_by_policy /opt/stack/neutron/neutron/pecan_wsgi/hooks/policy_enforcement.py:255}}
Jul 29 08:44:59.122856 dv-cinder-802781-1-smb neutron-server[79225]: DEBUG neutron_lib.callbacks.manager [req-1c5c9180-3488-4306-82ed-a863e10438d0 req-16f43069-a103-4290-b535-c6aaab2aa67b tempest-DeleteServersTestJSON-725736407 tempest-DeleteServersTestJSON-725736407-project] Notify callbacks ['neutron.notifiers.nova.Notifier._send_nova_notification-205143', 'neutron.api.rpc.agentnotifiers.dhcp_rpc_agent_api.DhcpAgentNotifyAPI._send_dhcp_notification-642792'] for port, before_response {{(pid=79225) _notify_loop /usr/local/lib/python3.8/dist-packages/neutron_lib/callbacks/manager.py:192}}
Jul 29 08:44:59.136498 dv-cinder-802781-1-smb neutron-server[79225]: DEBUG neutron.scheduler.dhcp_agent_scheduler [None req-f4523202-19f4-448c-b1b0-962bdcc987e0 admin admin] Network 5e44050b-98f9-4618-8371-cbf9d9442fd7 is already hosted by enough agents. {{(pid=79225) _get_dhcp_agents_hosting_network /opt/stack/neutron/neutron/scheduler/dhcp_agent_scheduler.py:275}}
Jul 29 08:44:59.187331 dv-cinder-802781-1-smb neutron-server[79226]: DEBUG neutron_lib.callbacks.manager [None req-dd013e7d-a78d-4b4e-9017-71928d69accc None None] Notify callbacks ['neutron.plugins.ml2.plugin.SecurityGroupDbMixin._ensure_default_security_group_handler-1853241'] for port, before_update {{(pid=79226) _notify_loop /usr/local/lib/python3.8/dist-packages/neutron_lib/callbacks/manager.py:192}}
Jul 29 08:44:59.220829 dv-cinder-802781-1-smb neutron-server[79225]: DEBUG neutron.scheduler.base_scheduler [None req-f4523202-19f4-448c-b1b0-962bdcc987e0 admin admin] Resources bound (agent type, host, resource id): {{(pid=79225) schedule /opt/stack/neutron/neutron/scheduler/base_scheduler.py:57}}
Jul 29 08:44:59.267796 dv-cinder-802781-1-smb neutron-server[79226]: DEBUG neutron.plugins.ml2.db [None req-dd013e7d-a78d-4b4e-9017-71928d69accc None None] For port cb4abfb4-c91e-42d5-9a23-418f06f070f4, host dv-cinder-802781-1-smb, got binding levels [PortBindingLevel(driver='openvswitch',host='dv-cinder-802781-1-smb',level=0,port_id=cb4abfb4-c91e-42d5-9a23-418f06f070f4,segment=NetworkSegment(aa9d9e95-f0f2-437f-93b5-7ecd7a12d4e5),segment_id=aa9d9e95-f0f2-437f-93b5-7ecd7a12d4e5)] {{(pid=79226) get_binding_level_objs /opt/stack/neutron/neutron/plugins/ml2/db.py:75}}
Jul 29 08:44:59.283013 dv-cinder-802781-1-smb neutron-server[79225]: INFO neutron.wsgi [None req-298dc110-6c87-48f3-85fb-455f341a2f80 admin admin] 10.222.0.36 "GET /v2.0/security-groups?tenant_id=4c95c816f4f04691b6d423c914b2c9ab&name=default HTTP/1.1" status: 200 len: 2979 time: 1.7949398
Jul 29 08:44:59.300536 dv-cinder-802781-1-smb neutron-server[79224]: DEBUG neutron.wsgi [-] (79224) accepted ('10.222.0.36', 39712) {{(pid=79224) server /usr/local/lib/python3.8/dist-packages/eventlet/wsgi.py:992}}
Jul 29 08:44:59.463807 dv-cinder-802781-1-smb neutron-server[79226]: DEBUG neutron_lib.callbacks.manager [None req-dd013e7d-a78d-4b4e-9017-71928d69accc None None] Notify callbacks ['neutron.plugins.ml2.plugin.SecurityGroupServerNotifierRpcMixin.notify_sg_on_port_change-1852916', 'neutron.plugins.ml2.ovo_rpc._ObjectChangeHandler.handle_event-63982', 'neutron.api.rpc.agentnotifiers.dhcp_rpc_agent_api.DhcpAgentNotifyAPI._native_event_send_dhcp_notification-642814', 'neutron.db.l3_db.L3RpcNotifierMixin._notify_gateway_port_ip_changed-8759894809667', 'neutron.db.l3_dvrscheduler_db._notify_l3_agent_port_update-8759894361658', 'neutron.db.l3_hascheduler_db._notify_l3_agent_ha_port_update-8759894361703'] for port, after_update {{(pid=79226) _notify_loop /usr/local/lib/python3.8/dist-packages/neutron_lib/callbacks/manager.py:192}}
Jul 29 08:44:59.466089 dv-cinder-802781-1-smb neutron-server[79226]: DEBUG neutron.plugins.ml2.rpc [None req-dd013e7d-a78d-4b4e-9017-71928d69accc None None] Device 69ab6de0-f0c7-4758-be2c-de0932a91a4a up at agent ovs-agent-dv-cinder-802781-1-smb {{(pid=79226) update_device_up /opt/stack/neutron/neutron/plugins/ml2/rpc.py:278}}
Jul 29 08:44:59.489239 dv-cinder-802781-1-smb neutron-server[79225]: DEBUG neutron.api.rpc.handlers.resources_rpc [None req-16f43069-a103-4290-b535-c6aaab2aa67b tempest-DeleteServersTestJSON-725736407 tempest-DeleteServersTestJSON-725736407-project] Pushing event updated for resources: {'Port': ['ID=ab73657f-84c4-4214-a332-e83fbcd97a7a,revision_number=1']} {{(pid=79225) push /opt/stack/neutron/neutron/api/rpc/handlers/resources_rpc.py:237}}
Jul 29 08:44:59.556729 dv-cinder-802781-1-smb neutron-server[79225]: DEBUG oslo_concurrency.lockutils [None req-16f43069-a103-4290-b535-c6aaab2aa67b tempest-DeleteServersTestJSON-725736407 tempest-DeleteServersTestJSON-725736407-project] Lock "event-dispatch" released by "neutron.plugins.ml2.ovo_rpc._ObjectChangeHandler.dispatch_events" :: held 0.781s {{(pid=79225) inner /usr/local/lib/python3.8/dist-packages/oslo_concurrency/lockutils.py:367}}
Jul 29 08:44:59.557127 dv-cinder-802781-1-smb neutron-server[79225]: DEBUG oslo_concurrency.lockutils [None req-8d87db1c-8997-45b1-9f63-3db1ba09a6fa admin admin] Lock "event-dispatch" acquired by "neutron.plugins.ml2.ovo_rpc._ObjectChangeHandler.dispatch_events" :: waited 0.323s {{(pid=79225) inner /usr/local/lib/python3.8/dist-packages/oslo_concurrency/lockutils.py:355}}
Jul 29 08:44:59.594497 dv-cinder-802781-1-smb neutron-server[79224]: DEBUG neutron.api.rpc.agentnotifiers.l3_rpc_agent_api [None req-a390a2fd-ac68-4be5-b962-786ed55514b5 admin admin] Notify agent at l3_agent.dv-cinder-802781-1-smb the message routers_updated {{(pid=79224) _agent_notification /opt/stack/neutron/neutron/api/rpc/agentnotifiers/l3_rpc_agent_api.py:68}}
Jul 29 08:44:59.608525 dv-cinder-802781-1-smb neutron-server[79227]: DEBUG neutron.api.rpc.handlers.l3_rpc [None req-a5aa5598-9861-4dc9-8822-a7788e76a5b5 None None] Sync routers for ids ['5eeb953d-2c63-4184-a8ad-57493d125113'] in dv-cinder-802781-1-smb {{(pid=79227) sync_routers /opt/stack/neutron/neutron/api/rpc/handlers/l3_rpc.py:125}}
Jul 29 08:44:59.631193 dv-cinder-802781-1-smb neutron-server[79227]: DEBUG neutron.db.l3_dvrscheduler_db [None req-a5aa5598-9861-4dc9-8822-a7788e76a5b5 None None] Routers {'5eeb953d-2c63-4184-a8ad-57493d125113'} bound to L3 agent in host dv-cinder-802781-1-smb {{(pid=79227) _get_router_ids_for_agent /opt/stack/neutron/neutron/db/l3_dvrscheduler_db.py:422}}
Jul 29 08:44:59.631856 dv-cinder-802781-1-smb neutron-server[79227]: DEBUG neutron.db.l3_hamode_db [None req-a5aa5598-9861-4dc9-8822-a7788e76a5b5 None None] neutron.services.l3_router.l3_router_plugin.L3RouterPlugin method get_ha_sync_data_for_host called with arguments (, 'dv-cinder-802781-1-smb', Agent(admin_state_up=True,agent_type='L3 agent',availability_zone='nova',binary='neutron-l3-agent',configurations={"agent_mode": "legacy", "ex_gw_ports": 1, "extensions": [], "floating_ips": 0, "handle_internal_only_routers": true, "interface_driver": "openvswitch", "interfaces": 1, "log_agent_heartbeats": false, "routers": 1},created_at=2021-07-29T08:36:14Z,description=,heartbeat_timestamp=2021-07-29T08:44:44Z,host='dv-cinder-802781-1-smb',id=20ca4c5a-44e8-42b2-9533-2823c8479c26,load=0,resource_versions=,resources_synced=,started_at=2021-07-29T08:36:15Z,topic='l3_agent')) {'router_ids': ['5eeb953d-2c63-4184-a8ad-57493d125113'], 'active': True} {{(pid=79227) wrapper /usr/local/lib/python3.8/dist-packages/oslo_log/helpers.py:65}}
Jul 29 08:44:59.669652 dv-cinder-802781-1-smb neutron-server[79226]: DEBUG oslo_concurrency.lockutils [None req-dd013e7d-a78d-4b4e-9017-71928d69accc None None] Lock "event-dispatch" acquired by "neutron.plugins.ml2.ovo_rpc._ObjectChangeHandler.dispatch_events" :: waited 0.000s {{(pid=79226) inner /usr/local/lib/python3.8/dist-packages/oslo_concurrency/lockutils.py:355}}
Jul 29 08:44:59.698646 dv-cinder-802781-1-smb neutron-server[79224]: INFO neutron.wsgi [None req-a390a2fd-ac68-4be5-b962-786ed55514b5 admin admin] 10.222.0.36 "PUT /v2.0/routers/5eeb953d-2c63-4184-a8ad-57493d125113/add_router_interface HTTP/1.1" status: 200 len: 503 time: 8.1869252
Jul 29 08:44:59.715516 dv-cinder-802781-1-smb neutron-server[79225]: INFO neutron.wsgi [req-1c5c9180-3488-4306-82ed-a863e10438d0 req-16f43069-a103-4290-b535-c6aaab2aa67b tempest-DeleteServersTestJSON-725736407 tempest-DeleteServersTestJSON-725736407-project] 10.222.0.11 "POST /v2.0/ports HTTP/1.1" status: 201 len: 934 time: 4.0195580
Jul 29 08:44:59.750378 dv-cinder-802781-1-smb neutron-server[79225]: DEBUG neutron.api.rpc.handlers.resources_rpc [None req-298dc110-6c87-48f3-85fb-455f341a2f80 admin admin] Pushing event updated for resources: {'SecurityGroup': ['ID=a29a49f9-a871-4f7b-bfe2-62f091876052,revision_number=1']} {{(pid=79225) push /opt/stack/neutron/neutron/api/rpc/handlers/resources_rpc.py:237}}
Jul 29 08:44:59.756154 dv-cinder-802781-1-smb neutron-server[79225]: DEBUG neutron.wsgi [req-1c5c9180-3488-4306-82ed-a863e10438d0 req-3f037b88-bfa7-40b7-bc48-d31680dae7cd tempest-DeleteServersTestJSON-725736407 tempest-DeleteServersTestJSON-725736407-project] http://10.222.0.36:9696/v2.0/extensions returned with HTTP 200 {{(pid=79225) __call__ /opt/stack/neutron/neutron/wsgi.py:729}}
Jul 29 08:44:59.760255 dv-cinder-802781-1-smb neutron-server[79225]: INFO neutron.wsgi [req-1c5c9180-3488-4306-82ed-a863e10438d0 req-3f037b88-bfa7-40b7-bc48-d31680dae7cd tempest-DeleteServersTestJSON-725736407 tempest-DeleteServersTestJSON-725736407-project] 10.222.0.11 "GET /v2.0/extensions HTTP/1.1" status: 200 len: 13640 time: 0.0215909
Jul 29 08:44:59.800499 dv-cinder-802781-1-smb neutron-server[79224]: DEBUG neutron_lib.callbacks.manager [req-0040360c-b176-4f6c-b1c9-fd0add0422bb req-7073c63d-17c6-4fb0-ba2a-6f7709a0d3f5 tempest-AttachVolumeNegativeTest-157028152 tempest-AttachVolumeNegativeTest-157028152-project] Notify callbacks [] for port, precommit_create {{(pid=79224) _notify_loop /usr/local/lib/python3.8/dist-packages/neutron_lib/callbacks/manager.py:192}}
Jul 29 08:44:59.834990 dv-cinder-802781-1-smb neutron-server[79226]: DEBUG neutron.api.rpc.handlers.resources_rpc [None req-dd013e7d-a78d-4b4e-9017-71928d69accc None None] Pushing event updated for resources: {'Port': ['ID=cb4abfb4-c91e-42d5-9a23-418f06f070f4,revision_number=4']} {{(pid=79226) push /opt/stack/neutron/neutron/api/rpc/handlers/resources_rpc.py:237}}
Jul 29 08:44:59.841239 dv-cinder-802781-1-smb neutron-server[79226]: DEBUG oslo_concurrency.lockutils [None req-dd013e7d-a78d-4b4e-9017-71928d69accc None None] Lock "event-dispatch" released by "neutron.plugins.ml2.ovo_rpc._ObjectChangeHandler.dispatch_events" :: held 0.172s {{(pid=79226) inner /usr/local/lib/python3.8/dist-packages/oslo_concurrency/lockutils.py:367}}
Jul 29 08:44:59.864218 dv-cinder-802781-1-smb neutron-server[79226]: DEBUG neutron.db.provisioning_blocks [None req-dd013e7d-a78d-4b4e-9017-71928d69accc None None] Provisioning complete for port 69ab6de0-f0c7-4758-be2c-de0932a91a4a triggered by entity L2. {{(pid=79226) provisioning_complete /opt/stack/neutron/neutron/db/provisioning_blocks.py:139}}
Jul 29 08:44:59.864827 dv-cinder-802781-1-smb neutron-server[79226]: DEBUG neutron_lib.callbacks.manager [None req-dd013e7d-a78d-4b4e-9017-71928d69accc None None] Notify callbacks ['neutron.plugins.ml2.plugin.Ml2Plugin._port_provisioned-1837549'] for port, provisioning_complete {{(pid=79226) _notify_loop /usr/local/lib/python3.8/dist-packages/neutron_lib/callbacks/manager.py:192}}
Jul 29 08:44:59.894929 dv-cinder-802781-1-smb neutron-server[79225]: DEBUG oslo_concurrency.lockutils [None req-298dc110-6c87-48f3-85fb-455f341a2f80 admin admin] Lock "event-dispatch" released by "neutron.plugins.ml2.ovo_rpc._ObjectChangeHandler.dispatch_events" :: held 0.338s {{(pid=79225) inner /usr/local/lib/python3.8/dist-packages/oslo_concurrency/lockutils.py:367}}
Jul 29 08:44:59.965898 dv-cinder-802781-1-smb neutron-server[79226]: DEBUG neutron.db.provisioning_blocks [None req-eeba65d3-7cf4-46f9-9319-c3b61225d847 None None] Provisioning complete for port b910b37e-afc7-4963-baad-d55ca3248751 triggered by entity DHCP. {{(pid=79226) provisioning_complete /opt/stack/neutron/neutron/db/provisioning_blocks.py:139}}
Jul 29 08:44:59.978396 dv-cinder-802781-1-smb neutron-server[79226]: DEBUG neutron_lib.callbacks.manager [None req-eeba65d3-7cf4-46f9-9319-c3b61225d847 None None] Notify callbacks ['neutron.plugins.ml2.plugin.Ml2Plugin._port_provisioned-1837549'] for port, provisioning_complete {{(pid=79226) _notify_loop /usr/local/lib/python3.8/dist-packages/neutron_lib/callbacks/manager.py:192}}
Jul 29 08:45:00.065866 dv-cinder-802781-1-smb neutron-server[79224]: DEBUG neutron_lib.callbacks.manager [None req-c17f77a7-db15-4ddd-a9c2-4cf86447dcd1 admin admin] Notify callbacks ['neutron.plugins.ml2.plugin.Ml2Plugin._network_delete_precommit_handler-1865572', 'neutron.services.segments.db._delete_segments_for_network-8759894807965'] for network, precommit_delete {{(pid=79224) _notify_loop /usr/local/lib/python3.8/dist-packages/neutron_lib/callbacks/manager.py:192}}
Jul 29 08:45:00.082169 dv-cinder-802781-1-smb neutron-server[79225]: INFO neutron.wsgi [req-4ee0a46d-7081-4947-a520-006bbb427254 req-c70d5041-6242-4037-8a13-7a4cdaad33e8 tempest-AttachVolumeNegativeTest-157028152 tempest-AttachVolumeNegativeTest-157028152-project] 10.222.0.36 "GET /v2.0/ports?device_id=21a3a184-5204-43e6-ab19-da94d0dace6f HTTP/1.1" status: 200 len: 210 time: 0.1862381
Jul 29 08:45:00.161108 dv-cinder-802781-1-smb neutron-server[79225]: DEBUG neutron.scheduler.l3_agent_scheduler [None req-f4523202-19f4-448c-b1b0-962bdcc987e0 admin admin] Router ac7918a5-2ce7-4434-8161-e63c56928af5 has already been hosted by L3 agent 20ca4c5a-44e8-42b2-9533-2823c8479c26 {{(pid=79225) _get_candidates /opt/stack/neutron/neutron/scheduler/l3_agent_scheduler.py:127}}
Jul 29 08:45:00.178182 dv-cinder-802781-1-smb neutron-server[79224]: DEBUG neutron.pecan_wsgi.hooks.policy_enforcement [req-485a17d5-ecbe-408e-9d6f-4e5f8af4eb47 req-a5ba59db-f100-4f00-8836-f71a2b4bc309 tempest-DeleteServersTestJSON-725736407 tempest-DeleteServersTestJSON-725736407-project] Attributes excluded by policy engine: ['standard_attr_id', 'binding:profile', 'binding:host_id', 'binding:vif_type', 'binding:vif_details'] {{(pid=79224) _exclude_attributes_by_policy /opt/stack/neutron/neutron/pecan_wsgi/hooks/policy_enforcement.py:255}}
Jul 29 08:45:00.188655 dv-cinder-802781-1-smb neutron-server[79224]: INFO neutron.wsgi [req-485a17d5-ecbe-408e-9d6f-4e5f8af4eb47 req-a5ba59db-f100-4f00-8836-f71a2b4bc309 tempest-DeleteServersTestJSON-725736407 tempest-DeleteServersTestJSON-725736407-project] 10.222.0.36 "GET /v2.0/ports?device_id=f91b696c-c103-4155-abb9-c2e7805a3558 HTTP/1.1" status: 200 len: 932 time: 0.8888609
Jul 29 08:45:00.198093 dv-cinder-802781-1-smb neutron-server[79224]: DEBUG neutron_lib.callbacks.manager [None req-c17f77a7-db15-4ddd-a9c2-4cf86447dcd1 admin admin] Subscribe: > segment before_delete 55550000 {{(pid=79224) subscribe /usr/local/lib/python3.8/dist-packages/neutron_lib/callbacks/manager.py:45}}
Jul 29 08:45:00.198447 dv-cinder-802781-1-smb neutron-server[79224]: DEBUG neutron_lib.callbacks.manager [None req-c17f77a7-db15-4ddd-a9c2-4cf86447dcd1 admin admin] Subscribe: > subnet precommit_delete_associations 55550000 {{(pid=79224) subscribe /usr/local/lib/python3.8/dist-packages/neutron_lib/callbacks/manager.py:45}}
Jul 29 08:45:00.205303 dv-cinder-802781-1-smb neutron-server[79224]: DEBUG neutron_lib.callbacks.manager [None req-c17f77a7-db15-4ddd-a9c2-4cf86447dcd1 admin admin] Subscribe: > segment_host_mapping after_create 55550000 {{(pid=79224) subscribe /usr/local/lib/python3.8/dist-packages/neutron_lib/callbacks/manager.py:45}}
Jul 29 08:45:00.205711 dv-cinder-802781-1-smb neutron-server[79224]: DEBUG neutron_lib.callbacks.manager [None req-c17f77a7-db15-4ddd-a9c2-4cf86447dcd1 admin admin] Subscribe: > port after_create 55550000 {{(pid=79224) subscribe /usr/local/lib/python3.8/dist-packages/neutron_lib/callbacks/manager.py:45}}
Jul 29 08:45:00.206067 dv-cinder-802781-1-smb neutron-server[79224]: DEBUG neutron_lib.callbacks.manager [None req-c17f77a7-db15-4ddd-a9c2-4cf86447dcd1 admin admin] Subscribe: > port after_delete 55550000 {{(pid=79224) subscribe /usr/local/lib/python3.8/dist-packages/neutron_lib/callbacks/manager.py:45}}
Jul 29 08:45:00.206431 dv-cinder-802781-1-smb neutron-server[79224]: DEBUG neutron_lib.callbacks.manager [None req-c17f77a7-db15-4ddd-a9c2-4cf86447dcd1 admin admin] Subscribe: > port after_update 55550000 {{(pid=79224) subscribe /usr/local/lib/python3.8/dist-packages/neutron_lib/callbacks/manager.py:45}}
Jul 29 08:45:00.210632 dv-cinder-802781-1-smb neutron-server[79224]: DEBUG neutron_lib.callbacks.manager [None req-c17f77a7-db15-4ddd-a9c2-4cf86447dcd1 admin admin] Subscribe: > segment after_delete 55550000 {{(pid=79224) subscribe /usr/local/lib/python3.8/dist-packages/neutron_lib/callbacks/manager.py:45}}
Jul 29 08:45:00.212132 dv-cinder-802781-1-smb neutron-server[79224]: DEBUG neutron_lib.callbacks.manager [None req-c17f77a7-db15-4ddd-a9c2-4cf86447dcd1 admin admin] Subscribe: > subnet after_create 55550000 {{(pid=79224) subscribe /usr/local/lib/python3.8/dist-packages/neutron_lib/callbacks/manager.py:45}}
Jul 29 08:45:00.212489 dv-cinder-802781-1-smb neutron-server[79224]: DEBUG neutron_lib.callbacks.manager [None req-c17f77a7-db15-4ddd-a9c2-4cf86447dcd1 admin admin] Subscribe: > subnet after_delete 55550000 {{(pid=79224) subscribe /usr/local/lib/python3.8/dist-packages/neutron_lib/callbacks/manager.py:45}}
Jul 29 08:45:00.215650 dv-cinder-802781-1-smb neutron-server[79224]: DEBUG neutron_lib.callbacks.manager [None req-c17f77a7-db15-4ddd-a9c2-4cf86447dcd1 admin admin] Subscribe: > subnet after_update 55550000 {{(pid=79224) subscribe /usr/local/lib/python3.8/dist-packages/neutron_lib/callbacks/manager.py:45}}
Jul 29 08:45:00.249058 dv-cinder-802781-1-smb neutron-server[79227]: DEBUG neutron.db.l3_dvr_db [None req-a5aa5598-9861-4dc9-8822-a7788e76a5b5 None None] Set router 5eeb953d-2c63-4184-a8ad-57493d125113 gateway port host: dv-cinder-802781-1-smb {{(pid=79227) _build_routers_list /opt/stack/neutron/neutron/db/l3_dvr_db.py:875}}
Jul 29 08:45:00.252512 dv-cinder-802781-1-smb neutron-server[79226]: DEBUG neutron.plugins.ml2.plugin [None req-eeba65d3-7cf4-46f9-9319-c3b61225d847 None None] Port b910b37e-afc7-4963-baad-d55ca3248751 cannot update to ACTIVE because it is not bound. {{(pid=79226) _port_provisioned /opt/stack/neutron/neutron/plugins/ml2/plugin.py:337}}
Jul 29 08:45:00.438158 dv-cinder-802781-1-smb neutron-server[79226]: DEBUG neutron.plugins.ml2.rpc [None req-dd013e7d-a78d-4b4e-9017-71928d69accc None None] Device cb4abfb4-c91e-42d5-9a23-418f06f070f4 up at agent ovs-agent-dv-cinder-802781-1-smb {{(pid=79226) update_device_up /opt/stack/neutron/neutron/plugins/ml2/rpc.py:278}}
Jul 29 08:45:00.441524 dv-cinder-802781-1-smb neutron-server[79225]: DEBUG neutron.api.v2.base [req-1c5c9180-3488-4306-82ed-a863e10438d0 req-80d47877-365a-418f-8022-71f6e936ea88 service neutron] Request body: {'port': {'device_id': 'f91b696c-c103-4155-abb9-c2e7805a3558', 'device_owner': 'compute:nova', 'binding:host_id': 'hv-cinder-80278'}} {{(pid=79225) prepare_request_body /opt/stack/neutron/neutron/api/v2/base.py:729}}
Jul 29 08:45:00.567212 dv-cinder-802781-1-smb neutron-server[79224]: DEBUG neutron_lib.callbacks.manager [None req-c17f77a7-db15-4ddd-a9c2-4cf86447dcd1 admin admin] Subscribe: > subnet after_create 55550000 {{(pid=79224) subscribe /usr/local/lib/python3.8/dist-packages/neutron_lib/callbacks/manager.py:45}}
Jul 29 08:45:00.567874 dv-cinder-802781-1-smb neutron-server[79224]: DEBUG neutron_lib.callbacks.manager [None req-c17f77a7-db15-4ddd-a9c2-4cf86447dcd1 admin admin] Subscribe: > subnet after_delete 55550000 {{(pid=79224) subscribe /usr/local/lib/python3.8/dist-packages/neutron_lib/callbacks/manager.py:45}}
Jul 29 08:45:00.568406 dv-cinder-802781-1-smb neutron-server[79224]: DEBUG neutron_lib.callbacks.manager [None req-c17f77a7-db15-4ddd-a9c2-4cf86447dcd1 admin admin] Subscribe: > subnet before_create 55550000 {{(pid=79224) subscribe /usr/local/lib/python3.8/dist-packages/neutron_lib/callbacks/manager.py:45}}
Jul 29 08:45:00.568920 dv-cinder-802781-1-smb neutron-server[79224]: DEBUG neutron_lib.callbacks.manager [None req-c17f77a7-db15-4ddd-a9c2-4cf86447dcd1 admin admin] Subscribe: > subnet before_update 55550000 {{(pid=79224) subscribe /usr/local/lib/python3.8/dist-packages/neutron_lib/callbacks/manager.py:45}}
Jul 29 08:45:00.569506 dv-cinder-802781-1-smb neutron-server[79224]: DEBUG neutron.services.segments.db [None req-c17f77a7-db15-4ddd-a9c2-4cf86447dcd1 admin admin] neutron.services.segments.plugin.Plugin method get_segments called with arguments (,) {'filters': {'network_id': ['b889990c-fe55-4b55-80ab-7ffbc5dfb6bc']}} {{(pid=79224) wrapper /usr/local/lib/python3.8/dist-packages/oslo_log/helpers.py:65}}
Jul 29 08:45:00.605418 dv-cinder-802781-1-smb neutron-server[79224]: DEBUG neutron.services.segments.db [None req-c17f77a7-db15-4ddd-a9c2-4cf86447dcd1 admin admin] neutron.services.segments.plugin.Plugin method delete_segment called with arguments (, 'd07c4702-380f-4f3f-b30e-822668f052ad') {'for_net_delete': True} {{(pid=79224) wrapper /usr/local/lib/python3.8/dist-packages/oslo_log/helpers.py:65}}
Jul 29 08:45:00.605934 dv-cinder-802781-1-smb neutron-server[79224]: DEBUG neutron.services.segments.db [None req-c17f77a7-db15-4ddd-a9c2-4cf86447dcd1 admin admin] neutron.services.segments.plugin.Plugin method get_segment called with arguments (, 'd07c4702-380f-4f3f-b30e-822668f052ad') {} {{(pid=79224) wrapper /usr/local/lib/python3.8/dist-packages/oslo_log/helpers.py:65}}
Jul 29 08:45:00.612330 dv-cinder-802781-1-smb neutron-server[79226]: DEBUG neutron.db.provisioning_blocks [None req-dd013e7d-a78d-4b4e-9017-71928d69accc None None] Provisioning complete for port cb4abfb4-c91e-42d5-9a23-418f06f070f4 triggered by entity L2. {{(pid=79226) provisioning_complete /opt/stack/neutron/neutron/db/provisioning_blocks.py:139}}
Jul 29 08:45:00.615585 dv-cinder-802781-1-smb neutron-server[79226]: DEBUG neutron_lib.callbacks.manager [None req-dd013e7d-a78d-4b4e-9017-71928d69accc None None] Notify callbacks ['neutron.plugins.ml2.plugin.Ml2Plugin._port_provisioned-1837549'] for port, provisioning_complete {{(pid=79226) _notify_loop /usr/local/lib/python3.8/dist-packages/neutron_lib/callbacks/manager.py:192}}
Jul 29 08:45:00.630406 dv-cinder-802781-1-smb neutron-server[79224]: DEBUG neutron_lib.callbacks.manager [None req-c17f77a7-db15-4ddd-a9c2-4cf86447dcd1 admin admin] Notify callbacks ['neutron.plugins.ml2.db._prevent_segment_delete_with_port_bound-8759894807287', 'neutron.services.segments.plugin.Plugin._prevent_segment_delete_with_subnet_associated-3920817'] for segment, before_delete {{(pid=79224) _notify_loop /usr/local/lib/python3.8/dist-packages/neutron_lib/callbacks/manager.py:192}}
Jul 29 08:45:00.656474 dv-cinder-802781-1-smb neutron-server[79224]: DEBUG neutron_lib.callbacks.manager [None req-c17f77a7-db15-4ddd-a9c2-4cf86447dcd1 admin admin] Notify callbacks ['neutron.plugins.ml2.plugin.Ml2Plugin._handle_segment_change-1860517'] for segment, precommit_delete {{(pid=79224) _notify_loop /usr/local/lib/python3.8/dist-packages/neutron_lib/callbacks/manager.py:192}}
Jul 29 08:45:00.665524 dv-cinder-802781-1-smb neutron-server[79224]: DEBUG neutron.plugins.ml2.drivers.type_vlan [None req-c17f77a7-db15-4ddd-a9c2-4cf86447dcd1 admin admin] Releasing vlan 365 on physical network physnet1 to pool {{(pid=79224) release_segment /opt/stack/neutron/neutron/plugins/ml2/drivers/type_vlan.py:304}}
Jul 29 08:45:00.666124 dv-cinder-802781-1-smb neutron-server[79224]: DEBUG neutron_lib.callbacks.manager [None req-c17f77a7-db15-4ddd-a9c2-4cf86447dcd1 admin admin] Notify callbacks ['neutron.plugins.ml2.plugin.Ml2Plugin._handle_after_delete_segment_change-1860524', 'neutron.services.segments.plugin.NovaSegmentNotifier._notify_segment_deleted-3920413'] for segment, after_delete {{(pid=79224) _notify_loop /usr/local/lib/python3.8/dist-packages/neutron_lib/callbacks/manager.py:192}}
Jul 29 08:45:00.849159 dv-cinder-802781-1-smb neutron-server[79224]: DEBUG neutron_lib.callbacks.manager [req-0040360c-b176-4f6c-b1c9-fd0add0422bb req-7073c63d-17c6-4fb0-ba2a-6f7709a0d3f5 tempest-AttachVolumeNegativeTest-157028152 tempest-AttachVolumeNegativeTest-157028152-project] Notify callbacks ['neutron.plugins.ml2.plugin.SecurityGroupServerNotifierRpcMixin.notify_sg_on_port_change-1852916', 'neutron.plugins.ml2.ovo_rpc._ObjectChangeHandler.handle_event-63982', 'neutron.api.rpc.agentnotifiers.dhcp_rpc_agent_api.DhcpAgentNotifyAPI._native_event_send_dhcp_notification-642814', 'neutron.db.l3_dvrscheduler_db._notify_l3_agent_new_port-8759894361640', 'neutron.services.segments.plugin.NovaSegmentNotifier._notify_port_created_or_deleted-3920424'] for port, after_create {{(pid=79224) _notify_loop /usr/local/lib/python3.8/dist-packages/neutron_lib/callbacks/manager.py:192}}
Jul 29 08:45:00.855661 dv-cinder-802781-1-smb neutron-server[79224]: /usr/lib/python3/dist-packages/secretstorage/dhcrypto.py:15: CryptographyDeprecationWarning: int_from_bytes is deprecated, use int.from_bytes instead
Jul 29 08:45:00.855661 dv-cinder-802781-1-smb neutron-server[79224]: from cryptography.utils import int_from_bytes
Jul 29 08:45:00.855661 dv-cinder-802781-1-smb neutron-server[79224]: /usr/lib/python3/dist-packages/secretstorage/util.py:19: CryptographyDeprecationWarning: int_from_bytes is deprecated, use int.from_bytes instead
Jul 29 08:45:00.855661 dv-cinder-802781-1-smb neutron-server[79224]: from cryptography.utils import int_from_bytes
Jul 29 08:45:00.855661 dv-cinder-802781-1-smb neutron-server[79224]: /usr/local/lib/python3.8/dist-packages/sqlalchemy/orm/relationships.py:1994: SAWarning: Setting backref / back_populates on relationship QosNetworkPolicyBinding.port to refer to viewonly relationship Port.qos_network_policy_binding should include sync_backref=False set on the QosNetworkPolicyBinding.port relationship. (this warning may be suppressed after 10 occurrences)
Jul 29 08:45:00.855661 dv-cinder-802781-1-smb neutron-server[79224]: util.warn_limited(
Jul 29 08:45:00.855661 dv-cinder-802781-1-smb neutron-server[79224]: Traceback (most recent call last):
Jul 29 08:45:00.855661 dv-cinder-802781-1-smb neutron-server[79224]: File "/usr/local/lib/python3.8/dist-packages/eventlet/hubs/hub.py", line 476, in fire_timers
Jul 29 08:45:00.855661 dv-cinder-802781-1-smb neutron-server[79224]: timer()
Jul 29 08:45:00.855661 dv-cinder-802781-1-smb neutron-server[79224]: File "/usr/local/lib/python3.8/dist-packages/eventlet/hubs/timer.py", line 59, in __call__
Jul 29 08:45:00.855661 dv-cinder-802781-1-smb neutron-server[79224]: cb(*args, **kw)
Jul 29 08:45:00.855661 dv-cinder-802781-1-smb neutron-server[79224]: File "/opt/stack/neutron/neutron/common/utils.py", line 905, in wrapper
Jul 29 08:45:00.855661 dv-cinder-802781-1-smb neutron-server[79224]: return func(*args, **kwargs)
Jul 29 08:45:00.855661 dv-cinder-802781-1-smb neutron-server[79224]: File "/opt/stack/neutron/neutron/notifiers/batch_notifier.py", line 58, in synced_send
Jul 29 08:45:00.855661 dv-cinder-802781-1-smb neutron-server[79224]: self._notify()
Jul 29 08:45:00.855661 dv-cinder-802781-1-smb neutron-server[79224]: File "/opt/stack/neutron/neutron/notifiers/batch_notifier.py", line 69, in _notify
Jul 29 08:45:00.855661 dv-cinder-802781-1-smb neutron-server[79224]: self.callback(batched_events)
Jul 29 08:45:00.855661 dv-cinder-802781-1-smb neutron-server[79224]: File "/opt/stack/neutron/neutron/services/segments/plugin.py", line 211, in _send_notifications
Jul 29 08:45:00.855661 dv-cinder-802781-1-smb neutron-server[79224]: event.method(event)
Jul 29 08:45:00.855661 dv-cinder-802781-1-smb neutron-server[79224]: File "/opt/stack/neutron/neutron/services/segments/plugin.py", line 379, in _delete_nova_inventory
Jul 29 08:45:00.855661 dv-cinder-802781-1-smb neutron-server[79224]: aggregate_id = self._get_aggregate_id(event.segment_id)
Jul 29 08:45:00.855661 dv-cinder-802781-1-smb neutron-server[79224]: File "/opt/stack/neutron/neutron/services/segments/plugin.py", line 366, in _get_aggregate_id
Jul 29 08:45:00.855661 dv-cinder-802781-1-smb neutron-server[79224]: aggregate_uuid = self.p_client.list_aggregates(
Jul 29 08:45:00.855661 dv-cinder-802781-1-smb neutron-server[79224]: File "/usr/local/lib/python3.8/dist-packages/neutron_lib/placement/client.py", line 57, in wrapper
Jul 29 08:45:00.855661 dv-cinder-802781-1-smb neutron-server[79224]: return f(self, *a, **k)
Jul 29 08:45:00.855661 dv-cinder-802781-1-smb neutron-server[79224]: File "/usr/local/lib/python3.8/dist-packages/neutron_lib/placement/client.py", line 553, in list_aggregates
Jul 29 08:45:00.855661 dv-cinder-802781-1-smb neutron-server[79224]: return self._get(url).json()
Jul 29 08:45:00.855661 dv-cinder-802781-1-smb neutron-server[79224]: File "/usr/local/lib/python3.8/dist-packages/neutron_lib/placement/client.py", line 189, in _get
Jul 29 08:45:00.855661 dv-cinder-802781-1-smb neutron-server[79224]: return self._client.get(url, endpoint_filter=self._ks_filter,
Jul 29 08:45:00.855661 dv-cinder-802781-1-smb neutron-server[79224]: File "/usr/local/lib/python3.8/dist-packages/keystoneauth1/session.py", line 1141, in get
Jul 29 08:45:00.855661 dv-cinder-802781-1-smb neutron-server[79224]: return self.request(url, 'GET', **kwargs)
Jul 29 08:45:00.855661 dv-cinder-802781-1-smb neutron-server[79224]: File "/usr/local/lib/python3.8/dist-packages/keystoneauth1/session.py", line 811, in request
Jul 29 08:45:00.855661 dv-cinder-802781-1-smb neutron-server[79224]: base_url = self.get_endpoint(auth, allow=allow,
Jul 29 08:45:00.855661 dv-cinder-802781-1-smb neutron-server[79224]: File "/usr/local/lib/python3.8/dist-packages/keystoneauth1/session.py", line 1241, in get_endpoint
Jul 29 08:45:00.855661 dv-cinder-802781-1-smb neutron-server[79224]: auth = self._auth_required(auth, 'determine endpoint URL')
Jul 29 08:45:00.855661 dv-cinder-802781-1-smb neutron-server[79224]: File "/usr/local/lib/python3.8/dist-packages/keystoneauth1/session.py", line 1181, in _auth_required
Jul 29 08:45:00.855661 dv-cinder-802781-1-smb neutron-server[79224]: raise exceptions.MissingAuthPlugin(msg_fmt % msg)
Jul 29 08:45:00.855661 dv-cinder-802781-1-smb neutron-server[79224]: keystoneauth1.exceptions.auth_plugins.MissingAuthPlugin: An auth plugin is required to determine endpoint URL
Jul 29 08:45:00.867989 dv-cinder-802781-1-smb neutron-server[79227]: DEBUG neutron.db.l3_hamode_db [None req-a5aa5598-9861-4dc9-8822-a7788e76a5b5 None None] neutron.services.l3_router.l3_router_plugin.L3RouterPlugin method _process_sync_ha_data called with arguments (, [{'id': '5eeb953d-2c63-4184-a8ad-57493d125113', 'name': 'tempest-ServerRescueNegativeTestJSON-1997761293-router', 'tenant_id': 'f32e3d93567e4eef97997dfa57914d53', 'admin_state_up': True, 'status': 'ACTIVE', 'external_gateway_info': {'network_id': '881a7fd5-f822-4a3e-9940-27d7c43afdc4', 'external_fixed_ips': [{'subnet_id': 'c9230837-e484-4e4c-b888-f3cf6c4e5705', 'ip_address': '172.28.1.222'}], 'enable_snat': True}, 'gw_port_id': '69ab6de0-f0c7-4758-be2c-de0932a91a4a', 'description': '', 'availability_zones': ['nova'], 'distributed': False, 'ha': False, 'ha_vr_id': 0, 'availability_zone_hints': [], 'routes': [], 'flavor_id': None, 'tags': [], 'created_at': '2021-07-29T08:44:45Z', 'updated_at': '2021-07-29T08:44:55Z', 'revision_number': 4, 'project_id': 'f32e3d93567e4eef97997dfa57914d53', 'gw_port': {'id': '69ab6de0-f0c7-4758-be2c-de0932a91a4a', 'name': '', 'network_id': '881a7fd5-f822-4a3e-9940-27d7c43afdc4', 'tenant_id': '', 'mac_address': 'fa:16:3e:ff:a9:e9', 'admin_state_up': True, 'status': 'ACTIVE', 'device_id': '5eeb953d-2c63-4184-a8ad-57493d125113', 'device_owner': 'network:router_gateway', 'standard_attr_id': 73, 'fixed_ips': [{'subnet_id': 'c9230837-e484-4e4c-b888-f3cf6c4e5705', 'ip_address': '172.28.1.222', 'prefixlen': 24}], 'allowed_address_pairs': [], 'extra_dhcp_opts': [], 'security_groups': [], 'description': '', 'binding:vnic_type': 'normal', 'binding:profile': {}, 'binding:host_id': 'dv-cinder-802781-1-smb', 'binding:vif_type': 'ovs', 'binding:vif_details': {'connectivity': 'l2', 'port_filter': True, 'ovs_hybrid_plug': False, 'datapath_type': 'system', 'bridge_name': 'br-int'}, 'port_security_enabled': False, 'tags': [], 'created_at': '2021-07-29T08:44:47Z', 'updated_at': '2021-07-29T08:44:57Z', 'revision_number': 4, 'project_id': '', 'subnets': [{'id': 'c9230837-e484-4e4c-b888-f3cf6c4e5705', 'cidr': '172.28.1.0/24', 'gateway_ip': '172.28.1.1', 'dns_nameservers': [], 'ipv6_ra_mode': None, 'subnetpool_id': None}], 'extra_subnets': [], 'address_scopes': {4: None, 6: None}, 'mtu': 1500}, 'enable_snat': True, 'gw_port_host': 'dv-cinder-802781-1-smb', '_interfaces': [{'id': 'f99c3f47-8b56-44a0-bafe-e6f3bdd94b7b', 'name': '', 'network_id': 'b3ac5886-a33d-43ab-bad5-2465dabf0a9b', 'tenant_id': 'f32e3d93567e4eef97997dfa57914d53', 'mac_address': 'fa:16:3e:a6:47:c1', 'admin_state_up': True, 'status': 'DOWN', 'device_id': '5eeb953d-2c63-4184-a8ad-57493d125113', 'device_owner': 'network:router_interface', 'standard_attr_id': 93, 'fixed_ips': [{'subnet_id': '0a7c45d4-bfe0-4217-ae8b-44a1a1052f5c', 'ip_address': '172.20.0.1', 'prefixlen': 28}], 'allowed_address_pairs': [], 'extra_dhcp_opts': [], 'security_groups': [], 'description': '', 'binding:vnic_type': 'normal', 'binding:profile': {}, 'binding:host_id': '', 'binding:vif_type': 'unbound', 'binding:vif_details': {}, 'port_security_enabled': False, 'tags': [], 'created_at': '2021-07-29T08:44:52Z', 'updated_at': '2021-07-29T08:44:55Z', 'revision_number': 2, 'project_id': 'f32e3d93567e4eef97997dfa57914d53', 'subnets': [{'id': '0a7c45d4-bfe0-4217-ae8b-44a1a1052f5c', 'cidr': '172.20.0.0/28', 'gateway_ip': '172.20.0.1', 'dns_nameservers': [], 'ipv6_ra_mode': None, 'subnetpool_id': None}], 'extra_subnets': [], 'address_scopes': {4: None, 6: None}, 'mtu': 1500}]}], 'dv-cinder-802781-1-smb', False) {} {{(pid=79227) wrapper /usr/local/lib/python3.8/dist-packages/oslo_log/helpers.py:65}}
Jul 29 08:45:00.875394 dv-cinder-802781-1-smb neutron-server[79227]: DEBUG neutron.api.rpc.handlers.l3_rpc [None req-a5aa5598-9861-4dc9-8822-a7788e76a5b5 None None] Checking router: 5eeb953d-2c63-4184-a8ad-57493d125113 for host: dv-cinder-802781-1-smb {{(pid=79227) _ensure_host_set_on_ports /opt/stack/neutron/neutron/api/rpc/handlers/l3_rpc.py:155}}
Jul 29 08:45:00.875704 dv-cinder-802781-1-smb neutron-server[79227]: DEBUG neutron.api.rpc.handlers.l3_rpc [None req-a5aa5598-9861-4dc9-8822-a7788e76a5b5 None None] Updating router 5eeb953d-2c63-4184-a8ad-57493d125113 port f99c3f47-8b56-44a0-bafe-e6f3bdd94b7b binding host dv-cinder-802781-1-smb {{(pid=79227) _ensure_host_set_on_port /opt/stack/neutron/neutron/api/rpc/handlers/l3_rpc.py:205}}
Jul 29 08:45:00.925734 dv-cinder-802781-1-smb neutron-server[79224]: DEBUG oslo_concurrency.lockutils [None req-a390a2fd-ac68-4be5-b962-786ed55514b5 admin admin] Lock "event-dispatch" acquired by "neutron.plugins.ml2.ovo_rpc._ObjectChangeHandler.dispatch_events" :: waited 0.000s {{(pid=79224) inner /usr/local/lib/python3.8/dist-packages/oslo_concurrency/lockutils.py:355}}
Jul 29 08:45:00.973303 dv-cinder-802781-1-smb neutron-server[79225]: DEBUG neutron.api.rpc.agentnotifiers.l3_rpc_agent_api [None req-f4523202-19f4-448c-b1b0-962bdcc987e0 admin admin] Notify agent at l3_agent.dv-cinder-802781-1-smb the message routers_updated {{(pid=79225) _agent_notification /opt/stack/neutron/neutron/api/rpc/agentnotifiers/l3_rpc_agent_api.py:68}}
Jul 29 08:45:00.989892 dv-cinder-802781-1-smb neutron-server[79226]: DEBUG neutron.api.rpc.handlers.l3_rpc [None req-6a92309f-e9bd-4d91-ab90-6b34b8f9b080 None None] Sync routers for ids ['ac7918a5-2ce7-4434-8161-e63c56928af5'] in dv-cinder-802781-1-smb {{(pid=79226) sync_routers /opt/stack/neutron/neutron/api/rpc/handlers/l3_rpc.py:125}}
Jul 29 08:45:00.999337 dv-cinder-802781-1-smb neutron-server[79227]: DEBUG neutron_lib.callbacks.manager [None req-a5aa5598-9861-4dc9-8822-a7788e76a5b5 None None] Notify callbacks ['neutron.plugins.ml2.plugin.SecurityGroupDbMixin._ensure_default_security_group_handler-1853241'] for port, before_update {{(pid=79227) _notify_loop /usr/local/lib/python3.8/dist-packages/neutron_lib/callbacks/manager.py:192}}
Jul 29 08:45:01.003338 dv-cinder-802781-1-smb neutron-server[79224]: INFO neutron.wsgi [req-485a17d5-ecbe-408e-9d6f-4e5f8af4eb47 req-9683fa5b-2d77-4418-82ea-e4b4578c8345 tempest-DeleteServersTestJSON-725736407 tempest-DeleteServersTestJSON-725736407-project] 10.222.0.36 "GET /v2.0/security-groups?id=d3ea327e-d17d-4c21-beac-b810b2d37ed4&fields=id&fields=name HTTP/1.1" status: 200 len: 286 time: 0.1357405
Jul 29 08:45:01.008985 dv-cinder-802781-1-smb neutron-server[79225]: INFO neutron.wsgi [None req-f4523202-19f4-448c-b1b0-962bdcc987e0 admin admin] 10.222.0.36 "PUT /v2.0/routers/ac7918a5-2ce7-4434-8161-e63c56928af5/add_router_interface HTTP/1.1" status: 200 len: 503 time: 8.0312107
Jul 29 08:45:01.014161 dv-cinder-802781-1-smb neutron-server[79226]: DEBUG neutron.db.l3_dvrscheduler_db [None req-6a92309f-e9bd-4d91-ab90-6b34b8f9b080 None None] Routers {'ac7918a5-2ce7-4434-8161-e63c56928af5'} bound to L3 agent in host dv-cinder-802781-1-smb {{(pid=79226) _get_router_ids_for_agent /opt/stack/neutron/neutron/db/l3_dvrscheduler_db.py:422}}
Jul 29 08:45:01.014872 dv-cinder-802781-1-smb neutron-server[79226]: DEBUG neutron.db.l3_hamode_db [None req-6a92309f-e9bd-4d91-ab90-6b34b8f9b080 None None] neutron.services.l3_router.l3_router_plugin.L3RouterPlugin method get_ha_sync_data_for_host called with arguments (, 'dv-cinder-802781-1-smb', Agent(admin_state_up=True,agent_type='L3 agent',availability_zone='nova',binary='neutron-l3-agent',configurations={"agent_mode": "legacy", "ex_gw_ports": 1, "extensions": [], "floating_ips": 0, "handle_internal_only_routers": true, "interface_driver": "openvswitch", "interfaces": 1, "log_agent_heartbeats": false, "routers": 1},created_at=2021-07-29T08:36:14Z,description=,heartbeat_timestamp=2021-07-29T08:44:44Z,host='dv-cinder-802781-1-smb',id=20ca4c5a-44e8-42b2-9533-2823c8479c26,load=0,resource_versions=,resources_synced=,started_at=2021-07-29T08:36:15Z,topic='l3_agent')) {'router_ids': ['ac7918a5-2ce7-4434-8161-e63c56928af5'], 'active': True} {{(pid=79226) wrapper /usr/local/lib/python3.8/dist-packages/oslo_log/helpers.py:65}}
Jul 29 08:45:01.024290 dv-cinder-802781-1-smb neutron-server[79224]: DEBUG neutron_lib.callbacks.manager [None req-9311a3fb-942c-4f93-81d4-fea2b7ffc7e9 admin admin] Notify callbacks [] for security_group, before_delete {{(pid=79224) _notify_loop /usr/local/lib/python3.8/dist-packages/neutron_lib/callbacks/manager.py:192}}
Jul 29 08:45:01.083078 dv-cinder-802781-1-smb neutron-server[79224]: DEBUG neutron_lib.callbacks.manager [None req-9311a3fb-942c-4f93-81d4-fea2b7ffc7e9 admin admin] Notify callbacks [] for security_group, precommit_delete {{(pid=79224) _notify_loop /usr/local/lib/python3.8/dist-packages/neutron_lib/callbacks/manager.py:192}}
Jul 29 08:45:01.199045 dv-cinder-802781-1-smb neutron-server[79224]: DEBUG neutron_lib.callbacks.manager [None req-c17f77a7-db15-4ddd-a9c2-4cf86447dcd1 admin admin] Notify callbacks ['neutron.plugins.ml2.plugin.Ml2Plugin._network_delete_after_delete_handler-1865501', 'neutron.plugins.ml2.ovo_rpc._ObjectChangeHandler.handle_event-992139', 'neutron.api.rpc.agentnotifiers.dhcp_rpc_agent_api.DhcpAgentNotifyAPI._native_event_send_dhcp_notification-642814', 'neutron.services.l3_router.l3_router_plugin.DVRResourceOperationHandler.delete_fip_namespaces_for_ext_net-640517'] for network, after_delete {{(pid=79224) _notify_loop /usr/local/lib/python3.8/dist-packages/neutron_lib/callbacks/manager.py:192}}
Jul 29 08:45:01.208004 dv-cinder-802781-1-smb neutron-server[79224]: DEBUG neutron.api.rpc.handlers.resources_rpc [None req-7073c63d-17c6-4fb0-ba2a-6f7709a0d3f5 tempest-AttachVolumeNegativeTest-157028152 tempest-AttachVolumeNegativeTest-157028152-project] Pushing event updated for resources: {'Port': ['ID=1a00e7fc-bddf-4eca-ac30-db972160c52e,revision_number=1']} {{(pid=79224) push /opt/stack/neutron/neutron/api/rpc/handlers/resources_rpc.py:237}}
Jul 29 08:45:01.210956 dv-cinder-802781-1-smb neutron-server[79224]: DEBUG oslo_concurrency.lockutils [None req-7073c63d-17c6-4fb0-ba2a-6f7709a0d3f5 tempest-AttachVolumeNegativeTest-157028152 tempest-AttachVolumeNegativeTest-157028152-project] Lock "event-dispatch" released by "neutron.plugins.ml2.ovo_rpc._ObjectChangeHandler.dispatch_events" :: held 0.285s {{(pid=79224) inner /usr/local/lib/python3.8/dist-packages/oslo_concurrency/lockutils.py:367}}
Jul 29 08:45:01.227475 dv-cinder-802781-1-smb neutron-server[79224]: DEBUG neutron_lib.callbacks.manager [None req-c17f77a7-db15-4ddd-a9c2-4cf86447dcd1 admin admin] Notify callbacks ['neutron.api.rpc.agentnotifiers.dhcp_rpc_agent_api.DhcpAgentNotifyAPI._send_dhcp_notification-642792'] for network, before_response {{(pid=79224) _notify_loop /usr/local/lib/python3.8/dist-packages/neutron_lib/callbacks/manager.py:192}}
Jul 29 08:45:01.242015 dv-cinder-802781-1-smb neutron-server[79224]: DEBUG neutron.scheduler.dhcp_agent_scheduler [req-0040360c-b176-4f6c-b1c9-fd0add0422bb req-7073c63d-17c6-4fb0-ba2a-6f7709a0d3f5 tempest-AttachVolumeNegativeTest-157028152 tempest-AttachVolumeNegativeTest-157028152-project] Network 7c43698b-da9d-4b0a-8aab-55b7ceadb5ab is already hosted by enough agents. {{(pid=79224) _get_dhcp_agents_hosting_network /opt/stack/neutron/neutron/scheduler/dhcp_agent_scheduler.py:275}}
Jul 29 08:45:01.242015 dv-cinder-802781-1-smb neutron-server[79224]: DEBUG oslo_concurrency.lockutils [-] Lock "event-dispatch" acquired by "neutron.plugins.ml2.ovo_rpc._ObjectChangeHandler.dispatch_events" :: waited 0.000s {{(pid=79224) inner /usr/local/lib/python3.8/dist-packages/oslo_concurrency/lockutils.py:355}}
Jul 29 08:45:01.288603 dv-cinder-802781-1-smb neutron-server[79225]: DEBUG neutron_lib.callbacks.manager [req-1c5c9180-3488-4306-82ed-a863e10438d0 req-80d47877-365a-418f-8022-71f6e936ea88 service neutron] Notify callbacks ['neutron.plugins.ml2.plugin.SecurityGroupDbMixin._ensure_default_security_group_handler-1853241'] for port, before_update {{(pid=79225) _notify_loop /usr/local/lib/python3.8/dist-packages/neutron_lib/callbacks/manager.py:192}}
Jul 29 08:45:01.309392 dv-cinder-802781-1-smb neutron-server[79224]: DEBUG neutron.scheduler.base_scheduler [req-0040360c-b176-4f6c-b1c9-fd0add0422bb req-7073c63d-17c6-4fb0-ba2a-6f7709a0d3f5 tempest-AttachVolumeNegativeTest-157028152 tempest-AttachVolumeNegativeTest-157028152-project] Resources bound (agent type, host, resource id): {{(pid=79224) schedule /opt/stack/neutron/neutron/scheduler/base_scheduler.py:57}}
Jul 29 08:45:01.347726 dv-cinder-802781-1-smb neutron-server[79225]: DEBUG neutron.pecan_wsgi.hooks.policy_enforcement [req-c5a2999f-5a7f-4af5-98de-617e5196e71d req-8d173433-3ed9-4a20-8a87-c086752afd9c tempest-ServerRescueNegativeTestJSON-1780535414 tempest-ServerRescueNegativeTestJSON-1780535414-project] Attributes excluded by policy engine: ['standard_attr_id', 'vlan_transparent', 'provider:network_type', 'provider:physical_network', 'provider:segmentation_id'] {{(pid=79225) _exclude_attributes_by_policy /opt/stack/neutron/neutron/pecan_wsgi/hooks/policy_enforcement.py:255}}
Jul 29 08:45:01.354678 dv-cinder-802781-1-smb neutron-server[79225]: INFO neutron.wsgi [req-c5a2999f-5a7f-4af5-98de-617e5196e71d req-8d173433-3ed9-4a20-8a87-c086752afd9c tempest-ServerRescueNegativeTestJSON-1780535414 tempest-ServerRescueNegativeTestJSON-1780535414-project] 10.222.0.36 "GET /v2.0/networks?id=b3ac5886-a33d-43ab-bad5-2465dabf0a9b HTTP/1.1" status: 200 len: 819 time: 0.5497699
Jul 29 08:45:01.366958 dv-cinder-802781-1-smb neutron-server[79224]: DEBUG neutron_lib.callbacks.manager [None req-9311a3fb-942c-4f93-81d4-fea2b7ffc7e9 admin admin] Notify callbacks ['neutron.plugins.ml2.ovo_rpc._ObjectChangeHandler.handle_event-992081'] for security_group, after_delete {{(pid=79224) _notify_loop /usr/local/lib/python3.8/dist-packages/neutron_lib/callbacks/manager.py:192}}
Jul 29 08:45:01.372281 dv-cinder-802781-1-smb neutron-server[79224]: DEBUG neutron.db.l3_dvrscheduler_db [req-0040360c-b176-4f6c-b1c9-fd0add0422bb req-7073c63d-17c6-4fb0-ba2a-6f7709a0d3f5 tempest-AttachVolumeNegativeTest-157028152 tempest-AttachVolumeNegativeTest-157028152-project] Received port after_create {{(pid=79224) _notify_l3_agent_new_port /opt/stack/neutron/neutron/db/l3_dvrscheduler_db.py:537}}
Jul 29 08:45:01.389261 dv-cinder-802781-1-smb neutron-server[79225]: INFO neutron.wsgi [req-c5a2999f-5a7f-4af5-98de-617e5196e71d req-45f695f9-846b-4186-aca7-68a4775c3cd6 tempest-ServerRescueNegativeTestJSON-1780535414 tempest-ServerRescueNegativeTestJSON-1780535414-project] 10.222.0.36 "GET /v2.0/quotas/f32e3d93567e4eef97997dfa57914d53 HTTP/1.1" status: 200 len: 375 time: 0.0337291
Jul 29 08:45:01.482498 dv-cinder-802781-1-smb neutron-server[79224]: DEBUG neutron_lib.callbacks.manager [None req-9311a3fb-942c-4f93-81d4-fea2b7ffc7e9 admin admin] Notify callbacks [] for security_group, before_response {{(pid=79224) _notify_loop /usr/local/lib/python3.8/dist-packages/neutron_lib/callbacks/manager.py:192}}
Jul 29 08:45:01.484851 dv-cinder-802781-1-smb neutron-server[79224]: INFO neutron.wsgi [None req-9311a3fb-942c-4f93-81d4-fea2b7ffc7e9 admin admin] 10.222.0.36 "DELETE /v2.0/security-groups/a29a49f9-a871-4f7b-bfe2-62f091876052 HTTP/1.1" status: 204 len: 168 time: 2.1709304
Jul 29 08:45:01.486011 dv-cinder-802781-1-smb neutron-server[79224]: DEBUG neutron.api.rpc.handlers.resources_rpc [None req-c17f77a7-db15-4ddd-a9c2-4cf86447dcd1 admin admin] Pushing event deleted for resources: {'Network': ['ID=b889990c-fe55-4b55-80ab-7ffbc5dfb6bc,revision_number=None']} {{(pid=79224) push /opt/stack/neutron/neutron/api/rpc/handlers/resources_rpc.py:237}}
Jul 29 08:45:01.490395 dv-cinder-802781-1-smb neutron-server[79224]: DEBUG oslo_concurrency.lockutils [None req-c17f77a7-db15-4ddd-a9c2-4cf86447dcd1 admin admin] Lock "event-dispatch" released by "neutron.plugins.ml2.ovo_rpc._ObjectChangeHandler.dispatch_events" :: held 0.249s {{(pid=79224) inner /usr/local/lib/python3.8/dist-packages/oslo_concurrency/lockutils.py:367}}
Jul 29 08:45:01.495587 dv-cinder-802781-1-smb neutron-server[79224]: INFO neutron.wsgi [None req-c17f77a7-db15-4ddd-a9c2-4cf86447dcd1 admin admin] 10.222.0.36 "DELETE /v2.0/networks/b889990c-fe55-4b55-80ab-7ffbc5dfb6bc HTTP/1.1" status: 204 len: 168 time: 3.4562240
Jul 29 08:45:01.498943 dv-cinder-802781-1-smb neutron-server[79225]: DEBUG neutron.wsgi [-] (79225) accepted ('10.222.0.36', 39762) {{(pid=79225) server /usr/local/lib/python3.8/dist-packages/eventlet/wsgi.py:992}}
Jul 29 08:45:01.506460 dv-cinder-802781-1-smb neutron-server[79224]: DEBUG oslo_concurrency.lockutils [-] Lock "event-dispatch" acquired by "neutron.plugins.ml2.ovo_rpc._ObjectChangeHandler.dispatch_events" :: waited 0.000s {{(pid=79224) inner /usr/local/lib/python3.8/dist-packages/oslo_concurrency/lockutils.py:355}}
Jul 29 08:45:01.557946 dv-cinder-802781-1-smb neutron-server[79224]: DEBUG neutron.api.rpc.handlers.resources_rpc [None req-9311a3fb-942c-4f93-81d4-fea2b7ffc7e9 admin admin] Pushing event deleted for resources: {'SecurityGroup': ['ID=a29a49f9-a871-4f7b-bfe2-62f091876052,revision_number=None']} {{(pid=79224) push /opt/stack/neutron/neutron/api/rpc/handlers/resources_rpc.py:237}}
Jul 29 08:45:01.614206 dv-cinder-802781-1-smb neutron-server[79224]: DEBUG oslo_concurrency.lockutils [None req-9311a3fb-942c-4f93-81d4-fea2b7ffc7e9 admin admin] Lock "event-dispatch" released by "neutron.plugins.ml2.ovo_rpc._ObjectChangeHandler.dispatch_events" :: held 0.103s {{(pid=79224) inner /usr/local/lib/python3.8/dist-packages/oslo_concurrency/lockutils.py:367}}
Jul 29 08:45:01.659080 dv-cinder-802781-1-smb neutron-server[79226]: DEBUG neutron.db.l3_dvr_db [None req-6a92309f-e9bd-4d91-ab90-6b34b8f9b080 None None] Set router ac7918a5-2ce7-4434-8161-e63c56928af5 gateway port host: dv-cinder-802781-1-smb {{(pid=79226) _build_routers_list /opt/stack/neutron/neutron/db/l3_dvr_db.py:875}}
