Aug 12 10:52:01.436668 dv-cinder-802669-7-smb devstack@n-api.service[105906]: [pid: 105906|app: 0|req: 2/2] 10.222.0.52 () {54 vars in 931 bytes} [Thu Aug 12 10:52:01 2021] GET /compute/v2.1 => generated 388 bytes in 4 msecs (HTTP/1.1 200) 9 headers in 357 bytes (2 switches on core 0)
Aug 12 10:52:02.113828 dv-cinder-802669-7-smb devstack@n-api.service[105907]: DEBUG nova.api.openstack.wsgi [None req-dc4dc723-95de-4ea8-90ff-3996ef3877d2 admin admin] Calling method '>' {{(pid=105907) _process_stack /opt/stack/nova/nova/api/openstack/wsgi.py:513}}
Aug 12 10:52:02.151301 dv-cinder-802669-7-smb devstack@n-api.service[105907]: INFO nova.api.openstack.requestlog [None req-dc4dc723-95de-4ea8-90ff-3996ef3877d2 admin admin] 10.222.0.52 "GET /compute/v2.1/flavors/detail?is_public=True" status: 200 len: 15 microversion: 2.61 time: 0.697408
Aug 12 10:52:02.152470 dv-cinder-802669-7-smb devstack@n-api.service[105907]: [pid: 105907|app: 0|req: 1/3] 10.222.0.52 () {60 vars in 1292 bytes} [Thu Aug 12 10:52:01 2021] GET /compute/v2.1/flavors/detail?is_public=True => generated 15 bytes in 704 msecs (HTTP/1.1 200) 9 headers in 358 bytes (1 switches on core 0)
Aug 12 10:52:04.890534 dv-cinder-802669-7-smb devstack@n-api.service[105906]: DEBUG nova.api.openstack.wsgi [None req-f87538bb-06c8-4b57-83b0-13a20934c089 None None] Calling method '>' {{(pid=105906) _process_stack /opt/stack/nova/nova/api/openstack/wsgi.py:513}}
Aug 12 10:52:04.891543 dv-cinder-802669-7-smb devstack@n-api.service[105906]: INFO nova.api.openstack.requestlog [None req-f87538bb-06c8-4b57-83b0-13a20934c089 None None] 10.222.0.52 "GET /compute/v2.1" status: 200 len: 388 microversion: 2.1 time: 0.001420
Aug 12 10:52:04.892733 dv-cinder-802669-7-smb devstack@n-api.service[105906]: [pid: 105906|app: 0|req: 3/4] 10.222.0.52 () {54 vars in 931 bytes} [Thu Aug 12 10:52:04 2021] GET /compute/v2.1 => generated 388 bytes in 3 msecs (HTTP/1.1 200) 9 headers in 357 bytes (1 switches on core 0)
Aug 12 10:52:04.971216 dv-cinder-802669-7-smb devstack@n-api.service[105907]: DEBUG nova.api.openstack.wsgi [None req-8057319b-a403-4c39-9f4d-3ad9d030202e admin admin] Action: 'create', calling method: >, body: {"flavor": {"os-flavor-access:is_public": true, "rxtx_factor": 1.0, "id": "c1", "name": "cirros256", "disk": 1, "ram": 256, "OS-FLV-EXT-DATA:ephemeral": 0, "swap": 0, "vcpus": 1}} {{(pid=105907) _process_stack /opt/stack/nova/nova/api/openstack/wsgi.py:511}}
Aug 12 10:52:04.991274 dv-cinder-802669-7-smb devstack@n-api.service[105907]: /usr/local/lib/python3.8/dist-packages/oslo_policy/policy.py:1064: UserWarning: Policy os_compute_api:os-flavor-manage:create failed scope check. The token used to make the request was project scoped but the policy requires ['system'] scope. This behavior may change in the future where using the intended scope is required
Aug 12 10:52:04.991274 dv-cinder-802669-7-smb devstack@n-api.service[105907]: warnings.warn(msg)
Aug 12 10:52:05.082847 dv-cinder-802669-7-smb devstack@n-api.service[105907]: INFO nova.api.openstack.requestlog [None req-8057319b-a403-4c39-9f4d-3ad9d030202e admin admin] 10.222.0.52 "POST /compute/v2.1/flavors" status: 200 len: 407 microversion: 2.61 time: 0.182177
Aug 12 10:52:05.083330 dv-cinder-802669-7-smb devstack@n-api.service[105907]: [pid: 105907|app: 0|req: 2/5] 10.222.0.52 () {64 vars in 1283 bytes} [Thu Aug 12 10:52:04 2021] POST /compute/v2.1/flavors => generated 407 bytes in 184 msecs (HTTP/1.1 200) 9 headers in 359 bytes (2 switches on core 0)
Aug 12 10:52:05.318784 dv-cinder-802669-7-smb devstack@n-api.service[105906]: DEBUG nova.api.openstack.wsgi [None req-74ce1f0c-12e4-4594-b2f3-9e8b8067ac78 admin admin] Action: 'create', calling method: >, body: {"extra_specs": {"hw_rng:allowed": "True"}} {{(pid=105906) _process_stack /opt/stack/nova/nova/api/openstack/wsgi.py:511}}
Aug 12 10:52:05.321187 dv-cinder-802669-7-smb devstack@n-api.service[105906]: /usr/local/lib/python3.8/dist-packages/oslo_policy/policy.py:1064: UserWarning: Policy os_compute_api:os-flavor-extra-specs:create failed scope check. The token used to make the request was project scoped but the policy requires ['system'] scope. This behavior may change in the future where using the intended scope is required
Aug 12 10:52:05.321187 dv-cinder-802669-7-smb devstack@n-api.service[105906]: warnings.warn(msg)
Aug 12 10:52:05.429929 dv-cinder-802669-7-smb devstack@n-api.service[105906]: INFO nova.api.openstack.requestlog [None req-74ce1f0c-12e4-4594-b2f3-9e8b8067ac78 admin admin] 10.222.0.52 "POST /compute/v2.1/flavors/c1/os-extra_specs" status: 200 len: 43 microversion: 2.61 time: 0.337382
Aug 12 10:52:05.430541 dv-cinder-802669-7-smb devstack@n-api.service[105906]: [pid: 105906|app: 0|req: 4/6] 10.222.0.52 () {64 vars in 1336 bytes} [Thu Aug 12 10:52:05 2021] POST /compute/v2.1/flavors/c1/os-extra_specs => generated 43 bytes in 339 msecs (HTTP/1.1 200) 9 headers in 358 bytes (1 switches on core 0)
Aug 12 10:52:07.755529 dv-cinder-802669-7-smb devstack@n-api.service[105907]: DEBUG nova.api.openstack.wsgi [None req-8057319b-a403-4c39-9f4d-3ad9d030202e admin admin] Calling method '>' {{(pid=105907) _process_stack /opt/stack/nova/nova/api/openstack/wsgi.py:513}}
Aug 12 10:52:07.755529 dv-cinder-802669-7-smb devstack@n-api.service[105907]: INFO nova.api.openstack.requestlog [None req-8057319b-a403-4c39-9f4d-3ad9d030202e admin admin] 10.222.0.52 "GET /compute/v2.1" status: 200 len: 388 microversion: 2.1 time: 0.001552
Aug 12 10:52:07.755529 dv-cinder-802669-7-smb devstack@n-api.service[105907]: [pid: 105907|app: 0|req: 3/7] 10.222.0.52 () {54 vars in 931 bytes} [Thu Aug 12 10:52:07 2021] GET /compute/v2.1 => generated 388 bytes in 3 msecs (HTTP/1.1 200) 9 headers in 357 bytes (1 switches on core 0)
Aug 12 10:52:07.869929 dv-cinder-802669-7-smb devstack@n-api.service[105906]: DEBUG nova.api.openstack.wsgi [None req-667a6f2d-a609-4ecd-a98e-26deb7721298 admin admin] Action: 'create', calling method: >, body: {"flavor": {"swap": 0, "disk": 5, "id": "d1", "ram": 512, "OS-FLV-EXT-DATA:ephemeral": 0, "os-flavor-access:is_public": true, "name": "ds512M", "rxtx_factor": 1.0, "vcpus": 1}} {{(pid=105906) _process_stack /opt/stack/nova/nova/api/openstack/wsgi.py:511}}
Aug 12 10:52:07.888163 dv-cinder-802669-7-smb devstack@n-api.service[105906]: /usr/local/lib/python3.8/dist-packages/oslo_policy/policy.py:1064: UserWarning: Policy os_compute_api:os-flavor-manage:create failed scope check. The token used to make the request was project scoped but the policy requires ['system'] scope. This behavior may change in the future where using the intended scope is required
Aug 12 10:52:07.888163 dv-cinder-802669-7-smb devstack@n-api.service[105906]: warnings.warn(msg)
Aug 12 10:52:08.004535 dv-cinder-802669-7-smb devstack@n-api.service[105906]: INFO nova.api.openstack.requestlog [None req-667a6f2d-a609-4ecd-a98e-26deb7721298 admin admin] 10.222.0.52 "POST /compute/v2.1/flavors" status: 200 len: 404 microversion: 2.61 time: 0.251002
Aug 12 10:52:08.005326 dv-cinder-802669-7-smb devstack@n-api.service[105906]: [pid: 105906|app: 0|req: 5/8] 10.222.0.52 () {64 vars in 1283 bytes} [Thu Aug 12 10:52:07 2021] POST /compute/v2.1/flavors => generated 404 bytes in 252 msecs (HTTP/1.1 200) 9 headers in 359 bytes (2 switches on core 0)
Aug 12 10:52:08.019191 dv-cinder-802669-7-smb devstack@n-api.service[105907]: DEBUG nova.api.openstack.wsgi [None req-f22beaba-2bf2-4a30-ba47-cdd1cac2e4ad admin admin] Action: 'create', calling method: >, body: {"extra_specs": {"hw_rng:allowed": "True"}} {{(pid=105907) _process_stack /opt/stack/nova/nova/api/openstack/wsgi.py:511}}
Aug 12 10:52:08.020744 dv-cinder-802669-7-smb devstack@n-api.service[105907]: /usr/local/lib/python3.8/dist-packages/oslo_policy/policy.py:1064: UserWarning: Policy os_compute_api:os-flavor-extra-specs:create failed scope check. The token used to make the request was project scoped but the policy requires ['system'] scope. This behavior may change in the future where using the intended scope is required
Aug 12 10:52:08.020744 dv-cinder-802669-7-smb devstack@n-api.service[105907]: warnings.warn(msg)
Aug 12 10:52:08.147664 dv-cinder-802669-7-smb devstack@n-api.service[105907]: INFO nova.api.openstack.requestlog [None req-f22beaba-2bf2-4a30-ba47-cdd1cac2e4ad admin admin] 10.222.0.52 "POST /compute/v2.1/flavors/d1/os-extra_specs" status: 200 len: 43 microversion: 2.61 time: 0.133065
Aug 12 10:52:08.156239 dv-cinder-802669-7-smb devstack@n-api.service[105907]: [pid: 105907|app: 0|req: 4/9] 10.222.0.52 () {64 vars in 1336 bytes} [Thu Aug 12 10:52:08 2021] POST /compute/v2.1/flavors/d1/os-extra_specs => generated 43 bytes in 138 msecs (HTTP/1.1 200) 9 headers in 358 bytes (1 switches on core 0)
Aug 12 10:52:10.572589 dv-cinder-802669-7-smb devstack@n-api.service[105906]: DEBUG nova.api.openstack.wsgi [None req-667a6f2d-a609-4ecd-a98e-26deb7721298 admin admin] Calling method '>' {{(pid=105906) _process_stack /opt/stack/nova/nova/api/openstack/wsgi.py:513}}
Aug 12 10:52:10.574308 dv-cinder-802669-7-smb devstack@n-api.service[105906]: INFO nova.api.openstack.requestlog [None req-667a6f2d-a609-4ecd-a98e-26deb7721298 admin admin] 10.222.0.52 "GET /compute/v2.1" status: 200 len: 388 microversion: 2.1 time: 0.002110
Aug 12 10:52:10.575216 dv-cinder-802669-7-smb devstack@n-api.service[105906]: [pid: 105906|app: 0|req: 6/10] 10.222.0.52 () {54 vars in 931 bytes} [Thu Aug 12 10:52:10 2021] GET /compute/v2.1 => generated 388 bytes in 4 msecs (HTTP/1.1 200) 9 headers in 357 bytes (1 switches on core 0)
Aug 12 10:52:10.646959 dv-cinder-802669-7-smb devstack@n-api.service[105907]: DEBUG nova.api.openstack.wsgi [None req-47992101-ea44-4176-97e5-42ae2be8f71d admin admin] Action: 'create', calling method: >, body: {"flavor": {"id": "d2", "os-flavor-access:is_public": true, "vcpus": 1, "OS-FLV-EXT-DATA:ephemeral": 0, "ram": 1024, "rxtx_factor": 1.0, "swap": 0, "name": "ds1G", "disk": 10}} {{(pid=105907) _process_stack /opt/stack/nova/nova/api/openstack/wsgi.py:511}}
Aug 12 10:52:10.737793 dv-cinder-802669-7-smb devstack@n-api.service[105907]: INFO nova.api.openstack.requestlog [None req-47992101-ea44-4176-97e5-42ae2be8f71d admin admin] 10.222.0.52 "POST /compute/v2.1/flavors" status: 200 len: 404 microversion: 2.61 time: 0.154351
Aug 12 10:52:10.739254 dv-cinder-802669-7-smb devstack@n-api.service[105907]: [pid: 105907|app: 0|req: 5/11] 10.222.0.52 () {64 vars in 1283 bytes} [Thu Aug 12 10:52:10 2021] POST /compute/v2.1/flavors => generated 404 bytes in 157 msecs (HTTP/1.1 200) 9 headers in 359 bytes (2 switches on core 0)
Aug 12 10:52:10.762656 dv-cinder-802669-7-smb devstack@n-api.service[105906]: DEBUG nova.api.openstack.wsgi [None req-872c88fe-ed74-450c-83aa-7a220e708815 admin admin] Action: 'create', calling method: >, body: {"extra_specs": {"hw_rng:allowed": "True"}} {{(pid=105906) _process_stack /opt/stack/nova/nova/api/openstack/wsgi.py:511}}
Aug 12 10:52:11.029125 dv-cinder-802669-7-smb devstack@n-api.service[105906]: INFO nova.api.openstack.requestlog [None req-872c88fe-ed74-450c-83aa-7a220e708815 admin admin] 10.222.0.52 "POST /compute/v2.1/flavors/d2/os-extra_specs" status: 200 len: 43 microversion: 2.61 time: 0.274828
Aug 12 10:52:11.030102 dv-cinder-802669-7-smb devstack@n-api.service[105906]: [pid: 105906|app: 0|req: 7/12] 10.222.0.52 () {64 vars in 1336 bytes} [Thu Aug 12 10:52:10 2021] POST /compute/v2.1/flavors/d2/os-extra_specs => generated 43 bytes in 277 msecs (HTTP/1.1 200) 9 headers in 358 bytes (1 switches on core 0)
Aug 12 10:52:13.704355 dv-cinder-802669-7-smb devstack@n-api.service[105907]: DEBUG nova.api.openstack.wsgi [None req-47992101-ea44-4176-97e5-42ae2be8f71d admin admin] Calling method '>' {{(pid=105907) _process_stack /opt/stack/nova/nova/api/openstack/wsgi.py:513}}
Aug 12 10:52:13.705826 dv-cinder-802669-7-smb devstack@n-api.service[105907]: INFO nova.api.openstack.requestlog [None req-47992101-ea44-4176-97e5-42ae2be8f71d admin admin] 10.222.0.52 "GET /compute/v2.1" status: 200 len: 388 microversion: 2.1 time: 0.002004
Aug 12 10:52:13.706421 dv-cinder-802669-7-smb devstack@n-api.service[105907]: [pid: 105907|app: 0|req: 6/13] 10.222.0.52 () {54 vars in 931 bytes} [Thu Aug 12 10:52:13 2021] GET /compute/v2.1 => generated 388 bytes in 4 msecs (HTTP/1.1 200) 9 headers in 357 bytes (1 switches on core 0)
Aug 12 10:52:13.788593 dv-cinder-802669-7-smb devstack@n-api.service[105906]: DEBUG nova.api.openstack.wsgi [None req-84bcbc0f-5c20-4873-8949-6645a0d44009 admin admin] Action: 'create', calling method: >, body: {"flavor": {"swap": 0, "os-flavor-access:is_public": true, "vcpus": 2, "OS-FLV-EXT-DATA:ephemeral": 0, "rxtx_factor": 1.0, "id": "d3", "name": "ds2G", "ram": 2048, "disk": 10}} {{(pid=105906) _process_stack /opt/stack/nova/nova/api/openstack/wsgi.py:511}}
Aug 12 10:52:13.880903 dv-cinder-802669-7-smb devstack@n-api.service[105906]: INFO nova.api.openstack.requestlog [None req-84bcbc0f-5c20-4873-8949-6645a0d44009 admin admin] 10.222.0.52 "POST /compute/v2.1/flavors" status: 200 len: 404 microversion: 2.61 time: 0.167261
Aug 12 10:52:13.881373 dv-cinder-802669-7-smb devstack@n-api.service[105906]: [pid: 105906|app: 0|req: 8/14] 10.222.0.52 () {64 vars in 1283 bytes} [Thu Aug 12 10:52:13 2021] POST /compute/v2.1/flavors => generated 404 bytes in 169 msecs (HTTP/1.1 200) 9 headers in 359 bytes (2 switches on core 0)
Aug 12 10:52:13.900818 dv-cinder-802669-7-smb devstack@n-api.service[105907]: DEBUG nova.api.openstack.wsgi [None req-349124da-6aa0-4a60-92ef-bfc9ca9f232f admin admin] Action: 'create', calling method: >, body: {"extra_specs": {"hw_rng:allowed": "True"}} {{(pid=105907) _process_stack /opt/stack/nova/nova/api/openstack/wsgi.py:511}}
Aug 12 10:52:14.025214 dv-cinder-802669-7-smb devstack@n-api.service[105907]: INFO nova.api.openstack.requestlog [None req-349124da-6aa0-4a60-92ef-bfc9ca9f232f admin admin] 10.222.0.52 "POST /compute/v2.1/flavors/d3/os-extra_specs" status: 200 len: 43 microversion: 2.61 time: 0.134396
Aug 12 10:52:14.025802 dv-cinder-802669-7-smb devstack@n-api.service[105907]: [pid: 105907|app: 0|req: 7/15] 10.222.0.52 () {64 vars in 1336 bytes} [Thu Aug 12 10:52:13 2021] POST /compute/v2.1/flavors/d3/os-extra_specs => generated 43 bytes in 136 msecs (HTTP/1.1 200) 9 headers in 358 bytes (1 switches on core 0)
Aug 12 10:52:16.474564 dv-cinder-802669-7-smb devstack@n-api.service[105906]: DEBUG nova.api.openstack.wsgi [None req-84bcbc0f-5c20-4873-8949-6645a0d44009 admin admin] Calling method '>' {{(pid=105906) _process_stack /opt/stack/nova/nova/api/openstack/wsgi.py:513}}
Aug 12 10:52:16.476493 dv-cinder-802669-7-smb devstack@n-api.service[105906]: INFO nova.api.openstack.requestlog [None req-84bcbc0f-5c20-4873-8949-6645a0d44009 admin admin] 10.222.0.52 "GET /compute/v2.1" status: 200 len: 388 microversion: 2.1 time: 0.002734
Aug 12 10:52:16.477474 dv-cinder-802669-7-smb devstack@n-api.service[105906]: [pid: 105906|app: 0|req: 9/16] 10.222.0.52 () {54 vars in 931 bytes} [Thu Aug 12 10:52:16 2021] GET /compute/v2.1 => generated 388 bytes in 5 msecs (HTTP/1.1 200) 9 headers in 357 bytes (1 switches on core 0)
Aug 12 10:52:16.577135 dv-cinder-802669-7-smb devstack@n-api.service[105907]: DEBUG nova.api.openstack.wsgi [None req-bd572f47-8f8c-4d30-946b-1237bb44868f admin admin] Action: 'create', calling method: >, body: {"flavor": {"ram": 4096, "os-flavor-access:is_public": true, "name": "ds4G", "vcpus": 4, "rxtx_factor": 1.0, "OS-FLV-EXT-DATA:ephemeral": 0, "swap": 0, "id": "d4", "disk": 20}} {{(pid=105907) _process_stack /opt/stack/nova/nova/api/openstack/wsgi.py:511}}
Aug 12 10:52:16.656291 dv-cinder-802669-7-smb devstack@n-api.service[105907]: INFO nova.api.openstack.requestlog [None req-bd572f47-8f8c-4d30-946b-1237bb44868f admin admin] 10.222.0.52 "POST /compute/v2.1/flavors" status: 200 len: 404 microversion: 2.61 time: 0.166810
Aug 12 10:52:16.657840 dv-cinder-802669-7-smb devstack@n-api.service[105907]: [pid: 105907|app: 0|req: 8/17] 10.222.0.52 () {64 vars in 1283 bytes} [Thu Aug 12 10:52:16 2021] POST /compute/v2.1/flavors => generated 404 bytes in 170 msecs (HTTP/1.1 200) 9 headers in 359 bytes (1 switches on core 0)
Aug 12 10:52:16.671930 dv-cinder-802669-7-smb devstack@n-api.service[105906]: DEBUG nova.api.openstack.wsgi [None req-6cb51a25-78f7-4151-a402-2d6afea182dd admin admin] Action: 'create', calling method: >, body: {"extra_specs": {"hw_rng:allowed": "True"}} {{(pid=105906) _process_stack /opt/stack/nova/nova/api/openstack/wsgi.py:511}}
Aug 12 10:52:16.768605 dv-cinder-802669-7-smb devstack@n-api.service[105906]: INFO nova.api.openstack.requestlog [None req-6cb51a25-78f7-4151-a402-2d6afea182dd admin admin] 10.222.0.52 "POST /compute/v2.1/flavors/d4/os-extra_specs" status: 200 len: 43 microversion: 2.61 time: 0.100902
Aug 12 10:52:16.769376 dv-cinder-802669-7-smb devstack@n-api.service[105906]: [pid: 105906|app: 0|req: 10/18] 10.222.0.52 () {64 vars in 1336 bytes} [Thu Aug 12 10:52:16 2021] POST /compute/v2.1/flavors/d4/os-extra_specs => generated 43 bytes in 102 msecs (HTTP/1.1 200) 9 headers in 358 bytes (1 switches on core 0)
Aug 12 10:52:19.093212 dv-cinder-802669-7-smb devstack@n-api.service[105907]: DEBUG nova.api.openstack.wsgi [None req-bd572f47-8f8c-4d30-946b-1237bb44868f admin admin] Calling method '>' {{(pid=105907) _process_stack /opt/stack/nova/nova/api/openstack/wsgi.py:513}}
Aug 12 10:52:19.094656 dv-cinder-802669-7-smb devstack@n-api.service[105907]: INFO nova.api.openstack.requestlog [None req-bd572f47-8f8c-4d30-946b-1237bb44868f admin admin] 10.222.0.52 "GET /compute/v2.1" status: 200 len: 388 microversion: 2.1 time: 0.001873
Aug 12 10:52:19.095380 dv-cinder-802669-7-smb devstack@n-api.service[105907]: [pid: 105907|app: 0|req: 9/19] 10.222.0.52 () {54 vars in 931 bytes} [Thu Aug 12 10:52:19 2021] GET /compute/v2.1 => generated 388 bytes in 3 msecs (HTTP/1.1 200) 9 headers in 357 bytes (1 switches on core 0)
Aug 12 10:52:19.172046 dv-cinder-802669-7-smb devstack@n-api.service[105906]: DEBUG nova.api.openstack.wsgi [None req-be9f184d-0342-4f50-9907-2919d1967e4f admin admin] Calling method '>' {{(pid=105906) _process_stack /opt/stack/nova/nova/api/openstack/wsgi.py:513}}
Aug 12 10:52:19.196612 dv-cinder-802669-7-smb devstack@n-api.service[105906]: INFO nova.api.openstack.requestlog [None req-be9f184d-0342-4f50-9907-2919d1967e4f admin admin] 10.222.0.52 "GET /compute/v2.1/flavors/detail?is_public=True" status: 200 len: 2106 microversion: 2.61 time: 0.091993
Aug 12 10:52:19.197186 dv-cinder-802669-7-smb devstack@n-api.service[105906]: [pid: 105906|app: 0|req: 11/20] 10.222.0.52 () {60 vars in 1292 bytes} [Thu Aug 12 10:52:19 2021] GET /compute/v2.1/flavors/detail?is_public=True => generated 2106 bytes in 94 msecs (HTTP/1.1 200) 9 headers in 360 bytes (1 switches on core 0)
Aug 12 10:52:21.500881 dv-cinder-802669-7-smb devstack@n-api.service[105907]: DEBUG nova.api.openstack.wsgi [None req-bd572f47-8f8c-4d30-946b-1237bb44868f admin admin] Calling method '>' {{(pid=105907) _process_stack /opt/stack/nova/nova/api/openstack/wsgi.py:513}}
Aug 12 10:52:21.501896 dv-cinder-802669-7-smb devstack@n-api.service[105907]: INFO nova.api.openstack.requestlog [None req-bd572f47-8f8c-4d30-946b-1237bb44868f admin admin] 10.222.0.52 "GET /compute/v2.1" status: 200 len: 388 microversion: 2.1 time: 0.001455
Aug 12 10:52:21.502304 dv-cinder-802669-7-smb devstack@n-api.service[105907]: [pid: 105907|app: 0|req: 10/21] 10.222.0.52 () {54 vars in 931 bytes} [Thu Aug 12 10:52:21 2021] GET /compute/v2.1 => generated 388 bytes in 2 msecs (HTTP/1.1 200) 9 headers in 357 bytes (1 switches on core 0)
Aug 12 10:52:21.588234 dv-cinder-802669-7-smb devstack@n-api.service[105906]: DEBUG nova.api.openstack.wsgi [None req-48ecdc61-52e0-432e-8e0f-1273d930f697 admin admin] Action: 'create', calling method: >, body: {"flavor": {"rxtx_factor": 1.0, "ram": 512, "disk": 1, "swap": 0, "name": "m1.tiny", "os-flavor-access:is_public": true, "vcpus": 1, "id": "1", "OS-FLV-EXT-DATA:ephemeral": 0}} {{(pid=105906) _process_stack /opt/stack/nova/nova/api/openstack/wsgi.py:511}}
Aug 12 10:52:21.704238 dv-cinder-802669-7-smb devstack@n-api.service[105906]: INFO nova.api.openstack.requestlog [None req-48ecdc61-52e0-432e-8e0f-1273d930f697 admin admin] 10.222.0.52 "POST /compute/v2.1/flavors" status: 200 len: 402 microversion: 2.61 time: 0.194273
Aug 12 10:52:21.711377 dv-cinder-802669-7-smb devstack@n-api.service[105906]: [pid: 105906|app: 0|req: 12/22] 10.222.0.52 () {64 vars in 1283 bytes} [Thu Aug 12 10:52:21 2021] POST /compute/v2.1/flavors => generated 402 bytes in 197 msecs (HTTP/1.1 200) 9 headers in 359 bytes (1 switches on core 0)
Aug 12 10:52:21.721620 dv-cinder-802669-7-smb devstack@n-api.service[105907]: DEBUG nova.api.openstack.wsgi [None req-75efbed7-b6c3-4166-9210-a2cad27876b7 admin admin] Action: 'create', calling method: >, body: {"extra_specs": {"hw_rng:allowed": "True"}} {{(pid=105907) _process_stack /opt/stack/nova/nova/api/openstack/wsgi.py:511}}
Aug 12 10:52:21.870327 dv-cinder-802669-7-smb devstack@n-api.service[105907]: INFO nova.api.openstack.requestlog [None req-75efbed7-b6c3-4166-9210-a2cad27876b7 admin admin] 10.222.0.52 "POST /compute/v2.1/flavors/1/os-extra_specs" status: 200 len: 43 microversion: 2.61 time: 0.155242
Aug 12 10:52:21.871029 dv-cinder-802669-7-smb devstack@n-api.service[105907]: [pid: 105907|app: 0|req: 11/23] 10.222.0.52 () {64 vars in 1333 bytes} [Thu Aug 12 10:52:21 2021] POST /compute/v2.1/flavors/1/os-extra_specs => generated 43 bytes in 157 msecs (HTTP/1.1 200) 9 headers in 358 bytes (1 switches on core 0)
Aug 12 10:52:24.938438 dv-cinder-802669-7-smb devstack@n-api.service[105906]: DEBUG nova.api.openstack.wsgi [None req-48ecdc61-52e0-432e-8e0f-1273d930f697 admin admin] Calling method '>' {{(pid=105906) _process_stack /opt/stack/nova/nova/api/openstack/wsgi.py:513}}
Aug 12 10:52:24.939444 dv-cinder-802669-7-smb devstack@n-api.service[105906]: INFO nova.api.openstack.requestlog [None req-48ecdc61-52e0-432e-8e0f-1273d930f697 admin admin] 10.222.0.52 "GET /compute/v2.1" status: 200 len: 388 microversion: 2.1 time: 0.001461
Aug 12 10:52:24.939895 dv-cinder-802669-7-smb devstack@n-api.service[105906]: [pid: 105906|app: 0|req: 13/24] 10.222.0.52 () {54 vars in 931 bytes} [Thu Aug 12 10:52:24 2021] GET /compute/v2.1 => generated 388 bytes in 3 msecs (HTTP/1.1 200) 9 headers in 357 bytes (1 switches on core 0)
Aug 12 10:52:25.004565 dv-cinder-802669-7-smb devstack@n-api.service[105907]: DEBUG nova.api.openstack.wsgi [None req-e03b3ce4-1bf7-4f13-89d1-280354819a4a admin admin] Action: 'create', calling method: >, body: {"flavor": {"name": "m1.small", "OS-FLV-EXT-DATA:ephemeral": 0, "vcpus": 1, "id": "2", "ram": 2048, "disk": 20, "swap": 0, "os-flavor-access:is_public": true, "rxtx_factor": 1.0}} {{(pid=105907) _process_stack /opt/stack/nova/nova/api/openstack/wsgi.py:511}}
Aug 12 10:52:25.099473 dv-cinder-802669-7-smb devstack@n-api.service[105907]: INFO nova.api.openstack.requestlog [None req-e03b3ce4-1bf7-4f13-89d1-280354819a4a admin admin] 10.222.0.52 "POST /compute/v2.1/flavors" status: 200 len: 405 microversion: 2.61 time: 0.152104
Aug 12 10:52:25.100856 dv-cinder-802669-7-smb devstack@n-api.service[105907]: [pid: 105907|app: 0|req: 12/25] 10.222.0.52 () {64 vars in 1283 bytes} [Thu Aug 12 10:52:24 2021] POST /compute/v2.1/flavors => generated 405 bytes in 154 msecs (HTTP/1.1 200) 9 headers in 359 bytes (1 switches on core 0)
Aug 12 10:52:25.116851 dv-cinder-802669-7-smb devstack@n-api.service[105906]: DEBUG nova.api.openstack.wsgi [None req-67f5a95a-5f11-4898-8c55-62094e0a92d5 admin admin] Action: 'create', calling method: >, body: {"extra_specs": {"hw_rng:allowed": "True"}} {{(pid=105906) _process_stack /opt/stack/nova/nova/api/openstack/wsgi.py:511}}
Aug 12 10:52:25.227314 dv-cinder-802669-7-smb devstack@n-api.service[105906]: INFO nova.api.openstack.requestlog [None req-67f5a95a-5f11-4898-8c55-62094e0a92d5 admin admin] 10.222.0.52 "POST /compute/v2.1/flavors/2/os-extra_specs" status: 200 len: 43 microversion: 2.61 time: 0.115454
Aug 12 10:52:25.228282 dv-cinder-802669-7-smb devstack@n-api.service[105906]: [pid: 105906|app: 0|req: 14/26] 10.222.0.52 () {64 vars in 1333 bytes} [Thu Aug 12 10:52:25 2021] POST /compute/v2.1/flavors/2/os-extra_specs => generated 43 bytes in 117 msecs (HTTP/1.1 200) 9 headers in 358 bytes (1 switches on core 0)
Aug 12 10:52:27.531478 dv-cinder-802669-7-smb devstack@n-api.service[105907]: DEBUG nova.api.openstack.wsgi [None req-e03b3ce4-1bf7-4f13-89d1-280354819a4a admin admin] Calling method '>' {{(pid=105907) _process_stack /opt/stack/nova/nova/api/openstack/wsgi.py:513}}
Aug 12 10:52:27.532622 dv-cinder-802669-7-smb devstack@n-api.service[105907]: INFO nova.api.openstack.requestlog [None req-e03b3ce4-1bf7-4f13-89d1-280354819a4a admin admin] 10.222.0.52 "GET /compute/v2.1" status: 200 len: 388 microversion: 2.1 time: 0.002193
Aug 12 10:52:27.533047 dv-cinder-802669-7-smb devstack@n-api.service[105907]: [pid: 105907|app: 0|req: 13/27] 10.222.0.52 () {54 vars in 931 bytes} [Thu Aug 12 10:52:27 2021] GET /compute/v2.1 => generated 388 bytes in 4 msecs (HTTP/1.1 200) 9 headers in 357 bytes (1 switches on core 0)
Aug 12 10:52:27.599048 dv-cinder-802669-7-smb devstack@n-api.service[105906]: DEBUG nova.api.openstack.wsgi [None req-cb604e78-8886-4a69-84aa-9514816d5c08 admin admin] Action: 'create', calling method: >, body: {"flavor": {"name": "m1.medium", "ram": 4096, "OS-FLV-EXT-DATA:ephemeral": 0, "disk": 40, "vcpus": 2, "id": "3", "os-flavor-access:is_public": true, "rxtx_factor": 1.0, "swap": 0}} {{(pid=105906) _process_stack /opt/stack/nova/nova/api/openstack/wsgi.py:511}}
Aug 12 10:52:27.690694 dv-cinder-802669-7-smb devstack@n-api.service[105906]: INFO nova.api.openstack.requestlog [None req-cb604e78-8886-4a69-84aa-9514816d5c08 admin admin] 10.222.0.52 "POST /compute/v2.1/flavors" status: 200 len: 406 microversion: 2.61 time: 0.150344
Aug 12 10:52:27.691236 dv-cinder-802669-7-smb devstack@n-api.service[105906]: [pid: 105906|app: 0|req: 15/28] 10.222.0.52 () {64 vars in 1283 bytes} [Thu Aug 12 10:52:27 2021] POST /compute/v2.1/flavors => generated 406 bytes in 152 msecs (HTTP/1.1 200) 9 headers in 359 bytes (1 switches on core 0)
Aug 12 10:52:27.704275 dv-cinder-802669-7-smb devstack@n-api.service[105907]: DEBUG nova.api.openstack.wsgi [None req-137449eb-47d2-4b26-8d57-7fefd7e178a1 admin admin] Action: 'create', calling method: >, body: {"extra_specs": {"hw_rng:allowed": "True"}} {{(pid=105907) _process_stack /opt/stack/nova/nova/api/openstack/wsgi.py:511}}
Aug 12 10:52:27.800525 dv-cinder-802669-7-smb devstack@n-api.service[105907]: INFO nova.api.openstack.requestlog [None req-137449eb-47d2-4b26-8d57-7fefd7e178a1 admin admin] 10.222.0.52 "POST /compute/v2.1/flavors/3/os-extra_specs" status: 200 len: 43 microversion: 2.61 time: 0.100779
Aug 12 10:52:27.801179 dv-cinder-802669-7-smb devstack@n-api.service[105907]: [pid: 105907|app: 0|req: 14/29] 10.222.0.52 () {64 vars in 1333 bytes} [Thu Aug 12 10:52:27 2021] POST /compute/v2.1/flavors/3/os-extra_specs => generated 43 bytes in 102 msecs (HTTP/1.1 200) 9 headers in 358 bytes (1 switches on core 0)
Aug 12 10:52:30.159306 dv-cinder-802669-7-smb devstack@n-api.service[105906]: DEBUG nova.api.openstack.wsgi [None req-cb604e78-8886-4a69-84aa-9514816d5c08 admin admin] Calling method '>' {{(pid=105906) _process_stack /opt/stack/nova/nova/api/openstack/wsgi.py:513}}
Aug 12 10:52:30.161022 dv-cinder-802669-7-smb devstack@n-api.service[105906]: INFO nova.api.openstack.requestlog [None req-cb604e78-8886-4a69-84aa-9514816d5c08 admin admin] 10.222.0.52 "GET /compute/v2.1" status: 200 len: 388 microversion: 2.1 time: 0.002137
Aug 12 10:52:30.161850 dv-cinder-802669-7-smb devstack@n-api.service[105906]: [pid: 105906|app: 0|req: 16/30] 10.222.0.52 () {54 vars in 931 bytes} [Thu Aug 12 10:52:30 2021] GET /compute/v2.1 => generated 388 bytes in 3 msecs (HTTP/1.1 200) 9 headers in 357 bytes (1 switches on core 0)
Aug 12 10:52:30.254810 dv-cinder-802669-7-smb devstack@n-api.service[105907]: DEBUG nova.api.openstack.wsgi [None req-39502025-1e2a-4653-8511-1aa89cee02a0 admin admin] Action: 'create', calling method: >, body: {"flavor": {"id": "4", "ram": 8192, "swap": 0, "OS-FLV-EXT-DATA:ephemeral": 0, "rxtx_factor": 1.0, "os-flavor-access:is_public": true, "vcpus": 4, "name": "m1.large", "disk": 80}} {{(pid=105907) _process_stack /opt/stack/nova/nova/api/openstack/wsgi.py:511}}
Aug 12 10:52:30.724853 dv-cinder-802669-7-smb devstack@n-api.service[105907]: INFO nova.api.openstack.requestlog [None req-39502025-1e2a-4653-8511-1aa89cee02a0 admin admin] 10.222.0.52 "POST /compute/v2.1/flavors" status: 200 len: 405 microversion: 2.61 time: 0.555533
Aug 12 10:52:30.726178 dv-cinder-802669-7-smb devstack@n-api.service[105907]: [pid: 105907|app: 0|req: 15/31] 10.222.0.52 () {64 vars in 1283 bytes} [Thu Aug 12 10:52:30 2021] POST /compute/v2.1/flavors => generated 405 bytes in 557 msecs (HTTP/1.1 200) 9 headers in 359 bytes (2 switches on core 0)
Aug 12 10:52:30.746839 dv-cinder-802669-7-smb devstack@n-api.service[105906]: DEBUG nova.api.openstack.wsgi [None req-70ab435d-56d9-4a8c-b363-f9bf748e1268 admin admin] Action: 'create', calling method: >, body: {"extra_specs": {"hw_rng:allowed": "True"}} {{(pid=105906) _process_stack /opt/stack/nova/nova/api/openstack/wsgi.py:511}}
Aug 12 10:52:30.860828 dv-cinder-802669-7-smb devstack@n-api.service[105906]: INFO nova.api.openstack.requestlog [None req-70ab435d-56d9-4a8c-b363-f9bf748e1268 admin admin] 10.222.0.52 "POST /compute/v2.1/flavors/4/os-extra_specs" status: 200 len: 43 microversion: 2.61 time: 0.120642
Aug 12 10:52:30.862065 dv-cinder-802669-7-smb devstack@n-api.service[105906]: [pid: 105906|app: 0|req: 17/32] 10.222.0.52 () {64 vars in 1333 bytes} [Thu Aug 12 10:52:30 2021] POST /compute/v2.1/flavors/4/os-extra_specs => generated 43 bytes in 123 msecs (HTTP/1.1 200) 9 headers in 358 bytes (1 switches on core 0)
Aug 12 10:52:33.297426 dv-cinder-802669-7-smb devstack@n-api.service[105907]: DEBUG nova.api.openstack.wsgi [None req-39502025-1e2a-4653-8511-1aa89cee02a0 admin admin] Calling method '>' {{(pid=105907) _process_stack /opt/stack/nova/nova/api/openstack/wsgi.py:513}}
Aug 12 10:52:33.298465 dv-cinder-802669-7-smb devstack@n-api.service[105907]: INFO nova.api.openstack.requestlog [None req-39502025-1e2a-4653-8511-1aa89cee02a0 admin admin] 10.222.0.52 "GET /compute/v2.1" status: 200 len: 388 microversion: 2.1 time: 0.002334
Aug 12 10:52:33.299103 dv-cinder-802669-7-smb devstack@n-api.service[105907]: [pid: 105907|app: 0|req: 16/33] 10.222.0.52 () {54 vars in 931 bytes} [Thu Aug 12 10:52:33 2021] GET /compute/v2.1 => generated 388 bytes in 4 msecs (HTTP/1.1 200) 9 headers in 357 bytes (2 switches on core 0)
Aug 12 10:52:33.375747 dv-cinder-802669-7-smb devstack@n-api.service[105906]: DEBUG nova.api.openstack.wsgi [None req-35adccd3-9d41-48a0-8e30-c619010ccafe admin admin] Action: 'create', calling method: >, body: {"flavor": {"OS-FLV-EXT-DATA:ephemeral": 0, "ram": 16384, "name": "m1.xlarge", "os-flavor-access:is_public": true, "id": "5", "rxtx_factor": 1.0, "swap": 0, "vcpus": 8, "disk": 160}} {{(pid=105906) _process_stack /opt/stack/nova/nova/api/openstack/wsgi.py:511}}
Aug 12 10:52:33.455866 dv-cinder-802669-7-smb devstack@n-api.service[105906]: INFO nova.api.openstack.requestlog [None req-35adccd3-9d41-48a0-8e30-c619010ccafe admin admin] 10.222.0.52 "POST /compute/v2.1/flavors" status: 200 len: 408 microversion: 2.61 time: 0.148749
Aug 12 10:52:33.458792 dv-cinder-802669-7-smb devstack@n-api.service[105906]: [pid: 105906|app: 0|req: 18/34] 10.222.0.52 () {64 vars in 1283 bytes} [Thu Aug 12 10:52:33 2021] POST /compute/v2.1/flavors => generated 408 bytes in 152 msecs (HTTP/1.1 200) 9 headers in 359 bytes (1 switches on core 0)
Aug 12 10:52:33.475640 dv-cinder-802669-7-smb devstack@n-api.service[105907]: DEBUG nova.api.openstack.wsgi [None req-ac09db57-a43b-4409-9e7a-e457120f7977 admin admin] Action: 'create', calling method: >, body: {"extra_specs": {"hw_rng:allowed": "True"}} {{(pid=105907) _process_stack /opt/stack/nova/nova/api/openstack/wsgi.py:511}}
Aug 12 10:52:33.585008 dv-cinder-802669-7-smb devstack@n-api.service[105907]: INFO nova.api.openstack.requestlog [None req-ac09db57-a43b-4409-9e7a-e457120f7977 admin admin] 10.222.0.52 "POST /compute/v2.1/flavors/5/os-extra_specs" status: 200 len: 43 microversion: 2.61 time: 0.115015
Aug 12 10:52:33.599685 dv-cinder-802669-7-smb devstack@n-api.service[105907]: [pid: 105907|app: 0|req: 17/35] 10.222.0.52 () {64 vars in 1333 bytes} [Thu Aug 12 10:52:33 2021] POST /compute/v2.1/flavors/5/os-extra_specs => generated 43 bytes in 131 msecs (HTTP/1.1 200) 9 headers in 358 bytes (2 switches on core 0)
Aug 12 10:53:13.423052 dv-cinder-802669-7-smb devstack@n-api.service[105906]: DEBUG nova.api.openstack.wsgi [None req-35adccd3-9d41-48a0-8e30-c619010ccafe admin admin] Calling method '>' {{(pid=105906) _process_stack /opt/stack/nova/nova/api/openstack/wsgi.py:513}}
Aug 12 10:53:13.424152 dv-cinder-802669-7-smb devstack@n-api.service[105906]: INFO nova.api.openstack.requestlog [None req-35adccd3-9d41-48a0-8e30-c619010ccafe admin admin] 10.222.0.52 "GET /compute/v2.1" status: 200 len: 388 microversion: 2.1 time: 0.001554
Aug 12 10:53:13.424554 dv-cinder-802669-7-smb devstack@n-api.service[105906]: [pid: 105906|app: 0|req: 19/36] 10.222.0.52 () {54 vars in 931 bytes} [Thu Aug 12 10:53:13 2021] GET /compute/v2.1 => generated 388 bytes in 3 msecs (HTTP/1.1 200) 9 headers in 357 bytes (1 switches on core 0)
Aug 12 10:53:13.484912 dv-cinder-802669-7-smb devstack@n-api.service[105907]: DEBUG nova.api.openstack.wsgi [None req-02af326e-fec3-4552-b4f1-291b76eda95e admin admin] Calling method '>' {{(pid=105907) _process_stack /opt/stack/nova/nova/api/openstack/wsgi.py:513}}
Aug 12 10:53:13.501937 dv-cinder-802669-7-smb devstack@n-api.service[105907]: INFO nova.api.openstack.requestlog [None req-02af326e-fec3-4552-b4f1-291b76eda95e admin admin] 10.222.0.52 "GET /compute/v2.1/flavors/detail?is_public=True" status: 200 len: 4202 microversion: 2.61 time: 0.070436
Aug 12 10:53:13.502495 dv-cinder-802669-7-smb devstack@n-api.service[105907]: [pid: 105907|app: 0|req: 18/37] 10.222.0.52 () {60 vars in 1292 bytes} [Thu Aug 12 10:53:13 2021] GET /compute/v2.1/flavors/detail?is_public=True => generated 4202 bytes in 72 msecs (HTTP/1.1 200) 9 headers in 360 bytes (2 switches on core 0)
Aug 12 10:53:14.967351 dv-cinder-802669-7-smb devstack@n-api.service[105906]: DEBUG nova.api.openstack.wsgi [None req-35adccd3-9d41-48a0-8e30-c619010ccafe admin admin] Calling method '>' {{(pid=105906) _process_stack /opt/stack/nova/nova/api/openstack/wsgi.py:513}}
Aug 12 10:53:14.969073 dv-cinder-802669-7-smb devstack@n-api.service[105906]: INFO nova.api.openstack.requestlog [None req-35adccd3-9d41-48a0-8e30-c619010ccafe admin admin] 10.222.0.52 "GET /compute/v2.1" status: 200 len: 388 microversion: 2.1 time: 0.001472
Aug 12 10:53:14.969262 dv-cinder-802669-7-smb devstack@n-api.service[105906]: [pid: 105906|app: 0|req: 20/38] 10.222.0.52 () {56 vars in 1075 bytes} [Thu Aug 12 10:53:14 2021] GET /compute/v2.1 => generated 388 bytes in 3 msecs (HTTP/1.1 200) 9 headers in 357 bytes (1 switches on core 0)
Aug 12 10:53:15.167338 dv-cinder-802669-7-smb devstack@n-api.service[105907]: DEBUG nova.api.openstack.wsgi [None req-c00a8d95-23d9-44c0-a00d-4036a72a3813 admin admin] Calling method '>' {{(pid=105907) _process_stack /opt/stack/nova/nova/api/openstack/wsgi.py:513}}
Aug 12 10:53:15.172984 dv-cinder-802669-7-smb devstack@n-api.service[105907]: INFO nova.api.openstack.wsgi [None req-c00a8d95-23d9-44c0-a00d-4036a72a3813 admin admin] HTTP exception thrown: Flavor 42 could not be found.
Aug 12 10:53:15.173553 dv-cinder-802669-7-smb devstack@n-api.service[105907]: DEBUG nova.api.openstack.wsgi [None req-c00a8d95-23d9-44c0-a00d-4036a72a3813 admin admin] Returning 404 to user: Flavor 42 could not be found. {{(pid=105907) __call__ /opt/stack/nova/nova/api/openstack/wsgi.py:927}}
Aug 12 10:53:15.174360 dv-cinder-802669-7-smb devstack@n-api.service[105907]: INFO nova.api.openstack.requestlog [None req-c00a8d95-23d9-44c0-a00d-4036a72a3813 admin admin] 10.222.0.52 "GET /compute/v2.1/flavors/42" status: 404 len: 75 microversion: 2.88 time: 0.065705
Aug 12 10:53:15.174893 dv-cinder-802669-7-smb devstack@n-api.service[105907]: [pid: 105907|app: 0|req: 19/39] 10.222.0.52 () {60 vars in 1191 bytes} [Thu Aug 12 10:53:15 2021] GET /compute/v2.1/flavors/42 => generated 75 bytes in 67 msecs (HTTP/1.1 404) 9 headers in 380 bytes (1 switches on core 0)
Aug 12 10:53:15.185016 dv-cinder-802669-7-smb devstack@n-api.service[105906]: DEBUG nova.api.openstack.wsgi [None req-7067050a-fb06-4b73-984b-4cba767113fc admin admin] Calling method '>' {{(pid=105906) _process_stack /opt/stack/nova/nova/api/openstack/wsgi.py:513}}
Aug 12 10:53:15.206912 dv-cinder-802669-7-smb devstack@n-api.service[105906]: INFO nova.api.openstack.requestlog [None req-7067050a-fb06-4b73-984b-4cba767113fc admin admin] 10.222.0.52 "GET /compute/v2.1/flavors?is_public=None" status: 200 len: 2056 microversion: 2.88 time: 0.025442
Aug 12 10:53:15.207488 dv-cinder-802669-7-smb devstack@n-api.service[105906]: [pid: 105906|app: 0|req: 21/40] 10.222.0.52 () {60 vars in 1211 bytes} [Thu Aug 12 10:53:15 2021] GET /compute/v2.1/flavors?is_public=None => generated 2056 bytes in 27 msecs (HTTP/1.1 200) 9 headers in 360 bytes (1 switches on core 0)
Aug 12 10:53:15.217784 dv-cinder-802669-7-smb devstack@n-api.service[105907]: DEBUG nova.api.openstack.wsgi [None req-03d6cee3-2341-4a5a-894a-617d602e79bc admin admin] Calling method '>' {{(pid=105907) _process_stack /opt/stack/nova/nova/api/openstack/wsgi.py:513}}
Aug 12 10:53:15.239146 dv-cinder-802669-7-smb devstack@n-api.service[105907]: INFO nova.api.openstack.requestlog [None req-03d6cee3-2341-4a5a-894a-617d602e79bc admin admin] 10.222.0.52 "GET /compute/v2.1/flavors?is_public=None" status: 200 len: 2056 microversion: 2.88 time: 0.024827
Aug 12 10:53:15.239728 dv-cinder-802669-7-smb devstack@n-api.service[105907]: [pid: 105907|app: 0|req: 20/41] 10.222.0.52 () {60 vars in 1211 bytes} [Thu Aug 12 10:53:15 2021] GET /compute/v2.1/flavors?is_public=None => generated 2056 bytes in 26 msecs (HTTP/1.1 200) 9 headers in 360 bytes (1 switches on core 0)
Aug 12 10:53:15.250270 dv-cinder-802669-7-smb devstack@n-api.service[105906]: DEBUG nova.api.openstack.wsgi [None req-c987e509-9666-4b6e-8c3a-a8925f5151d6 admin admin] Calling method '>' {{(pid=105906) _process_stack /opt/stack/nova/nova/api/openstack/wsgi.py:513}}
Aug 12 10:53:15.256163 dv-cinder-802669-7-smb devstack@n-api.service[105906]: INFO nova.api.openstack.wsgi [None req-c987e509-9666-4b6e-8c3a-a8925f5151d6 admin admin] HTTP exception thrown: Flavor 42 could not be found.
Aug 12 10:53:15.256749 dv-cinder-802669-7-smb devstack@n-api.service[105906]: DEBUG nova.api.openstack.wsgi [None req-c987e509-9666-4b6e-8c3a-a8925f5151d6 admin admin] Returning 404 to user: Flavor 42 could not be found. {{(pid=105906) __call__ /opt/stack/nova/nova/api/openstack/wsgi.py:927}}
Aug 12 10:53:15.257569 dv-cinder-802669-7-smb devstack@n-api.service[105906]: INFO nova.api.openstack.requestlog [None req-c987e509-9666-4b6e-8c3a-a8925f5151d6 admin admin] 10.222.0.52 "GET /compute/v2.1/flavors/42" status: 404 len: 75 microversion: 2.88 time: 0.011451
Aug 12 10:53:15.258091 dv-cinder-802669-7-smb devstack@n-api.service[105906]: [pid: 105906|app: 0|req: 22/42] 10.222.0.52 () {60 vars in 1191 bytes} [Thu Aug 12 10:53:15 2021] GET /compute/v2.1/flavors/42 => generated 75 bytes in 13 msecs (HTTP/1.1 404) 9 headers in 380 bytes (1 switches on core 0)
Aug 12 10:53:16.644104 dv-cinder-802669-7-smb devstack@n-api.service[105907]: DEBUG nova.api.openstack.wsgi [None req-03d6cee3-2341-4a5a-894a-617d602e79bc admin admin] Calling method '>' {{(pid=105907) _process_stack /opt/stack/nova/nova/api/openstack/wsgi.py:513}}
Aug 12 10:53:16.645106 dv-cinder-802669-7-smb devstack@n-api.service[105907]: INFO nova.api.openstack.requestlog [None req-03d6cee3-2341-4a5a-894a-617d602e79bc admin admin] 10.222.0.52 "GET /compute/v2.1" status: 200 len: 388 microversion: 2.1 time: 0.001457
Aug 12 10:53:16.645498 dv-cinder-802669-7-smb devstack@n-api.service[105907]: [pid: 105907|app: 0|req: 21/43] 10.222.0.52 () {56 vars in 1075 bytes} [Thu Aug 12 10:53:16 2021] GET /compute/v2.1 => generated 388 bytes in 2 msecs (HTTP/1.1 200) 9 headers in 357 bytes (1 switches on core 0)
Aug 12 10:53:16.840322 dv-cinder-802669-7-smb devstack@n-api.service[105906]: DEBUG nova.api.openstack.wsgi [None req-a31d9a9c-8475-4e75-9670-7d0eb1c3f5f5 admin admin] Calling method '>' {{(pid=105906) _process_stack /opt/stack/nova/nova/api/openstack/wsgi.py:513}}
Aug 12 10:53:16.845917 dv-cinder-802669-7-smb devstack@n-api.service[105906]: INFO nova.api.openstack.wsgi [None req-a31d9a9c-8475-4e75-9670-7d0eb1c3f5f5 admin admin] HTTP exception thrown: Flavor 84 could not be found.
Aug 12 10:53:16.846476 dv-cinder-802669-7-smb devstack@n-api.service[105906]: DEBUG nova.api.openstack.wsgi [None req-a31d9a9c-8475-4e75-9670-7d0eb1c3f5f5 admin admin] Returning 404 to user: Flavor 84 could not be found. {{(pid=105906) __call__ /opt/stack/nova/nova/api/openstack/wsgi.py:927}}
Aug 12 10:53:16.847264 dv-cinder-802669-7-smb devstack@n-api.service[105906]: INFO nova.api.openstack.requestlog [None req-a31d9a9c-8475-4e75-9670-7d0eb1c3f5f5 admin admin] 10.222.0.52 "GET /compute/v2.1/flavors/84" status: 404 len: 75 microversion: 2.88 time: 0.060559
Aug 12 10:53:16.847811 dv-cinder-802669-7-smb devstack@n-api.service[105906]: [pid: 105906|app: 0|req: 23/44] 10.222.0.52 () {60 vars in 1191 bytes} [Thu Aug 12 10:53:16 2021] GET /compute/v2.1/flavors/84 => generated 75 bytes in 62 msecs (HTTP/1.1 404) 9 headers in 380 bytes (1 switches on core 0)
Aug 12 10:53:16.857726 dv-cinder-802669-7-smb devstack@n-api.service[105907]: DEBUG nova.api.openstack.wsgi [None req-620c8aa5-1b4e-4c78-abe3-ad094d36fd3f admin admin] Calling method '>' {{(pid=105907) _process_stack /opt/stack/nova/nova/api/openstack/wsgi.py:513}}
Aug 12 10:53:16.873066 dv-cinder-802669-7-smb devstack@n-api.service[105907]: INFO nova.api.openstack.requestlog [None req-620c8aa5-1b4e-4c78-abe3-ad094d36fd3f admin admin] 10.222.0.52 "GET /compute/v2.1/flavors?is_public=None" status: 200 len: 2056 microversion: 2.88 time: 0.019018
Aug 12 10:53:16.873613 dv-cinder-802669-7-smb devstack@n-api.service[105907]: [pid: 105907|app: 0|req: 22/45] 10.222.0.52 () {60 vars in 1211 bytes} [Thu Aug 12 10:53:16 2021] GET /compute/v2.1/flavors?is_public=None => generated 2056 bytes in 20 msecs (HTTP/1.1 200) 9 headers in 360 bytes (2 switches on core 0)
Aug 12 10:53:16.884539 dv-cinder-802669-7-smb devstack@n-api.service[105906]: DEBUG nova.api.openstack.wsgi [None req-4911a74f-69f8-4b09-865c-589022b26ba2 admin admin] Calling method '>' {{(pid=105906) _process_stack /opt/stack/nova/nova/api/openstack/wsgi.py:513}}
Aug 12 10:53:16.898546 dv-cinder-802669-7-smb devstack@n-api.service[105906]: INFO nova.api.openstack.requestlog [None req-4911a74f-69f8-4b09-865c-589022b26ba2 admin admin] 10.222.0.52 "GET /compute/v2.1/flavors?is_public=None" status: 200 len: 2056 microversion: 2.88 time: 0.017509
Aug 12 10:53:16.899096 dv-cinder-802669-7-smb devstack@n-api.service[105906]: [pid: 105906|app: 0|req: 24/46] 10.222.0.52 () {60 vars in 1211 bytes} [Thu Aug 12 10:53:16 2021] GET /compute/v2.1/flavors?is_public=None => generated 2056 bytes in 19 msecs (HTTP/1.1 200) 9 headers in 360 bytes (1 switches on core 0)
Aug 12 10:53:16.909897 dv-cinder-802669-7-smb devstack@n-api.service[105907]: DEBUG nova.api.openstack.wsgi [None req-a0b3d793-baac-4b95-9a16-b71f7f4710d1 admin admin] Calling method '>' {{(pid=105907) _process_stack /opt/stack/nova/nova/api/openstack/wsgi.py:513}}
Aug 12 10:53:16.915128 dv-cinder-802669-7-smb devstack@n-api.service[105907]: INFO nova.api.openstack.wsgi [None req-a0b3d793-baac-4b95-9a16-b71f7f4710d1 admin admin] HTTP exception thrown: Flavor 84 could not be found.
Aug 12 10:53:16.915992 dv-cinder-802669-7-smb devstack@n-api.service[105907]: DEBUG nova.api.openstack.wsgi [None req-a0b3d793-baac-4b95-9a16-b71f7f4710d1 admin admin] Returning 404 to user: Flavor 84 could not be found. {{(pid=105907) __call__ /opt/stack/nova/nova/api/openstack/wsgi.py:927}}
Aug 12 10:53:16.916789 dv-cinder-802669-7-smb devstack@n-api.service[105907]: INFO nova.api.openstack.requestlog [None req-a0b3d793-baac-4b95-9a16-b71f7f4710d1 admin admin] 10.222.0.52 "GET /compute/v2.1/flavors/84" status: 404 len: 75 microversion: 2.88 time: 0.011214
Aug 12 10:53:16.917303 dv-cinder-802669-7-smb devstack@n-api.service[105907]: [pid: 105907|app: 0|req: 23/47] 10.222.0.52 () {60 vars in 1191 bytes} [Thu Aug 12 10:53:16 2021] GET /compute/v2.1/flavors/84 => generated 75 bytes in 12 msecs (HTTP/1.1 404) 9 headers in 380 bytes (1 switches on core 0)
Aug 12 10:53:18.310766 dv-cinder-802669-7-smb devstack@n-api.service[105906]: DEBUG nova.api.openstack.wsgi [None req-4911a74f-69f8-4b09-865c-589022b26ba2 admin admin] Calling method '>' {{(pid=105906) _process_stack /opt/stack/nova/nova/api/openstack/wsgi.py:513}}
Aug 12 10:53:18.311831 dv-cinder-802669-7-smb devstack@n-api.service[105906]: INFO nova.api.openstack.requestlog [None req-4911a74f-69f8-4b09-865c-589022b26ba2 admin admin] 10.222.0.52 "GET /compute/v2.1" status: 200 len: 388 microversion: 2.1 time: 0.001472
Aug 12 10:53:18.312414 dv-cinder-802669-7-smb devstack@n-api.service[105906]: [pid: 105906|app: 0|req: 25/48] 10.222.0.52 () {56 vars in 1075 bytes} [Thu Aug 12 10:53:18 2021] GET /compute/v2.1 => generated 388 bytes in 3 msecs (HTTP/1.1 200) 9 headers in 357 bytes (1 switches on core 0)
Aug 12 10:53:18.510007 dv-cinder-802669-7-smb devstack@n-api.service[105907]: DEBUG nova.api.openstack.wsgi [None req-e7785bcf-fe36-467d-8ae1-c59d371f7b80 admin admin] Calling method '>' {{(pid=105907) _process_stack /opt/stack/nova/nova/api/openstack/wsgi.py:513}}
Aug 12 10:53:18.516263 dv-cinder-802669-7-smb devstack@n-api.service[105907]: INFO nova.api.openstack.wsgi [None req-e7785bcf-fe36-467d-8ae1-c59d371f7b80 admin admin] HTTP exception thrown: Flavor 451 could not be found.
Aug 12 10:53:18.516859 dv-cinder-802669-7-smb devstack@n-api.service[105907]: DEBUG nova.api.openstack.wsgi [None req-e7785bcf-fe36-467d-8ae1-c59d371f7b80 admin admin] Returning 404 to user: Flavor 451 could not be found. {{(pid=105907) __call__ /opt/stack/nova/nova/api/openstack/wsgi.py:927}}
Aug 12 10:53:18.517652 dv-cinder-802669-7-smb devstack@n-api.service[105907]: INFO nova.api.openstack.requestlog [None req-e7785bcf-fe36-467d-8ae1-c59d371f7b80 admin admin] 10.222.0.52 "GET /compute/v2.1/flavors/451" status: 404 len: 76 microversion: 2.88 time: 0.063816
Aug 12 10:53:18.518189 dv-cinder-802669-7-smb devstack@n-api.service[105907]: [pid: 105907|app: 0|req: 24/49] 10.222.0.52 () {60 vars in 1194 bytes} [Thu Aug 12 10:53:18 2021] GET /compute/v2.1/flavors/451 => generated 76 bytes in 65 msecs (HTTP/1.1 404) 9 headers in 380 bytes (1 switches on core 0)
Aug 12 10:53:18.528198 dv-cinder-802669-7-smb devstack@n-api.service[105906]: DEBUG nova.api.openstack.wsgi [None req-4bb14eed-58c8-4130-a625-e71b5261d254 admin admin] Calling method '>' {{(pid=105906) _process_stack /opt/stack/nova/nova/api/openstack/wsgi.py:513}}
Aug 12 10:53:18.544193 dv-cinder-802669-7-smb devstack@n-api.service[105906]: INFO nova.api.openstack.requestlog [None req-4bb14eed-58c8-4130-a625-e71b5261d254 admin admin] 10.222.0.52 "GET /compute/v2.1/flavors?is_public=None" status: 200 len: 2056 microversion: 2.88 time: 0.019499
Aug 12 10:53:18.544801 dv-cinder-802669-7-smb devstack@n-api.service[105906]: [pid: 105906|app: 0|req: 26/50] 10.222.0.52 () {60 vars in 1211 bytes} [Thu Aug 12 10:53:18 2021] GET /compute/v2.1/flavors?is_public=None => generated 2056 bytes in 21 msecs (HTTP/1.1 200) 9 headers in 360 bytes (1 switches on core 0)
Aug 12 10:53:18.556071 dv-cinder-802669-7-smb devstack@n-api.service[105907]: DEBUG nova.api.openstack.wsgi [None req-7ed62351-e008-485a-815c-7074c963fb73 admin admin] Calling method '>' {{(pid=105907) _process_stack /opt/stack/nova/nova/api/openstack/wsgi.py:513}}
Aug 12 10:53:18.570642 dv-cinder-802669-7-smb devstack@n-api.service[105907]: INFO nova.api.openstack.requestlog [None req-7ed62351-e008-485a-815c-7074c963fb73 admin admin] 10.222.0.52 "GET /compute/v2.1/flavors?is_public=None" status: 200 len: 2056 microversion: 2.88 time: 0.018136
Aug 12 10:53:18.571209 dv-cinder-802669-7-smb devstack@n-api.service[105907]: [pid: 105907|app: 0|req: 25/51] 10.222.0.52 () {60 vars in 1211 bytes} [Thu Aug 12 10:53:18 2021] GET /compute/v2.1/flavors?is_public=None => generated 2056 bytes in 19 msecs (HTTP/1.1 200) 9 headers in 360 bytes (1 switches on core 0)
Aug 12 10:53:18.581685 dv-cinder-802669-7-smb devstack@n-api.service[105906]: DEBUG nova.api.openstack.wsgi [None req-2881970f-29cf-480f-9275-14a5e0089451 admin admin] Calling method '>' {{(pid=105906) _process_stack /opt/stack/nova/nova/api/openstack/wsgi.py:513}}
Aug 12 10:53:18.587088 dv-cinder-802669-7-smb devstack@n-api.service[105906]: INFO nova.api.openstack.wsgi [None req-2881970f-29cf-480f-9275-14a5e0089451 admin admin] HTTP exception thrown: Flavor 451 could not be found.
Aug 12 10:53:18.587704 dv-cinder-802669-7-smb devstack@n-api.service[105906]: DEBUG nova.api.openstack.wsgi [None req-2881970f-29cf-480f-9275-14a5e0089451 admin admin] Returning 404 to user: Flavor 451 could not be found. {{(pid=105906) __call__ /opt/stack/nova/nova/api/openstack/wsgi.py:927}}
Aug 12 10:53:18.588523 dv-cinder-802669-7-smb devstack@n-api.service[105906]: INFO nova.api.openstack.requestlog [None req-2881970f-29cf-480f-9275-14a5e0089451 admin admin] 10.222.0.52 "GET /compute/v2.1/flavors/451" status: 404 len: 76 microversion: 2.88 time: 0.010487
