Aug 11 08:01:23.409060 dv-cinder-802669-4-smb neutron-server[93736]: DEBUG neutron_lib.callbacks.manager [None req-1224261f-c99d-4f8b-a07b-678fba086ce3 admin admin] Subscribe: > port after_delete 55550000 {{(pid=93736) subscribe /usr/local/lib/python3.8/dist-packages/neutron_lib/callbacks/manager.py:45}}
Aug 11 08:01:23.409633 dv-cinder-802669-4-smb neutron-server[93736]: DEBUG neutron_lib.callbacks.manager [None req-1224261f-c99d-4f8b-a07b-678fba086ce3 admin admin] Subscribe: > port after_update 55550000 {{(pid=93736) subscribe /usr/local/lib/python3.8/dist-packages/neutron_lib/callbacks/manager.py:45}}
Aug 11 08:01:23.410021 dv-cinder-802669-4-smb neutron-server[93736]: DEBUG neutron_lib.callbacks.manager [None req-1224261f-c99d-4f8b-a07b-678fba086ce3 admin admin] Subscribe: > segment after_delete 55550000 {{(pid=93736) subscribe /usr/local/lib/python3.8/dist-packages/neutron_lib/callbacks/manager.py:45}}
Aug 11 08:01:23.410652 dv-cinder-802669-4-smb neutron-server[93736]: DEBUG neutron_lib.callbacks.manager [None req-1224261f-c99d-4f8b-a07b-678fba086ce3 admin admin] Subscribe: > subnet after_create 55550000 {{(pid=93736) subscribe /usr/local/lib/python3.8/dist-packages/neutron_lib/callbacks/manager.py:45}}
Aug 11 08:01:23.411010 dv-cinder-802669-4-smb neutron-server[93736]: DEBUG neutron_lib.callbacks.manager [None req-1224261f-c99d-4f8b-a07b-678fba086ce3 admin admin] Subscribe: > subnet after_delete 55550000 {{(pid=93736) subscribe /usr/local/lib/python3.8/dist-packages/neutron_lib/callbacks/manager.py:45}}
Aug 11 08:01:23.411393 dv-cinder-802669-4-smb neutron-server[93736]: DEBUG neutron_lib.callbacks.manager [None req-1224261f-c99d-4f8b-a07b-678fba086ce3 admin admin] Subscribe: > subnet after_update 55550000 {{(pid=93736) subscribe /usr/local/lib/python3.8/dist-packages/neutron_lib/callbacks/manager.py:45}}
Aug 11 08:01:23.432093 dv-cinder-802669-4-smb neutron-server[93735]: DEBUG neutron.scheduler.dhcp_agent_scheduler [req-2a3f6f9e-037e-48f4-a180-d5bf29452f70 req-e085836f-473f-403e-bb54-b8a8b3818c8e tempest-ServerRescueNegativeTestJSON-1669402802 tempest-ServerRescueNegativeTestJSON-1669402802-project] Network 322d96e9-2a64-41c2-abea-76c34e4c21ce is already hosted by enough agents. {{(pid=93735) _get_dhcp_agents_hosting_network /opt/stack/neutron/neutron/scheduler/dhcp_agent_scheduler.py:275}}
Aug 11 08:01:23.499384 dv-cinder-802669-4-smb neutron-server[93735]: DEBUG neutron.scheduler.base_scheduler [req-2a3f6f9e-037e-48f4-a180-d5bf29452f70 req-e085836f-473f-403e-bb54-b8a8b3818c8e tempest-ServerRescueNegativeTestJSON-1669402802 tempest-ServerRescueNegativeTestJSON-1669402802-project] Resources bound (agent type, host, resource id): {{(pid=93735) schedule /opt/stack/neutron/neutron/scheduler/base_scheduler.py:57}}
Aug 11 08:01:23.505186 dv-cinder-802669-4-smb neutron-server[93735]: DEBUG neutron.api.rpc.handlers.resources_rpc [None req-e085836f-473f-403e-bb54-b8a8b3818c8e tempest-ServerRescueNegativeTestJSON-1669402802 tempest-ServerRescueNegativeTestJSON-1669402802-project] Pushing event updated for resources: {'Port': ['ID=ac1f666b-2738-44b1-bb18-81a663ce52d5,revision_number=1']} {{(pid=93735) push /opt/stack/neutron/neutron/api/rpc/handlers/resources_rpc.py:237}}
Aug 11 08:01:23.528763 dv-cinder-802669-4-smb neutron-server[93735]: DEBUG neutron.db.l3_dvrscheduler_db [req-2a3f6f9e-037e-48f4-a180-d5bf29452f70 req-e085836f-473f-403e-bb54-b8a8b3818c8e tempest-ServerRescueNegativeTestJSON-1669402802 tempest-ServerRescueNegativeTestJSON-1669402802-project] Received port after_create {{(pid=93735) _notify_l3_agent_new_port /opt/stack/neutron/neutron/db/l3_dvrscheduler_db.py:535}}
Aug 11 08:01:23.540772 dv-cinder-802669-4-smb neutron-server[93735]: DEBUG neutron.pecan_wsgi.hooks.policy_enforcement [req-2a3f6f9e-037e-48f4-a180-d5bf29452f70 req-e085836f-473f-403e-bb54-b8a8b3818c8e tempest-ServerRescueNegativeTestJSON-1669402802 tempest-ServerRescueNegativeTestJSON-1669402802-project] Attributes excluded by policy engine: ['standard_attr_id', 'binding:profile', 'binding:host_id', 'binding:vif_type', 'binding:vif_details', 'network'] {{(pid=93735) _exclude_attributes_by_policy /opt/stack/neutron/neutron/pecan_wsgi/hooks/policy_enforcement.py:255}}
Aug 11 08:01:23.541478 dv-cinder-802669-4-smb neutron-server[93735]: DEBUG neutron_lib.callbacks.manager [req-2a3f6f9e-037e-48f4-a180-d5bf29452f70 req-e085836f-473f-403e-bb54-b8a8b3818c8e tempest-ServerRescueNegativeTestJSON-1669402802 tempest-ServerRescueNegativeTestJSON-1669402802-project] Notify callbacks ['neutron.notifiers.nova.Notifier._send_nova_notification-77207', 'neutron.api.rpc.agentnotifiers.dhcp_rpc_agent_api.DhcpAgentNotifyAPI._send_dhcp_notification-3763230'] for port, before_response {{(pid=93735) _notify_loop /usr/local/lib/python3.8/dist-packages/neutron_lib/callbacks/manager.py:192}}
Aug 11 08:01:23.575523 dv-cinder-802669-4-smb neutron-server[93737]: DEBUG neutron_lib.callbacks.manager [None req-51a3c201-1b08-40b1-aec1-ff3a73900ee3 None None] Notify callbacks [] for port, precommit_update {{(pid=93737) _notify_loop /usr/local/lib/python3.8/dist-packages/neutron_lib/callbacks/manager.py:192}}
Aug 11 08:01:23.590409 dv-cinder-802669-4-smb neutron-server[93737]: DEBUG neutron.db.provisioning_blocks [None req-51a3c201-1b08-40b1-aec1-ff3a73900ee3 None None] Transition to ACTIVE for port object 23fab8b0-664f-49bc-a6ea-cf1404ab6eed will not be triggered until provisioned by entity L2. {{(pid=93737) add_provisioning_component /opt/stack/neutron/neutron/db/provisioning_blocks.py:73}}
Aug 11 08:01:23.596465 dv-cinder-802669-4-smb neutron-server[93737]: DEBUG neutron.plugins.ml2.rpc [None req-92d41d11-0d9a-4272-b701-468126846168 None None] Device 88f59766-7d1f-4b6f-b99b-3dedf41a9364 up at agent ovs-agent-dv-cinder-802669-4-smb {{(pid=93737) update_device_up /opt/stack/neutron/neutron/plugins/ml2/rpc.py:296}}
Aug 11 08:01:23.599803 dv-cinder-802669-4-smb neutron-server[93737]: DEBUG neutron_lib.callbacks.manager [None req-51a3c201-1b08-40b1-aec1-ff3a73900ee3 None None] Notify callbacks ['neutron.plugins.ml2.plugin.SecurityGroupServerNotifierRpcMixin._notify_sg_on_port_change-3543106', 'neutron.plugins.ml2.ovo_rpc._ObjectChangeHandler.handle_event-189651', 'neutron.api.rpc.agentnotifiers.dhcp_rpc_agent_api.DhcpAgentNotifyAPI._native_event_send_dhcp_notification-3763200', 'neutron.db.l3_db.L3RpcNotifierMixin._notify_gateway_port_ip_changed-8793574303901', 'neutron.db.l3_dvrscheduler_db._notify_l3_agent_port_update-8793573817604', 'neutron.db.l3_hascheduler_db._notify_l3_agent_ha_port_update-8793573817622'] for port, after_update {{(pid=93737) _notify_loop /usr/local/lib/python3.8/dist-packages/neutron_lib/callbacks/manager.py:192}}
Aug 11 08:01:23.729956 dv-cinder-802669-4-smb neutron-server[93735]: DEBUG neutron_lib.callbacks.manager [None req-3f4f8833-78d6-42c3-96e8-0101326fa155 tempest-AttachVolumeTestJSON-1942744148 tempest-AttachVolumeTestJSON-1942744148-project] Notify callbacks [] for security_group, precommit_create {{(pid=93735) _notify_loop /usr/local/lib/python3.8/dist-packages/neutron_lib/callbacks/manager.py:192}}
Aug 11 08:01:23.794300 dv-cinder-802669-4-smb neutron-server[93735]: DEBUG neutron_lib.callbacks.manager [None req-812caffc-b662-4495-9043-ea40266ae541 tempest-AttachVolumeShelveTestJSON-686380317 tempest-AttachVolumeShelveTestJSON-686380317-project] Notify callbacks [] for security_group_rule, precommit_create {{(pid=93735) _notify_loop /usr/local/lib/python3.8/dist-packages/neutron_lib/callbacks/manager.py:192}}
Aug 11 08:01:23.804405 dv-cinder-802669-4-smb neutron-server[93735]: DEBUG neutron_lib.callbacks.manager [None req-c31ff9b3-2993-4426-9f57-5f59050a3855 admin admin] Notify callbacks [] for security_group, before_delete {{(pid=93735) _notify_loop /usr/local/lib/python3.8/dist-packages/neutron_lib/callbacks/manager.py:192}}
Aug 11 08:01:23.806221 dv-cinder-802669-4-smb neutron-server[93735]: DEBUG neutron_lib.callbacks.manager [None req-812caffc-b662-4495-9043-ea40266ae541 tempest-AttachVolumeShelveTestJSON-686380317 tempest-AttachVolumeShelveTestJSON-686380317-project] Notify callbacks ['neutron.plugins.ml2.ovo_rpc._ObjectChangeHandler.handle_event-483164'] for security_group_rule, after_create {{(pid=93735) _notify_loop /usr/local/lib/python3.8/dist-packages/neutron_lib/callbacks/manager.py:192}}
Aug 11 08:01:23.816601 dv-cinder-802669-4-smb neutron-server[93735]: DEBUG neutron_lib.callbacks.manager [None req-3f4f8833-78d6-42c3-96e8-0101326fa155 tempest-AttachVolumeTestJSON-1942744148 tempest-AttachVolumeTestJSON-1942744148-project] Notify callbacks ['neutron.plugins.ml2.ovo_rpc._ObjectChangeHandler.handle_event-483215'] for security_group, after_create {{(pid=93735) _notify_loop /usr/local/lib/python3.8/dist-packages/neutron_lib/callbacks/manager.py:192}}
Aug 11 08:01:23.831396 dv-cinder-802669-4-smb neutron-server[93737]: DEBUG neutron.api.rpc.handlers.resources_rpc [None req-aa43dd72-b285-472e-9cf4-7a01f09e5445 None None] Pushing event updated for resources: {'Port': ['ID=23fab8b0-664f-49bc-a6ea-cf1404ab6eed,revision_number=3']} {{(pid=93737) push /opt/stack/neutron/neutron/api/rpc/handlers/resources_rpc.py:237}}
Aug 11 08:01:23.884500 dv-cinder-802669-4-smb neutron-server[93737]: DEBUG neutron.plugins.ml2.managers [None req-51a3c201-1b08-40b1-aec1-ff3a73900ee3 None None] Attempting to bind port 23fab8b0-664f-49bc-a6ea-cf1404ab6eed on host dv-cinder-802669-4-smb for vnic_type normal with profile {{(pid=93737) bind_port /opt/stack/neutron/neutron/plugins/ml2/managers.py:790}}
Aug 11 08:01:23.885017 dv-cinder-802669-4-smb neutron-server[93737]: DEBUG neutron.plugins.ml2.managers [None req-51a3c201-1b08-40b1-aec1-ff3a73900ee3 None None] Attempting to bind port 23fab8b0-664f-49bc-a6ea-cf1404ab6eed by drivers openvswitch,hyperv on host dv-cinder-802669-4-smb at level 0 using segments [{'id': 'ae17360f-b351-41d3-9b63-1d1b454e8288', 'network_type': 'vlan', 'physical_network': 'physnet1', 'segmentation_id': 929, 'network_id': '0bd20ff0-d7e3-43f8-8a21-e8f3e495dd1e'}] {{(pid=93737) _bind_port_level /opt/stack/neutron/neutron/plugins/ml2/managers.py:815}}
Aug 11 08:01:23.887095 dv-cinder-802669-4-smb neutron-server[93737]: DEBUG neutron.plugins.ml2.drivers.mech_agent [None req-51a3c201-1b08-40b1-aec1-ff3a73900ee3 None None] Attempting to bind port 23fab8b0-664f-49bc-a6ea-cf1404ab6eed on network 0bd20ff0-d7e3-43f8-8a21-e8f3e495dd1e {{(pid=93737) bind_port /opt/stack/neutron/neutron/plugins/ml2/drivers/mech_agent.py:85}}
Aug 11 08:01:23.903022 dv-cinder-802669-4-smb neutron-server[93736]: DEBUG neutron_lib.callbacks.manager [None req-1224261f-c99d-4f8b-a07b-678fba086ce3 admin admin] Subscribe: > subnet after_create 55550000 {{(pid=93736) subscribe /usr/local/lib/python3.8/dist-packages/neutron_lib/callbacks/manager.py:45}}
Aug 11 08:01:23.904366 dv-cinder-802669-4-smb neutron-server[93736]: DEBUG neutron_lib.callbacks.manager [None req-1224261f-c99d-4f8b-a07b-678fba086ce3 admin admin] Subscribe: > subnet after_delete 55550000 {{(pid=93736) subscribe /usr/local/lib/python3.8/dist-packages/neutron_lib/callbacks/manager.py:45}}
Aug 11 08:01:23.904916 dv-cinder-802669-4-smb neutron-server[93736]: DEBUG neutron_lib.callbacks.manager [None req-1224261f-c99d-4f8b-a07b-678fba086ce3 admin admin] Subscribe: > subnet before_create 55550000 {{(pid=93736) subscribe /usr/local/lib/python3.8/dist-packages/neutron_lib/callbacks/manager.py:45}}
Aug 11 08:01:23.906492 dv-cinder-802669-4-smb neutron-server[93736]: DEBUG neutron_lib.callbacks.manager [None req-1224261f-c99d-4f8b-a07b-678fba086ce3 admin admin] Subscribe: > subnet before_update 55550000 {{(pid=93736) subscribe /usr/local/lib/python3.8/dist-packages/neutron_lib/callbacks/manager.py:45}}
Aug 11 08:01:23.907193 dv-cinder-802669-4-smb neutron-server[93736]: DEBUG neutron.services.segments.db [None req-1224261f-c99d-4f8b-a07b-678fba086ce3 admin admin] neutron.services.segments.plugin.Plugin method get_segments called with arguments (,) {'filters': {'network_id': ['347769b3-a333-4ebc-bcb6-551fbcd9c40d']}} {{(pid=93736) wrapper /usr/local/lib/python3.8/dist-packages/oslo_log/helpers.py:65}}
Aug 11 08:01:23.909714 dv-cinder-802669-4-smb neutron-server[93737]: DEBUG neutron.db.provisioning_blocks [None req-92d41d11-0d9a-4272-b701-468126846168 None None] Provisioning complete for port 88f59766-7d1f-4b6f-b99b-3dedf41a9364 triggered by entity L2. {{(pid=93737) provisioning_complete /opt/stack/neutron/neutron/db/provisioning_blocks.py:139}}
Aug 11 08:01:23.910109 dv-cinder-802669-4-smb neutron-server[93737]: DEBUG neutron_lib.callbacks.manager [None req-92d41d11-0d9a-4272-b701-468126846168 None None] Notify callbacks ['neutron.plugins.ml2.plugin.Ml2Plugin._port_provisioned-3488164'] for port, provisioning_complete {{(pid=93737) _notify_loop /usr/local/lib/python3.8/dist-packages/neutron_lib/callbacks/manager.py:192}}
Aug 11 08:01:23.916717 dv-cinder-802669-4-smb neutron-server[93737]: DEBUG neutron.plugins.ml2.drivers.mech_agent [None req-51a3c201-1b08-40b1-aec1-ff3a73900ee3 None None] Checking agent: {'id': '159758ed-b80b-4ec9-80c1-a3b98307de1c', 'agent_type': 'Open vSwitch agent', 'binary': 'neutron-openvswitch-agent', 'topic': 'N/A', 'host': 'dv-cinder-802669-4-smb', 'admin_state_up': True, 'created_at': datetime.datetime(2021, 8, 11, 7, 52, 50), 'started_at': datetime.datetime(2021, 8, 11, 7, 53, 20), 'heartbeat_timestamp': datetime.datetime(2021, 8, 11, 8, 1, 20), 'description': None, 'resources_synced': None, 'availability_zone': None, 'alive': True, 'configurations': {'arp_responder_enabled': False, 'baremetal_smartnic': False, 'bridge_mappings': {'physnet1': 'br-data'}, 'datapath_type': 'system', 'devices': 0, 'enable_distributed_routing': False, 'extensions': [], 'in_distributed_mode': False, 'integration_bridge': 'br-int', 'l2_population': False, 'log_agent_heartbeats': False, 'ovs_capabilities': {'datapath_types': ['netdev', 'system'], 'iface_types': ['erspan', 'geneve', 'gre', 'internal', 'ip6erspan', 'ip6gre', 'lisp', 'patch', 'stt', 'system', 'tap', 'vxlan']}, 'ovs_hybrid_plug': False, 'resource_provider_bandwidths': {}, 'resource_provider_hypervisors': {'br-data': 'dv-cinder-802669-4-smb'}, 'resource_provider_inventory_defaults': {'allocation_ratio': 1.0, 'min_unit': 1, 'step_size': 1, 'reserved': 0}, 'tunnel_types': [], 'tunneling_ip': None, 'vhostuser_socket_dir': '/var/run/openvswitch'}, 'resource_versions': {'AddressGroup': '1.2', 'ConntrackHelper': '1.0', 'Log': '1.0', 'Network': '1.1', 'Port': '1.7', 'PortForwarding': '1.2', 'QosPolicy': '1.9', 'SecurityGroup': '1.4', 'SecurityGroupRule': '1.2', 'SubPort': '1.0', 'Subnet': '1.1', 'Trunk': '1.1'}} {{(pid=93737) bind_port /opt/stack/neutron/neutron/plugins/ml2/drivers/mech_agent.py:104}}
Aug 11 08:01:23.917234 dv-cinder-802669-4-smb neutron-server[93737]: DEBUG neutron.plugins.ml2.drivers.mech_agent [None req-51a3c201-1b08-40b1-aec1-ff3a73900ee3 None None] Checking segment: {'id': 'ae17360f-b351-41d3-9b63-1d1b454e8288', 'network_type': 'vlan', 'physical_network': 'physnet1', 'segmentation_id': 929, 'network_id': '0bd20ff0-d7e3-43f8-8a21-e8f3e495dd1e'} for mappings: {'physnet1': 'br-data'} with network types: ['local', 'flat', 'vlan'] {{(pid=93737) check_segment_for_agent /opt/stack/neutron/neutron/plugins/ml2/drivers/mech_agent.py:352}}
Aug 11 08:01:23.917683 dv-cinder-802669-4-smb neutron-server[93737]: DEBUG neutron_lib.callbacks.manager [None req-51a3c201-1b08-40b1-aec1-ff3a73900ee3 None None] Notify callbacks [] for ovs_bridge_name, before_read {{(pid=93737) _notify_loop /usr/local/lib/python3.8/dist-packages/neutron_lib/callbacks/manager.py:192}}
Aug 11 08:01:23.918226 dv-cinder-802669-4-smb neutron-server[93737]: DEBUG neutron.plugins.ml2.drivers.mech_agent [None req-51a3c201-1b08-40b1-aec1-ff3a73900ee3 None None] Bound using segment: {'id': 'ae17360f-b351-41d3-9b63-1d1b454e8288', 'network_type': 'vlan', 'physical_network': 'physnet1', 'segmentation_id': 929, 'network_id': '0bd20ff0-d7e3-43f8-8a21-e8f3e495dd1e'} {{(pid=93737) bind_port /opt/stack/neutron/neutron/plugins/ml2/drivers/mech_agent.py:114}}
Aug 11 08:01:23.918645 dv-cinder-802669-4-smb neutron-server[93737]: DEBUG neutron.plugins.ml2.managers [None req-51a3c201-1b08-40b1-aec1-ff3a73900ee3 None None] Bound port: 23fab8b0-664f-49bc-a6ea-cf1404ab6eed, host: dv-cinder-802669-4-smb, vif_type: ovs, vif_details: {"connectivity": "l2", "port_filter": true, "ovs_hybrid_plug": false, "datapath_type": "system", "bridge_name": "br-int"}, binding_levels: [{'bound_driver': 'openvswitch', 'bound_segment': {'id': 'ae17360f-b351-41d3-9b63-1d1b454e8288', 'network_type': 'vlan', 'physical_network': 'physnet1', 'segmentation_id': 929, 'network_id': '0bd20ff0-d7e3-43f8-8a21-e8f3e495dd1e'}}] {{(pid=93737) _bind_port_level /opt/stack/neutron/neutron/plugins/ml2/managers.py:928}}
Aug 11 08:01:23.919216 dv-cinder-802669-4-smb neutron-server[93737]: DEBUG neutron_lib.callbacks.manager [None req-51a3c201-1b08-40b1-aec1-ff3a73900ee3 None None] Notify callbacks ['neutron.plugins.ml2.plugin.SecurityGroupDbMixin._ensure_default_security_group_handler-3545068'] for port, before_update {{(pid=93737) _notify_loop /usr/local/lib/python3.8/dist-packages/neutron_lib/callbacks/manager.py:192}}
Aug 11 08:01:23.928656 dv-cinder-802669-4-smb neutron-server[93735]: INFO neutron.wsgi [req-4d236c35-5845-4a41-9c1d-015773dff9db req-2b971c8d-545a-43a4-b255-8a07647358cb service neutron] 10.222.0.39 "GET /v2.0/networks/72ab3915-7d0a-4e2a-b2e7-83ed99641f37?fields=provider%3Aphysical_network&fields=provider%3Anetwork_type HTTP/1.1" status: 200 len: 281 time: 1.1024156
Aug 11 08:01:23.963526 dv-cinder-802669-4-smb neutron-server[93735]: DEBUG neutron.api.rpc.handlers.resources_rpc [None req-812caffc-b662-4495-9043-ea40266ae541 tempest-AttachVolumeShelveTestJSON-686380317 tempest-AttachVolumeShelveTestJSON-686380317-project] Pushing event updated for resources: {'SecurityGroupRule': ['ID=e0c49281-b883-4198-8dcf-020b22746322,revision_number=0']} {{(pid=93735) push /opt/stack/neutron/neutron/api/rpc/handlers/resources_rpc.py:237}}
Aug 11 08:01:24.033869 dv-cinder-802669-4-smb neutron-server[93736]: DEBUG neutron.pecan_wsgi.hooks.policy_enforcement [req-ca3d073c-9042-46be-b3a1-5c137c3384cd req-3db66759-3c39-4086-b6aa-dc860657ed45 tempest-ServerRescueNegativeTestJSON-1669402802 tempest-ServerRescueNegativeTestJSON-1669402802-project] Attributes excluded by policy engine: ['standard_attr_id', 'vlan_transparent', 'provider:network_type', 'provider:physical_network', 'provider:segmentation_id'] {{(pid=93736) _exclude_attributes_by_policy /opt/stack/neutron/neutron/pecan_wsgi/hooks/policy_enforcement.py:255}}
Aug 11 08:01:24.042969 dv-cinder-802669-4-smb neutron-server[93736]: INFO neutron.wsgi [req-ca3d073c-9042-46be-b3a1-5c137c3384cd req-3db66759-3c39-4086-b6aa-dc860657ed45 tempest-ServerRescueNegativeTestJSON-1669402802 tempest-ServerRescueNegativeTestJSON-1669402802-project] 10.222.0.39 "GET /v2.0/networks?id=322d96e9-2a64-41c2-abea-76c34e4c21ce HTTP/1.1" status: 200 len: 818 time: 1.0733705
Aug 11 08:01:24.059867 dv-cinder-802669-4-smb neutron-server[93735]: DEBUG neutron_lib.callbacks.manager [None req-c31ff9b3-2993-4426-9f57-5f59050a3855 admin admin] Notify callbacks [] for security_group, precommit_delete {{(pid=93735) _notify_loop /usr/local/lib/python3.8/dist-packages/neutron_lib/callbacks/manager.py:192}}
Aug 11 08:01:24.094657 dv-cinder-802669-4-smb neutron-server[93736]: DEBUG neutron.services.segments.db [None req-1224261f-c99d-4f8b-a07b-678fba086ce3 admin admin] neutron.services.segments.plugin.Plugin method delete_segment called with arguments (, '916b8bf7-3a82-41f6-a8bc-733d5ef44c15') {'for_net_delete': True} {{(pid=93736) wrapper /usr/local/lib/python3.8/dist-packages/oslo_log/helpers.py:65}}
Aug 11 08:01:24.095292 dv-cinder-802669-4-smb neutron-server[93736]: DEBUG neutron.services.segments.db [None req-1224261f-c99d-4f8b-a07b-678fba086ce3 admin admin] neutron.services.segments.plugin.Plugin method get_segment called with arguments (, '916b8bf7-3a82-41f6-a8bc-733d5ef44c15') {} {{(pid=93736) wrapper /usr/local/lib/python3.8/dist-packages/oslo_log/helpers.py:65}}
Aug 11 08:01:24.148876 dv-cinder-802669-4-smb neutron-server[93735]: DEBUG neutron_lib.callbacks.manager [None req-c31ff9b3-2993-4426-9f57-5f59050a3855 admin admin] Notify callbacks ['neutron.plugins.ml2.ovo_rpc._ObjectChangeHandler.handle_event-483215'] for security_group, after_delete {{(pid=93735) _notify_loop /usr/local/lib/python3.8/dist-packages/neutron_lib/callbacks/manager.py:192}}
Aug 11 08:01:24.151985 dv-cinder-802669-4-smb neutron-server[93735]: DEBUG neutron_lib.callbacks.manager [None req-c31ff9b3-2993-4426-9f57-5f59050a3855 admin admin] Notify callbacks [] for security_group, before_response {{(pid=93735) _notify_loop /usr/local/lib/python3.8/dist-packages/neutron_lib/callbacks/manager.py:192}}
Aug 11 08:01:24.153318 dv-cinder-802669-4-smb neutron-server[93735]: INFO neutron.wsgi [None req-c31ff9b3-2993-4426-9f57-5f59050a3855 admin admin] 10.222.0.77 "DELETE /v2.0/security-groups/2333e81c-83e9-4d65-9db7-15d1df88558b HTTP/1.1" status: 204 len: 168 time: 1.3063557
Aug 11 08:01:24.170043 dv-cinder-802669-4-smb neutron-server[93735]: DEBUG neutron.api.rpc.handlers.resources_rpc [None req-3f4f8833-78d6-42c3-96e8-0101326fa155 tempest-AttachVolumeTestJSON-1942744148 tempest-AttachVolumeTestJSON-1942744148-project] Pushing event updated for resources: {'SecurityGroup': ['ID=f15ea445-3faa-49f6-b7db-637c43a3b5d3,revision_number=1']} {{(pid=93735) push /opt/stack/neutron/neutron/api/rpc/handlers/resources_rpc.py:237}}
Aug 11 08:01:24.207538 dv-cinder-802669-4-smb neutron-server[93736]: DEBUG neutron_lib.callbacks.manager [None req-1224261f-c99d-4f8b-a07b-678fba086ce3 admin admin] Notify callbacks ['neutron.plugins.ml2.db._prevent_segment_delete_with_port_bound-8793574346105', 'neutron.services.segments.plugin.Plugin._prevent_segment_delete_with_subnet_associated-11779717'] for segment, before_delete {{(pid=93736) _notify_loop /usr/local/lib/python3.8/dist-packages/neutron_lib/callbacks/manager.py:192}}
Aug 11 08:01:24.232891 dv-cinder-802669-4-smb neutron-server[93735]: DEBUG neutron.api.rpc.handlers.resources_rpc [None req-c31ff9b3-2993-4426-9f57-5f59050a3855 admin admin] Pushing event deleted for resources: {'SecurityGroup': ['ID=2333e81c-83e9-4d65-9db7-15d1df88558b,revision_number=None']} {{(pid=93735) push /opt/stack/neutron/neutron/api/rpc/handlers/resources_rpc.py:237}}
Aug 11 08:01:24.239033 dv-cinder-802669-4-smb neutron-server[93736]: INFO neutron.wsgi [req-8ef7c6cf-9e7b-4906-8a7f-b816e2685b96 req-19fa5eca-ed92-40df-b7b6-bab3293f1db0 tempest-ServerRescueNegativeTestJSON-1669402802 tempest-ServerRescueNegativeTestJSON-1669402802-project] 10.222.0.77 "GET /v2.0/ports?device_id=089adc22-c502-45c2-9d9e-844058a6687b HTTP/1.1" status: 200 len: 210 time: 0.3142343
Aug 11 08:01:24.250988 dv-cinder-802669-4-smb neutron-server[93736]: DEBUG neutron.api.v2.base [req-ca3d073c-9042-46be-b3a1-5c137c3384cd req-9c1233dc-ab36-4bc5-8574-18b167a7d4ab tempest-ServerRescueNegativeTestJSON-1669402802 tempest-ServerRescueNegativeTestJSON-1669402802-project] Request body: {'port': {'device_id': '089adc22-c502-45c2-9d9e-844058a6687b', 'network_id': '322d96e9-2a64-41c2-abea-76c34e4c21ce', 'admin_state_up': True, 'tenant_id': '222aa498b9ff491b9e11c7ed31cd128a'}} {{(pid=93736) prepare_request_body /opt/stack/neutron/neutron/api/v2/base.py:729}}
Aug 11 08:01:24.273469 dv-cinder-802669-4-smb neutron-server[93735]: DEBUG neutron.pecan_wsgi.hooks.policy_enforcement [req-4a0e65e5-aa2b-496d-9ef9-ff8cfa0c76e3 req-b35da414-c417-410d-b8af-1777b900cbbf service neutron] Attributes excluded by policy engine: ['standard_attr_id'] {{(pid=93735) _exclude_attributes_by_policy /opt/stack/neutron/neutron/pecan_wsgi/hooks/policy_enforcement.py:255}}
Aug 11 08:01:24.275592 dv-cinder-802669-4-smb neutron-server[93735]: INFO neutron.wsgi [req-4a0e65e5-aa2b-496d-9ef9-ff8cfa0c76e3 req-b35da414-c417-410d-b8af-1777b900cbbf service neutron] 10.222.0.39 "GET /v2.0/ports?tenant_id=e39d1bc76cee4e2289fc0a8ccdb793e1&device_id=c72ff7d4-c0b3-4e3a-ab57-44ad488dd96b HTTP/1.1" status: 200 len: 1097 time: 0.1283045
Aug 11 08:01:24.463691 dv-cinder-802669-4-smb neutron-server[93737]: DEBUG neutron.plugins.ml2.db [None req-51a3c201-1b08-40b1-aec1-ff3a73900ee3 None None] For port 23fab8b0-664f-49bc-a6ea-cf1404ab6eed, host dv-cinder-802669-4-smb, cleared binding levels {{(pid=93737) clear_binding_levels /opt/stack/neutron/neutron/plugins/ml2/db.py:87}}
Aug 11 08:01:24.499921 dv-cinder-802669-4-smb neutron-server[93737]: DEBUG neutron.plugins.ml2.rpc [None req-92d41d11-0d9a-4272-b701-468126846168 None None] Device 86ae2ffb-f0a7-427b-b3df-92f40e83dc19 up at agent ovs-agent-dv-cinder-802669-4-smb {{(pid=93737) update_device_up /opt/stack/neutron/neutron/plugins/ml2/rpc.py:296}}
Aug 11 08:01:24.513756 dv-cinder-802669-4-smb neutron-server[93736]: DEBUG neutron_lib.callbacks.manager [None req-1224261f-c99d-4f8b-a07b-678fba086ce3 admin admin] Notify callbacks ['neutron.plugins.ml2.plugin.Ml2Plugin._handle_segment_change-3583486'] for segment, precommit_delete {{(pid=93736) _notify_loop /usr/local/lib/python3.8/dist-packages/neutron_lib/callbacks/manager.py:192}}
Aug 11 08:01:24.547155 dv-cinder-802669-4-smb neutron-server[93737]: DEBUG neutron.plugins.ml2.db [None req-51a3c201-1b08-40b1-aec1-ff3a73900ee3 None None] For port 23fab8b0-664f-49bc-a6ea-cf1404ab6eed, host dv-cinder-802669-4-smb, set binding levels [PortBindingLevel(driver='openvswitch',host='dv-cinder-802669-4-smb',level=0,port_id=23fab8b0-664f-49bc-a6ea-cf1404ab6eed,segment=NetworkSegment(ae17360f-b351-41d3-9b63-1d1b454e8288),segment_id=ae17360f-b351-41d3-9b63-1d1b454e8288)] {{(pid=93737) set_binding_levels /opt/stack/neutron/neutron/plugins/ml2/db.py:59}}
Aug 11 08:01:24.553488 dv-cinder-802669-4-smb neutron-server[93736]: DEBUG neutron.pecan_wsgi.hooks.policy_enforcement [req-405f4e05-466c-49d0-8072-49bf4ae38385 req-69175312-87b9-426a-9ea2-4cbb13a55370 tempest-DeleteServersTestJSON-592043637 tempest-DeleteServersTestJSON-592043637-project] Attributes excluded by policy engine: ['standard_attr_id', 'binding:profile', 'binding:host_id', 'binding:vif_type', 'binding:vif_details'] {{(pid=93736) _exclude_attributes_by_policy /opt/stack/neutron/neutron/pecan_wsgi/hooks/policy_enforcement.py:255}}
Aug 11 08:01:24.556546 dv-cinder-802669-4-smb neutron-server[93736]: INFO neutron.wsgi [req-405f4e05-466c-49d0-8072-49bf4ae38385 req-69175312-87b9-426a-9ea2-4cbb13a55370 tempest-DeleteServersTestJSON-592043637 tempest-DeleteServersTestJSON-592043637-project] 10.222.0.77 "GET /v2.0/ports?device_id=c72ff7d4-c0b3-4e3a-ab57-44ad488dd96b HTTP/1.1" status: 200 len: 944 time: 0.5450513
Aug 11 08:01:24.559692 dv-cinder-802669-4-smb neutron-server[93737]: DEBUG neutron_lib.callbacks.manager [None req-51a3c201-1b08-40b1-aec1-ff3a73900ee3 None None] Notify callbacks ['neutron.plugins.ml2.plugin.SecurityGroupServerNotifierRpcMixin._notify_sg_on_port_change-3543106', 'neutron.plugins.ml2.ovo_rpc._ObjectChangeHandler.handle_event-189651', 'neutron.api.rpc.agentnotifiers.dhcp_rpc_agent_api.DhcpAgentNotifyAPI._native_event_send_dhcp_notification-3763200', 'neutron.db.l3_db.L3RpcNotifierMixin._notify_gateway_port_ip_changed-8793574303901', 'neutron.db.l3_dvrscheduler_db._notify_l3_agent_port_update-8793573817604', 'neutron.db.l3_hascheduler_db._notify_l3_agent_ha_port_update-8793573817622'] for port, after_update {{(pid=93737) _notify_loop /usr/local/lib/python3.8/dist-packages/neutron_lib/callbacks/manager.py:192}}
Aug 11 08:01:24.592640 dv-cinder-802669-4-smb neutron-server[93736]: DEBUG neutron.plugins.ml2.drivers.type_vlan [None req-1224261f-c99d-4f8b-a07b-678fba086ce3 admin admin] Releasing vlan 915 on physical network physnet1 to pool {{(pid=93736) release_segment /opt/stack/neutron/neutron/plugins/ml2/drivers/type_vlan.py:304}}
Aug 11 08:01:24.593031 dv-cinder-802669-4-smb neutron-server[93736]: DEBUG neutron_lib.callbacks.manager [None req-1224261f-c99d-4f8b-a07b-678fba086ce3 admin admin] Notify callbacks ['neutron.plugins.ml2.plugin.Ml2Plugin._handle_segment_change-3583486', 'neutron.services.segments.plugin.NovaSegmentNotifier._notify_segment_deleted-3696259'] for segment, after_delete {{(pid=93736) _notify_loop /usr/local/lib/python3.8/dist-packages/neutron_lib/callbacks/manager.py:192}}
Aug 11 08:01:24.598610 dv-cinder-802669-4-smb neutron-server[93736]: /usr/lib/python3/dist-packages/secretstorage/dhcrypto.py:15: CryptographyDeprecationWarning: int_from_bytes is deprecated, use int.from_bytes instead
Aug 11 08:01:24.598610 dv-cinder-802669-4-smb neutron-server[93736]: from cryptography.utils import int_from_bytes
Aug 11 08:01:24.598610 dv-cinder-802669-4-smb neutron-server[93736]: /usr/lib/python3/dist-packages/secretstorage/util.py:19: CryptographyDeprecationWarning: int_from_bytes is deprecated, use int.from_bytes instead
Aug 11 08:01:24.598610 dv-cinder-802669-4-smb neutron-server[93736]: from cryptography.utils import int_from_bytes
Aug 11 08:01:24.598610 dv-cinder-802669-4-smb neutron-server[93736]: Traceback (most recent call last):
Aug 11 08:01:24.598610 dv-cinder-802669-4-smb neutron-server[93736]: File "/usr/local/lib/python3.8/dist-packages/eventlet/hubs/hub.py", line 476, in fire_timers
Aug 11 08:01:24.598610 dv-cinder-802669-4-smb neutron-server[93736]: timer()
Aug 11 08:01:24.598610 dv-cinder-802669-4-smb neutron-server[93736]: File "/usr/local/lib/python3.8/dist-packages/eventlet/hubs/timer.py", line 59, in __call__
Aug 11 08:01:24.598610 dv-cinder-802669-4-smb neutron-server[93736]: cb(*args, **kw)
Aug 11 08:01:24.598610 dv-cinder-802669-4-smb neutron-server[93736]: File "/opt/stack/neutron/neutron/common/utils.py", line 905, in wrapper
Aug 11 08:01:24.598610 dv-cinder-802669-4-smb neutron-server[93736]: return func(*args, **kwargs)
Aug 11 08:01:24.598610 dv-cinder-802669-4-smb neutron-server[93736]: File "/opt/stack/neutron/neutron/notifiers/batch_notifier.py", line 58, in synced_send
Aug 11 08:01:24.598610 dv-cinder-802669-4-smb neutron-server[93736]: self._notify()
Aug 11 08:01:24.598610 dv-cinder-802669-4-smb neutron-server[93736]: File "/opt/stack/neutron/neutron/notifiers/batch_notifier.py", line 69, in _notify
Aug 11 08:01:24.598610 dv-cinder-802669-4-smb neutron-server[93736]: self.callback(batched_events)
Aug 11 08:01:24.598610 dv-cinder-802669-4-smb neutron-server[93736]: File "/opt/stack/neutron/neutron/services/segments/plugin.py", line 211, in _send_notifications
Aug 11 08:01:24.598610 dv-cinder-802669-4-smb neutron-server[93736]: event.method(event)
Aug 11 08:01:24.598610 dv-cinder-802669-4-smb neutron-server[93736]: File "/opt/stack/neutron/neutron/services/segments/plugin.py", line 383, in _delete_nova_inventory
Aug 11 08:01:24.598610 dv-cinder-802669-4-smb neutron-server[93736]: aggregate_id = self._get_aggregate_id(event.segment_id)
Aug 11 08:01:24.598610 dv-cinder-802669-4-smb neutron-server[93736]: File "/opt/stack/neutron/neutron/services/segments/plugin.py", line 370, in _get_aggregate_id
Aug 11 08:01:24.598610 dv-cinder-802669-4-smb neutron-server[93736]: aggregate_uuid = self.p_client.list_aggregates(
Aug 11 08:01:24.598610 dv-cinder-802669-4-smb neutron-server[93736]: File "/usr/local/lib/python3.8/dist-packages/neutron_lib/placement/client.py", line 57, in wrapper
Aug 11 08:01:24.598610 dv-cinder-802669-4-smb neutron-server[93736]: return f(self, *a, **k)
Aug 11 08:01:24.598610 dv-cinder-802669-4-smb neutron-server[93736]: File "/usr/local/lib/python3.8/dist-packages/neutron_lib/placement/client.py", line 553, in list_aggregates
Aug 11 08:01:24.598610 dv-cinder-802669-4-smb neutron-server[93736]: return self._get(url).json()
Aug 11 08:01:24.598610 dv-cinder-802669-4-smb neutron-server[93736]: File "/usr/local/lib/python3.8/dist-packages/neutron_lib/placement/client.py", line 189, in _get
Aug 11 08:01:24.598610 dv-cinder-802669-4-smb neutron-server[93736]: return self._client.get(url, endpoint_filter=self._ks_filter,
Aug 11 08:01:24.598610 dv-cinder-802669-4-smb neutron-server[93736]: File "/usr/local/lib/python3.8/dist-packages/keystoneauth1/session.py", line 1141, in get
Aug 11 08:01:24.598610 dv-cinder-802669-4-smb neutron-server[93736]: return self.request(url, 'GET', **kwargs)
Aug 11 08:01:24.598610 dv-cinder-802669-4-smb neutron-server[93736]: File "/usr/local/lib/python3.8/dist-packages/keystoneauth1/session.py", line 811, in request
Aug 11 08:01:24.598610 dv-cinder-802669-4-smb neutron-server[93736]: base_url = self.get_endpoint(auth, allow=allow,
Aug 11 08:01:24.598610 dv-cinder-802669-4-smb neutron-server[93736]: File "/usr/local/lib/python3.8/dist-packages/keystoneauth1/session.py", line 1241, in get_endpoint
Aug 11 08:01:24.598610 dv-cinder-802669-4-smb neutron-server[93736]: auth = self._auth_required(auth, 'determine endpoint URL')
Aug 11 08:01:24.598610 dv-cinder-802669-4-smb neutron-server[93736]: File "/usr/local/lib/python3.8/dist-packages/keystoneauth1/session.py", line 1181, in _auth_required
Aug 11 08:01:24.598610 dv-cinder-802669-4-smb neutron-server[93736]: raise exceptions.MissingAuthPlugin(msg_fmt % msg)
Aug 11 08:01:24.598610 dv-cinder-802669-4-smb neutron-server[93736]: keystoneauth1.exceptions.auth_plugins.MissingAuthPlugin: An auth plugin is required to determine endpoint URL
Aug 11 08:01:24.748108 dv-cinder-802669-4-smb neutron-server[93737]: DEBUG neutron.api.rpc.handlers.resources_rpc [None req-aa43dd72-b285-472e-9cf4-7a01f09e5445 None None] Pushing event updated for resources: {'Port': ['ID=23fab8b0-664f-49bc-a6ea-cf1404ab6eed,revision_number=4']} {{(pid=93737) push /opt/stack/neutron/neutron/api/rpc/handlers/resources_rpc.py:237}}
Aug 11 08:01:24.755871 dv-cinder-802669-4-smb neutron-server[93737]: DEBUG neutron.db.provisioning_blocks [None req-92d41d11-0d9a-4272-b701-468126846168 None None] Provisioning for port 86ae2ffb-f0a7-427b-b3df-92f40e83dc19 completed by entity L2. {{(pid=93737) provisioning_complete /opt/stack/neutron/neutron/db/provisioning_blocks.py:133}}
Aug 11 08:01:24.768550 dv-cinder-802669-4-smb neutron-server[93736]: INFO neutron.wsgi [req-405f4e05-466c-49d0-8072-49bf4ae38385 req-545fbda2-4ad1-4cab-b366-d9837eda26bd tempest-DeleteServersTestJSON-592043637 tempest-DeleteServersTestJSON-592043637-project] 10.222.0.77 "GET /v2.0/security-groups?id=8a0f11b8-8c83-4344-9a47-945cc18f386b&fields=id&fields=name HTTP/1.1" status: 200 len: 286 time: 0.1733341
Aug 11 08:01:24.806215 dv-cinder-802669-4-smb neutron-server[93737]: DEBUG neutron.db.provisioning_blocks [None req-92d41d11-0d9a-4272-b701-468126846168 None None] Provisioning complete for port 86ae2ffb-f0a7-427b-b3df-92f40e83dc19 triggered by entity L2. {{(pid=93737) provisioning_complete /opt/stack/neutron/neutron/db/provisioning_blocks.py:139}}
Aug 11 08:01:24.806881 dv-cinder-802669-4-smb neutron-server[93737]: DEBUG neutron_lib.callbacks.manager [None req-92d41d11-0d9a-4272-b701-468126846168 None None] Notify callbacks ['neutron.plugins.ml2.plugin.Ml2Plugin._port_provisioned-3488164'] for port, provisioning_complete {{(pid=93737) _notify_loop /usr/local/lib/python3.8/dist-packages/neutron_lib/callbacks/manager.py:192}}
Aug 11 08:01:24.828534 dv-cinder-802669-4-smb neutron-server[93736]: DEBUG neutron_lib.callbacks.manager [None req-2c8f8a92-db03-49c5-b0ec-5a463321d717 admin admin] Notify callbacks [] for security_group, precommit_create {{(pid=93736) _notify_loop /usr/local/lib/python3.8/dist-packages/neutron_lib/callbacks/manager.py:192}}
Aug 11 08:01:24.838557 dv-cinder-802669-4-smb neutron-server[93735]: INFO neutron.wsgi [req-2a3f6f9e-037e-48f4-a180-d5bf29452f70 req-e085836f-473f-403e-bb54-b8a8b3818c8e tempest-ServerRescueNegativeTestJSON-1669402802 tempest-ServerRescueNegativeTestJSON-1669402802-project] 10.222.0.39 "POST /v2.0/ports HTTP/1.1" status: 201 len: 933 time: 2.8867927
Aug 11 08:01:24.840902 dv-cinder-802669-4-smb neutron-server[93735]: DEBUG neutron_lib.callbacks.manager [None req-812caffc-b662-4495-9043-ea40266ae541 tempest-AttachVolumeShelveTestJSON-686380317 tempest-AttachVolumeShelveTestJSON-686380317-project] Notify callbacks [] for security_group_rule, before_response {{(pid=93735) _notify_loop /usr/local/lib/python3.8/dist-packages/neutron_lib/callbacks/manager.py:192}}
Aug 11 08:01:24.842500 dv-cinder-802669-4-smb neutron-server[93735]: INFO neutron.wsgi [None req-812caffc-b662-4495-9043-ea40266ae541 tempest-AttachVolumeShelveTestJSON-686380317 tempest-AttachVolumeShelveTestJSON-686380317-project] 10.222.0.77 "POST /v2.0/security-group-rules HTTP/1.1" status: 201 len: 769 time: 2.2102709
Aug 11 08:01:24.847247 dv-cinder-802669-4-smb neutron-server[93735]: DEBUG neutron.wsgi [-] (93735) accepted ('10.222.0.77', 54878) {{(pid=93735) server /usr/local/lib/python3.8/dist-packages/eventlet/wsgi.py:982}}
Aug 11 08:01:24.868992 dv-cinder-802669-4-smb neutron-server[93735]: DEBUG neutron.api.v2.base [None req-c330fb05-9d34-4cf6-84f5-7ffff88d205b tempest-AttachVolumeShelveTestJSON-686380317 tempest-AttachVolumeShelveTestJSON-686380317-project] Request body: {'floatingip': {'floating_network_id': '264687be-3619-467d-b602-f801168711ec'}} {{(pid=93735) prepare_request_body /opt/stack/neutron/neutron/api/v2/base.py:729}}
Aug 11 08:01:24.882821 dv-cinder-802669-4-smb neutron-server[93736]: DEBUG neutron_lib.callbacks.manager [None req-2c8f8a92-db03-49c5-b0ec-5a463321d717 admin admin] Notify callbacks ['neutron.plugins.ml2.ovo_rpc._ObjectChangeHandler.handle_event-483215'] for security_group, after_create {{(pid=93736) _notify_loop /usr/local/lib/python3.8/dist-packages/neutron_lib/callbacks/manager.py:192}}
Aug 11 08:01:24.890407 dv-cinder-802669-4-smb neutron-server[93735]: DEBUG neutron_lib.callbacks.manager [None req-3f4f8833-78d6-42c3-96e8-0101326fa155 tempest-AttachVolumeTestJSON-1942744148 tempest-AttachVolumeTestJSON-1942744148-project] Notify callbacks [] for security_group, before_response {{(pid=93735) _notify_loop /usr/local/lib/python3.8/dist-packages/neutron_lib/callbacks/manager.py:192}}
Aug 11 08:01:24.900332 dv-cinder-802669-4-smb neutron-server[93735]: INFO neutron.wsgi [None req-3f4f8833-78d6-42c3-96e8-0101326fa155 tempest-AttachVolumeTestJSON-1942744148 tempest-AttachVolumeTestJSON-1942744148-project] 10.222.0.77 "POST /v2.0/security-groups HTTP/1.1" status: 201 len: 1779 time: 3.0342185
Aug 11 08:01:24.901922 dv-cinder-802669-4-smb neutron-server[93735]: DEBUG neutron.wsgi [-] (93735) accepted ('10.222.0.77', 54880) {{(pid=93735) server /usr/local/lib/python3.8/dist-packages/eventlet/wsgi.py:982}}
Aug 11 08:01:24.924941 dv-cinder-802669-4-smb neutron-server[93735]: DEBUG neutron.api.v2.base [None req-79097b6f-527a-452a-86ba-62ae4d190424 tempest-AttachVolumeTestJSON-1942744148 tempest-AttachVolumeTestJSON-1942744148-project] Request body: {'security_group_rule': {'security_group_id': 'f15ea445-3faa-49f6-b7db-637c43a3b5d3', 'protocol': 'tcp', 'ethertype': 'IPv4', 'port_range_min': 22, 'port_range_max': 22, 'direction': 'ingress'}} {{(pid=93735) prepare_request_body /opt/stack/neutron/neutron/api/v2/base.py:729}}
Aug 11 08:01:24.930323 dv-cinder-802669-4-smb neutron-server[93737]: DEBUG neutron.db.l3_dvrscheduler_db [None req-51a3c201-1b08-40b1-aec1-ff3a73900ee3 None None] Routers {'48a6dfd5-660b-4cac-bc85-f1692cd903a5'} bound to L3 agent in host dv-cinder-802669-4-smb {{(pid=93737) _get_router_ids_for_agent /opt/stack/neutron/neutron/db/l3_dvrscheduler_db.py:420}}
Aug 11 08:01:24.931325 dv-cinder-802669-4-smb neutron-server[93737]: DEBUG neutron.db.l3_hamode_db [None req-51a3c201-1b08-40b1-aec1-ff3a73900ee3 None None] neutron.services.l3_router.l3_router_plugin.L3RouterPlugin method get_ha_sync_data_for_host called with arguments (, 'dv-cinder-802669-4-smb', Agent(admin_state_up=True,agent_type='L3 agent',availability_zone='nova',binary='neutron-l3-agent',configurations={"agent_mode": "legacy", "ex_gw_ports": 4, "extensions": [], "floating_ips": 0, "handle_internal_only_routers": true, "interface_driver": "openvswitch", "interfaces": 2, "log_agent_heartbeats": false, "routers": 4},created_at=2021-08-11T07:52:50Z,description=,heartbeat_timestamp=2021-08-11T08:01:20Z,host='dv-cinder-802669-4-smb',id=53acf637-ebef-424b-af43-7760bc93c777,load=0,resource_versions=,resources_synced=,started_at=2021-08-11T07:52:50Z,topic='l3_agent')) {'router_ids': ['48a6dfd5-660b-4cac-bc85-f1692cd903a5'], 'active': True} {{(pid=93737) wrapper /usr/local/lib/python3.8/dist-packages/oslo_log/helpers.py:65}}
Aug 11 08:01:24.958308 dv-cinder-802669-4-smb neutron-server[93736]: DEBUG neutron.api.rpc.handlers.resources_rpc [None req-2c8f8a92-db03-49c5-b0ec-5a463321d717 admin admin] Pushing event updated for resources: {'SecurityGroup': ['ID=b761b06f-fcfa-4844-9149-e4b9e1ecac72,revision_number=1']} {{(pid=93736) push /opt/stack/neutron/neutron/api/rpc/handlers/resources_rpc.py:237}}
Aug 11 08:01:24.990152 dv-cinder-802669-4-smb neutron-server[93736]: DEBUG neutron_lib.callbacks.manager [None req-1224261f-c99d-4f8b-a07b-678fba086ce3 admin admin] Notify callbacks ['neutron.plugins.ml2.plugin.Ml2Plugin._network_delete_after_delete_handler-3580352', 'neutron.plugins.ml2.ovo_rpc._ObjectChangeHandler.handle_event-483326', 'neutron.api.rpc.agentnotifiers.dhcp_rpc_agent_api.DhcpAgentNotifyAPI._native_event_send_dhcp_notification-3763200', 'neutron.services.l3_router.l3_router_plugin.DVRResourceOperationHandler.delete_fip_namespaces_for_ext_net-464544'] for network, after_delete {{(pid=93736) _notify_loop /usr/local/lib/python3.8/dist-packages/neutron_lib/callbacks/manager.py:192}}
Aug 11 08:01:25.014790 dv-cinder-802669-4-smb neutron-server[93735]: DEBUG neutron_lib.callbacks.manager [None req-c330fb05-9d34-4cf6-84f5-7ffff88d205b tempest-AttachVolumeShelveTestJSON-686380317 tempest-AttachVolumeShelveTestJSON-686380317-project] Notify callbacks [] for floatingip, before_create {{(pid=93735) _notify_loop /usr/local/lib/python3.8/dist-packages/neutron_lib/callbacks/manager.py:192}}
Aug 11 08:01:25.069408 dv-cinder-802669-4-smb neutron-server[93735]: DEBUG neutron.wsgi [-] (93735) accepted ('10.222.0.77', 54882) {{(pid=93735) server /usr/local/lib/python3.8/dist-packages/eventlet/wsgi.py:982}}
Aug 11 08:01:25.074029 dv-cinder-802669-4-smb neutron-server[93736]: INFO neutron.wsgi [None req-2c8f8a92-db03-49c5-b0ec-5a463321d717 admin admin] 10.222.0.77 "GET /v2.0/security-groups?tenant_id=88535a4ad4ed496a8a61d6019e480fa9&name=default HTTP/1.1" status: 200 len: 2979 time: 1.9073193
Aug 11 08:01:25.075812 dv-cinder-802669-4-smb neutron-server[93736]: DEBUG neutron_lib.callbacks.manager [None req-1224261f-c99d-4f8b-a07b-678fba086ce3 admin admin] Notify callbacks ['neutron.api.rpc.agentnotifiers.dhcp_rpc_agent_api.DhcpAgentNotifyAPI._send_dhcp_notification-3763230'] for network, before_response {{(pid=93736) _notify_loop /usr/local/lib/python3.8/dist-packages/neutron_lib/callbacks/manager.py:192}}
Aug 11 08:01:25.084998 dv-cinder-802669-4-smb neutron-server[93735]: DEBUG neutron.wsgi [-] (93735) accepted ('10.222.0.77', 54884) {{(pid=93735) server /usr/local/lib/python3.8/dist-packages/eventlet/wsgi.py:982}}
Aug 11 08:01:25.084998 dv-cinder-802669-4-smb neutron-server[93735]: DEBUG neutron.wsgi [-] (93735) accepted ('10.222.0.77', 54886) {{(pid=93735) server /usr/local/lib/python3.8/dist-packages/eventlet/wsgi.py:982}}
Aug 11 08:01:25.086891 dv-cinder-802669-4-smb neutron-server[93736]: INFO neutron.wsgi [None req-1224261f-c99d-4f8b-a07b-678fba086ce3 admin admin] 10.222.0.77 "DELETE /v2.0/networks/347769b3-a333-4ebc-bcb6-551fbcd9c40d HTTP/1.1" status: 204 len: 168 time: 2.3625689
Aug 11 08:01:25.088691 dv-cinder-802669-4-smb neutron-server[93736]: DEBUG neutron.api.rpc.handlers.resources_rpc [None req-1224261f-c99d-4f8b-a07b-678fba086ce3 admin admin] Pushing event deleted for resources: {'Network': ['ID=347769b3-a333-4ebc-bcb6-551fbcd9c40d,revision_number=None']} {{(pid=93736) push /opt/stack/neutron/neutron/api/rpc/handlers/resources_rpc.py:237}}
Aug 11 08:01:25.190155 dv-cinder-802669-4-smb neutron-server[93737]: DEBUG neutron.db.l3_dvr_db [None req-51a3c201-1b08-40b1-aec1-ff3a73900ee3 None None] Set router 48a6dfd5-660b-4cac-bc85-f1692cd903a5 gateway port host: dv-cinder-802669-4-smb {{(pid=93737) _build_routers_list /opt/stack/neutron/neutron/db/l3_dvr_db.py:906}}
Aug 11 08:01:25.206852 dv-cinder-802669-4-smb neutron-server[93735]: DEBUG neutron_lib.callbacks.manager [None req-47087632-fee3-461c-b74b-18b4cd9a0640 admin admin] Notify callbacks [] for security_group, before_create {{(pid=93735) _notify_loop /usr/local/lib/python3.8/dist-packages/neutron_lib/callbacks/manager.py:192}}
Aug 11 08:01:25.222446 dv-cinder-802669-4-smb neutron-server[93737]: DEBUG neutron_lib.callbacks.manager [None req-92d41d11-0d9a-4272-b701-468126846168 None None] Notify callbacks ['neutron.plugins.ml2.plugin.SecurityGroupDbMixin._ensure_default_security_group_handler-3545068'] for port, before_update {{(pid=93737) _notify_loop /usr/local/lib/python3.8/dist-packages/neutron_lib/callbacks/manager.py:192}}
Aug 11 08:01:25.248558 dv-cinder-802669-4-smb neutron-server[93736]: DEBUG neutron.pecan_wsgi.hooks.quota_enforcement [req-ca3d073c-9042-46be-b3a1-5c137c3384cd req-9c1233dc-ab36-4bc5-8574-18b167a7d4ab tempest-ServerRescueNegativeTestJSON-1669402802 tempest-ServerRescueNegativeTestJSON-1669402802-project] Made reservation on behalf of 222aa498b9ff491b9e11c7ed31cd128a for: {'port': 1} {{(pid=93736) before /opt/stack/neutron/neutron/pecan_wsgi/hooks/quota_enforcement.py:53}}
Aug 11 08:01:25.253203 dv-cinder-802669-4-smb neutron-server[93736]: DEBUG neutron_lib.callbacks.manager [req-ca3d073c-9042-46be-b3a1-5c137c3384cd req-9c1233dc-ab36-4bc5-8574-18b167a7d4ab tempest-ServerRescueNegativeTestJSON-1669402802 tempest-ServerRescueNegativeTestJSON-1669402802-project] Notify callbacks ['neutron.plugins.ml2.plugin.SecurityGroupDbMixin._ensure_default_security_group_handler-3545068'] for port, before_create {{(pid=93736) _notify_loop /usr/local/lib/python3.8/dist-packages/neutron_lib/callbacks/manager.py:192}}
Aug 11 08:01:25.342086 dv-cinder-802669-4-smb neutron-server[93735]: DEBUG neutron_lib.callbacks.manager [None req-47087632-fee3-461c-b74b-18b4cd9a0640 admin admin] Notify callbacks [] for security_group, precommit_create {{(pid=93735) _notify_loop /usr/local/lib/python3.8/dist-packages/neutron_lib/callbacks/manager.py:192}}
Aug 11 08:01:25.351820 dv-cinder-802669-4-smb neutron-server[93735]: DEBUG neutron_lib.callbacks.manager [None req-79097b6f-527a-452a-86ba-62ae4d190424 tempest-AttachVolumeTestJSON-1942744148 tempest-AttachVolumeTestJSON-1942744148-project] Notify callbacks [] for security_group_rule, before_create {{(pid=93735) _notify_loop /usr/local/lib/python3.8/dist-packages/neutron_lib/callbacks/manager.py:192}}
Aug 11 08:01:25.382098 dv-cinder-802669-4-smb neutron-server[93737]: DEBUG neutron.plugins.ml2.db [None req-92d41d11-0d9a-4272-b701-468126846168 None None] For port 86ae2ffb-f0a7-427b-b3df-92f40e83dc19, host dv-cinder-802669-4-smb, got binding levels [PortBindingLevel(driver='openvswitch',host='dv-cinder-802669-4-smb',level=0,port_id=86ae2ffb-f0a7-427b-b3df-92f40e83dc19,segment=NetworkSegment(c0eb6394-3495-4371-a591-29d44e863a76),segment_id=c0eb6394-3495-4371-a591-29d44e863a76)] {{(pid=93737) get_binding_level_objs /opt/stack/neutron/neutron/plugins/ml2/db.py:74}}
Aug 11 08:01:25.425260 dv-cinder-802669-4-smb neutron-server[93737]: DEBUG neutron_lib.callbacks.manager [None req-92d41d11-0d9a-4272-b701-468126846168 None None] Notify callbacks ['neutron.plugins.ml2.plugin.SecurityGroupServerNotifierRpcMixin._notify_sg_on_port_change-3543106', 'neutron.plugins.ml2.ovo_rpc._ObjectChangeHandler.handle_event-189651', 'neutron.api.rpc.agentnotifiers.dhcp_rpc_agent_api.DhcpAgentNotifyAPI._native_event_send_dhcp_notification-3763200', 'neutron.db.l3_db.L3RpcNotifierMixin._notify_gateway_port_ip_changed-8793574303901', 'neutron.db.l3_dvrscheduler_db._notify_l3_agent_port_update-8793573817604', 'neutron.db.l3_hascheduler_db._notify_l3_agent_ha_port_update-8793573817622'] for port, after_update {{(pid=93737) _notify_loop /usr/local/lib/python3.8/dist-packages/neutron_lib/callbacks/manager.py:192}}
Aug 11 08:01:25.430076 dv-cinder-802669-4-smb neutron-server[93735]: DEBUG neutron_lib.callbacks.manager [None req-47087632-fee3-461c-b74b-18b4cd9a0640 admin admin] Notify callbacks ['neutron.plugins.ml2.ovo_rpc._ObjectChangeHandler.handle_event-483215'] for security_group, after_create {{(pid=93735) _notify_loop /usr/local/lib/python3.8/dist-packages/neutron_lib/callbacks/manager.py:192}}
Aug 11 08:01:25.515226 dv-cinder-802669-4-smb neutron-server[93736]: INFO neutron.wsgi [req-dd8cd329-4ee4-444d-9e3f-7a675b9425e4 req-a9b8d80f-3815-4a61-8ab4-0aa00bdf971c tempest-ServerRescueNegativeTestJSON-1669402802 tempest-ServerRescueNegativeTestJSON-1669402802-project] 10.222.0.77 "GET /v2.0/ports?device_id=089adc22-c502-45c2-9d9e-844058a6687b HTTP/1.1" status: 200 len: 210 time: 0.1322825
Aug 11 08:01:25.545867 dv-cinder-802669-4-smb neutron-server[93737]: DEBUG neutron.api.rpc.handlers.resources_rpc [None req-92d41d11-0d9a-4272-b701-468126846168 None None] Pushing event updated for resources: {'Port': ['ID=86ae2ffb-f0a7-427b-b3df-92f40e83dc19,revision_number=5']} {{(pid=93737) push /opt/stack/neutron/neutron/api/rpc/handlers/resources_rpc.py:237}}
Aug 11 08:01:25.579992 dv-cinder-802669-4-smb neutron-server[93735]: DEBUG neutron.db.db_base_plugin_v2 [None req-95d9fa27-760c-4c03-904b-c58172bda055 admin admin] Deleting subnet a8c5e8d8-5d77-4b73-94f6-6a9075908a95 {{(pid=93735) delete_subnet /opt/stack/neutron/neutron/db/db_base_plugin_v2.py:1056}}
Aug 11 08:01:25.598589 dv-cinder-802669-4-smb neutron-server[93735]: INFO neutron.wsgi [None req-47087632-fee3-461c-b74b-18b4cd9a0640 admin admin] 10.222.0.77 "GET /v2.0/security-groups?tenant_id=4f9d1001e7074b71b61116bb95a317b5&name=default HTTP/1.1" status: 200 len: 2979 time: 0.5241685
