Jul 28 09:25:00.000168 dv-cinder-802669-1-iscsi neutron-server[93067]: INFO neutron.wsgi [req-b6775289-b39c-4753-adfa-326e56c24367 req-a7b19737-cb6b-4959-af6f-d3bef6b7bca2 tempest-ServerRescueNegativeTestJSON-682752149 tempest-ServerRescueNegativeTestJSON-682752149-project] 10.222.0.23 "GET /v2.0/security-groups?id=6fcd6a40-7c8a-422e-9d89-788c55df10ed&fields=id&fields=name HTTP/1.1" status: 200 len: 286 time: 0.1391132
Jul 28 09:25:00.083755 dv-cinder-802669-1-iscsi neutron-server[93069]: DEBUG neutron.plugins.ml2.db [None req-638ea88a-99a8-4407-bad1-40a67edd1174 None None] get_ports_and_sgs() called for port_ids ['d71e8fb8-deed-4e7a-ad68-64fbaee0e441'] {{(pid=93069) get_ports_and_sgs /opt/stack/neutron/neutron/plugins/ml2/db.py:156}}
Jul 28 09:25:00.154089 dv-cinder-802669-1-iscsi neutron-server[93069]: DEBUG neutron.plugins.ml2.db [None req-638ea88a-99a8-4407-bad1-40a67edd1174 None None] get_ports_and_sgs() called for port_ids ['eca2dda2-dd14-4098-a22d-67e6250c6eb4'] {{(pid=93069) get_ports_and_sgs /opt/stack/neutron/neutron/plugins/ml2/db.py:156}}
Jul 28 09:25:00.199758 dv-cinder-802669-1-iscsi neutron-server[93067]: DEBUG neutron.api.rpc.handlers.resources_rpc [None req-2f24713e-bacb-4a6a-910e-5c50ecb613cd service neutron] Pushing event updated for resources: {'Port': ['ID=2b4fdddf-03d6-4edc-b888-724b64f54c3b,revision_number=2']} {{(pid=93067) push /opt/stack/neutron/neutron/api/rpc/handlers/resources_rpc.py:237}}
Jul 28 09:25:00.204710 dv-cinder-802669-1-iscsi neutron-server[93068]: DEBUG neutron.notifiers.nova [req-e98531c8-20f3-434b-8695-56ae1a65495d req-110a9bef-4508-400d-ade2-cdd42ac26deb service neutron] Ignoring state change previous_port_status: DOWN current_port_status: DOWN port_id 516a84f0-5846-45f0-8ffc-f11a2e8eec67 {{(pid=93068) record_port_status_changed /opt/stack/neutron/neutron/notifiers/nova.py:224}}
Jul 28 09:25:00.209472 dv-cinder-802669-1-iscsi neutron-server[93067]: INFO neutron.wsgi [req-feb48279-1f96-452e-b5a1-7aee9d3796f8 req-c8da24f6-01a1-4f04-a732-d179c3a22739 tempest-AttachVolumeTestJSON-438161824 tempest-AttachVolumeTestJSON-438161824-project] 10.222.0.23 "GET /v2.0/ports?device_id=a93e643c-a780-41fb-9719-43b374afe806 HTTP/1.1" status: 200 len: 210 time: 0.0892699
Jul 28 09:25:00.250962 dv-cinder-802669-1-iscsi neutron-server[93067]: INFO neutron.wsgi [req-3b3809a6-beec-4067-8069-53b02befc6a3 req-e0f8f13f-a85e-4a58-837d-89b8b6507421 service neutron] 10.222.0.23 "GET /v2.0/networks/59c4a637-5ed0-4b6e-a037-96ec97ce270f?fields=provider%3Aphysical_network&fields=provider%3Anetwork_type HTTP/1.1" status: 200 len: 281 time: 0.3421323
Jul 28 09:25:00.254792 dv-cinder-802669-1-iscsi neutron-server[93067]: DEBUG neutron.plugins.ml2.managers [req-e76b35b1-5a5f-48a6-9bba-67cf8c4b80d5 req-2f24713e-bacb-4a6a-910e-5c50ecb613cd service neutron] Attempting to bind port 2b4fdddf-03d6-4edc-b888-724b64f54c3b on host hv-cinder-80266 for vnic_type normal with profile {{(pid=93067) bind_port /opt/stack/neutron/neutron/plugins/ml2/managers.py:790}}
Jul 28 09:25:00.255087 dv-cinder-802669-1-iscsi neutron-server[93067]: DEBUG neutron.plugins.ml2.managers [req-e76b35b1-5a5f-48a6-9bba-67cf8c4b80d5 req-2f24713e-bacb-4a6a-910e-5c50ecb613cd service neutron] Attempting to bind port 2b4fdddf-03d6-4edc-b888-724b64f54c3b by drivers openvswitch,hyperv on host hv-cinder-80266 at level 0 using segments [{'id': 'e2665667-7ebc-4093-83fc-21abd84d8703', 'network_type': 'vlan', 'physical_network': 'physnet1', 'segmentation_id': 156, 'network_id': 'bc5fa390-0a22-474b-ac35-e54c73e4ebd9'}] {{(pid=93067) _bind_port_level /opt/stack/neutron/neutron/plugins/ml2/managers.py:815}}
Jul 28 09:25:00.255518 dv-cinder-802669-1-iscsi neutron-server[93067]: DEBUG neutron.plugins.ml2.drivers.mech_agent [req-e76b35b1-5a5f-48a6-9bba-67cf8c4b80d5 req-2f24713e-bacb-4a6a-910e-5c50ecb613cd service neutron] Attempting to bind port 2b4fdddf-03d6-4edc-b888-724b64f54c3b on network bc5fa390-0a22-474b-ac35-e54c73e4ebd9 {{(pid=93067) bind_port /opt/stack/neutron/neutron/plugins/ml2/drivers/mech_agent.py:85}}
Jul 28 09:25:00.261032 dv-cinder-802669-1-iscsi neutron-server[93067]: DEBUG neutron.plugins.ml2.drivers.mech_agent [req-e76b35b1-5a5f-48a6-9bba-67cf8c4b80d5 req-2f24713e-bacb-4a6a-910e-5c50ecb613cd service neutron] Port 2b4fdddf-03d6-4edc-b888-724b64f54c3b on network bc5fa390-0a22-474b-ac35-e54c73e4ebd9 not bound, no agent of type Open vSwitch agent registered on host hv-cinder-80266 {{(pid=93067) bind_port /opt/stack/neutron/neutron/plugins/ml2/drivers/mech_agent.py:97}}
Jul 28 09:25:00.261722 dv-cinder-802669-1-iscsi neutron-server[93067]: DEBUG neutron.plugins.ml2.drivers.mech_agent [req-e76b35b1-5a5f-48a6-9bba-67cf8c4b80d5 req-2f24713e-bacb-4a6a-910e-5c50ecb613cd service neutron] Attempting to bind port 2b4fdddf-03d6-4edc-b888-724b64f54c3b on network bc5fa390-0a22-474b-ac35-e54c73e4ebd9 {{(pid=93067) bind_port /opt/stack/neutron/neutron/plugins/ml2/drivers/mech_agent.py:85}}
Jul 28 09:25:00.265423 dv-cinder-802669-1-iscsi neutron-server[93068]: DEBUG neutron_lib.callbacks.manager [req-e98531c8-20f3-434b-8695-56ae1a65495d req-110a9bef-4508-400d-ade2-cdd42ac26deb service neutron] Notify callbacks [] for port, precommit_update {{(pid=93068) _notify_loop /usr/local/lib/python3.8/dist-packages/neutron_lib/callbacks/manager.py:192}}
Jul 28 09:25:00.267203 dv-cinder-802669-1-iscsi neutron-server[93067]: DEBUG neutron.plugins.ml2.drivers.mech_agent [req-e76b35b1-5a5f-48a6-9bba-67cf8c4b80d5 req-2f24713e-bacb-4a6a-910e-5c50ecb613cd service neutron] Checking agent: {'id': '2e21c55d-f4ce-498b-abcc-e7d8675cd352', 'agent_type': 'HyperV agent', 'binary': 'neutron-hyperv-agent', 'topic': 'N/A', 'host': 'hv-cinder-80266', 'admin_state_up': True, 'created_at': datetime.datetime(2021, 7, 28, 9, 22, 54), 'started_at': datetime.datetime(2021, 7, 28, 9, 22, 54), 'heartbeat_timestamp': datetime.datetime(2021, 7, 28, 9, 24, 54), 'description': None, 'resources_synced': None, 'availability_zone': None, 'alive': True, 'configurations': {'vswitch_mappings': {'physnet1$': 'br-data'}}, 'resource_versions': {}} {{(pid=93067) bind_port /opt/stack/neutron/neutron/plugins/ml2/drivers/mech_agent.py:104}}
Jul 28 09:25:00.267691 dv-cinder-802669-1-iscsi neutron-server[93067]: DEBUG neutron.plugins.ml2.drivers.mech_agent [req-e76b35b1-5a5f-48a6-9bba-67cf8c4b80d5 req-2f24713e-bacb-4a6a-910e-5c50ecb613cd service neutron] Checking segment: {'id': 'e2665667-7ebc-4093-83fc-21abd84d8703', 'network_type': 'vlan', 'physical_network': 'physnet1', 'segmentation_id': 156, 'network_id': 'bc5fa390-0a22-474b-ac35-e54c73e4ebd9'} for mappings: {'physnet1$': 'br-data'} with network types: ['local', 'flat', 'vlan'] {{(pid=93067) check_segment_for_agent /opt/stack/neutron/neutron/plugins/ml2/drivers/mech_agent.py:352}}
Jul 28 09:25:00.268198 dv-cinder-802669-1-iscsi neutron-server[93067]: DEBUG neutron.plugins.ml2.drivers.mech_agent [req-e76b35b1-5a5f-48a6-9bba-67cf8c4b80d5 req-2f24713e-bacb-4a6a-910e-5c50ecb613cd service neutron] Bound using segment: {'id': 'e2665667-7ebc-4093-83fc-21abd84d8703', 'network_type': 'vlan', 'physical_network': 'physnet1', 'segmentation_id': 156, 'network_id': 'bc5fa390-0a22-474b-ac35-e54c73e4ebd9'} {{(pid=93067) bind_port /opt/stack/neutron/neutron/plugins/ml2/drivers/mech_agent.py:114}}
Jul 28 09:25:00.268741 dv-cinder-802669-1-iscsi neutron-server[93067]: DEBUG neutron.plugins.ml2.managers [req-e76b35b1-5a5f-48a6-9bba-67cf8c4b80d5 req-2f24713e-bacb-4a6a-910e-5c50ecb613cd service neutron] Bound port: 2b4fdddf-03d6-4edc-b888-724b64f54c3b, host: hv-cinder-80266, vif_type: hyperv, vif_details: {"connectivity": "legacy", "port_filter": false}, binding_levels: [{'bound_driver': 'hyperv', 'bound_segment': {'id': 'e2665667-7ebc-4093-83fc-21abd84d8703', 'network_type': 'vlan', 'physical_network': 'physnet1', 'segmentation_id': 156, 'network_id': 'bc5fa390-0a22-474b-ac35-e54c73e4ebd9'}}] {{(pid=93067) _bind_port_level /opt/stack/neutron/neutron/plugins/ml2/managers.py:928}}
Jul 28 09:25:00.269200 dv-cinder-802669-1-iscsi neutron-server[93067]: DEBUG neutron_lib.callbacks.manager [req-e76b35b1-5a5f-48a6-9bba-67cf8c4b80d5 req-2f24713e-bacb-4a6a-910e-5c50ecb613cd service neutron] Notify callbacks ['neutron.plugins.ml2.plugin.SecurityGroupDbMixin._ensure_default_security_group_handler-566289'] for port, before_update {{(pid=93067) _notify_loop /usr/local/lib/python3.8/dist-packages/neutron_lib/callbacks/manager.py:192}}
Jul 28 09:25:00.316939 dv-cinder-802669-1-iscsi neutron-server[93068]: DEBUG neutron.db.provisioning_blocks [req-e98531c8-20f3-434b-8695-56ae1a65495d req-110a9bef-4508-400d-ade2-cdd42ac26deb service neutron] Transition to ACTIVE for port object 516a84f0-5846-45f0-8ffc-f11a2e8eec67 will not be triggered until provisioned by entity L2. {{(pid=93068) add_provisioning_component /opt/stack/neutron/neutron/db/provisioning_blocks.py:73}}
Jul 28 09:25:00.324159 dv-cinder-802669-1-iscsi neutron-server[93068]: DEBUG neutron_lib.callbacks.manager [req-e98531c8-20f3-434b-8695-56ae1a65495d req-110a9bef-4508-400d-ade2-cdd42ac26deb service neutron] Notify callbacks ['neutron.plugins.ml2.plugin.SecurityGroupServerNotifierRpcMixin._notify_sg_on_port_change-942300', 'neutron.plugins.ml2.ovo_rpc._ObjectChangeHandler.handle_event-115300', 'neutron.api.rpc.agentnotifiers.dhcp_rpc_agent_api.DhcpAgentNotifyAPI._native_event_send_dhcp_notification-8069296', 'neutron.db.l3_db.L3RpcNotifierMixin._notify_gateway_port_ip_changed-8732595661105', 'neutron.db.l3_dvrscheduler_db._notify_l3_agent_port_update-8732595289896', 'neutron.db.l3_hascheduler_db._notify_l3_agent_ha_port_update-8732595289914', 'neutron.services.segments.plugin.NovaSegmentNotifier._notify_port_updated-6036935'] for port, after_update {{(pid=93068) _notify_loop /usr/local/lib/python3.8/dist-packages/neutron_lib/callbacks/manager.py:192}}
Jul 28 09:25:00.393441 dv-cinder-802669-1-iscsi neutron-server[93067]: DEBUG neutron.plugins.ml2.db [req-e76b35b1-5a5f-48a6-9bba-67cf8c4b80d5 req-2f24713e-bacb-4a6a-910e-5c50ecb613cd service neutron] For port 2b4fdddf-03d6-4edc-b888-724b64f54c3b, host hv-cinder-80266, cleared binding levels {{(pid=93067) clear_binding_levels /opt/stack/neutron/neutron/plugins/ml2/db.py:87}}
Jul 28 09:25:00.423302 dv-cinder-802669-1-iscsi neutron-server[93067]: DEBUG neutron.plugins.ml2.db [req-e76b35b1-5a5f-48a6-9bba-67cf8c4b80d5 req-2f24713e-bacb-4a6a-910e-5c50ecb613cd service neutron] For port 2b4fdddf-03d6-4edc-b888-724b64f54c3b, host hv-cinder-80266, set binding levels [PortBindingLevel(driver='hyperv',host='hv-cinder-80266',level=0,port_id=2b4fdddf-03d6-4edc-b888-724b64f54c3b,segment=NetworkSegment(e2665667-7ebc-4093-83fc-21abd84d8703),segment_id=e2665667-7ebc-4093-83fc-21abd84d8703)] {{(pid=93067) set_binding_levels /opt/stack/neutron/neutron/plugins/ml2/db.py:59}}
Jul 28 09:25:00.436383 dv-cinder-802669-1-iscsi neutron-server[93067]: DEBUG neutron_lib.callbacks.manager [req-e76b35b1-5a5f-48a6-9bba-67cf8c4b80d5 req-2f24713e-bacb-4a6a-910e-5c50ecb613cd service neutron] Notify callbacks ['neutron.plugins.ml2.plugin.SecurityGroupServerNotifierRpcMixin._notify_sg_on_port_change-942300', 'neutron.plugins.ml2.ovo_rpc._ObjectChangeHandler.handle_event-115300', 'neutron.api.rpc.agentnotifiers.dhcp_rpc_agent_api.DhcpAgentNotifyAPI._native_event_send_dhcp_notification-8069296', 'neutron.db.l3_db.L3RpcNotifierMixin._notify_gateway_port_ip_changed-8732595661105', 'neutron.db.l3_dvrscheduler_db._notify_l3_agent_port_update-8732595289896', 'neutron.db.l3_hascheduler_db._notify_l3_agent_ha_port_update-8732595289914'] for port, after_update {{(pid=93067) _notify_loop /usr/local/lib/python3.8/dist-packages/neutron_lib/callbacks/manager.py:192}}
Jul 28 09:25:00.456049 dv-cinder-802669-1-iscsi neutron-server[93068]: DEBUG neutron.api.rpc.handlers.resources_rpc [None req-110a9bef-4508-400d-ade2-cdd42ac26deb service neutron] Pushing event updated for resources: {'Port': ['ID=516a84f0-5846-45f0-8ffc-f11a2e8eec67,revision_number=2']} {{(pid=93068) push /opt/stack/neutron/neutron/api/rpc/handlers/resources_rpc.py:237}}
Jul 28 09:25:00.517279 dv-cinder-802669-1-iscsi neutron-server[93067]: DEBUG neutron.pecan_wsgi.hooks.policy_enforcement [req-682d9d42-d7fc-4130-ab31-554e737b3539 req-437bc0b1-9e47-462a-82d1-58b29ce0d1a7 tempest-AttachVolumeNegativeTest-1101656147 tempest-AttachVolumeNegativeTest-1101656147-project] Attributes excluded by policy engine: ['standard_attr_id', 'binding:profile', 'binding:host_id', 'binding:vif_type', 'binding:vif_details'] {{(pid=93067) _exclude_attributes_by_policy /opt/stack/neutron/neutron/pecan_wsgi/hooks/policy_enforcement.py:255}}
Jul 28 09:25:00.520927 dv-cinder-802669-1-iscsi neutron-server[93068]: DEBUG neutron.plugins.ml2.managers [req-e98531c8-20f3-434b-8695-56ae1a65495d req-110a9bef-4508-400d-ade2-cdd42ac26deb service neutron] Attempting to bind port 516a84f0-5846-45f0-8ffc-f11a2e8eec67 on host hv-cinder-80266 for vnic_type normal with profile {{(pid=93068) bind_port /opt/stack/neutron/neutron/plugins/ml2/managers.py:790}}
Jul 28 09:25:00.521285 dv-cinder-802669-1-iscsi neutron-server[93068]: DEBUG neutron.plugins.ml2.managers [req-e98531c8-20f3-434b-8695-56ae1a65495d req-110a9bef-4508-400d-ade2-cdd42ac26deb service neutron] Attempting to bind port 516a84f0-5846-45f0-8ffc-f11a2e8eec67 by drivers openvswitch,hyperv on host hv-cinder-80266 at level 0 using segments [{'id': 'e2665667-7ebc-4093-83fc-21abd84d8703', 'network_type': 'vlan', 'physical_network': 'physnet1', 'segmentation_id': 156, 'network_id': 'bc5fa390-0a22-474b-ac35-e54c73e4ebd9'}] {{(pid=93068) _bind_port_level /opt/stack/neutron/neutron/plugins/ml2/managers.py:815}}
Jul 28 09:25:00.521622 dv-cinder-802669-1-iscsi neutron-server[93068]: DEBUG neutron.plugins.ml2.drivers.mech_agent [req-e98531c8-20f3-434b-8695-56ae1a65495d req-110a9bef-4508-400d-ade2-cdd42ac26deb service neutron] Attempting to bind port 516a84f0-5846-45f0-8ffc-f11a2e8eec67 on network bc5fa390-0a22-474b-ac35-e54c73e4ebd9 {{(pid=93068) bind_port /opt/stack/neutron/neutron/plugins/ml2/drivers/mech_agent.py:85}}
Jul 28 09:25:00.527966 dv-cinder-802669-1-iscsi neutron-server[93067]: INFO neutron.wsgi [req-682d9d42-d7fc-4130-ab31-554e737b3539 req-437bc0b1-9e47-462a-82d1-58b29ce0d1a7 tempest-AttachVolumeNegativeTest-1101656147 tempest-AttachVolumeNegativeTest-1101656147-project] 10.222.0.23 "GET /v2.0/ports?device_id=6e1287df-cb69-4058-b6ed-b2156f10ea45 HTTP/1.1" status: 200 len: 944 time: 0.1505208
Jul 28 09:25:00.533846 dv-cinder-802669-1-iscsi neutron-server[93068]: DEBUG neutron.plugins.ml2.drivers.mech_agent [req-e98531c8-20f3-434b-8695-56ae1a65495d req-110a9bef-4508-400d-ade2-cdd42ac26deb service neutron] Port 516a84f0-5846-45f0-8ffc-f11a2e8eec67 on network bc5fa390-0a22-474b-ac35-e54c73e4ebd9 not bound, no agent of type Open vSwitch agent registered on host hv-cinder-80266 {{(pid=93068) bind_port /opt/stack/neutron/neutron/plugins/ml2/drivers/mech_agent.py:97}}
Jul 28 09:25:00.534182 dv-cinder-802669-1-iscsi neutron-server[93068]: DEBUG neutron.plugins.ml2.drivers.mech_agent [req-e98531c8-20f3-434b-8695-56ae1a65495d req-110a9bef-4508-400d-ade2-cdd42ac26deb service neutron] Attempting to bind port 516a84f0-5846-45f0-8ffc-f11a2e8eec67 on network bc5fa390-0a22-474b-ac35-e54c73e4ebd9 {{(pid=93068) bind_port /opt/stack/neutron/neutron/plugins/ml2/drivers/mech_agent.py:85}}
Jul 28 09:25:00.549083 dv-cinder-802669-1-iscsi neutron-server[93068]: DEBUG neutron.plugins.ml2.drivers.mech_agent [req-e98531c8-20f3-434b-8695-56ae1a65495d req-110a9bef-4508-400d-ade2-cdd42ac26deb service neutron] Checking agent: {'id': '2e21c55d-f4ce-498b-abcc-e7d8675cd352', 'agent_type': 'HyperV agent', 'binary': 'neutron-hyperv-agent', 'topic': 'N/A', 'host': 'hv-cinder-80266', 'admin_state_up': True, 'created_at': datetime.datetime(2021, 7, 28, 9, 22, 54), 'started_at': datetime.datetime(2021, 7, 28, 9, 22, 54), 'heartbeat_timestamp': datetime.datetime(2021, 7, 28, 9, 24, 54), 'description': None, 'resources_synced': None, 'availability_zone': None, 'alive': True, 'configurations': {'vswitch_mappings': {'physnet1$': 'br-data'}}, 'resource_versions': {}} {{(pid=93068) bind_port /opt/stack/neutron/neutron/plugins/ml2/drivers/mech_agent.py:104}}
Jul 28 09:25:00.550037 dv-cinder-802669-1-iscsi neutron-server[93068]: DEBUG neutron.plugins.ml2.drivers.mech_agent [req-e98531c8-20f3-434b-8695-56ae1a65495d req-110a9bef-4508-400d-ade2-cdd42ac26deb service neutron] Checking segment: {'id': 'e2665667-7ebc-4093-83fc-21abd84d8703', 'network_type': 'vlan', 'physical_network': 'physnet1', 'segmentation_id': 156, 'network_id': 'bc5fa390-0a22-474b-ac35-e54c73e4ebd9'} for mappings: {'physnet1$': 'br-data'} with network types: ['local', 'flat', 'vlan'] {{(pid=93068) check_segment_for_agent /opt/stack/neutron/neutron/plugins/ml2/drivers/mech_agent.py:352}}
Jul 28 09:25:00.550439 dv-cinder-802669-1-iscsi neutron-server[93068]: DEBUG neutron.plugins.ml2.drivers.mech_agent [req-e98531c8-20f3-434b-8695-56ae1a65495d req-110a9bef-4508-400d-ade2-cdd42ac26deb service neutron] Bound using segment: {'id': 'e2665667-7ebc-4093-83fc-21abd84d8703', 'network_type': 'vlan', 'physical_network': 'physnet1', 'segmentation_id': 156, 'network_id': 'bc5fa390-0a22-474b-ac35-e54c73e4ebd9'} {{(pid=93068) bind_port /opt/stack/neutron/neutron/plugins/ml2/drivers/mech_agent.py:114}}
Jul 28 09:25:00.550895 dv-cinder-802669-1-iscsi neutron-server[93068]: DEBUG neutron.plugins.ml2.managers [req-e98531c8-20f3-434b-8695-56ae1a65495d req-110a9bef-4508-400d-ade2-cdd42ac26deb service neutron] Bound port: 516a84f0-5846-45f0-8ffc-f11a2e8eec67, host: hv-cinder-80266, vif_type: hyperv, vif_details: {"connectivity": "legacy", "port_filter": false}, binding_levels: [{'bound_driver': 'hyperv', 'bound_segment': {'id': 'e2665667-7ebc-4093-83fc-21abd84d8703', 'network_type': 'vlan', 'physical_network': 'physnet1', 'segmentation_id': 156, 'network_id': 'bc5fa390-0a22-474b-ac35-e54c73e4ebd9'}}] {{(pid=93068) _bind_port_level /opt/stack/neutron/neutron/plugins/ml2/managers.py:928}}
Jul 28 09:25:00.551447 dv-cinder-802669-1-iscsi neutron-server[93068]: DEBUG neutron_lib.callbacks.manager [req-e98531c8-20f3-434b-8695-56ae1a65495d req-110a9bef-4508-400d-ade2-cdd42ac26deb service neutron] Notify callbacks ['neutron.plugins.ml2.plugin.SecurityGroupDbMixin._ensure_default_security_group_handler-566289'] for port, before_update {{(pid=93068) _notify_loop /usr/local/lib/python3.8/dist-packages/neutron_lib/callbacks/manager.py:192}}
Jul 28 09:25:00.564319 dv-cinder-802669-1-iscsi neutron-server[93067]: DEBUG neutron.pecan_wsgi.hooks.policy_enforcement [req-e76b35b1-5a5f-48a6-9bba-67cf8c4b80d5 req-2f24713e-bacb-4a6a-910e-5c50ecb613cd service neutron] Attributes excluded by policy engine: ['standard_attr_id'] {{(pid=93067) _exclude_attributes_by_policy /opt/stack/neutron/neutron/pecan_wsgi/hooks/policy_enforcement.py:255}}
Jul 28 09:25:00.565372 dv-cinder-802669-1-iscsi neutron-server[93067]: DEBUG neutron_lib.callbacks.manager [req-e76b35b1-5a5f-48a6-9bba-67cf8c4b80d5 req-2f24713e-bacb-4a6a-910e-5c50ecb613cd service neutron] Notify callbacks ['neutron.notifiers.nova.Notifier._send_nova_notification-518905', 'neutron.api.rpc.agentnotifiers.dhcp_rpc_agent_api.DhcpAgentNotifyAPI._send_dhcp_notification-8069262'] for port, before_response {{(pid=93067) _notify_loop /usr/local/lib/python3.8/dist-packages/neutron_lib/callbacks/manager.py:192}}
Jul 28 09:25:00.565950 dv-cinder-802669-1-iscsi neutron-server[93067]: INFO neutron.wsgi [req-e76b35b1-5a5f-48a6-9bba-67cf8c4b80d5 req-2f24713e-bacb-4a6a-910e-5c50ecb613cd service neutron] 10.222.0.32 "PUT /v2.0/ports/2b4fdddf-03d6-4edc-b888-724b64f54c3b HTTP/1.1" status: 200 len: 1093 time: 1.8333707
Jul 28 09:25:00.566417 dv-cinder-802669-1-iscsi neutron-server[93067]: DEBUG neutron.notifiers.nova [-] Sending events: [{'name': 'network-changed', 'server_uuid': '722bacfd-c01b-427f-a5db-de2581b3dc2e', 'tag': '2b4fdddf-03d6-4edc-b888-724b64f54c3b'}] {{(pid=93067) send_events /opt/stack/neutron/neutron/notifiers/nova.py:262}}
Jul 28 09:25:00.574166 dv-cinder-802669-1-iscsi neutron-server[93067]: DEBUG novaclient.v2.client [-] REQ: curl -g -i --cacert "/opt/stack/data/ca-bundle.pem" -X POST http://10.222.0.23/compute/v2.1/os-server-external-events -H "Accept: application/json" -H "Content-Type: application/json" -H "User-Agent: python-novaclient" -H "X-Auth-Token: {SHA256}119bb006a51e6799d77012a49065aa76076224f53078518f9bbc3af1ae40a877" -H "X-OpenStack-Nova-API-Version: 2.1" -H "X-OpenStack-Request-ID: req-5835190a-93ea-4579-b88a-19ed1f15f45b" -d '{"events": [{"name": "network-changed", "server_uuid": "722bacfd-c01b-427f-a5db-de2581b3dc2e", "tag": "2b4fdddf-03d6-4edc-b888-724b64f54c3b"}]}' {{(pid=93067) _http_log_request /usr/local/lib/python3.8/dist-packages/keystoneauth1/session.py:519}}
Jul 28 09:25:00.715888 dv-cinder-802669-1-iscsi neutron-server[93069]: DEBUG neutron_lib.callbacks.manager [None req-b52e2974-7aeb-459d-9d21-4197a274151b None None] Notify callbacks ['neutron.services.segments.db._update_segment_host_mapping_for_agent-8732595736351', 'neutron.plugins.ml2.plugin.Ml2Plugin._retry_binding_revived_agents-984579'] for agent, after_update {{(pid=93069) _notify_loop /usr/local/lib/python3.8/dist-packages/neutron_lib/callbacks/manager.py:192}}
Jul 28 09:25:00.731816 dv-cinder-802669-1-iscsi neutron-server[93067]: INFO neutron.wsgi [req-20839178-b66c-4f3d-8d0f-f87131a0bf45 req-faeabfdb-a3ea-4bac-8173-7eb48bbe6b9f tempest-AttachVolumeShelveTestJSON-1908779393 tempest-AttachVolumeShelveTestJSON-1908779393-project] 10.222.0.23 "GET /v2.0/ports?device_id=1770556b-7187-418c-9c5e-6f6652a8f4c3 HTTP/1.1" status: 200 len: 210 time: 0.1137843
Jul 28 09:25:00.741451 dv-cinder-802669-1-iscsi neutron-server[93068]: DEBUG neutron.plugins.ml2.db [req-e98531c8-20f3-434b-8695-56ae1a65495d req-110a9bef-4508-400d-ade2-cdd42ac26deb service neutron] For port 516a84f0-5846-45f0-8ffc-f11a2e8eec67, host hv-cinder-80266, cleared binding levels {{(pid=93068) clear_binding_levels /opt/stack/neutron/neutron/plugins/ml2/db.py:87}}
Jul 28 09:25:00.749835 dv-cinder-802669-1-iscsi neutron-server[93068]: DEBUG neutron.plugins.ml2.db [req-e98531c8-20f3-434b-8695-56ae1a65495d req-110a9bef-4508-400d-ade2-cdd42ac26deb service neutron] For port 516a84f0-5846-45f0-8ffc-f11a2e8eec67, host hv-cinder-80266, set binding levels [PortBindingLevel(driver='hyperv',host='hv-cinder-80266',level=0,port_id=516a84f0-5846-45f0-8ffc-f11a2e8eec67,segment=NetworkSegment(e2665667-7ebc-4093-83fc-21abd84d8703),segment_id=e2665667-7ebc-4093-83fc-21abd84d8703)] {{(pid=93068) set_binding_levels /opt/stack/neutron/neutron/plugins/ml2/db.py:59}}
Jul 28 09:25:00.768292 dv-cinder-802669-1-iscsi neutron-server[93068]: DEBUG neutron_lib.callbacks.manager [req-e98531c8-20f3-434b-8695-56ae1a65495d req-110a9bef-4508-400d-ade2-cdd42ac26deb service neutron] Notify callbacks ['neutron.plugins.ml2.plugin.SecurityGroupServerNotifierRpcMixin._notify_sg_on_port_change-942300', 'neutron.plugins.ml2.ovo_rpc._ObjectChangeHandler.handle_event-115300', 'neutron.api.rpc.agentnotifiers.dhcp_rpc_agent_api.DhcpAgentNotifyAPI._native_event_send_dhcp_notification-8069296', 'neutron.db.l3_db.L3RpcNotifierMixin._notify_gateway_port_ip_changed-8732595661105', 'neutron.db.l3_dvrscheduler_db._notify_l3_agent_port_update-8732595289896', 'neutron.db.l3_hascheduler_db._notify_l3_agent_ha_port_update-8732595289914', 'neutron.services.segments.plugin.NovaSegmentNotifier._notify_port_updated-6036935'] for port, after_update {{(pid=93068) _notify_loop /usr/local/lib/python3.8/dist-packages/neutron_lib/callbacks/manager.py:192}}
Jul 28 09:25:00.891638 dv-cinder-802669-1-iscsi neutron-server[93068]: DEBUG neutron.api.rpc.handlers.resources_rpc [None req-110a9bef-4508-400d-ade2-cdd42ac26deb service neutron] Pushing event updated for resources: {'Port': ['ID=516a84f0-5846-45f0-8ffc-f11a2e8eec67,revision_number=3']} {{(pid=93068) push /opt/stack/neutron/neutron/api/rpc/handlers/resources_rpc.py:237}}
Jul 28 09:25:00.900452 dv-cinder-802669-1-iscsi neutron-server[93068]: DEBUG neutron.pecan_wsgi.hooks.policy_enforcement [req-e98531c8-20f3-434b-8695-56ae1a65495d req-110a9bef-4508-400d-ade2-cdd42ac26deb service neutron] Attributes excluded by policy engine: ['standard_attr_id'] {{(pid=93068) _exclude_attributes_by_policy /opt/stack/neutron/neutron/pecan_wsgi/hooks/policy_enforcement.py:255}}
Jul 28 09:25:00.901278 dv-cinder-802669-1-iscsi neutron-server[93068]: DEBUG neutron_lib.callbacks.manager [req-e98531c8-20f3-434b-8695-56ae1a65495d req-110a9bef-4508-400d-ade2-cdd42ac26deb service neutron] Notify callbacks ['neutron.notifiers.nova.Notifier._send_nova_notification-518905', 'neutron.api.rpc.agentnotifiers.dhcp_rpc_agent_api.DhcpAgentNotifyAPI._send_dhcp_notification-8069262'] for port, before_response {{(pid=93068) _notify_loop /usr/local/lib/python3.8/dist-packages/neutron_lib/callbacks/manager.py:192}}
Jul 28 09:25:00.911470 dv-cinder-802669-1-iscsi neutron-server[93068]: INFO neutron.wsgi [req-e98531c8-20f3-434b-8695-56ae1a65495d req-110a9bef-4508-400d-ade2-cdd42ac26deb service neutron] 10.222.0.32 "PUT /v2.0/ports/516a84f0-5846-45f0-8ffc-f11a2e8eec67 HTTP/1.1" status: 200 len: 1093 time: 1.9235475
Jul 28 09:25:00.912232 dv-cinder-802669-1-iscsi neutron-server[93068]: DEBUG neutron.notifiers.nova [-] Sending events: [{'name': 'network-changed', 'server_uuid': '89bf9e96-f9c0-4e9b-9eb6-a01c13b4ac67', 'tag': '516a84f0-5846-45f0-8ffc-f11a2e8eec67'}] {{(pid=93068) send_events /opt/stack/neutron/neutron/notifiers/nova.py:262}}
Jul 28 09:25:00.914852 dv-cinder-802669-1-iscsi neutron-server[93068]: DEBUG novaclient.v2.client [-] REQ: curl -g -i --cacert "/opt/stack/data/ca-bundle.pem" -X POST http://10.222.0.23/compute/v2.1/os-server-external-events -H "Accept: application/json" -H "Content-Type: application/json" -H "User-Agent: python-novaclient" -H "X-Auth-Token: {SHA256}139b294935eba5b67723c4cb949653233a30e5923a0155ee6b45606758e66ae8" -H "X-OpenStack-Nova-API-Version: 2.1" -H "X-OpenStack-Request-ID: req-5c44ebfe-5147-4c40-b72b-c968b99b49f3" -d '{"events": [{"name": "network-changed", "server_uuid": "89bf9e96-f9c0-4e9b-9eb6-a01c13b4ac67", "tag": "516a84f0-5846-45f0-8ffc-f11a2e8eec67"}]}' {{(pid=93068) _http_log_request /usr/local/lib/python3.8/dist-packages/keystoneauth1/session.py:519}}
Jul 28 09:25:01.053820 dv-cinder-802669-1-iscsi neutron-server[93068]: DEBUG neutron.pecan_wsgi.hooks.policy_enforcement [req-e98531c8-20f3-434b-8695-56ae1a65495d req-1e48bc00-d9ec-481b-a2b2-04831f30c65b service neutron] Attributes excluded by policy engine: ['standard_attr_id'] {{(pid=93068) _exclude_attributes_by_policy /opt/stack/neutron/neutron/pecan_wsgi/hooks/policy_enforcement.py:255}}
Jul 28 09:25:01.055794 dv-cinder-802669-1-iscsi neutron-server[93068]: INFO neutron.wsgi [req-e98531c8-20f3-434b-8695-56ae1a65495d req-1e48bc00-d9ec-481b-a2b2-04831f30c65b service neutron] 10.222.0.32 "GET /v2.0/ports?tenant_id=cdd4025f7c74471e81aa73079f97a769&device_id=89bf9e96-f9c0-4e9b-9eb6-a01c13b4ac67 HTTP/1.1" status: 200 len: 1096 time: 0.0999050
Jul 28 09:25:01.106333 dv-cinder-802669-1-iscsi neutron-server[93069]: DEBUG neutron_lib.callbacks.manager [None req-fb188621-43b0-4875-a1b2-4428044f0317 None None] Notify callbacks ['neutron.services.segments.db._update_segment_host_mapping_for_agent-8732595736351', 'neutron.plugins.ml2.plugin.Ml2Plugin._retry_binding_revived_agents-984579'] for agent, after_update {{(pid=93069) _notify_loop /usr/local/lib/python3.8/dist-packages/neutron_lib/callbacks/manager.py:192}}
Jul 28 09:25:01.118378 dv-cinder-802669-1-iscsi neutron-server[93067]: DEBUG neutron.api.rpc.handlers.resources_rpc [None req-2f24713e-bacb-4a6a-910e-5c50ecb613cd service neutron] Pushing event updated for resources: {'Port': ['ID=2b4fdddf-03d6-4edc-b888-724b64f54c3b,revision_number=3']} {{(pid=93067) push /opt/stack/neutron/neutron/api/rpc/handlers/resources_rpc.py:237}}
Jul 28 09:25:01.137541 dv-cinder-802669-1-iscsi neutron-server[93067]: INFO neutron.wsgi [req-682d9d42-d7fc-4130-ab31-554e737b3539 req-e6026500-04e6-4f7d-9b63-6d09bb60e441 tempest-AttachVolumeNegativeTest-1101656147 tempest-AttachVolumeNegativeTest-1101656147-project] 10.222.0.23 "GET /v2.0/security-groups?id=ba7ca661-0cb6-4167-9687-f2b430c66e56&fields=id&fields=name HTTP/1.1" status: 200 len: 286 time: 0.6079540
Jul 28 09:25:01.146594 dv-cinder-802669-1-iscsi neutron-server[93068]: INFO neutron.wsgi [req-e98531c8-20f3-434b-8695-56ae1a65495d req-fb1798b0-84d9-4f8f-b4af-84297542d590 service neutron] 10.222.0.32 "GET /v2.0/floatingips?fixed_ip_address=172.20.0.7&port_id=516a84f0-5846-45f0-8ffc-f11a2e8eec67 HTTP/1.1" status: 200 len: 217 time: 0.0796573
Jul 28 09:25:01.227339 dv-cinder-802669-1-iscsi neutron-server[93068]: DEBUG neutron.pecan_wsgi.hooks.policy_enforcement [req-e98531c8-20f3-434b-8695-56ae1a65495d req-fda9d841-a0fe-4df2-a74c-1e270f52191f service neutron] Attributes excluded by policy engine: ['standard_attr_id', 'shared', 'segment_id'] {{(pid=93068) _exclude_attributes_by_policy /opt/stack/neutron/neutron/pecan_wsgi/hooks/policy_enforcement.py:255}}
Jul 28 09:25:01.232000 dv-cinder-802669-1-iscsi neutron-server[93068]: INFO neutron.wsgi [req-e98531c8-20f3-434b-8695-56ae1a65495d req-fda9d841-a0fe-4df2-a74c-1e270f52191f service neutron] 10.222.0.32 "GET /v2.0/subnets?id=e1f74411-6c4e-4dfc-902d-6f35d76f4922 HTTP/1.1" status: 200 len: 859 time: 0.0765104
Jul 28 09:25:01.249674 dv-cinder-802669-1-iscsi neutron-server[93067]: DEBUG novaclient.v2.client [-] RESP: [200] Connection: close Content-Length: 179 Content-Type: application/json Date: Wed, 28 Jul 2021 09:25:00 GMT OpenStack-API-Version: compute 2.1 Server: Apache/2.4.41 (Ubuntu) Vary: OpenStack-API-Version,X-OpenStack-Nova-API-Version X-OpenStack-Nova-API-Version: 2.1 x-compute-request-id: req-3bcc142c-b57b-499f-a092-72dae1bb3a8b x-openstack-request-id: req-3bcc142c-b57b-499f-a092-72dae1bb3a8b {{(pid=93067) _http_log_response /usr/local/lib/python3.8/dist-packages/keystoneauth1/session.py:550}}
Jul 28 09:25:01.251000 dv-cinder-802669-1-iscsi neutron-server[93067]: DEBUG novaclient.v2.client [-] RESP BODY: {"events": [{"name": "network-changed", "server_uuid": "722bacfd-c01b-427f-a5db-de2581b3dc2e", "tag": "2b4fdddf-03d6-4edc-b888-724b64f54c3b", "status": "completed", "code": 200}]} {{(pid=93067) _http_log_response /usr/local/lib/python3.8/dist-packages/keystoneauth1/session.py:582}}
Jul 28 09:25:01.251482 dv-cinder-802669-1-iscsi neutron-server[93067]: DEBUG novaclient.v2.client [-] POST call to compute for http://10.222.0.23/compute/v2.1/os-server-external-events used request id req-3bcc142c-b57b-499f-a092-72dae1bb3a8b {{(pid=93067) request /usr/local/lib/python3.8/dist-packages/keystoneauth1/session.py:954}}
Jul 28 09:25:01.252860 dv-cinder-802669-1-iscsi neutron-server[93067]: INFO neutron.notifiers.nova [-] Nova event response: {'name': 'network-changed', 'server_uuid': '722bacfd-c01b-427f-a5db-de2581b3dc2e', 'tag': '2b4fdddf-03d6-4edc-b888-724b64f54c3b', 'status': 'completed', 'code': 200}
Jul 28 09:25:01.286503 dv-cinder-802669-1-iscsi neutron-server[93068]: INFO neutron.wsgi [req-e98531c8-20f3-434b-8695-56ae1a65495d req-272d4943-602d-4227-9225-86efcf2a1711 service neutron] 10.222.0.32 "GET /v2.0/ports?network_id=bc5fa390-0a22-474b-ac35-e54c73e4ebd9&device_owner=network%3Adhcp HTTP/1.1" status: 200 len: 210 time: 0.0481215
Jul 28 09:25:01.306244 dv-cinder-802669-1-iscsi neutron-server[93067]: DEBUG neutron.pecan_wsgi.hooks.policy_enforcement [req-e76b35b1-5a5f-48a6-9bba-67cf8c4b80d5 req-652bba0e-660c-468c-8d80-73c713729799 service neutron] Attributes excluded by policy engine: ['standard_attr_id'] {{(pid=93067) _exclude_attributes_by_policy /opt/stack/neutron/neutron/pecan_wsgi/hooks/policy_enforcement.py:255}}
Jul 28 09:25:01.307933 dv-cinder-802669-1-iscsi neutron-server[93067]: INFO neutron.wsgi [req-e76b35b1-5a5f-48a6-9bba-67cf8c4b80d5 req-652bba0e-660c-468c-8d80-73c713729799 service neutron] 10.222.0.32 "GET /v2.0/ports?tenant_id=cdd4025f7c74471e81aa73079f97a769&device_id=722bacfd-c01b-427f-a5db-de2581b3dc2e HTTP/1.1" status: 200 len: 1096 time: 0.6023350
Jul 28 09:25:01.312776 dv-cinder-802669-1-iscsi neutron-server[93068]: DEBUG novaclient.v2.client [-] RESP: [200] Connection: close Content-Length: 179 Content-Type: application/json Date: Wed, 28 Jul 2021 09:25:00 GMT OpenStack-API-Version: compute 2.1 Server: Apache/2.4.41 (Ubuntu) Vary: OpenStack-API-Version,X-OpenStack-Nova-API-Version X-OpenStack-Nova-API-Version: 2.1 x-compute-request-id: req-f3c2c599-667f-45d4-9489-4996ef6ed758 x-openstack-request-id: req-f3c2c599-667f-45d4-9489-4996ef6ed758 {{(pid=93068) _http_log_response /usr/local/lib/python3.8/dist-packages/keystoneauth1/session.py:550}}
Jul 28 09:25:01.313218 dv-cinder-802669-1-iscsi neutron-server[93068]: DEBUG novaclient.v2.client [-] RESP BODY: {"events": [{"name": "network-changed", "server_uuid": "89bf9e96-f9c0-4e9b-9eb6-a01c13b4ac67", "tag": "516a84f0-5846-45f0-8ffc-f11a2e8eec67", "status": "completed", "code": 200}]} {{(pid=93068) _http_log_response /usr/local/lib/python3.8/dist-packages/keystoneauth1/session.py:582}}
Jul 28 09:25:01.313546 dv-cinder-802669-1-iscsi neutron-server[93068]: DEBUG novaclient.v2.client [-] POST call to compute for http://10.222.0.23/compute/v2.1/os-server-external-events used request id req-f3c2c599-667f-45d4-9489-4996ef6ed758 {{(pid=93068) request /usr/local/lib/python3.8/dist-packages/keystoneauth1/session.py:954}}
Jul 28 09:25:01.314040 dv-cinder-802669-1-iscsi neutron-server[93068]: INFO neutron.notifiers.nova [-] Nova event response: {'name': 'network-changed', 'server_uuid': '89bf9e96-f9c0-4e9b-9eb6-a01c13b4ac67', 'tag': '516a84f0-5846-45f0-8ffc-f11a2e8eec67', 'status': 'completed', 'code': 200}
Jul 28 09:25:01.389012 dv-cinder-802669-1-iscsi neutron-server[93067]: DEBUG neutron.pecan_wsgi.hooks.policy_enforcement [req-436e6680-87d4-4722-a650-0784802ff666 req-db30aa6e-0846-44d6-85ea-ba1e74880b49 tempest-DeleteServersTestJSON-1094374724 tempest-DeleteServersTestJSON-1094374724-project] Attributes excluded by policy engine: ['standard_attr_id', 'binding:profile', 'binding:host_id', 'binding:vif_type', 'binding:vif_details'] {{(pid=93067) _exclude_attributes_by_policy /opt/stack/neutron/neutron/pecan_wsgi/hooks/policy_enforcement.py:255}}
Jul 28 09:25:01.393769 dv-cinder-802669-1-iscsi neutron-server[93067]: INFO neutron.wsgi [req-436e6680-87d4-4722-a650-0784802ff666 req-db30aa6e-0846-44d6-85ea-ba1e74880b49 tempest-DeleteServersTestJSON-1094374724 tempest-DeleteServersTestJSON-1094374724-project] 10.222.0.23 "GET /v2.0/ports?device_id=3553763b-4ea7-46c3-a243-3e7217b9f319 HTTP/1.1" status: 200 len: 944 time: 0.2715592
Jul 28 09:25:01.460259 dv-cinder-802669-1-iscsi neutron-server[93068]: INFO neutron.wsgi [req-e98531c8-20f3-434b-8695-56ae1a65495d req-3a2e7606-a200-449a-b5e9-e50c9433420c service neutron] 10.222.0.32 "GET /v2.0/networks/bc5fa390-0a22-474b-ac35-e54c73e4ebd9?fields=segments HTTP/1.1" status: 200 len: 212 time: 0.1596787
Jul 28 09:25:01.505056 dv-cinder-802669-1-iscsi neutron-server[93067]: DEBUG neutron.pecan_wsgi.hooks.policy_enforcement [req-56fe10ab-4715-469f-bdd5-5979f485b33a req-c774d550-a5ee-4e0d-9917-e81b28c59e45 tempest-AttachVolumeTestJSON-438161824 tempest-AttachVolumeTestJSON-438161824-project] Attributes excluded by policy engine: ['standard_attr_id', 'vlan_transparent', 'provider:network_type', 'provider:physical_network', 'provider:segmentation_id'] {{(pid=93067) _exclude_attributes_by_policy /opt/stack/neutron/neutron/pecan_wsgi/hooks/policy_enforcement.py:255}}
Jul 28 09:25:01.511724 dv-cinder-802669-1-iscsi neutron-server[93067]: INFO neutron.wsgi [req-56fe10ab-4715-469f-bdd5-5979f485b33a req-c774d550-a5ee-4e0d-9917-e81b28c59e45 tempest-AttachVolumeTestJSON-438161824 tempest-AttachVolumeTestJSON-438161824-project] 10.222.0.32 "GET /v2.0/networks?id=39e9cde6-0d01-4242-a6ed-06857cf13960 HTTP/1.1" status: 200 len: 811 time: 0.9164877
Jul 28 09:25:01.561103 dv-cinder-802669-1-iscsi neutron-server[93067]: INFO neutron.wsgi [req-e76b35b1-5a5f-48a6-9bba-67cf8c4b80d5 req-fc74d977-e103-4661-a945-6e01f338429d service neutron] 10.222.0.32 "GET /v2.0/floatingips?fixed_ip_address=172.20.0.5&port_id=2b4fdddf-03d6-4edc-b888-724b64f54c3b HTTP/1.1" status: 200 len: 217 time: 0.2379177
Jul 28 09:25:01.577576 dv-cinder-802669-1-iscsi neutron-server[93068]: INFO neutron.wsgi [req-e98531c8-20f3-434b-8695-56ae1a65495d req-c0888279-b01d-4842-9f49-61a7d5346ad8 service neutron] 10.222.0.32 "GET /v2.0/networks/bc5fa390-0a22-474b-ac35-e54c73e4ebd9?fields=provider%3Aphysical_network&fields=provider%3Anetwork_type HTTP/1.1" status: 200 len: 281 time: 0.1165144
Jul 28 09:25:01.695675 dv-cinder-802669-1-iscsi neutron-server[93068]: DEBUG neutron.pecan_wsgi.hooks.policy_enforcement [req-5c44ebfe-5147-4c40-b72b-c968b99b49f3 req-5518cb74-c067-43e5-be61-4038e7f29a46 service neutron] Attributes excluded by policy engine: ['standard_attr_id'] {{(pid=93068) _exclude_attributes_by_policy /opt/stack/neutron/neutron/pecan_wsgi/hooks/policy_enforcement.py:255}}
Jul 28 09:25:01.697281 dv-cinder-802669-1-iscsi neutron-server[93068]: INFO neutron.wsgi [req-5c44ebfe-5147-4c40-b72b-c968b99b49f3 req-5518cb74-c067-43e5-be61-4038e7f29a46 service neutron] 10.222.0.32 "GET /v2.0/ports?tenant_id=cdd4025f7c74471e81aa73079f97a769&device_id=89bf9e96-f9c0-4e9b-9eb6-a01c13b4ac67 HTTP/1.1" status: 200 len: 1096 time: 0.0588293
Jul 28 09:25:01.707739 dv-cinder-802669-1-iscsi neutron-server[93067]: DEBUG neutron.pecan_wsgi.hooks.policy_enforcement [req-750d198b-fe1d-41a3-a6d1-c4960fca6bae req-79b0f361-2fe6-4ff0-b01c-b82fa7a1ad8d tempest-ServerRescueNegativeTestJSON-682752149 tempest-ServerRescueNegativeTestJSON-682752149-project] Attributes excluded by policy engine: ['standard_attr_id', 'binding:profile', 'binding:host_id', 'binding:vif_type', 'binding:vif_details'] {{(pid=93067) _exclude_attributes_by_policy /opt/stack/neutron/neutron/pecan_wsgi/hooks/policy_enforcement.py:255}}
Jul 28 09:25:01.710326 dv-cinder-802669-1-iscsi neutron-server[93067]: INFO neutron.wsgi [req-750d198b-fe1d-41a3-a6d1-c4960fca6bae req-79b0f361-2fe6-4ff0-b01c-b82fa7a1ad8d tempest-ServerRescueNegativeTestJSON-682752149 tempest-ServerRescueNegativeTestJSON-682752149-project] 10.222.0.23 "GET /v2.0/ports?device_id=89bf9e96-f9c0-4e9b-9eb6-a01c13b4ac67 HTTP/1.1" status: 200 len: 943 time: 0.2496729
Jul 28 09:25:01.743500 dv-cinder-802669-1-iscsi neutron-server[93067]: INFO neutron.wsgi [req-436e6680-87d4-4722-a650-0784802ff666 req-1c890872-882b-4778-aaf9-db55dc86825e tempest-DeleteServersTestJSON-1094374724 tempest-DeleteServersTestJSON-1094374724-project] 10.222.0.23 "GET /v2.0/security-groups?id=af86cd65-c6a0-4edd-a79e-986ab1ba90ca&fields=id&fields=name HTTP/1.1" status: 200 len: 286 time: 0.2519965
Jul 28 09:25:01.851034 dv-cinder-802669-1-iscsi neutron-server[93067]: INFO neutron.wsgi [req-56fe10ab-4715-469f-bdd5-5979f485b33a req-2dd8a2b0-642e-42cf-b46e-03ab7b65253b tempest-AttachVolumeTestJSON-438161824 tempest-AttachVolumeTestJSON-438161824-project] 10.222.0.32 "GET /v2.0/security-groups?fields=id&fields=name&tenant_id=9a1f63fb540e42f18f0ec634cc138c04 HTTP/1.1" status: 200 len: 379 time: 0.2791724
Jul 28 09:25:01.857295 dv-cinder-802669-1-iscsi neutron-server[93067]: DEBUG neutron.pecan_wsgi.hooks.policy_enforcement [req-e76b35b1-5a5f-48a6-9bba-67cf8c4b80d5 req-63029403-ac80-4a8e-94d8-253ae938d936 service neutron] Attributes excluded by policy engine: ['standard_attr_id', 'shared'] {{(pid=93067) _exclude_attributes_by_policy /opt/stack/neutron/neutron/pecan_wsgi/hooks/policy_enforcement.py:255}}
Jul 28 09:25:01.860659 dv-cinder-802669-1-iscsi neutron-server[93067]: INFO neutron.wsgi [req-e76b35b1-5a5f-48a6-9bba-67cf8c4b80d5 req-63029403-ac80-4a8e-94d8-253ae938d936 service neutron] 10.222.0.32 "GET /v2.0/subnets?id=e1f74411-6c4e-4dfc-902d-6f35d76f4922 HTTP/1.1" status: 200 len: 859 time: 0.2822499
Jul 28 09:25:01.896202 dv-cinder-802669-1-iscsi neutron-server[93067]: DEBUG neutron.api.v2.base [req-56fe10ab-4715-469f-bdd5-5979f485b33a req-7063d485-b11c-4fe0-ab12-767ea4c182b8 tempest-AttachVolumeTestJSON-438161824 tempest-AttachVolumeTestJSON-438161824-project] Request body: {'port': {'device_id': 'a93e643c-a780-41fb-9719-43b374afe806', 'network_id': '39e9cde6-0d01-4242-a6ed-06857cf13960', 'admin_state_up': True, 'tenant_id': '9a1f63fb540e42f18f0ec634cc138c04', 'security_groups': ['6ea8583d-85c5-4f8a-a115-2295137781ac']}} {{(pid=93067) prepare_request_body /opt/stack/neutron/neutron/api/v2/base.py:729}}
Jul 28 09:25:01.919258 dv-cinder-802669-1-iscsi neutron-server[93068]: DEBUG neutron.pecan_wsgi.hooks.policy_enforcement [req-5c44ebfe-5147-4c40-b72b-c968b99b49f3 req-f5157bc1-ae5d-4590-9fc4-40a93eb0725c service neutron] Attributes excluded by policy engine: ['standard_attr_id', 'vlan_transparent'] {{(pid=93068) _exclude_attributes_by_policy /opt/stack/neutron/neutron/pecan_wsgi/hooks/policy_enforcement.py:255}}
Jul 28 09:25:01.920799 dv-cinder-802669-1-iscsi neutron-server[93068]: INFO neutron.wsgi [req-5c44ebfe-5147-4c40-b72b-c968b99b49f3 req-f5157bc1-ae5d-4590-9fc4-40a93eb0725c service neutron] 10.222.0.32 "GET /v2.0/networks?id=bc5fa390-0a22-474b-ac35-e54c73e4ebd9 HTTP/1.1" status: 200 len: 920 time: 0.2162507
Jul 28 09:25:01.928765 dv-cinder-802669-1-iscsi neutron-server[93068]: DEBUG neutron.wsgi [-] (93068) accepted ('10.222.0.32', 49766) {{(pid=93068) server /usr/local/lib/python3.8/dist-packages/eventlet/wsgi.py:982}}
Jul 28 09:25:02.031004 dv-cinder-802669-1-iscsi neutron-server[93067]: INFO neutron.wsgi [req-750d198b-fe1d-41a3-a6d1-c4960fca6bae req-3d2031fe-b9f2-4779-a572-d7dad9654a07 tempest-ServerRescueNegativeTestJSON-682752149 tempest-ServerRescueNegativeTestJSON-682752149-project] 10.222.0.23 "GET /v2.0/security-groups?id=6fcd6a40-7c8a-422e-9d89-788c55df10ed&fields=id&fields=name HTTP/1.1" status: 200 len: 286 time: 0.3052988
Jul 28 09:25:02.033180 dv-cinder-802669-1-iscsi neutron-server[93067]: INFO neutron.wsgi [req-e76b35b1-5a5f-48a6-9bba-67cf8c4b80d5 req-7d7a035d-4b32-4ab1-8032-df07b500fe95 service neutron] 10.222.0.32 "GET /v2.0/ports?network_id=bc5fa390-0a22-474b-ac35-e54c73e4ebd9&device_owner=network%3Adhcp HTTP/1.1" status: 200 len: 210 time: 0.0939901
Jul 28 09:25:02.048388 dv-cinder-802669-1-iscsi neutron-server[93067]: INFO neutron.wsgi [req-ec5fe060-ed82-4c6f-8a78-57db8dda08e1 req-0086a617-66f4-4674-ac41-9c0780ac4368 tempest-AttachVolumeTestJSON-438161824 tempest-AttachVolumeTestJSON-438161824-project] 10.222.0.23 "GET /v2.0/ports?device_id=a93e643c-a780-41fb-9719-43b374afe806 HTTP/1.1" status: 200 len: 210 time: 0.0960999
Jul 28 09:25:02.051214 dv-cinder-802669-1-iscsi neutron-server[93068]: INFO neutron.wsgi [req-5c44ebfe-5147-4c40-b72b-c968b99b49f3 req-bcc550d7-5c0b-4f34-8679-46c131d7aeaa service neutron] 10.222.0.32 "GET /v2.0/floatingips?fixed_ip_address=172.20.0.7&port_id=516a84f0-5846-45f0-8ffc-f11a2e8eec67 HTTP/1.1" status: 200 len: 217 time: 0.1185734
Jul 28 09:25:02.072940 dv-cinder-802669-1-iscsi neutron-server[93069]: DEBUG neutron_lib.callbacks.manager [None req-29fc97ff-9392-4c7d-8b91-be3be07fca4b None None] Notify callbacks ['neutron.services.segments.db._update_segment_host_mapping_for_agent-8732595736351', 'neutron.plugins.ml2.plugin.Ml2Plugin._retry_binding_revived_agents-984579'] for agent, after_update {{(pid=93069) _notify_loop /usr/local/lib/python3.8/dist-packages/neutron_lib/callbacks/manager.py:192}}
Jul 28 09:25:02.198938 dv-cinder-802669-1-iscsi neutron-server[93068]: DEBUG neutron.pecan_wsgi.hooks.policy_enforcement [req-5c44ebfe-5147-4c40-b72b-c968b99b49f3 req-0c8dc051-9d00-4839-9f58-fac140a80dad service neutron] Attributes excluded by policy engine: ['standard_attr_id', 'shared', 'segment_id'] {{(pid=93068) _exclude_attributes_by_policy /opt/stack/neutron/neutron/pecan_wsgi/hooks/policy_enforcement.py:255}}
Jul 28 09:25:02.200494 dv-cinder-802669-1-iscsi neutron-server[93068]: INFO neutron.wsgi [req-5c44ebfe-5147-4c40-b72b-c968b99b49f3 req-0c8dc051-9d00-4839-9f58-fac140a80dad service neutron] 10.222.0.32 "GET /v2.0/subnets?id=e1f74411-6c4e-4dfc-902d-6f35d76f4922 HTTP/1.1" status: 200 len: 859 time: 0.1341598
Jul 28 09:25:02.257570 dv-cinder-802669-1-iscsi neutron-server[93068]: INFO neutron.wsgi [req-5c44ebfe-5147-4c40-b72b-c968b99b49f3 req-b2a37827-00c4-4c58-9bdb-15dc99dc298b service neutron] 10.222.0.32 "GET /v2.0/ports?network_id=bc5fa390-0a22-474b-ac35-e54c73e4ebd9&device_owner=network%3Adhcp HTTP/1.1" status: 200 len: 210 time: 0.0310128
Jul 28 09:25:02.265109 dv-cinder-802669-1-iscsi neutron-server[93068]: DEBUG neutron.pecan_wsgi.hooks.policy_enforcement [req-3b3809a6-beec-4067-8069-53b02befc6a3 req-718a4933-9fc6-4aed-b100-90498c3d1921 tempest-AttachVolumeShelveTestJSON-1908779393 tempest-AttachVolumeShelveTestJSON-1908779393-project] Attributes excluded by policy engine: ['standard_attr_id', 'vlan_transparent', 'provider:network_type', 'provider:physical_network', 'provider:segmentation_id'] {{(pid=93068) _exclude_attributes_by_policy /opt/stack/neutron/neutron/pecan_wsgi/hooks/policy_enforcement.py:255}}
Jul 28 09:25:02.266747 dv-cinder-802669-1-iscsi neutron-server[93068]: INFO neutron.wsgi [req-3b3809a6-beec-4067-8069-53b02befc6a3 req-718a4933-9fc6-4aed-b100-90498c3d1921 tempest-AttachVolumeShelveTestJSON-1908779393 tempest-AttachVolumeShelveTestJSON-1908779393-project] 10.222.0.32 "GET /v2.0/networks?id=59c4a637-5ed0-4b6e-a037-96ec97ce270f HTTP/1.1" status: 200 len: 817 time: 0.3326089
Jul 28 09:25:02.365039 dv-cinder-802669-1-iscsi neutron-server[93067]: INFO neutron.wsgi [req-b7d9b9be-7324-4991-a29f-9c7903d42684 req-403583ce-bcb2-4d75-a4df-a2cdf2bf52b0 tempest-AttachVolumeShelveTestJSON-1908779393 tempest-AttachVolumeShelveTestJSON-1908779393-project] 10.222.0.23 "GET /v2.0/ports?device_id=1770556b-7187-418c-9c5e-6f6652a8f4c3 HTTP/1.1" status: 200 len: 210 time: 0.0827403
Jul 28 09:25:02.413465 dv-cinder-802669-1-iscsi neutron-server[93068]: INFO neutron.wsgi [req-3b3809a6-beec-4067-8069-53b02befc6a3 req-4d6eb64e-edd8-4efd-9095-a3888b45d866 tempest-AttachVolumeShelveTestJSON-1908779393 tempest-AttachVolumeShelveTestJSON-1908779393-project] 10.222.0.32 "GET /v2.0/security-groups?fields=id&fields=name&tenant_id=b8340ca8a0bb47c3871a9e4d939e9a44 HTTP/1.1" status: 200 len: 380 time: 0.0884292
Jul 28 09:25:02.428423 dv-cinder-802669-1-iscsi neutron-server[93068]: DEBUG neutron.api.v2.base [req-3b3809a6-beec-4067-8069-53b02befc6a3 req-153a1159-9322-4808-b1d1-8627f3162745 tempest-AttachVolumeShelveTestJSON-1908779393 tempest-AttachVolumeShelveTestJSON-1908779393-project] Request body: {'port': {'device_id': '1770556b-7187-418c-9c5e-6f6652a8f4c3', 'network_id': '59c4a637-5ed0-4b6e-a037-96ec97ce270f', 'admin_state_up': True, 'tenant_id': 'b8340ca8a0bb47c3871a9e4d939e9a44', 'security_groups': ['507178fb-1e62-4056-99a5-6de0f8f8e4c9']}} {{(pid=93068) prepare_request_body /opt/stack/neutron/neutron/api/v2/base.py:729}}
Jul 28 09:25:02.447021 dv-cinder-802669-1-iscsi neutron-server[93067]: DEBUG neutron.pecan_wsgi.hooks.policy_enforcement [req-1f8ed3e7-30ca-44f8-8b99-b7d2b2875b5b req-a35f9819-6ccd-448c-9d2a-f4066a0409b6 tempest-AttachVolumeNegativeTest-1101656147 tempest-AttachVolumeNegativeTest-1101656147-project] Attributes excluded by policy engine: ['standard_attr_id', 'binding:profile', 'binding:host_id', 'binding:vif_type', 'binding:vif_details'] {{(pid=93067) _exclude_attributes_by_policy /opt/stack/neutron/neutron/pecan_wsgi/hooks/policy_enforcement.py:255}}
Jul 28 09:25:02.449307 dv-cinder-802669-1-iscsi neutron-server[93067]: INFO neutron.wsgi [req-1f8ed3e7-30ca-44f8-8b99-b7d2b2875b5b req-a35f9819-6ccd-448c-9d2a-f4066a0409b6 tempest-AttachVolumeNegativeTest-1101656147 tempest-AttachVolumeNegativeTest-1101656147-project] 10.222.0.23 "GET /v2.0/ports?device_id=6e1287df-cb69-4058-b6ed-b2156f10ea45 HTTP/1.1" status: 200 len: 944 time: 0.1797059
Jul 28 09:25:02.467049 dv-cinder-802669-1-iscsi neutron-server[93067]: DEBUG neutron.pecan_wsgi.hooks.quota_enforcement [req-56fe10ab-4715-469f-bdd5-5979f485b33a req-7063d485-b11c-4fe0-ab12-767ea4c182b8 tempest-AttachVolumeTestJSON-438161824 tempest-AttachVolumeTestJSON-438161824-project] Made reservation on behalf of 9a1f63fb540e42f18f0ec634cc138c04 for: {'port': 1} {{(pid=93067) before /opt/stack/neutron/neutron/pecan_wsgi/hooks/quota_enforcement.py:53}}
Jul 28 09:25:02.470668 dv-cinder-802669-1-iscsi neutron-server[93067]: DEBUG neutron_lib.callbacks.manager [req-56fe10ab-4715-469f-bdd5-5979f485b33a req-7063d485-b11c-4fe0-ab12-767ea4c182b8 tempest-AttachVolumeTestJSON-438161824 tempest-AttachVolumeTestJSON-438161824-project] Notify callbacks ['neutron.plugins.ml2.plugin.SecurityGroupDbMixin._ensure_default_security_group_handler-566289'] for port, before_create {{(pid=93067) _notify_loop /usr/local/lib/python3.8/dist-packages/neutron_lib/callbacks/manager.py:192}}
Jul 28 09:25:02.507290 dv-cinder-802669-1-iscsi neutron-server[93068]: INFO neutron.wsgi [req-5c44ebfe-5147-4c40-b72b-c968b99b49f3 req-a5944678-ac86-4156-aaf6-3e7c60eab015 service neutron] 10.222.0.32 "GET /v2.0/networks/bc5fa390-0a22-474b-ac35-e54c73e4ebd9?fields=segments HTTP/1.1" status: 200 len: 212 time: 0.2365153
Jul 28 09:25:02.582928 dv-cinder-802669-1-iscsi neutron-server[93067]: INFO neutron.wsgi [req-e76b35b1-5a5f-48a6-9bba-67cf8c4b80d5 req-5cd38323-15ae-458d-8d0d-05fef1af500d service neutron] 10.222.0.32 "GET /v2.0/networks/bc5fa390-0a22-474b-ac35-e54c73e4ebd9?fields=segments HTTP/1.1" status: 200 len: 212 time: 0.5009952
Jul 28 09:25:02.613921 dv-cinder-802669-1-iscsi neutron-server[93067]: INFO neutron.wsgi [req-1f8ed3e7-30ca-44f8-8b99-b7d2b2875b5b req-b5369bfb-7687-4319-84f3-e03694fe9223 tempest-AttachVolumeNegativeTest-1101656147 tempest-AttachVolumeNegativeTest-1101656147-project] 10.222.0.23 "GET /v2.0/security-groups?id=ba7ca661-0cb6-4167-9687-f2b430c66e56&fields=id&fields=name HTTP/1.1" status: 200 len: 286 time: 0.1575518
