Aug 09 11:38:43.839187 dv-cinder-802653-6-smb neutron-server[93500]: DEBUG neutron.pecan_wsgi.hooks.policy_enforcement [req-d301ce4c-e98f-44c9-8266-fadf3d11cd83 req-e42225a3-2a74-4b8b-bf39-8cf90c8bd937 tempest-AttachVolumeTestJSON-1898121783 tempest-AttachVolumeTestJSON-1898121783-project] Attributes excluded by policy engine: ['standard_attr_id', 'binding:profile', 'binding:host_id', 'binding:vif_type', 'binding:vif_details'] {{(pid=93500) _exclude_attributes_by_policy /opt/stack/neutron/neutron/pecan_wsgi/hooks/policy_enforcement.py:255}}
Aug 09 11:38:43.841209 dv-cinder-802653-6-smb neutron-server[93500]: INFO neutron.wsgi [req-d301ce4c-e98f-44c9-8266-fadf3d11cd83 req-e42225a3-2a74-4b8b-bf39-8cf90c8bd937 tempest-AttachVolumeTestJSON-1898121783 tempest-AttachVolumeTestJSON-1898121783-project] 10.222.0.52 "GET /v2.0/ports?device_id=63fa093a-cac4-4b73-8f22-9c8b316e8102 HTTP/1.1" status: 200 len: 931 time: 0.0845692
Aug 09 11:38:43.861883 dv-cinder-802653-6-smb neutron-server[93501]: DEBUG neutron.db.provisioning_blocks [req-034798da-7ecd-4a71-b478-a6d4ad6db6d2 req-a6103efa-78dd-4da4-ab08-e071698e0847 service neutron] Transition to ACTIVE for port object a93df3cd-24cd-4d0f-98c3-06b71d977034 will not be triggered until provisioned by entity L2. {{(pid=93501) add_provisioning_component /opt/stack/neutron/neutron/db/provisioning_blocks.py:73}}
Aug 09 11:38:43.867150 dv-cinder-802653-6-smb neutron-server[93501]: DEBUG neutron_lib.callbacks.manager [req-034798da-7ecd-4a71-b478-a6d4ad6db6d2 req-a6103efa-78dd-4da4-ab08-e071698e0847 service neutron] Notify callbacks ['neutron.plugins.ml2.plugin.SecurityGroupServerNotifierRpcMixin._notify_sg_on_port_change-927167', 'neutron.plugins.ml2.ovo_rpc._ObjectChangeHandler.handle_event-409306', 'neutron.api.rpc.agentnotifiers.dhcp_rpc_agent_api.DhcpAgentNotifyAPI._native_event_send_dhcp_notification-3710009', 'neutron.db.l3_db.L3RpcNotifierMixin._notify_gateway_port_ip_changed-8786226090141', 'neutron.db.l3_dvrscheduler_db._notify_l3_agent_port_update-8786225699350', 'neutron.db.l3_hascheduler_db._notify_l3_agent_ha_port_update-8786225699368'] for port, after_update {{(pid=93501) _notify_loop /usr/local/lib/python3.8/dist-packages/neutron_lib/callbacks/manager.py:192}}
Aug 09 11:38:43.892655 dv-cinder-802653-6-smb neutron-server[93500]: INFO neutron.wsgi [req-d301ce4c-e98f-44c9-8266-fadf3d11cd83 req-d298cbe2-39ca-492b-8a2f-9b5e75c15a3f tempest-AttachVolumeTestJSON-1898121783 tempest-AttachVolumeTestJSON-1898121783-project] 10.222.0.52 "GET /v2.0/security-groups?id=34472350-4bbc-4674-b847-a8198b512e1c&fields=id&fields=name HTTP/1.1" status: 200 len: 313 time: 0.0446098
Aug 09 11:38:43.921944 dv-cinder-802653-6-smb neutron-server[93500]: DEBUG neutron.wsgi [-] (93500) accepted ('10.222.0.52', 55568) {{(pid=93500) server /usr/local/lib/python3.8/dist-packages/eventlet/wsgi.py:982}}
Aug 09 11:38:43.925190 dv-cinder-802653-6-smb neutron-server[93502]: DEBUG neutron.api.rpc.handlers.resources_rpc [None req-4aef4ef2-b0c1-4dcc-badc-d65d5c375d16 None None] Pushing event updated for resources: {'Port': ['ID=aa418917-0518-4d94-b9c3-d2b6cafae0fb,revision_number=4']} {{(pid=93502) push /opt/stack/neutron/neutron/api/rpc/handlers/resources_rpc.py:237}}
Aug 09 11:38:43.940850 dv-cinder-802653-6-smb neutron-server[93501]: DEBUG neutron.api.rpc.handlers.resources_rpc [None req-a6103efa-78dd-4da4-ab08-e071698e0847 service neutron] Pushing event updated for resources: {'Port': ['ID=a93df3cd-24cd-4d0f-98c3-06b71d977034,revision_number=2']} {{(pid=93501) push /opt/stack/neutron/neutron/api/rpc/handlers/resources_rpc.py:237}}
Aug 09 11:38:43.962812 dv-cinder-802653-6-smb neutron-server[93500]: DEBUG neutron.wsgi [-] (93500) accepted ('10.222.0.52', 55572) {{(pid=93500) server /usr/local/lib/python3.8/dist-packages/eventlet/wsgi.py:982}}
Aug 09 11:38:43.998649 dv-cinder-802653-6-smb neutron-server[93501]: DEBUG neutron.plugins.ml2.managers [req-034798da-7ecd-4a71-b478-a6d4ad6db6d2 req-a6103efa-78dd-4da4-ab08-e071698e0847 service neutron] Attempting to bind port a93df3cd-24cd-4d0f-98c3-06b71d977034 on host hv-cinder-80265 for vnic_type normal with profile {{(pid=93501) bind_port /opt/stack/neutron/neutron/plugins/ml2/managers.py:790}}
Aug 09 11:38:43.998990 dv-cinder-802653-6-smb neutron-server[93501]: DEBUG neutron.plugins.ml2.managers [req-034798da-7ecd-4a71-b478-a6d4ad6db6d2 req-a6103efa-78dd-4da4-ab08-e071698e0847 service neutron] Attempting to bind port a93df3cd-24cd-4d0f-98c3-06b71d977034 by drivers openvswitch,hyperv on host hv-cinder-80265 at level 0 using segments [{'id': 'd03b167d-71ba-4858-8c6d-ed715facce65', 'network_type': 'vlan', 'physical_network': 'physnet1', 'segmentation_id': 530, 'network_id': '504a766a-8611-4669-afdf-2eba870af3c6'}] {{(pid=93501) _bind_port_level /opt/stack/neutron/neutron/plugins/ml2/managers.py:815}}
Aug 09 11:38:43.999377 dv-cinder-802653-6-smb neutron-server[93501]: DEBUG neutron.plugins.ml2.drivers.mech_agent [req-034798da-7ecd-4a71-b478-a6d4ad6db6d2 req-a6103efa-78dd-4da4-ab08-e071698e0847 service neutron] Attempting to bind port a93df3cd-24cd-4d0f-98c3-06b71d977034 on network 504a766a-8611-4669-afdf-2eba870af3c6 {{(pid=93501) bind_port /opt/stack/neutron/neutron/plugins/ml2/drivers/mech_agent.py:85}}
Aug 09 11:38:44.004081 dv-cinder-802653-6-smb neutron-server[93501]: DEBUG neutron.plugins.ml2.drivers.mech_agent [req-034798da-7ecd-4a71-b478-a6d4ad6db6d2 req-a6103efa-78dd-4da4-ab08-e071698e0847 service neutron] Port a93df3cd-24cd-4d0f-98c3-06b71d977034 on network 504a766a-8611-4669-afdf-2eba870af3c6 not bound, no agent of type Open vSwitch agent registered on host hv-cinder-80265 {{(pid=93501) bind_port /opt/stack/neutron/neutron/plugins/ml2/drivers/mech_agent.py:97}}
Aug 09 11:38:44.004310 dv-cinder-802653-6-smb neutron-server[93501]: DEBUG neutron.plugins.ml2.drivers.mech_agent [req-034798da-7ecd-4a71-b478-a6d4ad6db6d2 req-a6103efa-78dd-4da4-ab08-e071698e0847 service neutron] Attempting to bind port a93df3cd-24cd-4d0f-98c3-06b71d977034 on network 504a766a-8611-4669-afdf-2eba870af3c6 {{(pid=93501) bind_port /opt/stack/neutron/neutron/plugins/ml2/drivers/mech_agent.py:85}}
Aug 09 11:38:44.009437 dv-cinder-802653-6-smb neutron-server[93501]: DEBUG neutron.plugins.ml2.drivers.mech_agent [req-034798da-7ecd-4a71-b478-a6d4ad6db6d2 req-a6103efa-78dd-4da4-ab08-e071698e0847 service neutron] Checking agent: {'id': '2e12f7d4-457b-4ad7-8021-ce5ed54fe848', 'agent_type': 'HyperV agent', 'binary': 'neutron-hyperv-agent', 'topic': 'N/A', 'host': 'hv-cinder-80265', 'admin_state_up': True, 'created_at': datetime.datetime(2021, 8, 9, 11, 36, 20), 'started_at': datetime.datetime(2021, 8, 9, 11, 36, 20), 'heartbeat_timestamp': datetime.datetime(2021, 8, 9, 11, 38, 20), 'description': None, 'resources_synced': None, 'availability_zone': None, 'alive': True, 'configurations': {'vswitch_mappings': {'physnet1$': 'br-data'}}, 'resource_versions': {}} {{(pid=93501) bind_port /opt/stack/neutron/neutron/plugins/ml2/drivers/mech_agent.py:104}}
Aug 09 11:38:44.009772 dv-cinder-802653-6-smb neutron-server[93501]: DEBUG neutron.plugins.ml2.drivers.mech_agent [req-034798da-7ecd-4a71-b478-a6d4ad6db6d2 req-a6103efa-78dd-4da4-ab08-e071698e0847 service neutron] Checking segment: {'id': 'd03b167d-71ba-4858-8c6d-ed715facce65', 'network_type': 'vlan', 'physical_network': 'physnet1', 'segmentation_id': 530, 'network_id': '504a766a-8611-4669-afdf-2eba870af3c6'} for mappings: {'physnet1$': 'br-data'} with network types: ['local', 'flat', 'vlan'] {{(pid=93501) check_segment_for_agent /opt/stack/neutron/neutron/plugins/ml2/drivers/mech_agent.py:352}}
Aug 09 11:38:44.010159 dv-cinder-802653-6-smb neutron-server[93501]: DEBUG neutron.plugins.ml2.drivers.mech_agent [req-034798da-7ecd-4a71-b478-a6d4ad6db6d2 req-a6103efa-78dd-4da4-ab08-e071698e0847 service neutron] Bound using segment: {'id': 'd03b167d-71ba-4858-8c6d-ed715facce65', 'network_type': 'vlan', 'physical_network': 'physnet1', 'segmentation_id': 530, 'network_id': '504a766a-8611-4669-afdf-2eba870af3c6'} {{(pid=93501) bind_port /opt/stack/neutron/neutron/plugins/ml2/drivers/mech_agent.py:114}}
Aug 09 11:38:44.010767 dv-cinder-802653-6-smb neutron-server[93501]: DEBUG neutron.plugins.ml2.managers [req-034798da-7ecd-4a71-b478-a6d4ad6db6d2 req-a6103efa-78dd-4da4-ab08-e071698e0847 service neutron] Bound port: a93df3cd-24cd-4d0f-98c3-06b71d977034, host: hv-cinder-80265, vif_type: hyperv, vif_details: {"connectivity": "legacy", "port_filter": false}, binding_levels: [{'bound_driver': 'hyperv', 'bound_segment': {'id': 'd03b167d-71ba-4858-8c6d-ed715facce65', 'network_type': 'vlan', 'physical_network': 'physnet1', 'segmentation_id': 530, 'network_id': '504a766a-8611-4669-afdf-2eba870af3c6'}}] {{(pid=93501) _bind_port_level /opt/stack/neutron/neutron/plugins/ml2/managers.py:928}}
Aug 09 11:38:44.010999 dv-cinder-802653-6-smb neutron-server[93501]: DEBUG neutron_lib.callbacks.manager [req-034798da-7ecd-4a71-b478-a6d4ad6db6d2 req-a6103efa-78dd-4da4-ab08-e071698e0847 service neutron] Notify callbacks ['neutron.plugins.ml2.plugin.SecurityGroupDbMixin._ensure_default_security_group_handler-928529'] for port, before_update {{(pid=93501) _notify_loop /usr/local/lib/python3.8/dist-packages/neutron_lib/callbacks/manager.py:192}}
Aug 09 11:38:44.118005 dv-cinder-802653-6-smb neutron-server[93501]: DEBUG neutron.plugins.ml2.db [req-034798da-7ecd-4a71-b478-a6d4ad6db6d2 req-a6103efa-78dd-4da4-ab08-e071698e0847 service neutron] For port a93df3cd-24cd-4d0f-98c3-06b71d977034, host hv-cinder-80265, cleared binding levels {{(pid=93501) clear_binding_levels /opt/stack/neutron/neutron/plugins/ml2/db.py:87}}
Aug 09 11:38:44.129535 dv-cinder-802653-6-smb neutron-server[93501]: DEBUG neutron.plugins.ml2.db [req-034798da-7ecd-4a71-b478-a6d4ad6db6d2 req-a6103efa-78dd-4da4-ab08-e071698e0847 service neutron] For port a93df3cd-24cd-4d0f-98c3-06b71d977034, host hv-cinder-80265, set binding levels [PortBindingLevel(driver='hyperv',host='hv-cinder-80265',level=0,port_id=a93df3cd-24cd-4d0f-98c3-06b71d977034,segment=NetworkSegment(d03b167d-71ba-4858-8c6d-ed715facce65),segment_id=d03b167d-71ba-4858-8c6d-ed715facce65)] {{(pid=93501) set_binding_levels /opt/stack/neutron/neutron/plugins/ml2/db.py:59}}
Aug 09 11:38:44.130570 dv-cinder-802653-6-smb neutron-server[93500]: DEBUG neutron.pecan_wsgi.hooks.policy_enforcement [req-b8e21d7d-82b7-4c45-86f7-abb8ce9d4c1b req-d4e58a26-4474-4f8c-a3fe-5b2505795d8d tempest-DeleteServersTestJSON-1768230802 tempest-DeleteServersTestJSON-1768230802-project] Attributes excluded by policy engine: ['standard_attr_id', 'binding:profile', 'binding:host_id', 'binding:vif_type', 'binding:vif_details'] {{(pid=93500) _exclude_attributes_by_policy /opt/stack/neutron/neutron/pecan_wsgi/hooks/policy_enforcement.py:255}}
Aug 09 11:38:44.142709 dv-cinder-802653-6-smb neutron-server[93501]: DEBUG neutron_lib.callbacks.manager [req-034798da-7ecd-4a71-b478-a6d4ad6db6d2 req-a6103efa-78dd-4da4-ab08-e071698e0847 service neutron] Notify callbacks ['neutron.plugins.ml2.plugin.SecurityGroupServerNotifierRpcMixin._notify_sg_on_port_change-927167', 'neutron.plugins.ml2.ovo_rpc._ObjectChangeHandler.handle_event-409306', 'neutron.api.rpc.agentnotifiers.dhcp_rpc_agent_api.DhcpAgentNotifyAPI._native_event_send_dhcp_notification-3710009', 'neutron.db.l3_db.L3RpcNotifierMixin._notify_gateway_port_ip_changed-8786226090141', 'neutron.db.l3_dvrscheduler_db._notify_l3_agent_port_update-8786225699350', 'neutron.db.l3_hascheduler_db._notify_l3_agent_ha_port_update-8786225699368'] for port, after_update {{(pid=93501) _notify_loop /usr/local/lib/python3.8/dist-packages/neutron_lib/callbacks/manager.py:192}}
Aug 09 11:38:44.145124 dv-cinder-802653-6-smb neutron-server[93500]: INFO neutron.wsgi [req-b8e21d7d-82b7-4c45-86f7-abb8ce9d4c1b req-d4e58a26-4474-4f8c-a3fe-5b2505795d8d tempest-DeleteServersTestJSON-1768230802 tempest-DeleteServersTestJSON-1768230802-project] 10.222.0.52 "GET /v2.0/ports?device_id=daa68303-53f4-41ff-bdd3-d4b2a1847d41 HTTP/1.1" status: 200 len: 944 time: 0.0817218
Aug 09 11:38:44.149013 dv-cinder-802653-6-smb neutron-server[93502]: DEBUG neutron.plugins.ml2.db [None req-4aef4ef2-b0c1-4dcc-badc-d65d5c375d16 None None] get_ports_and_sgs() called for port_ids ['f91c48d0-5e0d-4f8b-84f8-f0b8b4e8d08b'] {{(pid=93502) get_ports_and_sgs /opt/stack/neutron/neutron/plugins/ml2/db.py:156}}
Aug 09 11:38:44.204889 dv-cinder-802653-6-smb neutron-server[93502]: DEBUG neutron.plugins.ml2.db [None req-4aef4ef2-b0c1-4dcc-badc-d65d5c375d16 None None] get_ports_and_sgs() called for port_ids ['aa418917-0518-4d94-b9c3-d2b6cafae0fb'] {{(pid=93502) get_ports_and_sgs /opt/stack/neutron/neutron/plugins/ml2/db.py:156}}
Aug 09 11:38:44.205446 dv-cinder-802653-6-smb neutron-server[93501]: DEBUG neutron.pecan_wsgi.hooks.policy_enforcement [req-034798da-7ecd-4a71-b478-a6d4ad6db6d2 req-a6103efa-78dd-4da4-ab08-e071698e0847 service neutron] Attributes excluded by policy engine: ['standard_attr_id'] {{(pid=93501) _exclude_attributes_by_policy /opt/stack/neutron/neutron/pecan_wsgi/hooks/policy_enforcement.py:255}}
Aug 09 11:38:44.205899 dv-cinder-802653-6-smb neutron-server[93501]: DEBUG neutron_lib.callbacks.manager [req-034798da-7ecd-4a71-b478-a6d4ad6db6d2 req-a6103efa-78dd-4da4-ab08-e071698e0847 service neutron] Notify callbacks ['neutron.notifiers.nova.Notifier._send_nova_notification-90211', 'neutron.api.rpc.agentnotifiers.dhcp_rpc_agent_api.DhcpAgentNotifyAPI._send_dhcp_notification-3709991'] for port, before_response {{(pid=93501) _notify_loop /usr/local/lib/python3.8/dist-packages/neutron_lib/callbacks/manager.py:192}}
Aug 09 11:38:44.207305 dv-cinder-802653-6-smb neutron-server[93501]: INFO neutron.wsgi [req-034798da-7ecd-4a71-b478-a6d4ad6db6d2 req-a6103efa-78dd-4da4-ab08-e071698e0847 service neutron] 10.222.0.36 "PUT /v2.0/ports/a93df3cd-24cd-4d0f-98c3-06b71d977034 HTTP/1.1" status: 200 len: 1093 time: 1.3071141
Aug 09 11:38:44.207748 dv-cinder-802653-6-smb neutron-server[93501]: DEBUG neutron.notifiers.nova [-] Sending events: [{'name': 'network-changed', 'server_uuid': '63fa093a-cac4-4b73-8f22-9c8b316e8102', 'tag': 'a93df3cd-24cd-4d0f-98c3-06b71d977034'}] {{(pid=93501) send_events /opt/stack/neutron/neutron/notifiers/nova.py:262}}
Aug 09 11:38:44.210082 dv-cinder-802653-6-smb neutron-server[93501]: DEBUG novaclient.v2.client [-] REQ: curl -g -i --cacert "/opt/stack/data/ca-bundle.pem" -X POST http://10.222.0.52/compute/v2.1/os-server-external-events -H "Accept: application/json" -H "Content-Type: application/json" -H "User-Agent: python-novaclient" -H "X-Auth-Token: {SHA256}10d3fc49fb3822e06b994e56f49c75dec18cdedfd7a4c40ecef6d206b1d80a24" -H "X-OpenStack-Nova-API-Version: 2.1" -H "X-OpenStack-Request-ID: req-709edc57-c122-4de1-a11f-173ffb98f8cf" -d '{"events": [{"name": "network-changed", "server_uuid": "63fa093a-cac4-4b73-8f22-9c8b316e8102", "tag": "a93df3cd-24cd-4d0f-98c3-06b71d977034"}]}' {{(pid=93501) _http_log_request /usr/local/lib/python3.8/dist-packages/keystoneauth1/session.py:519}}
Aug 09 11:38:44.213711 dv-cinder-802653-6-smb neutron-server[93500]: DEBUG neutron_lib.callbacks.manager [None req-b1dbfbe1-5ef0-4ce4-9879-60626a8bd2a8 admin admin] Notify callbacks [] for security_group, before_create {{(pid=93500) _notify_loop /usr/local/lib/python3.8/dist-packages/neutron_lib/callbacks/manager.py:192}}
Aug 09 11:38:44.249003 dv-cinder-802653-6-smb neutron-server[93501]: DEBUG neutron.api.rpc.handlers.resources_rpc [None req-a6103efa-78dd-4da4-ab08-e071698e0847 service neutron] Pushing event updated for resources: {'Port': ['ID=a93df3cd-24cd-4d0f-98c3-06b71d977034,revision_number=3']} {{(pid=93501) push /opt/stack/neutron/neutron/api/rpc/handlers/resources_rpc.py:237}}
Aug 09 11:38:44.268880 dv-cinder-802653-6-smb neutron-server[93501]: DEBUG neutron.wsgi [-] (93501) accepted ('10.222.0.52', 55582) {{(pid=93501) server /usr/local/lib/python3.8/dist-packages/eventlet/wsgi.py:982}}
Aug 09 11:38:44.338077 dv-cinder-802653-6-smb neutron-server[93500]: INFO neutron.wsgi [req-b8e21d7d-82b7-4c45-86f7-abb8ce9d4c1b req-1485b309-c4ea-4d7d-8b1e-713843eb85cf tempest-DeleteServersTestJSON-1768230802 tempest-DeleteServersTestJSON-1768230802-project] 10.222.0.52 "GET /v2.0/security-groups?id=b16478b2-bd21-4017-8bf2-4ce7c6fd09b0&fields=id&fields=name HTTP/1.1" status: 200 len: 286 time: 0.1884944
Aug 09 11:38:44.386032 dv-cinder-802653-6-smb neutron-server[93501]: DEBUG neutron.pecan_wsgi.hooks.policy_enforcement [req-034798da-7ecd-4a71-b478-a6d4ad6db6d2 req-0a3fd8ee-fe45-421f-a6d6-e17c188f591f service neutron] Attributes excluded by policy engine: ['standard_attr_id'] {{(pid=93501) _exclude_attributes_by_policy /opt/stack/neutron/neutron/pecan_wsgi/hooks/policy_enforcement.py:255}}
Aug 09 11:38:44.387744 dv-cinder-802653-6-smb neutron-server[93501]: INFO neutron.wsgi [req-034798da-7ecd-4a71-b478-a6d4ad6db6d2 req-0a3fd8ee-fe45-421f-a6d6-e17c188f591f service neutron] 10.222.0.36 "GET /v2.0/ports?tenant_id=7730d60bbff14565b3243938792923ed&device_id=63fa093a-cac4-4b73-8f22-9c8b316e8102 HTTP/1.1" status: 200 len: 1096 time: 0.1022234
Aug 09 11:38:44.393441 dv-cinder-802653-6-smb neutron-server[93501]: DEBUG novaclient.v2.client [-] RESP: [200] Connection: close Content-Length: 179 Content-Type: application/json Date: Mon, 09 Aug 2021 11:38:44 GMT OpenStack-API-Version: compute 2.1 Server: Apache/2.4.41 (Ubuntu) Vary: OpenStack-API-Version,X-OpenStack-Nova-API-Version X-OpenStack-Nova-API-Version: 2.1 x-compute-request-id: req-0034da90-411d-4e4d-b0ed-52b6fa132bcd x-openstack-request-id: req-0034da90-411d-4e4d-b0ed-52b6fa132bcd {{(pid=93501) _http_log_response /usr/local/lib/python3.8/dist-packages/keystoneauth1/session.py:550}}
Aug 09 11:38:44.394128 dv-cinder-802653-6-smb neutron-server[93501]: DEBUG novaclient.v2.client [-] RESP BODY: {"events": [{"name": "network-changed", "server_uuid": "63fa093a-cac4-4b73-8f22-9c8b316e8102", "tag": "a93df3cd-24cd-4d0f-98c3-06b71d977034", "status": "completed", "code": 200}]} {{(pid=93501) _http_log_response /usr/local/lib/python3.8/dist-packages/keystoneauth1/session.py:582}}
Aug 09 11:38:44.394128 dv-cinder-802653-6-smb neutron-server[93501]: DEBUG novaclient.v2.client [-] POST call to compute for http://10.222.0.52/compute/v2.1/os-server-external-events used request id req-0034da90-411d-4e4d-b0ed-52b6fa132bcd {{(pid=93501) request /usr/local/lib/python3.8/dist-packages/keystoneauth1/session.py:954}}
Aug 09 11:38:44.394421 dv-cinder-802653-6-smb neutron-server[93501]: INFO neutron.notifiers.nova [-] Nova event response: {'name': 'network-changed', 'server_uuid': '63fa093a-cac4-4b73-8f22-9c8b316e8102', 'tag': 'a93df3cd-24cd-4d0f-98c3-06b71d977034', 'status': 'completed', 'code': 200}
Aug 09 11:38:44.419667 dv-cinder-802653-6-smb neutron-server[93501]: DEBUG neutron_lib.callbacks.manager [None req-b1d5acbe-0819-4266-92ec-a09ff10abba1 admin admin] Notify callbacks [] for security_group, before_create {{(pid=93501) _notify_loop /usr/local/lib/python3.8/dist-packages/neutron_lib/callbacks/manager.py:192}}
Aug 09 11:38:44.423560 dv-cinder-802653-6-smb neutron-server[93500]: DEBUG neutron_lib.callbacks.manager [None req-7007fde5-1a46-47f1-950c-c701b0515dbb admin admin] Notify callbacks [] for security_group, before_create {{(pid=93500) _notify_loop /usr/local/lib/python3.8/dist-packages/neutron_lib/callbacks/manager.py:192}}
Aug 09 11:38:44.488491 dv-cinder-802653-6-smb neutron-server[93501]: INFO neutron.wsgi [req-034798da-7ecd-4a71-b478-a6d4ad6db6d2 req-5471f4ee-59dd-4fd7-93c3-d2d1634c1ced service neutron] 10.222.0.36 "GET /v2.0/floatingips?fixed_ip_address=172.20.0.6&port_id=a93df3cd-24cd-4d0f-98c3-06b71d977034 HTTP/1.1" status: 200 len: 217 time: 0.0614834
Aug 09 11:38:44.525055 dv-cinder-802653-6-smb neutron-server[93500]: DEBUG neutron.pecan_wsgi.hooks.policy_enforcement [req-fcf1d249-0d78-4654-81c7-b2d10f176d05 req-933aaaef-5101-4767-8c09-19aa12a8267d tempest-AttachVolumeNegativeTest-684672051 tempest-AttachVolumeNegativeTest-684672051-project] Attributes excluded by policy engine: ['standard_attr_id', 'binding:profile', 'binding:host_id', 'binding:vif_type', 'binding:vif_details'] {{(pid=93500) _exclude_attributes_by_policy /opt/stack/neutron/neutron/pecan_wsgi/hooks/policy_enforcement.py:255}}
Aug 09 11:38:44.526469 dv-cinder-802653-6-smb neutron-server[93500]: INFO neutron.wsgi [req-fcf1d249-0d78-4654-81c7-b2d10f176d05 req-933aaaef-5101-4767-8c09-19aa12a8267d tempest-AttachVolumeNegativeTest-684672051 tempest-AttachVolumeNegativeTest-684672051-project] 10.222.0.52 "GET /v2.0/ports?device_id=c07e7102-6f49-4d2a-85b3-3cabefe6a22f HTTP/1.1" status: 200 len: 944 time: 0.0794237
Aug 09 11:38:44.557734 dv-cinder-802653-6-smb neutron-server[93501]: DEBUG neutron.pecan_wsgi.hooks.policy_enforcement [req-034798da-7ecd-4a71-b478-a6d4ad6db6d2 req-db34c89a-b5cb-4611-8e3b-596c7deeb18b service neutron] Attributes excluded by policy engine: ['standard_attr_id', 'shared'] {{(pid=93501) _exclude_attributes_by_policy /opt/stack/neutron/neutron/pecan_wsgi/hooks/policy_enforcement.py:255}}
Aug 09 11:38:44.559187 dv-cinder-802653-6-smb neutron-server[93501]: INFO neutron.wsgi [req-034798da-7ecd-4a71-b478-a6d4ad6db6d2 req-db34c89a-b5cb-4611-8e3b-596c7deeb18b service neutron] 10.222.0.36 "GET /v2.0/subnets?id=153fe042-d8e0-41be-9973-0c206c3ee020 HTTP/1.1" status: 200 len: 849 time: 0.0617213
Aug 09 11:38:44.562702 dv-cinder-802653-6-smb neutron-server[93500]: DEBUG neutron_lib.callbacks.manager [None req-b1dbfbe1-5ef0-4ce4-9879-60626a8bd2a8 admin admin] Notify callbacks [] for security_group, precommit_create {{(pid=93500) _notify_loop /usr/local/lib/python3.8/dist-packages/neutron_lib/callbacks/manager.py:192}}
Aug 09 11:38:44.570244 dv-cinder-802653-6-smb neutron-server[93500]: DEBUG neutron_lib.callbacks.manager [None req-b1dbfbe1-5ef0-4ce4-9879-60626a8bd2a8 admin admin] Notify callbacks ['neutron.plugins.ml2.ovo_rpc._ObjectChangeHandler.handle_event-3758006'] for security_group, after_create {{(pid=93500) _notify_loop /usr/local/lib/python3.8/dist-packages/neutron_lib/callbacks/manager.py:192}}
Aug 09 11:38:44.595719 dv-cinder-802653-6-smb neutron-server[93501]: DEBUG neutron_lib.db.api [None req-b1d5acbe-0819-4266-92ec-a09ff10abba1 admin admin] Retry wrapper got retriable exception: (pymysql.err.OperationalError) (1213, 'Deadlock found when trying to get lock; try restarting transaction')
Aug 09 11:38:44.595719 dv-cinder-802653-6-smb neutron-server[93501]: [SQL: DELETE FROM reservations WHERE reservations.project_id = %(project_id_1)s AND reservations.expiration < %(expiration_1)s]
Aug 09 11:38:44.595719 dv-cinder-802653-6-smb neutron-server[93501]: [parameters: {'project_id_1': 'a70732c2ccdc4eae8741549e2cdcad5a', 'expiration_1': datetime.datetime(2021, 8, 9, 11, 38, 44, 550860)}]
Aug 09 11:38:44.595719 dv-cinder-802653-6-smb neutron-server[93501]: (Background on this error at: https://sqlalche.me/e/14/e3q8) {{(pid=93501) wrapped /usr/local/lib/python3.8/dist-packages/neutron_lib/db/api.py:183}}
Aug 09 11:38:44.596188 dv-cinder-802653-6-smb neutron-server[93501]: DEBUG oslo_db.api [None req-b1d5acbe-0819-4266-92ec-a09ff10abba1 admin admin] Performing DB retry for function neutron.db.securitygroups_db.SecurityGroupDbMixin.create_security_group {{(pid=93501) wrapper /usr/local/lib/python3.8/dist-packages/oslo_db/api.py:155}}
Aug 09 11:38:44.607475 dv-cinder-802653-6-smb neutron-server[93500]: INFO neutron.wsgi [req-fcf1d249-0d78-4654-81c7-b2d10f176d05 req-818f8b6b-8269-4c25-8f8e-3eddbc28a34e tempest-AttachVolumeNegativeTest-684672051 tempest-AttachVolumeNegativeTest-684672051-project] 10.222.0.52 "GET /v2.0/security-groups?id=74cd9f0a-2648-4d1d-8050-b611e1150335&fields=id&fields=name HTTP/1.1" status: 200 len: 286 time: 0.0695488
Aug 09 11:38:44.634605 dv-cinder-802653-6-smb neutron-server[93501]: DEBUG neutron.pecan_wsgi.hooks.policy_enforcement [req-034798da-7ecd-4a71-b478-a6d4ad6db6d2 req-62f489ff-4129-460a-ae02-b80d3e6f411a service neutron] Attributes excluded by policy engine: ['standard_attr_id'] {{(pid=93501) _exclude_attributes_by_policy /opt/stack/neutron/neutron/pecan_wsgi/hooks/policy_enforcement.py:255}}
Aug 09 11:38:44.636537 dv-cinder-802653-6-smb neutron-server[93501]: INFO neutron.wsgi [req-034798da-7ecd-4a71-b478-a6d4ad6db6d2 req-62f489ff-4129-460a-ae02-b80d3e6f411a service neutron] 10.222.0.36 "GET /v2.0/ports?network_id=504a766a-8611-4669-afdf-2eba870af3c6&device_owner=network%3Adhcp HTTP/1.1" status: 200 len: 1173 time: 0.0700283
Aug 09 11:38:44.648526 dv-cinder-802653-6-smb neutron-server[93500]: DEBUG neutron.api.rpc.handlers.resources_rpc [None req-b1dbfbe1-5ef0-4ce4-9879-60626a8bd2a8 admin admin] Pushing event updated for resources: {'SecurityGroup': ['ID=1ab17629-9e44-4a6e-817f-3e56c087951e,revision_number=1']} {{(pid=93500) push /opt/stack/neutron/neutron/api/rpc/handlers/resources_rpc.py:237}}
Aug 09 11:38:44.658523 dv-cinder-802653-6-smb neutron-server[93500]: INFO neutron.wsgi [None req-b1dbfbe1-5ef0-4ce4-9879-60626a8bd2a8 admin admin] 10.222.0.52 "GET /v2.0/security-groups?tenant_id=98d74e5da04c454da0d0b0f59fe22bb5&name=default HTTP/1.1" status: 200 len: 2979 time: 0.7327709
Aug 09 11:38:44.659715 dv-cinder-802653-6-smb neutron-server[93501]: DEBUG neutron.wsgi [-] (93501) accepted ('10.222.0.52', 55590) {{(pid=93501) server /usr/local/lib/python3.8/dist-packages/eventlet/wsgi.py:982}}
Aug 09 11:38:44.712171 dv-cinder-802653-6-smb neutron-server[93500]: DEBUG neutron_lib.callbacks.manager [None req-7007fde5-1a46-47f1-950c-c701b0515dbb admin admin] Notify callbacks [] for security_group, precommit_create {{(pid=93500) _notify_loop /usr/local/lib/python3.8/dist-packages/neutron_lib/callbacks/manager.py:192}}
Aug 09 11:38:44.716287 dv-cinder-802653-6-smb neutron-server[93500]: DEBUG neutron_lib.callbacks.manager [None req-7007fde5-1a46-47f1-950c-c701b0515dbb admin admin] Notify callbacks ['neutron.plugins.ml2.ovo_rpc._ObjectChangeHandler.handle_event-3758006'] for security_group, after_create {{(pid=93500) _notify_loop /usr/local/lib/python3.8/dist-packages/neutron_lib/callbacks/manager.py:192}}
Aug 09 11:38:44.756252 dv-cinder-802653-6-smb neutron-server[93500]: INFO neutron.wsgi [None req-7007fde5-1a46-47f1-950c-c701b0515dbb admin admin] 10.222.0.52 "GET /v2.0/security-groups?tenant_id=98dcf64cf1064145b819e788fa9de7bb&name=default HTTP/1.1" status: 200 len: 2979 time: 0.7923541
Aug 09 11:38:44.758816 dv-cinder-802653-6-smb neutron-server[93500]: DEBUG neutron.wsgi [-] (93500) accepted ('10.222.0.52', 55596) {{(pid=93500) server /usr/local/lib/python3.8/dist-packages/eventlet/wsgi.py:982}}
Aug 09 11:38:44.767182 dv-cinder-802653-6-smb neutron-server[93500]: DEBUG neutron.api.rpc.handlers.resources_rpc [None req-7007fde5-1a46-47f1-950c-c701b0515dbb admin admin] Pushing event updated for resources: {'SecurityGroup': ['ID=8d82a44d-56d2-42ff-92bd-a70f984170dd,revision_number=1']} {{(pid=93500) push /opt/stack/neutron/neutron/api/rpc/handlers/resources_rpc.py:237}}
Aug 09 11:38:44.776012 dv-cinder-802653-6-smb neutron-server[93501]: DEBUG neutron_lib.callbacks.manager [None req-ba923d76-7aad-4a56-a1b6-3f31eac28c0f admin admin] Notify callbacks [] for security_group, before_delete {{(pid=93501) _notify_loop /usr/local/lib/python3.8/dist-packages/neutron_lib/callbacks/manager.py:192}}
Aug 09 11:38:44.800726 dv-cinder-802653-6-smb neutron-server[93501]: INFO neutron.wsgi [req-034798da-7ecd-4a71-b478-a6d4ad6db6d2 req-a09d6486-0ee1-49f9-bd50-1d62db5636a7 service neutron] 10.222.0.36 "GET /v2.0/networks/504a766a-8611-4669-afdf-2eba870af3c6?fields=segments HTTP/1.1" status: 200 len: 212 time: 0.1543682
Aug 09 11:38:44.802470 dv-cinder-802653-6-smb neutron-server[93501]: DEBUG neutron_lib.callbacks.manager [None req-ba923d76-7aad-4a56-a1b6-3f31eac28c0f admin admin] Notify callbacks [] for security_group, precommit_delete {{(pid=93501) _notify_loop /usr/local/lib/python3.8/dist-packages/neutron_lib/callbacks/manager.py:192}}
Aug 09 11:38:44.830313 dv-cinder-802653-6-smb neutron-server[93500]: DEBUG neutron_lib.callbacks.manager [None req-7e21455b-2ea5-4e46-a048-793c94a34b45 admin admin] Notify callbacks [] for security_group, before_delete {{(pid=93500) _notify_loop /usr/local/lib/python3.8/dist-packages/neutron_lib/callbacks/manager.py:192}}
Aug 09 11:38:44.853387 dv-cinder-802653-6-smb neutron-server[93502]: DEBUG neutron_lib.callbacks.manager [None req-56d9f659-2bb4-4d18-996e-a1f12ef685e9 None None] Notify callbacks ['neutron.services.segments.db._update_segment_host_mapping_for_agent-8786226226948', 'neutron.plugins.ml2.plugin.Ml2Plugin._retry_binding_revived_agents-531105'] for agent, after_update {{(pid=93502) _notify_loop /usr/local/lib/python3.8/dist-packages/neutron_lib/callbacks/manager.py:192}}
Aug 09 11:38:44.863405 dv-cinder-802653-6-smb neutron-server[93500]: DEBUG neutron_lib.callbacks.manager [None req-7e21455b-2ea5-4e46-a048-793c94a34b45 admin admin] Notify callbacks [] for security_group, precommit_delete {{(pid=93500) _notify_loop /usr/local/lib/python3.8/dist-packages/neutron_lib/callbacks/manager.py:192}}
Aug 09 11:38:44.927097 dv-cinder-802653-6-smb neutron-server[93501]: INFO neutron.wsgi [req-034798da-7ecd-4a71-b478-a6d4ad6db6d2 req-034aac91-a758-444b-b19e-5390dc6e12e0 service neutron] 10.222.0.36 "GET /v2.0/networks/504a766a-8611-4669-afdf-2eba870af3c6?fields=provider%3Aphysical_network&fields=provider%3Anetwork_type HTTP/1.1" status: 200 len: 281 time: 0.1174738
Aug 09 11:38:44.940557 dv-cinder-802653-6-smb neutron-server[93501]: DEBUG neutron_lib.callbacks.manager [None req-ba923d76-7aad-4a56-a1b6-3f31eac28c0f admin admin] Notify callbacks ['neutron.plugins.ml2.ovo_rpc._ObjectChangeHandler.handle_event-3758006'] for security_group, after_delete {{(pid=93501) _notify_loop /usr/local/lib/python3.8/dist-packages/neutron_lib/callbacks/manager.py:192}}
Aug 09 11:38:44.943859 dv-cinder-802653-6-smb neutron-server[93501]: DEBUG neutron_lib.callbacks.manager [None req-ba923d76-7aad-4a56-a1b6-3f31eac28c0f admin admin] Notify callbacks [] for security_group, before_response {{(pid=93501) _notify_loop /usr/local/lib/python3.8/dist-packages/neutron_lib/callbacks/manager.py:192}}
Aug 09 11:38:44.945161 dv-cinder-802653-6-smb neutron-server[93501]: INFO neutron.wsgi [None req-ba923d76-7aad-4a56-a1b6-3f31eac28c0f admin admin] 10.222.0.52 "DELETE /v2.0/security-groups/1ab17629-9e44-4a6e-817f-3e56c087951e HTTP/1.1" status: 204 len: 168 time: 0.2843552
Aug 09 11:38:44.956236 dv-cinder-802653-6-smb neutron-server[93501]: DEBUG neutron.api.rpc.handlers.resources_rpc [None req-ba923d76-7aad-4a56-a1b6-3f31eac28c0f admin admin] Pushing event deleted for resources: {'SecurityGroup': ['ID=1ab17629-9e44-4a6e-817f-3e56c087951e,revision_number=None']} {{(pid=93501) push /opt/stack/neutron/neutron/api/rpc/handlers/resources_rpc.py:237}}
Aug 09 11:38:44.958816 dv-cinder-802653-6-smb neutron-server[93500]: DEBUG neutron_lib.callbacks.manager [None req-7e21455b-2ea5-4e46-a048-793c94a34b45 admin admin] Notify callbacks ['neutron.plugins.ml2.ovo_rpc._ObjectChangeHandler.handle_event-3758006'] for security_group, after_delete {{(pid=93500) _notify_loop /usr/local/lib/python3.8/dist-packages/neutron_lib/callbacks/manager.py:192}}
Aug 09 11:38:44.962083 dv-cinder-802653-6-smb neutron-server[93500]: DEBUG neutron_lib.callbacks.manager [None req-7e21455b-2ea5-4e46-a048-793c94a34b45 admin admin] Notify callbacks [] for security_group, before_response {{(pid=93500) _notify_loop /usr/local/lib/python3.8/dist-packages/neutron_lib/callbacks/manager.py:192}}
Aug 09 11:38:44.963741 dv-cinder-802653-6-smb neutron-server[93500]: INFO neutron.wsgi [None req-7e21455b-2ea5-4e46-a048-793c94a34b45 admin admin] 10.222.0.52 "DELETE /v2.0/security-groups/8d82a44d-56d2-42ff-92bd-a70f984170dd HTTP/1.1" status: 204 len: 168 time: 0.2038980
Aug 09 11:38:44.977670 dv-cinder-802653-6-smb neutron-server[93500]: DEBUG neutron.api.rpc.handlers.resources_rpc [None req-7e21455b-2ea5-4e46-a048-793c94a34b45 admin admin] Pushing event deleted for resources: {'SecurityGroup': ['ID=8d82a44d-56d2-42ff-92bd-a70f984170dd,revision_number=None']} {{(pid=93500) push /opt/stack/neutron/neutron/api/rpc/handlers/resources_rpc.py:237}}
Aug 09 11:38:44.991623 dv-cinder-802653-6-smb neutron-server[93500]: DEBUG neutron.pecan_wsgi.hooks.policy_enforcement [req-36842f97-6a07-467f-9f0b-2b803a49d43d req-fccb15a8-49ef-456c-923f-cbc9e7b0af9b tempest-ServerRescueNegativeTestJSON-1595177435 tempest-ServerRescueNegativeTestJSON-1595177435-project] Attributes excluded by policy engine: ['standard_attr_id', 'binding:profile', 'binding:host_id', 'binding:vif_type', 'binding:vif_details'] {{(pid=93500) _exclude_attributes_by_policy /opt/stack/neutron/neutron/pecan_wsgi/hooks/policy_enforcement.py:255}}
Aug 09 11:38:44.993794 dv-cinder-802653-6-smb neutron-server[93500]: INFO neutron.wsgi [req-36842f97-6a07-467f-9f0b-2b803a49d43d req-fccb15a8-49ef-456c-923f-cbc9e7b0af9b tempest-ServerRescueNegativeTestJSON-1595177435 tempest-ServerRescueNegativeTestJSON-1595177435-project] 10.222.0.52 "GET /v2.0/ports?device_id=37d98995-07ea-422b-9ae2-a4daf1e3c34e HTTP/1.1" status: 200 len: 945 time: 0.0848165
Aug 09 11:38:45.044807 dv-cinder-802653-6-smb neutron-server[93502]: DEBUG neutron.plugins.ml2.rpc [None req-4aef4ef2-b0c1-4dcc-badc-d65d5c375d16 None None] Device 0a8e8df0-d0ef-4009-8d45-2bf2e4f8f59d up at agent hyperv_hv-cinder-80265 {{(pid=93502) update_device_up /opt/stack/neutron/neutron/plugins/ml2/rpc.py:296}}
Aug 09 11:38:45.071728 dv-cinder-802653-6-smb neutron-server[93500]: INFO neutron.wsgi [req-36842f97-6a07-467f-9f0b-2b803a49d43d req-6442f61a-e498-49eb-8f85-544eef59b869 tempest-ServerRescueNegativeTestJSON-1595177435 tempest-ServerRescueNegativeTestJSON-1595177435-project] 10.222.0.52 "GET /v2.0/security-groups?id=7f971ca5-e9fe-4d80-af73-f787a5122c55&fields=id&fields=name HTTP/1.1" status: 200 len: 286 time: 0.0705628
Aug 09 11:38:45.101805 dv-cinder-802653-6-smb neutron-server[93501]: DEBUG neutron_lib.callbacks.manager [None req-b1d5acbe-0819-4266-92ec-a09ff10abba1 admin admin] Notify callbacks [] for security_group, before_create {{(pid=93501) _notify_loop /usr/local/lib/python3.8/dist-packages/neutron_lib/callbacks/manager.py:192}}
Aug 09 11:38:45.114404 dv-cinder-802653-6-smb neutron-server[93500]: DEBUG neutron.pecan_wsgi.hooks.policy_enforcement [req-6d016f1c-faf8-4952-a209-20b0667cb1af req-069f9246-b064-4235-9e84-a50fdc5cdfbb tempest-AttachVolumeTestJSON-1898121783 tempest-AttachVolumeTestJSON-1898121783-project] Attributes excluded by policy engine: ['standard_attr_id', 'binding:profile', 'binding:host_id', 'binding:vif_type', 'binding:vif_details'] {{(pid=93500) _exclude_attributes_by_policy /opt/stack/neutron/neutron/pecan_wsgi/hooks/policy_enforcement.py:255}}
Aug 09 11:38:45.116090 dv-cinder-802653-6-smb neutron-server[93500]: INFO neutron.wsgi [req-6d016f1c-faf8-4952-a209-20b0667cb1af req-069f9246-b064-4235-9e84-a50fdc5cdfbb tempest-AttachVolumeTestJSON-1898121783 tempest-AttachVolumeTestJSON-1898121783-project] 10.222.0.52 "GET /v2.0/ports?device_id=63fa093a-cac4-4b73-8f22-9c8b316e8102 HTTP/1.1" status: 200 len: 943 time: 0.0770009
Aug 09 11:38:45.145146 dv-cinder-802653-6-smb neutron-server[93502]: DEBUG neutron.db.provisioning_blocks [None req-4aef4ef2-b0c1-4dcc-badc-d65d5c375d16 None None] Provisioning for port 0a8e8df0-d0ef-4009-8d45-2bf2e4f8f59d completed by entity L2. {{(pid=93502) provisioning_complete /opt/stack/neutron/neutron/db/provisioning_blocks.py:133}}
Aug 09 11:38:45.153879 dv-cinder-802653-6-smb neutron-server[93502]: DEBUG neutron.db.provisioning_blocks [None req-4aef4ef2-b0c1-4dcc-badc-d65d5c375d16 None None] Provisioning complete for port 0a8e8df0-d0ef-4009-8d45-2bf2e4f8f59d triggered by entity L2. {{(pid=93502) provisioning_complete /opt/stack/neutron/neutron/db/provisioning_blocks.py:139}}
Aug 09 11:38:45.154814 dv-cinder-802653-6-smb neutron-server[93502]: DEBUG neutron_lib.callbacks.manager [None req-4aef4ef2-b0c1-4dcc-badc-d65d5c375d16 None None] Notify callbacks ['neutron.plugins.ml2.plugin.Ml2Plugin._port_provisioned-531026'] for port, provisioning_complete {{(pid=93502) _notify_loop /usr/local/lib/python3.8/dist-packages/neutron_lib/callbacks/manager.py:192}}
Aug 09 11:38:45.173621 dv-cinder-802653-6-smb neutron-server[93501]: DEBUG neutron.pecan_wsgi.hooks.policy_enforcement [req-709edc57-c122-4de1-a11f-173ffb98f8cf req-d8337a89-728f-4ec4-b4da-bd0a59f287f6 service neutron] Attributes excluded by policy engine: ['standard_attr_id'] {{(pid=93501) _exclude_attributes_by_policy /opt/stack/neutron/neutron/pecan_wsgi/hooks/policy_enforcement.py:255}}
Aug 09 11:38:45.175318 dv-cinder-802653-6-smb neutron-server[93501]: INFO neutron.wsgi [req-709edc57-c122-4de1-a11f-173ffb98f8cf req-d8337a89-728f-4ec4-b4da-bd0a59f287f6 service neutron] 10.222.0.36 "GET /v2.0/ports?tenant_id=7730d60bbff14565b3243938792923ed&device_id=63fa093a-cac4-4b73-8f22-9c8b316e8102 HTTP/1.1" status: 200 len: 1096 time: 0.1056440
Aug 09 11:38:45.204085 dv-cinder-802653-6-smb neutron-server[93500]: INFO neutron.wsgi [req-6d016f1c-faf8-4952-a209-20b0667cb1af req-6507a5c1-3a0d-44e0-a6ab-2555d31f9ca0 tempest-AttachVolumeTestJSON-1898121783 tempest-AttachVolumeTestJSON-1898121783-project] 10.222.0.52 "GET /v2.0/security-groups?id=34472350-4bbc-4674-b847-a8198b512e1c&fields=id&fields=name HTTP/1.1" status: 200 len: 313 time: 0.0774670
Aug 09 11:38:45.271154 dv-cinder-802653-6-smb neutron-server[93502]: DEBUG neutron_lib.callbacks.manager [None req-4aef4ef2-b0c1-4dcc-badc-d65d5c375d16 None None] Notify callbacks ['neutron.plugins.ml2.plugin.SecurityGroupDbMixin._ensure_default_security_group_handler-928529'] for port, before_update {{(pid=93502) _notify_loop /usr/local/lib/python3.8/dist-packages/neutron_lib/callbacks/manager.py:192}}
Aug 09 11:38:45.311954 dv-cinder-802653-6-smb neutron-server[93502]: DEBUG neutron.notifiers.nova [-] Sending events: [{'server_uuid': 'daa68303-53f4-41ff-bdd3-d4b2a1847d41', 'name': 'network-vif-plugged', 'status': 'completed', 'tag': '0a8e8df0-d0ef-4009-8d45-2bf2e4f8f59d'}] {{(pid=93502) send_events /opt/stack/neutron/neutron/notifiers/nova.py:262}}
Aug 09 11:38:45.341314 dv-cinder-802653-6-smb neutron-server[93501]: DEBUG neutron_lib.callbacks.manager [None req-b1d5acbe-0819-4266-92ec-a09ff10abba1 admin admin] Notify callbacks [] for security_group, precommit_create {{(pid=93501) _notify_loop /usr/local/lib/python3.8/dist-packages/neutron_lib/callbacks/manager.py:192}}
Aug 09 11:38:45.343486 dv-cinder-802653-6-smb neutron-server[93501]: DEBUG neutron.pecan_wsgi.hooks.policy_enforcement [req-709edc57-c122-4de1-a11f-173ffb98f8cf req-2ea1c6cc-79ed-4f53-8ef0-efa1d6817c9c service neutron] Attributes excluded by policy engine: ['standard_attr_id', 'vlan_transparent'] {{(pid=93501) _exclude_attributes_by_policy /opt/stack/neutron/neutron/pecan_wsgi/hooks/policy_enforcement.py:255}}
Aug 09 11:38:45.345317 dv-cinder-802653-6-smb neutron-server[93501]: INFO neutron.wsgi [req-709edc57-c122-4de1-a11f-173ffb98f8cf req-2ea1c6cc-79ed-4f53-8ef0-efa1d6817c9c service neutron] 10.222.0.36 "GET /v2.0/networks?id=504a766a-8611-4669-afdf-2eba870af3c6 HTTP/1.1" status: 200 len: 911 time: 0.1625271
Aug 09 11:38:45.348585 dv-cinder-802653-6-smb neutron-server[93501]: DEBUG neutron_lib.callbacks.manager [None req-b1d5acbe-0819-4266-92ec-a09ff10abba1 admin admin] Notify callbacks ['neutron.plugins.ml2.ovo_rpc._ObjectChangeHandler.handle_event-3758006'] for security_group, after_create {{(pid=93501) _notify_loop /usr/local/lib/python3.8/dist-packages/neutron_lib/callbacks/manager.py:192}}
Aug 09 11:38:45.422640 dv-cinder-802653-6-smb neutron-server[93501]: INFO neutron.wsgi [req-709edc57-c122-4de1-a11f-173ffb98f8cf req-42a0d767-b53f-42ae-82e6-dcb9fc507a5f service neutron] 10.222.0.36 "GET /v2.0/floatingips?fixed_ip_address=172.20.0.6&port_id=a93df3cd-24cd-4d0f-98c3-06b71d977034 HTTP/1.1" status: 200 len: 217 time: 0.0666177
Aug 09 11:38:45.423471 dv-cinder-802653-6-smb neutron-server[93502]: DEBUG neutron.plugins.ml2.db [None req-4aef4ef2-b0c1-4dcc-badc-d65d5c375d16 None None] For port 0a8e8df0-d0ef-4009-8d45-2bf2e4f8f59d, host hv-cinder-80265, got binding levels [PortBindingLevel(driver='hyperv',host='hv-cinder-80265',level=0,port_id=0a8e8df0-d0ef-4009-8d45-2bf2e4f8f59d,segment=NetworkSegment(10e455a0-2201-4f28-b69c-b82af95fe4b4),segment_id=10e455a0-2201-4f28-b69c-b82af95fe4b4)] {{(pid=93502) get_binding_level_objs /opt/stack/neutron/neutron/plugins/ml2/db.py:74}}
Aug 09 11:38:45.427145 dv-cinder-802653-6-smb neutron-server[93501]: DEBUG neutron.api.rpc.handlers.resources_rpc [None req-b1d5acbe-0819-4266-92ec-a09ff10abba1 admin admin] Pushing event updated for resources: {'SecurityGroup': ['ID=6e6b1d90-7a6f-4615-a502-7e9406ae27db,revision_number=1']} {{(pid=93501) push /opt/stack/neutron/neutron/api/rpc/handlers/resources_rpc.py:237}}
Aug 09 11:38:45.432365 dv-cinder-802653-6-smb neutron-server[93500]: DEBUG neutron.wsgi [-] (93500) accepted ('10.222.0.52', 55616) {{(pid=93500) server /usr/local/lib/python3.8/dist-packages/eventlet/wsgi.py:982}}
Aug 09 11:38:45.454239 dv-cinder-802653-6-smb neutron-server[93502]: DEBUG neutron_lib.callbacks.manager [None req-4aef4ef2-b0c1-4dcc-badc-d65d5c375d16 None None] Notify callbacks ['neutron.plugins.ml2.plugin.SecurityGroupServerNotifierRpcMixin._notify_sg_on_port_change-927167', 'neutron.plugins.ml2.ovo_rpc._ObjectChangeHandler.handle_event-409306', 'neutron.api.rpc.agentnotifiers.dhcp_rpc_agent_api.DhcpAgentNotifyAPI._native_event_send_dhcp_notification-3710009', 'neutron.db.l3_db.L3RpcNotifierMixin._notify_gateway_port_ip_changed-8786226090141', 'neutron.db.l3_dvrscheduler_db._notify_l3_agent_port_update-8786225699350', 'neutron.db.l3_hascheduler_db._notify_l3_agent_ha_port_update-8786225699368'] for port, after_update {{(pid=93502) _notify_loop /usr/local/lib/python3.8/dist-packages/neutron_lib/callbacks/manager.py:192}}
Aug 09 11:38:45.456022 dv-cinder-802653-6-smb neutron-server[93502]: DEBUG neutron.plugins.ml2.rpc [None req-4aef4ef2-b0c1-4dcc-badc-d65d5c375d16 None None] Device 7bf6a8a8-a16a-41e7-bc8e-c9f55bd33770 up at agent hyperv_hv-cinder-80265 {{(pid=93502) update_device_up /opt/stack/neutron/neutron/plugins/ml2/rpc.py:296}}
Aug 09 11:38:45.459102 dv-cinder-802653-6-smb neutron-server[93500]: DEBUG neutron_lib.callbacks.manager [None req-5f937135-d59c-4e59-9e5f-3b4c9a7f1d34 admin admin] Notify callbacks [] for security_group, before_create {{(pid=93500) _notify_loop /usr/local/lib/python3.8/dist-packages/neutron_lib/callbacks/manager.py:192}}
Aug 09 11:38:45.470419 dv-cinder-802653-6-smb neutron-server[93501]: INFO neutron.wsgi [None req-b1d5acbe-0819-4266-92ec-a09ff10abba1 admin admin] 10.222.0.52 "GET /v2.0/security-groups?tenant_id=a70732c2ccdc4eae8741549e2cdcad5a&name=default HTTP/1.1" status: 200 len: 2979 time: 1.2005746
Aug 09 11:38:45.472987 dv-cinder-802653-6-smb neutron-server[93501]: DEBUG neutron.wsgi [-] (93501) accepted ('10.222.0.52', 55620) {{(pid=93501) server /usr/local/lib/python3.8/dist-packages/eventlet/wsgi.py:982}}
Aug 09 11:38:45.483771 dv-cinder-802653-6-smb neutron-server[93501]: DEBUG neutron.wsgi [-] (93501) accepted ('10.222.0.52', 55622) {{(pid=93501) server /usr/local/lib/python3.8/dist-packages/eventlet/wsgi.py:982}}
Aug 09 11:38:45.516198 dv-cinder-802653-6-smb neutron-server[93501]: DEBUG neutron_lib.callbacks.manager [None req-23178009-b3dc-4997-91fc-834e9658b453 admin admin] Notify callbacks [] for security_group, before_create {{(pid=93501) _notify_loop /usr/local/lib/python3.8/dist-packages/neutron_lib/callbacks/manager.py:192}}
Aug 09 11:38:45.537118 dv-cinder-802653-6-smb neutron-server[93501]: DEBUG neutron.pecan_wsgi.hooks.policy_enforcement [req-709edc57-c122-4de1-a11f-173ffb98f8cf req-f1055d36-995a-47e9-b59f-14bbbfabc3e2 service neutron] Attributes excluded by policy engine: ['standard_attr_id', 'shared'] {{(pid=93501) _exclude_attributes_by_policy /opt/stack/neutron/neutron/pecan_wsgi/hooks/policy_enforcement.py:255}}
Aug 09 11:38:45.538603 dv-cinder-802653-6-smb neutron-server[93501]: INFO neutron.wsgi [req-709edc57-c122-4de1-a11f-173ffb98f8cf req-f1055d36-995a-47e9-b59f-14bbbfabc3e2 service neutron] 10.222.0.36 "GET /v2.0/subnets?id=153fe042-d8e0-41be-9973-0c206c3ee020 HTTP/1.1" status: 200 len: 849 time: 0.1026869
Aug 09 11:38:45.541130 dv-cinder-802653-6-smb neutron-server[93502]: DEBUG neutron.api.rpc.handlers.resources_rpc [None req-4aef4ef2-b0c1-4dcc-badc-d65d5c375d16 None None] Pushing event updated for resources: {'Port': ['ID=0a8e8df0-d0ef-4009-8d45-2bf2e4f8f59d,revision_number=5']} {{(pid=93502) push /opt/stack/neutron/neutron/api/rpc/handlers/resources_rpc.py:237}}
Aug 09 11:38:45.561821 dv-cinder-802653-6-smb neutron-server[93500]: DEBUG neutron.pecan_wsgi.hooks.policy_enforcement [req-6c1373f6-c4c8-4c1e-ac31-de5b4dc588a5 req-bd879bab-c6b8-49f3-9416-fe63bd78e07d tempest-DeleteServersTestJSON-1768230802 tempest-DeleteServersTestJSON-1768230802-project] Attributes excluded by policy engine: ['standard_attr_id', 'binding:profile', 'binding:host_id', 'binding:vif_type', 'binding:vif_details'] {{(pid=93500) _exclude_attributes_by_policy /opt/stack/neutron/neutron/pecan_wsgi/hooks/policy_enforcement.py:255}}
Aug 09 11:38:45.563489 dv-cinder-802653-6-smb neutron-server[93500]: INFO neutron.wsgi [req-6c1373f6-c4c8-4c1e-ac31-de5b4dc588a5 req-bd879bab-c6b8-49f3-9416-fe63bd78e07d tempest-DeleteServersTestJSON-1768230802 tempest-DeleteServersTestJSON-1768230802-project] 10.222.0.52 "GET /v2.0/ports?device_id=daa68303-53f4-41ff-bdd3-d4b2a1847d41 HTTP/1.1" status: 200 len: 945 time: 0.1056819
Aug 09 11:38:45.564429 dv-cinder-802653-6-smb neutron-server[93502]: DEBUG neutron.db.provisioning_blocks [None req-4aef4ef2-b0c1-4dcc-badc-d65d5c375d16 None None] Provisioning for port 7bf6a8a8-a16a-41e7-bc8e-c9f55bd33770 completed by entity L2. {{(pid=93502) provisioning_complete /opt/stack/neutron/neutron/db/provisioning_blocks.py:133}}
Aug 09 11:38:45.568652 dv-cinder-802653-6-smb neutron-server[93502]: DEBUG neutron.db.provisioning_blocks [None req-4aef4ef2-b0c1-4dcc-badc-d65d5c375d16 None None] Provisioning complete for port 7bf6a8a8-a16a-41e7-bc8e-c9f55bd33770 triggered by entity L2. {{(pid=93502) provisioning_complete /opt/stack/neutron/neutron/db/provisioning_blocks.py:139}}
Aug 09 11:38:45.569240 dv-cinder-802653-6-smb neutron-server[93502]: DEBUG neutron_lib.callbacks.manager [None req-4aef4ef2-b0c1-4dcc-badc-d65d5c375d16 None None] Notify callbacks ['neutron.plugins.ml2.plugin.Ml2Plugin._port_provisioned-531026'] for port, provisioning_complete {{(pid=93502) _notify_loop /usr/local/lib/python3.8/dist-packages/neutron_lib/callbacks/manager.py:192}}
Aug 09 11:38:45.598597 dv-cinder-802653-6-smb neutron-server[93501]: DEBUG neutron_lib.callbacks.manager [None req-1582cf76-56b6-4329-af19-5bafcf00e4aa admin admin] Notify callbacks [] for security_group, before_delete {{(pid=93501) _notify_loop /usr/local/lib/python3.8/dist-packages/neutron_lib/callbacks/manager.py:192}}
Aug 09 11:38:45.629712 dv-cinder-802653-6-smb neutron-server[93501]: DEBUG neutron_lib.callbacks.manager [None req-1582cf76-56b6-4329-af19-5bafcf00e4aa admin admin] Notify callbacks [] for security_group, precommit_delete {{(pid=93501) _notify_loop /usr/local/lib/python3.8/dist-packages/neutron_lib/callbacks/manager.py:192}}
Aug 09 11:38:45.638338 dv-cinder-802653-6-smb neutron-server[93502]: DEBUG novaclient.v2.client [-] REQ: curl -g -i --cacert "/opt/stack/data/ca-bundle.pem" -X POST http://10.222.0.52/compute/v2.1/os-server-external-events -H "Accept: application/json" -H "Content-Type: application/json" -H "User-Agent: python-novaclient" -H "X-Auth-Token: {SHA256}5dd7aa2cc377f364c3360c23250e6ccf96836149a6f97e8f71b876bda0182990" -H "X-OpenStack-Nova-API-Version: 2.1" -H "X-OpenStack-Request-ID: req-7de712d5-f1d5-4fc8-a4bb-04c2fafa585a" -d '{"events": [{"server_uuid": "daa68303-53f4-41ff-bdd3-d4b2a1847d41", "name": "network-vif-plugged", "status": "completed", "tag": "0a8e8df0-d0ef-4009-8d45-2bf2e4f8f59d"}]}' {{(pid=93502) _http_log_request /usr/local/lib/python3.8/dist-packages/keystoneauth1/session.py:519}}
Aug 09 11:38:45.639674 dv-cinder-802653-6-smb neutron-server[93501]: DEBUG neutron.pecan_wsgi.hooks.policy_enforcement [req-709edc57-c122-4de1-a11f-173ffb98f8cf req-995fab17-dc54-42c1-aef6-ef56163cfae9 service neutron] Attributes excluded by policy engine: ['standard_attr_id'] {{(pid=93501) _exclude_attributes_by_policy /opt/stack/neutron/neutron/pecan_wsgi/hooks/policy_enforcement.py:255}}
Aug 09 11:38:45.641307 dv-cinder-802653-6-smb neutron-server[93501]: INFO neutron.wsgi [req-709edc57-c122-4de1-a11f-173ffb98f8cf req-995fab17-dc54-42c1-aef6-ef56163cfae9 service neutron] 10.222.0.36 "GET /v2.0/ports?network_id=504a766a-8611-4669-afdf-2eba870af3c6&device_owner=network%3Adhcp HTTP/1.1" status: 200 len: 1173 time: 0.0861568
Aug 09 11:38:45.685571 dv-cinder-802653-6-smb neutron-server[93500]: DEBUG neutron_lib.callbacks.manager [None req-5f937135-d59c-4e59-9e5f-3b4c9a7f1d34 admin admin] Notify callbacks [] for security_group, precommit_create {{(pid=93500) _notify_loop /usr/local/lib/python3.8/dist-packages/neutron_lib/callbacks/manager.py:192}}
Aug 09 11:38:45.693302 dv-cinder-802653-6-smb neutron-server[93502]: DEBUG neutron_lib.callbacks.manager [None req-4aef4ef2-b0c1-4dcc-badc-d65d5c375d16 None None] Notify callbacks ['neutron.plugins.ml2.plugin.SecurityGroupDbMixin._ensure_default_security_group_handler-928529'] for port, before_update {{(pid=93502) _notify_loop /usr/local/lib/python3.8/dist-packages/neutron_lib/callbacks/manager.py:192}}
Aug 09 11:38:45.695619 dv-cinder-802653-6-smb neutron-server[93500]: INFO neutron.wsgi [req-6c1373f6-c4c8-4c1e-ac31-de5b4dc588a5 req-0045c459-58fc-4570-a4ae-42123b735763 tempest-DeleteServersTestJSON-1768230802 tempest-DeleteServersTestJSON-1768230802-project] 10.222.0.52 "GET /v2.0/security-groups?id=b16478b2-bd21-4017-8bf2-4ce7c6fd09b0&fields=id&fields=name HTTP/1.1" status: 200 len: 286 time: 0.1186635
