Aug 09 11:39:15.914976 dv-cinder-802653-6-smb neutron-server[93501]: DEBUG neutron_lib.callbacks.manager [req-2a7a6f96-b6da-4466-9149-da582c045ce6 req-dd28b441-cfdc-482b-84c0-47779e610893 service neutron] Notify callbacks ['neutron.plugins.ml2.plugin.SecurityGroupDbMixin._ensure_default_security_group_handler-928529'] for port, before_update {{(pid=93501) _notify_loop /usr/local/lib/python3.8/dist-packages/neutron_lib/callbacks/manager.py:192}}
Aug 09 11:39:15.988093 dv-cinder-802653-6-smb neutron-server[93500]: DEBUG neutron_lib.callbacks.manager [None req-a7a92970-3aed-4c02-b6be-2ba2ffe788ae admin admin] Notify callbacks [] for security_group, before_delete {{(pid=93500) _notify_loop /usr/local/lib/python3.8/dist-packages/neutron_lib/callbacks/manager.py:192}}
Aug 09 11:39:16.003104 dv-cinder-802653-6-smb neutron-server[93500]: INFO neutron.wsgi [req-1ea75688-e8c5-4860-a451-e8df60d1e951 req-b72dda22-1199-43ca-9126-e45cf605c5bf tempest-VolumesActionsTest-646950661 tempest-VolumesActionsTest-646950661-project] 10.222.0.52 "GET /v2.0/security-groups?id=1eda9af4-c928-4b7d-9275-c8a63e29a44b&fields=id&fields=name HTTP/1.1" status: 200 len: 286 time: 0.1162252
Aug 09 11:39:16.054275 dv-cinder-802653-6-smb neutron-server[93500]: DEBUG neutron_lib.callbacks.manager [None req-a7a92970-3aed-4c02-b6be-2ba2ffe788ae admin admin] Notify callbacks [] for security_group, precommit_delete {{(pid=93500) _notify_loop /usr/local/lib/python3.8/dist-packages/neutron_lib/callbacks/manager.py:192}}
Aug 09 11:39:16.091657 dv-cinder-802653-6-smb neutron-server[93500]: DEBUG neutron_lib.callbacks.manager [None req-f43afee3-6377-47e4-8085-76944ac0742b tempest-AttachVolumeShelveTestJSON-488234976 tempest-AttachVolumeShelveTestJSON-488234976-project] Notify callbacks [] for security_group_rule, precommit_create {{(pid=93500) _notify_loop /usr/local/lib/python3.8/dist-packages/neutron_lib/callbacks/manager.py:192}}
Aug 09 11:39:16.125968 dv-cinder-802653-6-smb neutron-server[93500]: DEBUG neutron_lib.callbacks.manager [None req-f43afee3-6377-47e4-8085-76944ac0742b tempest-AttachVolumeShelveTestJSON-488234976 tempest-AttachVolumeShelveTestJSON-488234976-project] Notify callbacks ['neutron.plugins.ml2.ovo_rpc._ObjectChangeHandler.handle_event-3757895'] for security_group_rule, after_create {{(pid=93500) _notify_loop /usr/local/lib/python3.8/dist-packages/neutron_lib/callbacks/manager.py:192}}
Aug 09 11:39:16.197315 dv-cinder-802653-6-smb neutron-server[93500]: DEBUG neutron.api.rpc.handlers.resources_rpc [None req-f43afee3-6377-47e4-8085-76944ac0742b tempest-AttachVolumeShelveTestJSON-488234976 tempest-AttachVolumeShelveTestJSON-488234976-project] Pushing event updated for resources: {'SecurityGroupRule': ['ID=a93d9734-abf4-43f0-8362-d1cfc63ccfec,revision_number=0']} {{(pid=93500) push /opt/stack/neutron/neutron/api/rpc/handlers/resources_rpc.py:237}}
Aug 09 11:39:16.222333 dv-cinder-802653-6-smb neutron-server[93500]: DEBUG neutron_lib.callbacks.manager [None req-f43afee3-6377-47e4-8085-76944ac0742b tempest-AttachVolumeShelveTestJSON-488234976 tempest-AttachVolumeShelveTestJSON-488234976-project] Notify callbacks [] for security_group_rule, before_response {{(pid=93500) _notify_loop /usr/local/lib/python3.8/dist-packages/neutron_lib/callbacks/manager.py:192}}
Aug 09 11:39:16.223238 dv-cinder-802653-6-smb neutron-server[93500]: INFO neutron.wsgi [None req-f43afee3-6377-47e4-8085-76944ac0742b tempest-AttachVolumeShelveTestJSON-488234976 tempest-AttachVolumeShelveTestJSON-488234976-project] 10.222.0.52 "POST /v2.0/security-group-rules HTTP/1.1" status: 201 len: 764 time: 0.4093304
Aug 09 11:39:16.243490 dv-cinder-802653-6-smb neutron-server[93500]: DEBUG neutron.wsgi [-] (93500) accepted ('10.222.0.52', 57132) {{(pid=93500) server /usr/local/lib/python3.8/dist-packages/eventlet/wsgi.py:982}}
Aug 09 11:39:16.267496 dv-cinder-802653-6-smb neutron-server[93500]: DEBUG neutron.api.v2.base [None req-14b56b2c-91b3-443e-af6b-691791948cd1 tempest-AttachVolumeShelveTestJSON-488234976 tempest-AttachVolumeShelveTestJSON-488234976-project] Request body: {'security_group_rule': {'security_group_id': '46fe3662-568b-4e76-9a65-9dfd533413bd', 'protocol': 'icmp', 'ethertype': 'IPv4', 'direction': 'ingress'}} {{(pid=93500) prepare_request_body /opt/stack/neutron/neutron/api/v2/base.py:729}}
Aug 09 11:39:16.341473 dv-cinder-802653-6-smb neutron-server[93500]: DEBUG neutron_lib.callbacks.manager [None req-a7a92970-3aed-4c02-b6be-2ba2ffe788ae admin admin] Notify callbacks ['neutron.plugins.ml2.ovo_rpc._ObjectChangeHandler.handle_event-3758006'] for security_group, after_delete {{(pid=93500) _notify_loop /usr/local/lib/python3.8/dist-packages/neutron_lib/callbacks/manager.py:192}}
Aug 09 11:39:16.345946 dv-cinder-802653-6-smb neutron-server[93500]: DEBUG neutron_lib.callbacks.manager [None req-a7a92970-3aed-4c02-b6be-2ba2ffe788ae admin admin] Notify callbacks [] for security_group, before_response {{(pid=93500) _notify_loop /usr/local/lib/python3.8/dist-packages/neutron_lib/callbacks/manager.py:192}}
Aug 09 11:39:16.348099 dv-cinder-802653-6-smb neutron-server[93500]: INFO neutron.wsgi [None req-a7a92970-3aed-4c02-b6be-2ba2ffe788ae admin admin] 10.222.0.52 "DELETE /v2.0/security-groups/a6e97979-48d4-4dd7-8f7a-957fb9eb4cc1 HTTP/1.1" status: 204 len: 168 time: 0.4934289
Aug 09 11:39:16.445771 dv-cinder-802653-6-smb neutron-server[93500]: DEBUG neutron.pecan_wsgi.hooks.policy_enforcement [req-d4a83724-9129-4cd0-88a9-fab0dc475456 req-c23f4618-3050-484f-9c50-f3db87620c2a tempest-ServerRescueNegativeTestJSON-1595177435 tempest-ServerRescueNegativeTestJSON-1595177435-project] Attributes excluded by policy engine: ['standard_attr_id', 'binding:profile', 'binding:host_id', 'binding:vif_type', 'binding:vif_details'] {{(pid=93500) _exclude_attributes_by_policy /opt/stack/neutron/neutron/pecan_wsgi/hooks/policy_enforcement.py:255}}
Aug 09 11:39:16.456257 dv-cinder-802653-6-smb neutron-server[93500]: INFO neutron.wsgi [req-d4a83724-9129-4cd0-88a9-fab0dc475456 req-c23f4618-3050-484f-9c50-f3db87620c2a tempest-ServerRescueNegativeTestJSON-1595177435 tempest-ServerRescueNegativeTestJSON-1595177435-project] 10.222.0.52 "GET /v2.0/ports?device_id=37d98995-07ea-422b-9ae2-a4daf1e3c34e HTTP/1.1" status: 200 len: 946 time: 0.2529941
Aug 09 11:39:16.459048 dv-cinder-802653-6-smb neutron-server[93502]: DEBUG neutron_lib.callbacks.manager [None req-210dfa7f-e599-4700-84f6-4b6c332756fa None None] Notify callbacks [] for port, precommit_update {{(pid=93502) _notify_loop /usr/local/lib/python3.8/dist-packages/neutron_lib/callbacks/manager.py:192}}
Aug 09 11:39:16.461906 dv-cinder-802653-6-smb neutron-server[93500]: DEBUG neutron.api.rpc.handlers.resources_rpc [None req-a7a92970-3aed-4c02-b6be-2ba2ffe788ae admin admin] Pushing event deleted for resources: {'SecurityGroup': ['ID=a6e97979-48d4-4dd7-8f7a-957fb9eb4cc1,revision_number=None']} {{(pid=93500) push /opt/stack/neutron/neutron/api/rpc/handlers/resources_rpc.py:237}}
Aug 09 11:39:16.473338 dv-cinder-802653-6-smb neutron-server[93502]: DEBUG neutron.db.provisioning_blocks [None req-210dfa7f-e599-4700-84f6-4b6c332756fa None None] Transition to ACTIVE for port object 903b8aaa-e439-400c-9467-ec0237a31e98 will not be triggered until provisioned by entity L2. {{(pid=93502) add_provisioning_component /opt/stack/neutron/neutron/db/provisioning_blocks.py:73}}
Aug 09 11:39:16.476484 dv-cinder-802653-6-smb neutron-server[93501]: DEBUG neutron.notifiers.nova [req-2a7a6f96-b6da-4466-9149-da582c045ce6 req-dd28b441-cfdc-482b-84c0-47779e610893 service neutron] Ignoring state change previous_port_status: DOWN current_port_status: DOWN port_id 4b8fd006-20b7-4a2c-8699-82ce3a61a038 {{(pid=93501) record_port_status_changed /opt/stack/neutron/neutron/notifiers/nova.py:224}}
Aug 09 11:39:16.487548 dv-cinder-802653-6-smb neutron-server[93500]: DEBUG neutron_lib.callbacks.manager [None req-14b56b2c-91b3-443e-af6b-691791948cd1 tempest-AttachVolumeShelveTestJSON-488234976 tempest-AttachVolumeShelveTestJSON-488234976-project] Notify callbacks [] for security_group_rule, before_create {{(pid=93500) _notify_loop /usr/local/lib/python3.8/dist-packages/neutron_lib/callbacks/manager.py:192}}
Aug 09 11:39:16.490030 dv-cinder-802653-6-smb neutron-server[93502]: DEBUG neutron.plugins.ml2.rpc [None req-42728917-4649-4b36-86f9-a894c00fef63 None None] Device e33ff6d0-2671-4639-87de-d19f4a811bbe up at agent ovs-agent-dv-cinder-802653-6-smb {{(pid=93502) update_device_up /opt/stack/neutron/neutron/plugins/ml2/rpc.py:296}}
Aug 09 11:39:16.495592 dv-cinder-802653-6-smb neutron-server[93502]: DEBUG neutron_lib.callbacks.manager [None req-210dfa7f-e599-4700-84f6-4b6c332756fa None None] Notify callbacks ['neutron.plugins.ml2.plugin.SecurityGroupServerNotifierRpcMixin._notify_sg_on_port_change-927167', 'neutron.plugins.ml2.ovo_rpc._ObjectChangeHandler.handle_event-409306', 'neutron.api.rpc.agentnotifiers.dhcp_rpc_agent_api.DhcpAgentNotifyAPI._native_event_send_dhcp_notification-3710009', 'neutron.db.l3_db.L3RpcNotifierMixin._notify_gateway_port_ip_changed-8786226090141', 'neutron.db.l3_dvrscheduler_db._notify_l3_agent_port_update-8786225699350', 'neutron.db.l3_hascheduler_db._notify_l3_agent_ha_port_update-8786225699368'] for port, after_update {{(pid=93502) _notify_loop /usr/local/lib/python3.8/dist-packages/neutron_lib/callbacks/manager.py:192}}
Aug 09 11:39:16.512365 dv-cinder-802653-6-smb neutron-server[93501]: DEBUG neutron_lib.callbacks.manager [req-2a7a6f96-b6da-4466-9149-da582c045ce6 req-dd28b441-cfdc-482b-84c0-47779e610893 service neutron] Notify callbacks [] for port, precommit_update {{(pid=93501) _notify_loop /usr/local/lib/python3.8/dist-packages/neutron_lib/callbacks/manager.py:192}}
Aug 09 11:39:16.539169 dv-cinder-802653-6-smb neutron-server[93501]: DEBUG neutron.db.provisioning_blocks [req-2a7a6f96-b6da-4466-9149-da582c045ce6 req-dd28b441-cfdc-482b-84c0-47779e610893 service neutron] Transition to ACTIVE for port object 4b8fd006-20b7-4a2c-8699-82ce3a61a038 will not be triggered until provisioned by entity L2. {{(pid=93501) add_provisioning_component /opt/stack/neutron/neutron/db/provisioning_blocks.py:73}}
Aug 09 11:39:16.545947 dv-cinder-802653-6-smb neutron-server[93501]: DEBUG neutron_lib.callbacks.manager [req-2a7a6f96-b6da-4466-9149-da582c045ce6 req-dd28b441-cfdc-482b-84c0-47779e610893 service neutron] Notify callbacks ['neutron.plugins.ml2.plugin.SecurityGroupServerNotifierRpcMixin._notify_sg_on_port_change-927167', 'neutron.plugins.ml2.ovo_rpc._ObjectChangeHandler.handle_event-409306', 'neutron.api.rpc.agentnotifiers.dhcp_rpc_agent_api.DhcpAgentNotifyAPI._native_event_send_dhcp_notification-3710009', 'neutron.db.l3_db.L3RpcNotifierMixin._notify_gateway_port_ip_changed-8786226090141', 'neutron.db.l3_dvrscheduler_db._notify_l3_agent_port_update-8786225699350', 'neutron.db.l3_hascheduler_db._notify_l3_agent_ha_port_update-8786225699368', 'neutron.services.segments.plugin.NovaSegmentNotifier._notify_port_updated-8840771'] for port, after_update {{(pid=93501) _notify_loop /usr/local/lib/python3.8/dist-packages/neutron_lib/callbacks/manager.py:192}}
Aug 09 11:39:16.657829 dv-cinder-802653-6-smb neutron-server[93500]: INFO neutron.wsgi [req-d4a83724-9129-4cd0-88a9-fab0dc475456 req-758b9b23-a163-4145-89e7-b5242abefb14 tempest-ServerRescueNegativeTestJSON-1595177435 tempest-ServerRescueNegativeTestJSON-1595177435-project] 10.222.0.52 "GET /v2.0/security-groups?id=7f971ca5-e9fe-4d80-af73-f787a5122c55&fields=id&fields=name HTTP/1.1" status: 200 len: 286 time: 0.1977448
Aug 09 11:39:16.679129 dv-cinder-802653-6-smb neutron-server[93502]: DEBUG neutron.api.rpc.handlers.resources_rpc [None req-641ca55e-bce0-4588-aec3-6f707f514e62 None None] Pushing event updated for resources: {'Port': ['ID=903b8aaa-e439-400c-9467-ec0237a31e98,revision_number=3']} {{(pid=93502) push /opt/stack/neutron/neutron/api/rpc/handlers/resources_rpc.py:237}}
Aug 09 11:39:16.726877 dv-cinder-802653-6-smb neutron-server[93502]: DEBUG neutron.db.provisioning_blocks [None req-42728917-4649-4b36-86f9-a894c00fef63 None None] Provisioning complete for port e33ff6d0-2671-4639-87de-d19f4a811bbe triggered by entity L2. {{(pid=93502) provisioning_complete /opt/stack/neutron/neutron/db/provisioning_blocks.py:139}}
Aug 09 11:39:16.727532 dv-cinder-802653-6-smb neutron-server[93502]: DEBUG neutron_lib.callbacks.manager [None req-42728917-4649-4b36-86f9-a894c00fef63 None None] Notify callbacks ['neutron.plugins.ml2.plugin.Ml2Plugin._port_provisioned-531026'] for port, provisioning_complete {{(pid=93502) _notify_loop /usr/local/lib/python3.8/dist-packages/neutron_lib/callbacks/manager.py:192}}
Aug 09 11:39:16.732295 dv-cinder-802653-6-smb neutron-server[93501]: DEBUG neutron.api.rpc.handlers.resources_rpc [None req-dd28b441-cfdc-482b-84c0-47779e610893 service neutron] Pushing event updated for resources: {'Port': ['ID=4b8fd006-20b7-4a2c-8699-82ce3a61a038,revision_number=2']} {{(pid=93501) push /opt/stack/neutron/neutron/api/rpc/handlers/resources_rpc.py:237}}
Aug 09 11:39:16.750903 dv-cinder-802653-6-smb neutron-server[93500]: DEBUG neutron_lib.callbacks.manager [None req-14b56b2c-91b3-443e-af6b-691791948cd1 tempest-AttachVolumeShelveTestJSON-488234976 tempest-AttachVolumeShelveTestJSON-488234976-project] Notify callbacks [] for security_group_rule, precommit_create {{(pid=93500) _notify_loop /usr/local/lib/python3.8/dist-packages/neutron_lib/callbacks/manager.py:192}}
Aug 09 11:39:16.759384 dv-cinder-802653-6-smb neutron-server[93502]: DEBUG neutron.plugins.ml2.managers [None req-210dfa7f-e599-4700-84f6-4b6c332756fa None None] Attempting to bind port 903b8aaa-e439-400c-9467-ec0237a31e98 on host dv-cinder-802653-6-smb for vnic_type normal with profile {{(pid=93502) bind_port /opt/stack/neutron/neutron/plugins/ml2/managers.py:790}}
Aug 09 11:39:16.759761 dv-cinder-802653-6-smb neutron-server[93502]: DEBUG neutron.plugins.ml2.managers [None req-210dfa7f-e599-4700-84f6-4b6c332756fa None None] Attempting to bind port 903b8aaa-e439-400c-9467-ec0237a31e98 by drivers openvswitch,hyperv on host dv-cinder-802653-6-smb at level 0 using segments [{'id': '4a7fa864-4e3e-4fe6-bb60-6de4604085cd', 'network_type': 'vlan', 'physical_network': 'physnet1', 'segmentation_id': 528, 'network_id': 'dcaed5c2-c111-41ef-a458-294fdb1b8eb4'}] {{(pid=93502) _bind_port_level /opt/stack/neutron/neutron/plugins/ml2/managers.py:815}}
Aug 09 11:39:16.760143 dv-cinder-802653-6-smb neutron-server[93502]: DEBUG neutron.plugins.ml2.drivers.mech_agent [None req-210dfa7f-e599-4700-84f6-4b6c332756fa None None] Attempting to bind port 903b8aaa-e439-400c-9467-ec0237a31e98 on network dcaed5c2-c111-41ef-a458-294fdb1b8eb4 {{(pid=93502) bind_port /opt/stack/neutron/neutron/plugins/ml2/drivers/mech_agent.py:85}}
Aug 09 11:39:16.765193 dv-cinder-802653-6-smb neutron-server[93500]: DEBUG neutron_lib.callbacks.manager [None req-14b56b2c-91b3-443e-af6b-691791948cd1 tempest-AttachVolumeShelveTestJSON-488234976 tempest-AttachVolumeShelveTestJSON-488234976-project] Notify callbacks ['neutron.plugins.ml2.ovo_rpc._ObjectChangeHandler.handle_event-3757895'] for security_group_rule, after_create {{(pid=93500) _notify_loop /usr/local/lib/python3.8/dist-packages/neutron_lib/callbacks/manager.py:192}}
Aug 09 11:39:16.774147 dv-cinder-802653-6-smb neutron-server[93502]: DEBUG neutron.plugins.ml2.drivers.mech_agent [None req-210dfa7f-e599-4700-84f6-4b6c332756fa None None] Checking agent: {'id': '4474fdd9-4111-41ac-a435-8bf1c39b03ca', 'agent_type': 'Open vSwitch agent', 'binary': 'neutron-openvswitch-agent', 'topic': 'N/A', 'host': 'dv-cinder-802653-6-smb', 'admin_state_up': True, 'created_at': datetime.datetime(2021, 8, 9, 11, 30, 18), 'started_at': datetime.datetime(2021, 8, 9, 11, 30, 48), 'heartbeat_timestamp': datetime.datetime(2021, 8, 9, 11, 38, 48), 'description': None, 'resources_synced': None, 'availability_zone': None, 'alive': True, 'configurations': {'arp_responder_enabled': False, 'baremetal_smartnic': False, 'bridge_mappings': {'physnet1': 'br-data'}, 'datapath_type': 'system', 'devices': 0, 'enable_distributed_routing': False, 'extensions': [], 'in_distributed_mode': False, 'integration_bridge': 'br-int', 'l2_population': False, 'log_agent_heartbeats': False, 'ovs_capabilities': {'datapath_types': ['netdev', 'system'], 'iface_types': ['erspan', 'geneve', 'gre', 'internal', 'ip6erspan', 'ip6gre', 'lisp', 'patch', 'stt', 'system', 'tap', 'vxlan']}, 'ovs_hybrid_plug': False, 'resource_provider_bandwidths': {}, 'resource_provider_hypervisors': {'br-data': 'dv-cinder-802653-6-smb'}, 'resource_provider_inventory_defaults': {'allocation_ratio': 1.0, 'min_unit': 1, 'step_size': 1, 'reserved': 0}, 'tunnel_types': [], 'tunneling_ip': None, 'vhostuser_socket_dir': '/var/run/openvswitch'}, 'resource_versions': {'AddressGroup': '1.2', 'ConntrackHelper': '1.0', 'Log': '1.0', 'Network': '1.1', 'Port': '1.7', 'PortForwarding': '1.2', 'QosPolicy': '1.9', 'SecurityGroup': '1.4', 'SecurityGroupRule': '1.2', 'SubPort': '1.0', 'Subnet': '1.1', 'Trunk': '1.1'}} {{(pid=93502) bind_port /opt/stack/neutron/neutron/plugins/ml2/drivers/mech_agent.py:104}}
Aug 09 11:39:16.774648 dv-cinder-802653-6-smb neutron-server[93502]: DEBUG neutron.plugins.ml2.drivers.mech_agent [None req-210dfa7f-e599-4700-84f6-4b6c332756fa None None] Checking segment: {'id': '4a7fa864-4e3e-4fe6-bb60-6de4604085cd', 'network_type': 'vlan', 'physical_network': 'physnet1', 'segmentation_id': 528, 'network_id': 'dcaed5c2-c111-41ef-a458-294fdb1b8eb4'} for mappings: {'physnet1': 'br-data'} with network types: ['local', 'flat', 'vlan'] {{(pid=93502) check_segment_for_agent /opt/stack/neutron/neutron/plugins/ml2/drivers/mech_agent.py:352}}
Aug 09 11:39:16.774917 dv-cinder-802653-6-smb neutron-server[93502]: DEBUG neutron_lib.callbacks.manager [None req-210dfa7f-e599-4700-84f6-4b6c332756fa None None] Notify callbacks [] for ovs_bridge_name, before_read {{(pid=93502) _notify_loop /usr/local/lib/python3.8/dist-packages/neutron_lib/callbacks/manager.py:192}}
Aug 09 11:39:16.775319 dv-cinder-802653-6-smb neutron-server[93502]: DEBUG neutron.plugins.ml2.drivers.mech_agent [None req-210dfa7f-e599-4700-84f6-4b6c332756fa None None] Bound using segment: {'id': '4a7fa864-4e3e-4fe6-bb60-6de4604085cd', 'network_type': 'vlan', 'physical_network': 'physnet1', 'segmentation_id': 528, 'network_id': 'dcaed5c2-c111-41ef-a458-294fdb1b8eb4'} {{(pid=93502) bind_port /opt/stack/neutron/neutron/plugins/ml2/drivers/mech_agent.py:114}}
Aug 09 11:39:16.775844 dv-cinder-802653-6-smb neutron-server[93502]: DEBUG neutron.plugins.ml2.managers [None req-210dfa7f-e599-4700-84f6-4b6c332756fa None None] Bound port: 903b8aaa-e439-400c-9467-ec0237a31e98, host: dv-cinder-802653-6-smb, vif_type: ovs, vif_details: {"connectivity": "l2", "port_filter": true, "ovs_hybrid_plug": false, "datapath_type": "system", "bridge_name": "br-int"}, binding_levels: [{'bound_driver': 'openvswitch', 'bound_segment': {'id': '4a7fa864-4e3e-4fe6-bb60-6de4604085cd', 'network_type': 'vlan', 'physical_network': 'physnet1', 'segmentation_id': 528, 'network_id': 'dcaed5c2-c111-41ef-a458-294fdb1b8eb4'}}] {{(pid=93502) _bind_port_level /opt/stack/neutron/neutron/plugins/ml2/managers.py:928}}
Aug 09 11:39:16.776350 dv-cinder-802653-6-smb neutron-server[93502]: DEBUG neutron_lib.callbacks.manager [None req-210dfa7f-e599-4700-84f6-4b6c332756fa None None] Notify callbacks ['neutron.plugins.ml2.plugin.SecurityGroupDbMixin._ensure_default_security_group_handler-928529'] for port, before_update {{(pid=93502) _notify_loop /usr/local/lib/python3.8/dist-packages/neutron_lib/callbacks/manager.py:192}}
Aug 09 11:39:16.790029 dv-cinder-802653-6-smb neutron-server[93500]: DEBUG neutron.api.rpc.handlers.resources_rpc [None req-14b56b2c-91b3-443e-af6b-691791948cd1 tempest-AttachVolumeShelveTestJSON-488234976 tempest-AttachVolumeShelveTestJSON-488234976-project] Pushing event updated for resources: {'SecurityGroupRule': ['ID=418537fa-b02f-45fa-9eed-c5b0f15d4597,revision_number=0']} {{(pid=93500) push /opt/stack/neutron/neutron/api/rpc/handlers/resources_rpc.py:237}}
Aug 09 11:39:16.799257 dv-cinder-802653-6-smb neutron-server[93500]: DEBUG neutron.pecan_wsgi.hooks.policy_enforcement [req-7abe6e3a-ec79-4e93-9ba1-64b8d551e75d req-21364187-0488-4f33-902e-416957e41318 tempest-AttachVolumeNegativeTest-684672051 tempest-AttachVolumeNegativeTest-684672051-project] Attributes excluded by policy engine: ['standard_attr_id', 'binding:profile', 'binding:host_id', 'binding:vif_type', 'binding:vif_details'] {{(pid=93500) _exclude_attributes_by_policy /opt/stack/neutron/neutron/pecan_wsgi/hooks/policy_enforcement.py:255}}
Aug 09 11:39:16.810297 dv-cinder-802653-6-smb neutron-server[93500]: INFO neutron.wsgi [req-7abe6e3a-ec79-4e93-9ba1-64b8d551e75d req-21364187-0488-4f33-902e-416957e41318 tempest-AttachVolumeNegativeTest-684672051 tempest-AttachVolumeNegativeTest-684672051-project] 10.222.0.52 "GET /v2.0/ports?device_id=f40ac019-476a-4a86-b6fa-f77a9070f73b HTTP/1.1" status: 200 len: 946 time: 0.1501975
Aug 09 11:39:16.842620 dv-cinder-802653-6-smb neutron-server[93500]: DEBUG neutron_lib.callbacks.manager [None req-14b56b2c-91b3-443e-af6b-691791948cd1 tempest-AttachVolumeShelveTestJSON-488234976 tempest-AttachVolumeShelveTestJSON-488234976-project] Notify callbacks [] for security_group_rule, before_response {{(pid=93500) _notify_loop /usr/local/lib/python3.8/dist-packages/neutron_lib/callbacks/manager.py:192}}
Aug 09 11:39:16.847431 dv-cinder-802653-6-smb neutron-server[93500]: INFO neutron.wsgi [None req-14b56b2c-91b3-443e-af6b-691791948cd1 tempest-AttachVolumeShelveTestJSON-488234976 tempest-AttachVolumeShelveTestJSON-488234976-project] 10.222.0.52 "POST /v2.0/security-group-rules HTTP/1.1" status: 201 len: 769 time: 0.6024151
Aug 09 11:39:16.851949 dv-cinder-802653-6-smb neutron-server[93500]: DEBUG neutron.wsgi [-] (93500) accepted ('10.222.0.52', 57156) {{(pid=93500) server /usr/local/lib/python3.8/dist-packages/eventlet/wsgi.py:982}}
Aug 09 11:39:16.868310 dv-cinder-802653-6-smb neutron-server[93500]: DEBUG neutron.api.v2.base [None req-30e6b57c-c911-4f31-857f-e7a5ddb01399 tempest-AttachVolumeShelveTestJSON-488234976 tempest-AttachVolumeShelveTestJSON-488234976-project] Request body: {'floatingip': {'floating_network_id': '3b9d3109-9c57-47ab-8327-863f004a61ae'}} {{(pid=93500) prepare_request_body /opt/stack/neutron/neutron/api/v2/base.py:729}}
Aug 09 11:39:16.876182 dv-cinder-802653-6-smb neutron-server[93501]: DEBUG neutron.plugins.ml2.managers [req-2a7a6f96-b6da-4466-9149-da582c045ce6 req-dd28b441-cfdc-482b-84c0-47779e610893 service neutron] Attempting to bind port 4b8fd006-20b7-4a2c-8699-82ce3a61a038 on host hv-cinder-80265 for vnic_type normal with profile {{(pid=93501) bind_port /opt/stack/neutron/neutron/plugins/ml2/managers.py:790}}
Aug 09 11:39:16.882833 dv-cinder-802653-6-smb neutron-server[93501]: DEBUG neutron.plugins.ml2.managers [req-2a7a6f96-b6da-4466-9149-da582c045ce6 req-dd28b441-cfdc-482b-84c0-47779e610893 service neutron] Attempting to bind port 4b8fd006-20b7-4a2c-8699-82ce3a61a038 by drivers openvswitch,hyperv on host hv-cinder-80265 at level 0 using segments [{'id': 'f85163d2-c449-476f-9056-cb7982b678e8', 'network_type': 'vlan', 'physical_network': 'physnet1', 'segmentation_id': 529, 'network_id': '474aa24a-736f-4874-a593-08dd5929bb58'}] {{(pid=93501) _bind_port_level /opt/stack/neutron/neutron/plugins/ml2/managers.py:815}}
Aug 09 11:39:16.883197 dv-cinder-802653-6-smb neutron-server[93501]: DEBUG neutron.plugins.ml2.drivers.mech_agent [req-2a7a6f96-b6da-4466-9149-da582c045ce6 req-dd28b441-cfdc-482b-84c0-47779e610893 service neutron] Attempting to bind port 4b8fd006-20b7-4a2c-8699-82ce3a61a038 on network 474aa24a-736f-4874-a593-08dd5929bb58 {{(pid=93501) bind_port /opt/stack/neutron/neutron/plugins/ml2/drivers/mech_agent.py:85}}
Aug 09 11:39:16.895191 dv-cinder-802653-6-smb neutron-server[93501]: DEBUG neutron.plugins.ml2.drivers.mech_agent [req-2a7a6f96-b6da-4466-9149-da582c045ce6 req-dd28b441-cfdc-482b-84c0-47779e610893 service neutron] Port 4b8fd006-20b7-4a2c-8699-82ce3a61a038 on network 474aa24a-736f-4874-a593-08dd5929bb58 not bound, no agent of type Open vSwitch agent registered on host hv-cinder-80265 {{(pid=93501) bind_port /opt/stack/neutron/neutron/plugins/ml2/drivers/mech_agent.py:97}}
Aug 09 11:39:16.895683 dv-cinder-802653-6-smb neutron-server[93501]: DEBUG neutron.plugins.ml2.drivers.mech_agent [req-2a7a6f96-b6da-4466-9149-da582c045ce6 req-dd28b441-cfdc-482b-84c0-47779e610893 service neutron] Attempting to bind port 4b8fd006-20b7-4a2c-8699-82ce3a61a038 on network 474aa24a-736f-4874-a593-08dd5929bb58 {{(pid=93501) bind_port /opt/stack/neutron/neutron/plugins/ml2/drivers/mech_agent.py:85}}
Aug 09 11:39:16.901219 dv-cinder-802653-6-smb neutron-server[93501]: DEBUG neutron.plugins.ml2.drivers.mech_agent [req-2a7a6f96-b6da-4466-9149-da582c045ce6 req-dd28b441-cfdc-482b-84c0-47779e610893 service neutron] Checking agent: {'id': '2e12f7d4-457b-4ad7-8021-ce5ed54fe848', 'agent_type': 'HyperV agent', 'binary': 'neutron-hyperv-agent', 'topic': 'N/A', 'host': 'hv-cinder-80265', 'admin_state_up': True, 'created_at': datetime.datetime(2021, 8, 9, 11, 36, 20), 'started_at': datetime.datetime(2021, 8, 9, 11, 36, 20), 'heartbeat_timestamp': datetime.datetime(2021, 8, 9, 11, 38, 50), 'description': None, 'resources_synced': None, 'availability_zone': None, 'alive': True, 'configurations': {'vswitch_mappings': {'physnet1$': 'br-data'}}, 'resource_versions': {}} {{(pid=93501) bind_port /opt/stack/neutron/neutron/plugins/ml2/drivers/mech_agent.py:104}}
Aug 09 11:39:16.901562 dv-cinder-802653-6-smb neutron-server[93501]: DEBUG neutron.plugins.ml2.drivers.mech_agent [req-2a7a6f96-b6da-4466-9149-da582c045ce6 req-dd28b441-cfdc-482b-84c0-47779e610893 service neutron] Checking segment: {'id': 'f85163d2-c449-476f-9056-cb7982b678e8', 'network_type': 'vlan', 'physical_network': 'physnet1', 'segmentation_id': 529, 'network_id': '474aa24a-736f-4874-a593-08dd5929bb58'} for mappings: {'physnet1$': 'br-data'} with network types: ['local', 'flat', 'vlan'] {{(pid=93501) check_segment_for_agent /opt/stack/neutron/neutron/plugins/ml2/drivers/mech_agent.py:352}}
Aug 09 11:39:16.901948 dv-cinder-802653-6-smb neutron-server[93501]: DEBUG neutron.plugins.ml2.drivers.mech_agent [req-2a7a6f96-b6da-4466-9149-da582c045ce6 req-dd28b441-cfdc-482b-84c0-47779e610893 service neutron] Bound using segment: {'id': 'f85163d2-c449-476f-9056-cb7982b678e8', 'network_type': 'vlan', 'physical_network': 'physnet1', 'segmentation_id': 529, 'network_id': '474aa24a-736f-4874-a593-08dd5929bb58'} {{(pid=93501) bind_port /opt/stack/neutron/neutron/plugins/ml2/drivers/mech_agent.py:114}}
Aug 09 11:39:16.902383 dv-cinder-802653-6-smb neutron-server[93501]: DEBUG neutron.plugins.ml2.managers [req-2a7a6f96-b6da-4466-9149-da582c045ce6 req-dd28b441-cfdc-482b-84c0-47779e610893 service neutron] Bound port: 4b8fd006-20b7-4a2c-8699-82ce3a61a038, host: hv-cinder-80265, vif_type: hyperv, vif_details: {"connectivity": "legacy", "port_filter": false}, binding_levels: [{'bound_driver': 'hyperv', 'bound_segment': {'id': 'f85163d2-c449-476f-9056-cb7982b678e8', 'network_type': 'vlan', 'physical_network': 'physnet1', 'segmentation_id': 529, 'network_id': '474aa24a-736f-4874-a593-08dd5929bb58'}}] {{(pid=93501) _bind_port_level /opt/stack/neutron/neutron/plugins/ml2/managers.py:928}}
Aug 09 11:39:16.912200 dv-cinder-802653-6-smb neutron-server[93501]: DEBUG neutron_lib.callbacks.manager [req-2a7a6f96-b6da-4466-9149-da582c045ce6 req-dd28b441-cfdc-482b-84c0-47779e610893 service neutron] Notify callbacks ['neutron.plugins.ml2.plugin.SecurityGroupDbMixin._ensure_default_security_group_handler-928529'] for port, before_update {{(pid=93501) _notify_loop /usr/local/lib/python3.8/dist-packages/neutron_lib/callbacks/manager.py:192}}
Aug 09 11:39:16.917249 dv-cinder-802653-6-smb neutron-server[93500]: INFO neutron.wsgi [req-7abe6e3a-ec79-4e93-9ba1-64b8d551e75d req-29afbb23-d772-4217-ae57-c313b934b603 tempest-AttachVolumeNegativeTest-684672051 tempest-AttachVolumeNegativeTest-684672051-project] 10.222.0.52 "GET /v2.0/security-groups?id=74cd9f0a-2648-4d1d-8050-b611e1150335&fields=id&fields=name HTTP/1.1" status: 200 len: 286 time: 0.1059930
Aug 09 11:39:16.924970 dv-cinder-802653-6-smb neutron-server[93502]: DEBUG neutron.plugins.ml2.db [None req-210dfa7f-e599-4700-84f6-4b6c332756fa None None] For port 903b8aaa-e439-400c-9467-ec0237a31e98, host dv-cinder-802653-6-smb, cleared binding levels {{(pid=93502) clear_binding_levels /opt/stack/neutron/neutron/plugins/ml2/db.py:87}}
Aug 09 11:39:16.961172 dv-cinder-802653-6-smb neutron-server[93502]: DEBUG neutron.plugins.ml2.db [None req-210dfa7f-e599-4700-84f6-4b6c332756fa None None] For port 903b8aaa-e439-400c-9467-ec0237a31e98, host dv-cinder-802653-6-smb, set binding levels [PortBindingLevel(driver='openvswitch',host='dv-cinder-802653-6-smb',level=0,port_id=903b8aaa-e439-400c-9467-ec0237a31e98,segment=NetworkSegment(4a7fa864-4e3e-4fe6-bb60-6de4604085cd),segment_id=4a7fa864-4e3e-4fe6-bb60-6de4604085cd)] {{(pid=93502) set_binding_levels /opt/stack/neutron/neutron/plugins/ml2/db.py:59}}
Aug 09 11:39:16.962187 dv-cinder-802653-6-smb neutron-server[93500]: DEBUG neutron_lib.callbacks.manager [None req-30e6b57c-c911-4f31-857f-e7a5ddb01399 tempest-AttachVolumeShelveTestJSON-488234976 tempest-AttachVolumeShelveTestJSON-488234976-project] Notify callbacks [] for floatingip, before_create {{(pid=93500) _notify_loop /usr/local/lib/python3.8/dist-packages/neutron_lib/callbacks/manager.py:192}}
Aug 09 11:39:16.977101 dv-cinder-802653-6-smb neutron-server[93502]: DEBUG neutron_lib.callbacks.manager [None req-210dfa7f-e599-4700-84f6-4b6c332756fa None None] Notify callbacks ['neutron.plugins.ml2.plugin.SecurityGroupServerNotifierRpcMixin._notify_sg_on_port_change-927167', 'neutron.plugins.ml2.ovo_rpc._ObjectChangeHandler.handle_event-409306', 'neutron.api.rpc.agentnotifiers.dhcp_rpc_agent_api.DhcpAgentNotifyAPI._native_event_send_dhcp_notification-3710009', 'neutron.db.l3_db.L3RpcNotifierMixin._notify_gateway_port_ip_changed-8786226090141', 'neutron.db.l3_dvrscheduler_db._notify_l3_agent_port_update-8786225699350', 'neutron.db.l3_hascheduler_db._notify_l3_agent_ha_port_update-8786225699368'] for port, after_update {{(pid=93502) _notify_loop /usr/local/lib/python3.8/dist-packages/neutron_lib/callbacks/manager.py:192}}
Aug 09 11:39:17.002949 dv-cinder-802653-6-smb neutron-server[93501]: DEBUG neutron.plugins.ml2.db [req-2a7a6f96-b6da-4466-9149-da582c045ce6 req-dd28b441-cfdc-482b-84c0-47779e610893 service neutron] For port 4b8fd006-20b7-4a2c-8699-82ce3a61a038, host hv-cinder-80265, cleared binding levels {{(pid=93501) clear_binding_levels /opt/stack/neutron/neutron/plugins/ml2/db.py:87}}
Aug 09 11:39:17.007409 dv-cinder-802653-6-smb neutron-server[93501]: DEBUG neutron.plugins.ml2.db [req-2a7a6f96-b6da-4466-9149-da582c045ce6 req-dd28b441-cfdc-482b-84c0-47779e610893 service neutron] For port 4b8fd006-20b7-4a2c-8699-82ce3a61a038, host hv-cinder-80265, set binding levels [PortBindingLevel(driver='hyperv',host='hv-cinder-80265',level=0,port_id=4b8fd006-20b7-4a2c-8699-82ce3a61a038,segment=NetworkSegment(f85163d2-c449-476f-9056-cb7982b678e8),segment_id=f85163d2-c449-476f-9056-cb7982b678e8)] {{(pid=93501) set_binding_levels /opt/stack/neutron/neutron/plugins/ml2/db.py:59}}
Aug 09 11:39:17.022251 dv-cinder-802653-6-smb neutron-server[93501]: DEBUG neutron_lib.callbacks.manager [req-2a7a6f96-b6da-4466-9149-da582c045ce6 req-dd28b441-cfdc-482b-84c0-47779e610893 service neutron] Notify callbacks ['neutron.plugins.ml2.plugin.SecurityGroupServerNotifierRpcMixin._notify_sg_on_port_change-927167', 'neutron.plugins.ml2.ovo_rpc._ObjectChangeHandler.handle_event-409306', 'neutron.api.rpc.agentnotifiers.dhcp_rpc_agent_api.DhcpAgentNotifyAPI._native_event_send_dhcp_notification-3710009', 'neutron.db.l3_db.L3RpcNotifierMixin._notify_gateway_port_ip_changed-8786226090141', 'neutron.db.l3_dvrscheduler_db._notify_l3_agent_port_update-8786225699350', 'neutron.db.l3_hascheduler_db._notify_l3_agent_ha_port_update-8786225699368', 'neutron.services.segments.plugin.NovaSegmentNotifier._notify_port_updated-8840771'] for port, after_update {{(pid=93501) _notify_loop /usr/local/lib/python3.8/dist-packages/neutron_lib/callbacks/manager.py:192}}
Aug 09 11:39:17.099543 dv-cinder-802653-6-smb neutron-server[93502]: DEBUG neutron.db.l3_dvrscheduler_db [None req-210dfa7f-e599-4700-84f6-4b6c332756fa None None] Routers {'7345c61f-59dc-4c26-a030-144a8f00c3a1'} bound to L3 agent in host dv-cinder-802653-6-smb {{(pid=93502) _get_router_ids_for_agent /opt/stack/neutron/neutron/db/l3_dvrscheduler_db.py:420}}
Aug 09 11:39:17.101961 dv-cinder-802653-6-smb neutron-server[93502]: DEBUG neutron.db.l3_hamode_db [None req-210dfa7f-e599-4700-84f6-4b6c332756fa None None] neutron.services.l3_router.l3_router_plugin.L3RouterPlugin method get_ha_sync_data_for_host called with arguments (, 'dv-cinder-802653-6-smb', Agent(admin_state_up=True,agent_type='L3 agent',availability_zone='nova',binary='neutron-l3-agent',configurations={"agent_mode": "legacy", "ex_gw_ports": 3, "extensions": [], "floating_ips": 0, "handle_internal_only_routers": true, "interface_driver": "openvswitch", "interfaces": 3, "log_agent_heartbeats": false, "routers": 3},created_at=2021-08-09T11:30:18Z,description=,heartbeat_timestamp=2021-08-09T11:38:48Z,host='dv-cinder-802653-6-smb',id=291eeb6b-9057-4524-bc7f-237ef3f550b7,load=0,resource_versions=,resources_synced=,started_at=2021-08-09T11:30:18Z,topic='l3_agent')) {'router_ids': ['7345c61f-59dc-4c26-a030-144a8f00c3a1'], 'active': True} {{(pid=93502) wrapper /usr/local/lib/python3.8/dist-packages/oslo_log/helpers.py:65}}
Aug 09 11:39:17.138184 dv-cinder-802653-6-smb neutron-server[93501]: DEBUG neutron.pecan_wsgi.hooks.policy_enforcement [req-2a7a6f96-b6da-4466-9149-da582c045ce6 req-dd28b441-cfdc-482b-84c0-47779e610893 service neutron] Attributes excluded by policy engine: ['standard_attr_id'] {{(pid=93501) _exclude_attributes_by_policy /opt/stack/neutron/neutron/pecan_wsgi/hooks/policy_enforcement.py:255}}
Aug 09 11:39:17.138813 dv-cinder-802653-6-smb neutron-server[93501]: DEBUG neutron_lib.callbacks.manager [req-2a7a6f96-b6da-4466-9149-da582c045ce6 req-dd28b441-cfdc-482b-84c0-47779e610893 service neutron] Notify callbacks ['neutron.notifiers.nova.Notifier._send_nova_notification-90211'] for port, before_response {{(pid=93501) _notify_loop /usr/local/lib/python3.8/dist-packages/neutron_lib/callbacks/manager.py:192}}
Aug 09 11:39:17.141323 dv-cinder-802653-6-smb neutron-server[93501]: INFO neutron.wsgi [req-2a7a6f96-b6da-4466-9149-da582c045ce6 req-dd28b441-cfdc-482b-84c0-47779e610893 service neutron] 10.222.0.36 "PUT /v2.0/ports/4b8fd006-20b7-4a2c-8699-82ce3a61a038 HTTP/1.1" status: 200 len: 1094 time: 1.3188214
Aug 09 11:39:17.144702 dv-cinder-802653-6-smb neutron-server[93501]: DEBUG neutron.notifiers.nova [-] Sending events: [{'name': 'network-changed', 'server_uuid': 'ba01ae75-543f-4f0c-bda6-b29f1d4486cf', 'tag': '4b8fd006-20b7-4a2c-8699-82ce3a61a038'}] {{(pid=93501) send_events /opt/stack/neutron/neutron/notifiers/nova.py:262}}
Aug 09 11:39:17.152174 dv-cinder-802653-6-smb neutron-server[93501]: DEBUG novaclient.v2.client [-] REQ: curl -g -i --cacert "/opt/stack/data/ca-bundle.pem" -X POST http://10.222.0.52/compute/v2.1/os-server-external-events -H "Accept: application/json" -H "Content-Type: application/json" -H "User-Agent: python-novaclient" -H "X-Auth-Token: {SHA256}10d3fc49fb3822e06b994e56f49c75dec18cdedfd7a4c40ecef6d206b1d80a24" -H "X-OpenStack-Nova-API-Version: 2.1" -H "X-OpenStack-Request-ID: req-1a3a67ed-1c7e-4020-a6a8-f5d51c4e3f07" -d '{"events": [{"name": "network-changed", "server_uuid": "ba01ae75-543f-4f0c-bda6-b29f1d4486cf", "tag": "4b8fd006-20b7-4a2c-8699-82ce3a61a038"}]}' {{(pid=93501) _http_log_request /usr/local/lib/python3.8/dist-packages/keystoneauth1/session.py:519}}
Aug 09 11:39:17.180840 dv-cinder-802653-6-smb neutron-server[93501]: DEBUG neutron.api.rpc.handlers.resources_rpc [None req-dd28b441-cfdc-482b-84c0-47779e610893 service neutron] Pushing event updated for resources: {'Port': ['ID=4b8fd006-20b7-4a2c-8699-82ce3a61a038,revision_number=3']} {{(pid=93501) push /opt/stack/neutron/neutron/api/rpc/handlers/resources_rpc.py:237}}
Aug 09 11:39:17.218882 dv-cinder-802653-6-smb neutron-server[93502]: DEBUG neutron.api.rpc.handlers.resources_rpc [None req-641ca55e-bce0-4588-aec3-6f707f514e62 None None] Pushing event updated for resources: {'Port': ['ID=903b8aaa-e439-400c-9467-ec0237a31e98,revision_number=4']} {{(pid=93502) push /opt/stack/neutron/neutron/api/rpc/handlers/resources_rpc.py:237}}
Aug 09 11:39:17.287938 dv-cinder-802653-6-smb neutron-server[93501]: DEBUG novaclient.v2.client [-] RESP: [200] Connection: close Content-Length: 179 Content-Type: application/json Date: Mon, 09 Aug 2021 11:39:17 GMT OpenStack-API-Version: compute 2.1 Server: Apache/2.4.41 (Ubuntu) Vary: OpenStack-API-Version,X-OpenStack-Nova-API-Version X-OpenStack-Nova-API-Version: 2.1 x-compute-request-id: req-6be92acc-1fbd-417a-be36-75b9e88c0f8e x-openstack-request-id: req-6be92acc-1fbd-417a-be36-75b9e88c0f8e {{(pid=93501) _http_log_response /usr/local/lib/python3.8/dist-packages/keystoneauth1/session.py:550}}
Aug 09 11:39:17.288430 dv-cinder-802653-6-smb neutron-server[93501]: DEBUG novaclient.v2.client [-] RESP BODY: {"events": [{"name": "network-changed", "server_uuid": "ba01ae75-543f-4f0c-bda6-b29f1d4486cf", "tag": "4b8fd006-20b7-4a2c-8699-82ce3a61a038", "status": "completed", "code": 200}]} {{(pid=93501) _http_log_response /usr/local/lib/python3.8/dist-packages/keystoneauth1/session.py:582}}
Aug 09 11:39:17.288822 dv-cinder-802653-6-smb neutron-server[93501]: DEBUG novaclient.v2.client [-] POST call to compute for http://10.222.0.52/compute/v2.1/os-server-external-events used request id req-6be92acc-1fbd-417a-be36-75b9e88c0f8e {{(pid=93501) request /usr/local/lib/python3.8/dist-packages/keystoneauth1/session.py:954}}
Aug 09 11:39:17.289366 dv-cinder-802653-6-smb neutron-server[93501]: INFO neutron.notifiers.nova [-] Nova event response: {'name': 'network-changed', 'server_uuid': 'ba01ae75-543f-4f0c-bda6-b29f1d4486cf', 'tag': '4b8fd006-20b7-4a2c-8699-82ce3a61a038', 'status': 'completed', 'code': 200}
Aug 09 11:39:17.306975 dv-cinder-802653-6-smb neutron-server[93500]: DEBUG neutron_lib.callbacks.manager [None req-30e6b57c-c911-4f31-857f-e7a5ddb01399 tempest-AttachVolumeShelveTestJSON-488234976 tempest-AttachVolumeShelveTestJSON-488234976-project] Notify callbacks ['neutron.plugins.ml2.plugin.SecurityGroupDbMixin._ensure_default_security_group_handler-928529'] for port, before_create {{(pid=93500) _notify_loop /usr/local/lib/python3.8/dist-packages/neutron_lib/callbacks/manager.py:192}}
Aug 09 11:39:17.342131 dv-cinder-802653-6-smb neutron-server[93500]: DEBUG neutron.pecan_wsgi.hooks.policy_enforcement [req-2ec04bf5-b2f8-4e94-8ad4-870076c29414 req-b6f5a2a4-0c83-4a8b-9750-b6fb1f471528 tempest-VolumesActionsTest-646950661 tempest-VolumesActionsTest-646950661-project] Attributes excluded by policy engine: ['standard_attr_id', 'binding:profile', 'binding:host_id', 'binding:vif_type', 'binding:vif_details'] {{(pid=93500) _exclude_attributes_by_policy /opt/stack/neutron/neutron/pecan_wsgi/hooks/policy_enforcement.py:255}}
Aug 09 11:39:17.344845 dv-cinder-802653-6-smb neutron-server[93500]: INFO neutron.wsgi [req-2ec04bf5-b2f8-4e94-8ad4-870076c29414 req-b6f5a2a4-0c83-4a8b-9750-b6fb1f471528 tempest-VolumesActionsTest-646950661 tempest-VolumesActionsTest-646950661-project] 10.222.0.52 "GET /v2.0/ports?device_id=ba01ae75-543f-4f0c-bda6-b29f1d4486cf HTTP/1.1" status: 200 len: 944 time: 0.1659207
Aug 09 11:39:17.357697 dv-cinder-802653-6-smb neutron-server[93501]: DEBUG neutron.pecan_wsgi.hooks.policy_enforcement [req-2a7a6f96-b6da-4466-9149-da582c045ce6 req-f89041f7-027f-4213-aa7e-d434712e4fdd service neutron] Attributes excluded by policy engine: ['standard_attr_id'] {{(pid=93501) _exclude_attributes_by_policy /opt/stack/neutron/neutron/pecan_wsgi/hooks/policy_enforcement.py:255}}
Aug 09 11:39:17.360647 dv-cinder-802653-6-smb neutron-server[93501]: INFO neutron.wsgi [req-2a7a6f96-b6da-4466-9149-da582c045ce6 req-f89041f7-027f-4213-aa7e-d434712e4fdd service neutron] 10.222.0.36 "GET /v2.0/ports?tenant_id=e68585b5a7384ab59c0bc8eb119df432&device_id=ba01ae75-543f-4f0c-bda6-b29f1d4486cf HTTP/1.1" status: 200 len: 1097 time: 0.1365116
Aug 09 11:39:17.402525 dv-cinder-802653-6-smb neutron-server[93502]: DEBUG neutron.db.l3_dvr_db [None req-210dfa7f-e599-4700-84f6-4b6c332756fa None None] Set router 7345c61f-59dc-4c26-a030-144a8f00c3a1 gateway port host: dv-cinder-802653-6-smb {{(pid=93502) _build_routers_list /opt/stack/neutron/neutron/db/l3_dvr_db.py:899}}
Aug 09 11:39:17.448696 dv-cinder-802653-6-smb neutron-server[93501]: INFO neutron.wsgi [req-2a7a6f96-b6da-4466-9149-da582c045ce6 req-642fdf5f-a945-4677-b3b7-6fac5433c6f8 service neutron] 10.222.0.36 "GET /v2.0/floatingips?fixed_ip_address=172.20.0.12&port_id=4b8fd006-20b7-4a2c-8699-82ce3a61a038 HTTP/1.1" status: 200 len: 217 time: 0.0678742
Aug 09 11:39:17.535526 dv-cinder-802653-6-smb neutron-server[93500]: DEBUG neutron.db.db_base_plugin_common [None req-30e6b57c-c911-4f31-857f-e7a5ddb01399 tempest-AttachVolumeShelveTestJSON-488234976 tempest-AttachVolumeShelveTestJSON-488234976-project] Allocated IP 172.28.1.192 (3b9d3109-9c57-47ab-8327-863f004a61ae/d837a1b3-fb9d-432c-acc2-489a4434ee5f/581836be-7171-49cb-b895-436d43134fe6) {{(pid=93500) _store_ip_allocation /opt/stack/neutron/neutron/db/db_base_plugin_common.py:131}}
Aug 09 11:39:17.536160 dv-cinder-802653-6-smb neutron-server[93501]: DEBUG neutron.pecan_wsgi.hooks.policy_enforcement [req-2a7a6f96-b6da-4466-9149-da582c045ce6 req-99192fd8-869a-4045-be7d-1092205e9f81 service neutron] Attributes excluded by policy engine: ['standard_attr_id', 'shared', 'segment_id'] {{(pid=93501) _exclude_attributes_by_policy /opt/stack/neutron/neutron/pecan_wsgi/hooks/policy_enforcement.py:255}}
Aug 09 11:39:17.541424 dv-cinder-802653-6-smb neutron-server[93501]: INFO neutron.wsgi [req-2a7a6f96-b6da-4466-9149-da582c045ce6 req-99192fd8-869a-4045-be7d-1092205e9f81 service neutron] 10.222.0.36 "GET /v2.0/subnets?id=47ca0333-b53e-4a35-af6a-26bcca0c94c6 HTTP/1.1" status: 200 len: 849 time: 0.0845916
Aug 09 11:39:17.585769 dv-cinder-802653-6-smb neutron-server[93501]: INFO neutron.wsgi [req-2a7a6f96-b6da-4466-9149-da582c045ce6 req-82090bf9-bb28-431a-96cf-7d8ea70315a6 service neutron] 10.222.0.36 "GET /v2.0/ports?network_id=474aa24a-736f-4874-a593-08dd5929bb58&device_owner=network%3Adhcp HTTP/1.1" status: 200 len: 210 time: 0.0361347
Aug 09 11:39:17.628732 dv-cinder-802653-6-smb neutron-server[93500]: DEBUG neutron.wsgi [-] (93500) accepted ('10.222.0.52', 57194) {{(pid=93500) server /usr/local/lib/python3.8/dist-packages/eventlet/wsgi.py:982}}
Aug 09 11:39:17.675776 dv-cinder-802653-6-smb neutron-server[93500]: INFO neutron.wsgi [req-2ec04bf5-b2f8-4e94-8ad4-870076c29414 req-9151a44b-019a-458f-ba8b-0b4de949c5da tempest-VolumesActionsTest-646950661 tempest-VolumesActionsTest-646950661-project] 10.222.0.52 "GET /v2.0/security-groups?id=1eda9af4-c928-4b7d-9275-c8a63e29a44b&fields=id&fields=name HTTP/1.1" status: 200 len: 286 time: 0.3245080
Aug 09 11:39:17.734286 dv-cinder-802653-6-smb neutron-server[93500]: DEBUG neutron_lib.callbacks.manager [None req-30e6b57c-c911-4f31-857f-e7a5ddb01399 tempest-AttachVolumeShelveTestJSON-488234976 tempest-AttachVolumeShelveTestJSON-488234976-project] Notify callbacks [] for port, precommit_create {{(pid=93500) _notify_loop /usr/local/lib/python3.8/dist-packages/neutron_lib/callbacks/manager.py:192}}
Aug 09 11:39:17.828253 dv-cinder-802653-6-smb neutron-server[93500]: DEBUG neutron_lib.callbacks.manager [None req-30e6b57c-c911-4f31-857f-e7a5ddb01399 tempest-AttachVolumeShelveTestJSON-488234976 tempest-AttachVolumeShelveTestJSON-488234976-project] Notify callbacks ['neutron.plugins.ml2.plugin.SecurityGroupServerNotifierRpcMixin._notify_sg_on_port_change-927167', 'neutron.plugins.ml2.ovo_rpc._ObjectChangeHandler.handle_event-409306', 'neutron.api.rpc.agentnotifiers.dhcp_rpc_agent_api.DhcpAgentNotifyAPI._native_event_send_dhcp_notification-3710009', 'neutron.db.l3_dvrscheduler_db._notify_l3_agent_new_port-8786225699332'] for port, after_create {{(pid=93500) _notify_loop /usr/local/lib/python3.8/dist-packages/neutron_lib/callbacks/manager.py:192}}
Aug 09 11:39:17.834433 dv-cinder-802653-6-smb neutron-server[93501]: INFO neutron.wsgi [req-2a7a6f96-b6da-4466-9149-da582c045ce6 req-515058ea-d314-4a9c-a6e7-87db3a3d1397 service neutron] 10.222.0.36 "GET /v2.0/networks/474aa24a-736f-4874-a593-08dd5929bb58?fields=segments HTTP/1.1" status: 200 len: 212 time: 0.2362180
Aug 09 11:39:17.867542 dv-cinder-802653-6-smb neutron-server[93502]: DEBUG neutron.db.l3_hamode_db [None req-210dfa7f-e599-4700-84f6-4b6c332756fa None None] neutron.services.l3_router.l3_router_plugin.L3RouterPlugin method _process_sync_ha_data called with arguments (, [{'id': '7345c61f-59dc-4c26-a030-144a8f00c3a1', 'name': 'tempest-AttachVolumeShelveTestJSON-265376154-router', 'tenant_id': '0c1b31eccb264132b2526fe5c174f2db', 'admin_state_up': True, 'status': 'ACTIVE', 'external_gateway_info': {'network_id': '3b9d3109-9c57-47ab-8327-863f004a61ae', 'external_fixed_ips': [{'subnet_id': 'd837a1b3-fb9d-432c-acc2-489a4434ee5f', 'ip_address': '172.28.1.24'}], 'enable_snat': True}, 'gw_port_id': 'e33ff6d0-2671-4639-87de-d19f4a811bbe', 'description': '', 'availability_zones': ['nova'], 'distributed': False, 'ha': False, 'ha_vr_id': 0, 'availability_zone_hints': [], 'routes': [], 'flavor_id': None, 'tags': [], 'created_at': '2021-08-09T11:39:07Z', 'updated_at': '2021-08-09T11:39:12Z', 'revision_number': 4, 'project_id': '0c1b31eccb264132b2526fe5c174f2db', 'gw_port': {'id': 'e33ff6d0-2671-4639-87de-d19f4a811bbe', 'name': '', 'network_id': '3b9d3109-9c57-47ab-8327-863f004a61ae', 'tenant_id': '', 'mac_address': 'fa:16:3e:75:70:7e', 'admin_state_up': True, 'status': 'ACTIVE', 'device_id': '7345c61f-59dc-4c26-a030-144a8f00c3a1', 'device_owner': 'network:router_gateway', 'standard_attr_id': 282, 'fixed_ips': [{'subnet_id': 'd837a1b3-fb9d-432c-acc2-489a4434ee5f', 'ip_address': '172.28.1.24', 'prefixlen': 24}], 'allowed_address_pairs': [], 'extra_dhcp_opts': [], 'security_groups': [], 'description': '', 'binding:vnic_type': 'normal', 'binding:profile': {}, 'binding:host_id': 'dv-cinder-802653-6-smb', 'binding:vif_type': 'ovs', 'binding:vif_details': {'connectivity': 'l2', 'port_filter': True, 'ovs_hybrid_plug': False, 'datapath_type': 'system', 'bridge_name': 'br-int'}, 'port_security_enabled': False, 'tags': [], 'created_at': '2021-08-09T11:39:08Z', 'updated_at': '2021-08-09T11:39:14Z', 'revision_number': 4, 'project_id': '', 'subnets': [{'id': 'd837a1b3-fb9d-432c-acc2-489a4434ee5f', 'cidr': '172.28.1.0/24', 'gateway_ip': '172.28.1.1', 'dns_nameservers': [], 'ipv6_ra_mode': None, 'subnetpool_id': None}], 'extra_subnets': [], 'address_scopes': {4: None, 6: None}, 'mtu': 1500}, 'enable_snat': True, 'gw_port_host': 'dv-cinder-802653-6-smb', '_interfaces': [{'id': '903b8aaa-e439-400c-9467-ec0237a31e98', 'name': '', 'network_id': 'dcaed5c2-c111-41ef-a458-294fdb1b8eb4', 'tenant_id': '0c1b31eccb264132b2526fe5c174f2db', 'mac_address': 'fa:16:3e:de:e0:7a', 'admin_state_up': True, 'status': 'DOWN', 'device_id': '7345c61f-59dc-4c26-a030-144a8f00c3a1', 'device_owner': 'network:router_interface', 'standard_attr_id': 291, 'fixed_ips': [{'subnet_id': '0c9bf13d-21cc-427e-89de-33c7c1d15aea', 'ip_address': '172.20.0.1', 'prefixlen': 28}], 'allowed_address_pairs': [], 'extra_dhcp_opts': [], 'security_groups': [], 'description': '', 'binding:vnic_type': 'normal', 'binding:profile': {}, 'binding:host_id': 'dv-cinder-802653-6-smb', 'binding:vif_type': 'ovs', 'binding:vif_details': {'connectivity': 'l2', 'port_filter': True, 'ovs_hybrid_plug': False, 'datapath_type': 'system', 'bridge_name': 'br-int'}, 'port_security_enabled': False, 'tags': [], 'created_at': '2021-08-09T11:39:11Z', 'updated_at': '2021-08-09T11:39:16Z', 'revision_number': 4, 'project_id': '0c1b31eccb264132b2526fe5c174f2db', 'subnets': [{'id': '0c9bf13d-21cc-427e-89de-33c7c1d15aea', 'cidr': '172.20.0.0/28', 'gateway_ip': '172.20.0.1', 'dns_nameservers': [], 'ipv6_ra_mode': None, 'subnetpool_id': None}], 'extra_subnets': [], 'address_scopes': {4: None, 6: None}, 'mtu': 1500}]}], 'dv-cinder-802653-6-smb', False) {} {{(pid=93502) wrapper /usr/local/lib/python3.8/dist-packages/oslo_log/helpers.py:65}}
