Aug 09 11:38:33.947575 dv-cinder-802653-6-smb devstack@c-api.service[106715]: /usr/local/lib/python3.8/dist-packages/oslo_context/context.py:105: DeprecationWarning: Policy enforcement is depending on the value of is_admin. This key is deprecated. Please update your policy file to use the standard policy values.
Aug 09 11:38:33.947575 dv-cinder-802653-6-smb devstack@c-api.service[106715]: warnings.warn('Policy enforcement is depending on the value of '
Aug 09 11:38:33.970259 dv-cinder-802653-6-smb devstack@c-api.service[106715]: INFO cinder.volume.api [None req-51a719ea-bc7d-4b40-b9a4-f7431303e449 tempest-UserMessagesTest-1239227951 tempest-UserMessagesTest-1239227951-project] Volume info retrieved successfully.
Aug 09 11:38:33.992250 dv-cinder-802653-6-smb devstack@c-api.service[106715]: INFO cinder.api.openstack.wsgi [None req-51a719ea-bc7d-4b40-b9a4-f7431303e449 tempest-UserMessagesTest-1239227951 tempest-UserMessagesTest-1239227951-project] http://10.222.0.52/volume/v3/d1d9c820c5ae408888d8ccee3407a25c/volumes/c18034e7-5d0e-42e6-a5b8-17701107571b returned with HTTP 200
Aug 09 11:38:34.003873 dv-cinder-802653-6-smb devstack@c-api.service[106715]: [pid: 106715|app: 0|req: 68/128] 10.222.0.52 () {60 vars in 1365 bytes} [Mon Aug 9 11:38:33 2021] GET /volume/v3/d1d9c820c5ae408888d8ccee3407a25c/volumes/c18034e7-5d0e-42e6-a5b8-17701107571b => generated 939 bytes in 90 msecs (HTTP/1.1 200) 7 headers in 285 bytes (1 switches on core 0)
Aug 09 11:38:34.008371 dv-cinder-802653-6-smb devstack@c-api.service[106715]: INFO cinder.api.openstack.wsgi [None req-e86c5a46-4e62-4048-bfc9-9ba1fc5d5d30 tempest-UserMessagesTest-1239227951 tempest-UserMessagesTest-1239227951-project] GET http://10.222.0.52/volume/v3/d1d9c820c5ae408888d8ccee3407a25c/messages
Aug 09 11:38:34.009179 dv-cinder-802653-6-smb devstack@c-api.service[106715]: DEBUG cinder.api.openstack.wsgi [None req-e86c5a46-4e62-4048-bfc9-9ba1fc5d5d30 tempest-UserMessagesTest-1239227951 tempest-UserMessagesTest-1239227951-project] Empty body provided in request {{(pid=106715) get_body /opt/stack/cinder/cinder/api/openstack/wsgi.py:703}}
Aug 09 11:38:34.009524 dv-cinder-802653-6-smb devstack@c-api.service[106715]: /usr/local/lib/python3.8/dist-packages/webob/acceptparse.py:1047: DeprecationWarning: The behavior of AcceptValidHeader.best_match is currently being maintained for backward compatibility, but it will be deprecated in the future, as it does not conform to the RFC.
Aug 09 11:38:34.009524 dv-cinder-802653-6-smb devstack@c-api.service[106715]: warnings.warn(
Aug 09 11:38:34.010177 dv-cinder-802653-6-smb devstack@c-api.service[106715]: DEBUG cinder.api.openstack.wsgi [None req-e86c5a46-4e62-4048-bfc9-9ba1fc5d5d30 tempest-UserMessagesTest-1239227951 tempest-UserMessagesTest-1239227951-project] Calling method 'version_select' {{(pid=106715) _process_stack /opt/stack/cinder/cinder/api/openstack/wsgi.py:856}}
Aug 09 11:38:34.023271 dv-cinder-802653-6-smb devstack@c-api.service[106715]: INFO cinder.api.openstack.wsgi [None req-e86c5a46-4e62-4048-bfc9-9ba1fc5d5d30 tempest-UserMessagesTest-1239227951 tempest-UserMessagesTest-1239227951-project] http://10.222.0.52/volume/v3/d1d9c820c5ae408888d8ccee3407a25c/messages returned with HTTP 200
Aug 09 11:38:34.030539 dv-cinder-802653-6-smb devstack@c-api.service[106715]: [pid: 106715|app: 0|req: 69/129] 10.222.0.52 () {60 vars in 1257 bytes} [Mon Aug 9 11:38:34 2021] GET /volume/v3/d1d9c820c5ae408888d8ccee3407a25c/messages => generated 736 bytes in 26 msecs (HTTP/1.1 200) 7 headers in 285 bytes (1 switches on core 0)
Aug 09 11:38:34.036970 dv-cinder-802653-6-smb devstack@c-api.service[106715]: INFO cinder.api.openstack.wsgi [None req-3f948ab7-b1a1-4451-a9f6-a8f1722d1573 tempest-UserMessagesTest-1239227951 tempest-UserMessagesTest-1239227951-project] DELETE http://10.222.0.52/volume/v3/d1d9c820c5ae408888d8ccee3407a25c/messages/6c957c91-d6d0-4bba-bd24-f14b1c3492d6
Aug 09 11:38:34.037985 dv-cinder-802653-6-smb devstack@c-api.service[106715]: DEBUG cinder.api.openstack.wsgi [None req-3f948ab7-b1a1-4451-a9f6-a8f1722d1573 tempest-UserMessagesTest-1239227951 tempest-UserMessagesTest-1239227951-project] Empty body provided in request {{(pid=106715) get_body /opt/stack/cinder/cinder/api/openstack/wsgi.py:703}}
Aug 09 11:38:34.038600 dv-cinder-802653-6-smb devstack@c-api.service[106715]: DEBUG cinder.api.openstack.wsgi [None req-3f948ab7-b1a1-4451-a9f6-a8f1722d1573 tempest-UserMessagesTest-1239227951 tempest-UserMessagesTest-1239227951-project] Calling method 'version_select' {{(pid=106715) _process_stack /opt/stack/cinder/cinder/api/openstack/wsgi.py:856}}
Aug 09 11:38:34.063431 dv-cinder-802653-6-smb devstack@c-api.service[106715]: INFO cinder.api.openstack.wsgi [None req-3f948ab7-b1a1-4451-a9f6-a8f1722d1573 tempest-UserMessagesTest-1239227951 tempest-UserMessagesTest-1239227951-project] http://10.222.0.52/volume/v3/d1d9c820c5ae408888d8ccee3407a25c/messages/6c957c91-d6d0-4bba-bd24-f14b1c3492d6 returned with HTTP 204
Aug 09 11:38:34.064393 dv-cinder-802653-6-smb devstack@c-api.service[106715]: [pid: 106715|app: 0|req: 70/130] 10.222.0.52 () {60 vars in 1371 bytes} [Mon Aug 9 11:38:34 2021] DELETE /volume/v3/d1d9c820c5ae408888d8ccee3407a25c/messages/6c957c91-d6d0-4bba-bd24-f14b1c3492d6 => generated 0 bytes in 33 msecs (HTTP/1.1 204) 6 headers in 235 bytes (1 switches on core 0)
Aug 09 11:38:34.073100 dv-cinder-802653-6-smb devstack@c-api.service[106715]: INFO cinder.api.openstack.wsgi [None req-e957dafa-311a-413a-bcf3-a1153ff5fa72 tempest-UserMessagesTest-1239227951 tempest-UserMessagesTest-1239227951-project] GET http://10.222.0.52/volume/v3/d1d9c820c5ae408888d8ccee3407a25c/messages/6c957c91-d6d0-4bba-bd24-f14b1c3492d6
Aug 09 11:38:34.073597 dv-cinder-802653-6-smb devstack@c-api.service[106715]: DEBUG cinder.api.openstack.wsgi [None req-e957dafa-311a-413a-bcf3-a1153ff5fa72 tempest-UserMessagesTest-1239227951 tempest-UserMessagesTest-1239227951-project] Empty body provided in request {{(pid=106715) get_body /opt/stack/cinder/cinder/api/openstack/wsgi.py:703}}
Aug 09 11:38:34.074013 dv-cinder-802653-6-smb devstack@c-api.service[106715]: DEBUG cinder.api.openstack.wsgi [None req-e957dafa-311a-413a-bcf3-a1153ff5fa72 tempest-UserMessagesTest-1239227951 tempest-UserMessagesTest-1239227951-project] Calling method 'version_select' {{(pid=106715) _process_stack /opt/stack/cinder/cinder/api/openstack/wsgi.py:856}}
Aug 09 11:38:34.079788 dv-cinder-802653-6-smb devstack@c-api.service[106715]: INFO cinder.api.openstack.wsgi [None req-e957dafa-311a-413a-bcf3-a1153ff5fa72 tempest-UserMessagesTest-1239227951 tempest-UserMessagesTest-1239227951-project] http://10.222.0.52/volume/v3/d1d9c820c5ae408888d8ccee3407a25c/messages/6c957c91-d6d0-4bba-bd24-f14b1c3492d6 returned with HTTP 404
Aug 09 11:38:34.085946 dv-cinder-802653-6-smb devstack@c-api.service[106715]: [pid: 106715|app: 0|req: 71/131] 10.222.0.52 () {60 vars in 1368 bytes} [Mon Aug 9 11:38:34 2021] GET /volume/v3/d1d9c820c5ae408888d8ccee3407a25c/messages/6c957c91-d6d0-4bba-bd24-f14b1c3492d6 => generated 110 bytes in 16 msecs (HTTP/1.1 404) 7 headers in 292 bytes (1 switches on core 0)
Aug 09 11:38:34.093629 dv-cinder-802653-6-smb devstack@c-api.service[106715]: INFO cinder.api.openstack.wsgi [None req-b8c03893-e8e0-487f-a217-9b3c51f08852 tempest-UserMessagesTest-2092255581 tempest-UserMessagesTest-2092255581-project-admin] POST http://10.222.0.52/volume/v3/ee36c7eb9015428d893c67ea1e852a82/types
Aug 09 11:38:34.094514 dv-cinder-802653-6-smb devstack@c-api.service[106715]: DEBUG cinder.api.openstack.wsgi [None req-b8c03893-e8e0-487f-a217-9b3c51f08852 tempest-UserMessagesTest-2092255581 tempest-UserMessagesTest-2092255581-project-admin] Action: 'create', calling method: _create, body: {"volume_type": {"name": "tempest-UserMessagesTest-volume-type-197592370", "extra_specs": {"storage_protocol": "tempest-storage_protocol-454638031", "vendor_name": "tempest-vendor_name-1667532615"}}} {{(pid=106715) _process_stack /opt/stack/cinder/cinder/api/openstack/wsgi.py:854}}
Aug 09 11:38:34.144259 dv-cinder-802653-6-smb devstack@c-api.service[106715]: INFO cinder.api.openstack.wsgi [None req-b8c03893-e8e0-487f-a217-9b3c51f08852 tempest-UserMessagesTest-2092255581 tempest-UserMessagesTest-2092255581-project-admin] http://10.222.0.52/volume/v3/ee36c7eb9015428d893c67ea1e852a82/types returned with HTTP 200
Aug 09 11:38:34.156168 dv-cinder-802653-6-smb devstack@c-api.service[106715]: [pid: 106715|app: 0|req: 72/132] 10.222.0.52 () {60 vars in 1230 bytes} [Mon Aug 9 11:38:34 2021] POST /volume/v3/ee36c7eb9015428d893c67ea1e852a82/types => generated 326 bytes in 69 msecs (HTTP/1.1 200) 7 headers in 285 bytes (1 switches on core 0)
Aug 09 11:38:34.163689 dv-cinder-802653-6-smb devstack@c-api.service[106715]: INFO cinder.api.openstack.wsgi [None req-9073793e-455d-4fd7-a4ae-d65079d61cfc tempest-UserMessagesTest-1239227951 tempest-UserMessagesTest-1239227951-project] POST http://10.222.0.52/volume/v3/d1d9c820c5ae408888d8ccee3407a25c/volumes
Aug 09 11:38:34.164746 dv-cinder-802653-6-smb devstack@c-api.service[106715]: DEBUG cinder.api.openstack.wsgi [None req-9073793e-455d-4fd7-a4ae-d65079d61cfc tempest-UserMessagesTest-1239227951 tempest-UserMessagesTest-1239227951-project] Action: 'create', calling method: create, body: {"volume": {"volume_type": "d277200f-ef9d-478e-bdba-aa03d38937da", "size": 1, "name": "tempest-UserMessagesTest-Volume-470081365"}} {{(pid=106715) _process_stack /opt/stack/cinder/cinder/api/openstack/wsgi.py:854}}
Aug 09 11:38:34.169405 dv-cinder-802653-6-smb devstack@c-api.service[106715]: DEBUG cinder.api.v3.volumes [None req-9073793e-455d-4fd7-a4ae-d65079d61cfc tempest-UserMessagesTest-1239227951 tempest-UserMessagesTest-1239227951-project] Create volume request body: {'volume': {'volume_type': 'd277200f-ef9d-478e-bdba-aa03d38937da', 'size': 1, 'name': 'tempest-UserMessagesTest-Volume-470081365'}} {{(pid=106715) create /opt/stack/cinder/cinder/api/v3/volumes.py:290}}
Aug 09 11:38:34.187642 dv-cinder-802653-6-smb devstack@c-api.service[106715]: INFO cinder.api.v3.volumes [None req-9073793e-455d-4fd7-a4ae-d65079d61cfc tempest-UserMessagesTest-1239227951 tempest-UserMessagesTest-1239227951-project] Create volume of 1 GB
Aug 09 11:38:34.188508 dv-cinder-802653-6-smb devstack@c-api.service[106715]: /usr/local/lib/python3.8/dist-packages/oslo_context/context.py:105: DeprecationWarning: Policy enforcement is depending on the value of is_admin. This key is deprecated. Please update your policy file to use the standard policy values.
Aug 09 11:38:34.188508 dv-cinder-802653-6-smb devstack@c-api.service[106715]: warnings.warn('Policy enforcement is depending on the value of '
Aug 09 11:38:34.191937 dv-cinder-802653-6-smb devstack@c-api.service[106715]: INFO cinder.volume.api [None req-9073793e-455d-4fd7-a4ae-d65079d61cfc tempest-UserMessagesTest-1239227951 tempest-UserMessagesTest-1239227951-project] Availability Zones retrieved successfully.
Aug 09 11:38:34.207224 dv-cinder-802653-6-smb devstack@c-api.service[106716]: INFO cinder.volume.api [req-1c04a85d-cc2a-41dc-ae4c-798a899e120f req-cb1187f4-33da-4b36-b53f-c76e5a4fa7c2 tempest-VolumesTestJSON-1767237212 tempest-VolumesTestJSON-1767237212-project] Get all volumes completed successfully.
Aug 09 11:38:34.209786 dv-cinder-802653-6-smb devstack@c-api.service[106716]: /usr/local/lib/python3.8/dist-packages/oslo_context/context.py:105: DeprecationWarning: Policy enforcement is depending on the value of is_admin. This key is deprecated. Please update your policy file to use the standard policy values.
Aug 09 11:38:34.209786 dv-cinder-802653-6-smb devstack@c-api.service[106716]: warnings.warn('Policy enforcement is depending on the value of '
Aug 09 11:38:34.219463 dv-cinder-802653-6-smb devstack@c-api.service[106716]: INFO cinder.api.openstack.wsgi [req-1c04a85d-cc2a-41dc-ae4c-798a899e120f req-cb1187f4-33da-4b36-b53f-c76e5a4fa7c2 tempest-VolumesTestJSON-1767237212 tempest-VolumesTestJSON-1767237212-project] http://10.222.0.52/volume/v3/08a3a702ffc24891829946b67c516244/volumes/detail returned with HTTP 200
Aug 09 11:38:34.220025 dv-cinder-802653-6-smb devstack@c-api.service[106715]: DEBUG cinder.volume.api [None req-9073793e-455d-4fd7-a4ae-d65079d61cfc tempest-UserMessagesTest-1239227951 tempest-UserMessagesTest-1239227951-project] Flow 'volume_create_api' (0613259a-1cc3-47d5-a381-67a64b044e97) transitioned into state 'RUNNING' from state 'PENDING' {{(pid=106715) _flow_receiver /usr/local/lib/python3.8/dist-packages/taskflow/listeners/logging.py:141}}
Aug 09 11:38:34.221070 dv-cinder-802653-6-smb devstack@c-api.service[106716]: [pid: 106716|app: 0|req: 61/133] 10.222.0.52 () {60 vars in 1489 bytes} [Mon Aug 9 11:38:33 2021] GET /volume/v3/08a3a702ffc24891829946b67c516244/volumes/detail => generated 2747 bytes in 328 msecs (HTTP/1.1 200) 7 headers in 286 bytes (1 switches on core 0)
Aug 09 11:38:34.222726 dv-cinder-802653-6-smb devstack@c-api.service[106715]: DEBUG cinder.volume.api [None req-9073793e-455d-4fd7-a4ae-d65079d61cfc tempest-UserMessagesTest-1239227951 tempest-UserMessagesTest-1239227951-project] Task 'cinder.volume.flows.api.create_volume.ExtractVolumeRequestTask;volume:create' (0ac5b50a-7eec-4cdc-b083-be53957d81d5) transitioned into state 'RUNNING' from state 'PENDING' {{(pid=106715) _task_receiver /usr/local/lib/python3.8/dist-packages/taskflow/listeners/logging.py:190}}
Aug 09 11:38:34.230473 dv-cinder-802653-6-smb devstack@c-api.service[106715]: DEBUG cinder.volume.flows.api.create_volume [None req-9073793e-455d-4fd7-a4ae-d65079d61cfc tempest-UserMessagesTest-1239227951 tempest-UserMessagesTest-1239227951-project] Validating volume size '1' using validate_int {{(pid=106715) _extract_size /opt/stack/cinder/cinder/volume/flows/api/create_volume.py:201}}
Aug 09 11:38:34.266164 dv-cinder-802653-6-smb devstack@c-api.service[106716]: INFO cinder.api.openstack.wsgi [req-55fc7d07-1323-4f63-95c9-0ff19479317f req-13e060c9-29ed-43cf-8edd-38ff4ec0b38d tempest-VolumesTestJSON-1767237212 tempest-VolumesTestJSON-1767237212-project] GET http://10.222.0.52/volume/v3/08a3a702ffc24891829946b67c516244/volumes/detail
Aug 09 11:38:34.266728 dv-cinder-802653-6-smb devstack@c-api.service[106716]: DEBUG cinder.api.openstack.wsgi [req-55fc7d07-1323-4f63-95c9-0ff19479317f req-13e060c9-29ed-43cf-8edd-38ff4ec0b38d tempest-VolumesTestJSON-1767237212 tempest-VolumesTestJSON-1767237212-project] Empty body provided in request {{(pid=106716) get_body /opt/stack/cinder/cinder/api/openstack/wsgi.py:703}}
Aug 09 11:38:34.266820 dv-cinder-802653-6-smb devstack@c-api.service[106716]: /usr/local/lib/python3.8/dist-packages/webob/acceptparse.py:1047: DeprecationWarning: The behavior of AcceptValidHeader.best_match is currently being maintained for backward compatibility, but it will be deprecated in the future, as it does not conform to the RFC.
Aug 09 11:38:34.266820 dv-cinder-802653-6-smb devstack@c-api.service[106716]: warnings.warn(
Aug 09 11:38:34.267073 dv-cinder-802653-6-smb devstack@c-api.service[106716]: DEBUG cinder.api.openstack.wsgi [req-55fc7d07-1323-4f63-95c9-0ff19479317f req-13e060c9-29ed-43cf-8edd-38ff4ec0b38d tempest-VolumesTestJSON-1767237212 tempest-VolumesTestJSON-1767237212-project] Calling method 'detail' {{(pid=106716) _process_stack /opt/stack/cinder/cinder/api/openstack/wsgi.py:856}}
Aug 09 11:38:34.267792 dv-cinder-802653-6-smb devstack@c-api.service[106716]: DEBUG cinder.api.api_utils [req-55fc7d07-1323-4f63-95c9-0ff19479317f req-13e060c9-29ed-43cf-8edd-38ff4ec0b38d tempest-VolumesTestJSON-1767237212 tempest-VolumesTestJSON-1767237212-project] Removing options '' from query. {{(pid=106716) remove_invalid_filter_options /opt/stack/cinder/cinder/api/api_utils.py:73}}
Aug 09 11:38:34.270480 dv-cinder-802653-6-smb devstack@c-api.service[106716]: DEBUG cinder.volume.api [req-55fc7d07-1323-4f63-95c9-0ff19479317f req-13e060c9-29ed-43cf-8edd-38ff4ec0b38d tempest-VolumesTestJSON-1767237212 tempest-VolumesTestJSON-1767237212-project] Searching by: MultiDict([('no_migration_targets', True)]). {{(pid=106716) get_all /opt/stack/cinder/cinder/volume/api.py:619}}
Aug 09 11:38:34.271936 dv-cinder-802653-6-smb devstack@c-api.service[106715]: DEBUG cinder.volume.api [None req-9073793e-455d-4fd7-a4ae-d65079d61cfc tempest-UserMessagesTest-1239227951 tempest-UserMessagesTest-1239227951-project] Task 'cinder.volume.flows.api.create_volume.ExtractVolumeRequestTask;volume:create' (0ac5b50a-7eec-4cdc-b083-be53957d81d5) transitioned into state 'SUCCESS' from state 'RUNNING' with result '{'size': 1, 'snapshot_id': None, 'source_volid': None, 'volume_type': VolumeType(created_at=2021-08-09T11:38:34Z,deleted=False,deleted_at=None,description=None,extra_specs={storage_protocol='tempest-storage_protocol-454638031',vendor_name='tempest-vendor_name-1667532615'},id=d277200f-ef9d-478e-bdba-aa03d38937da,is_public=True,name='tempest-UserMessagesTest-volume-type-197592370',projects=[],qos_specs=,qos_specs_id=None,updated_at=None), 'volume_type_id': 'd277200f-ef9d-478e-bdba-aa03d38937da', 'encryption_key_id': None, 'qos_specs': None, 'consistencygroup_id': None, 'cgsnapshot_id': None, 'group_id': None, 'replication_status': 'disabled', 'refresh_az': False, 'backup_id': None, 'multiattach': False, 'availability_zones': ['nova']}' {{(pid=106715) _task_receiver /usr/local/lib/python3.8/dist-packages/taskflow/listeners/logging.py:178}}
Aug 09 11:38:34.274706 dv-cinder-802653-6-smb devstack@c-api.service[106715]: DEBUG cinder.volume.api [None req-9073793e-455d-4fd7-a4ae-d65079d61cfc tempest-UserMessagesTest-1239227951 tempest-UserMessagesTest-1239227951-project] Task 'cinder.volume.flows.api.create_volume.QuotaReserveTask;volume:create' (dfa88624-8139-4032-83cc-395ee155d82b) transitioned into state 'RUNNING' from state 'PENDING' {{(pid=106715) _task_receiver /usr/local/lib/python3.8/dist-packages/taskflow/listeners/logging.py:190}}
Aug 09 11:38:34.319860 dv-cinder-802653-6-smb devstack@c-api.service[106715]: WARNING cinder.quota [None req-9073793e-455d-4fd7-a4ae-d65079d61cfc tempest-UserMessagesTest-1239227951 tempest-UserMessagesTest-1239227951-project] Deprecated: Default quota for resource: volumes_tempest-UserMessagesTest-volume-type-197592370 is set by the default quota flag: quota_volumes_tempest-UserMessagesTest-volume-type-197592370, it is now deprecated. Please use the default quota class for default quota.
Aug 09 11:38:34.320671 dv-cinder-802653-6-smb devstack@c-api.service[106715]: WARNING cinder.quota [None req-9073793e-455d-4fd7-a4ae-d65079d61cfc tempest-UserMessagesTest-1239227951 tempest-UserMessagesTest-1239227951-project] Deprecated: Default quota for resource: gigabytes_tempest-UserMessagesTest-volume-type-197592370 is set by the default quota flag: quota_gigabytes_tempest-UserMessagesTest-volume-type-197592370, it is now deprecated. Please use the default quota class for default quota.
Aug 09 11:38:34.395454 dv-cinder-802653-6-smb devstack@c-api.service[106715]: DEBUG cinder.quota [None req-9073793e-455d-4fd7-a4ae-d65079d61cfc tempest-UserMessagesTest-1239227951 tempest-UserMessagesTest-1239227951-project] Created reservations ['4225716f-5543-4181-a889-d20a718f66b4', '249cb2ea-28ee-4de7-97c1-546dea515f1e', 'd1761d5a-72df-4173-ab56-c7daa5964099', 'e183c230-7775-4e57-866c-b00b1e1180b7'] {{(pid=106715) reserve /opt/stack/cinder/cinder/quota.py:755}}
Aug 09 11:38:34.399502 dv-cinder-802653-6-smb devstack@c-api.service[106715]: DEBUG cinder.volume.api [None req-9073793e-455d-4fd7-a4ae-d65079d61cfc tempest-UserMessagesTest-1239227951 tempest-UserMessagesTest-1239227951-project] Task 'cinder.volume.flows.api.create_volume.QuotaReserveTask;volume:create' (dfa88624-8139-4032-83cc-395ee155d82b) transitioned into state 'SUCCESS' from state 'RUNNING' with result '{'reservations': ['4225716f-5543-4181-a889-d20a718f66b4', '249cb2ea-28ee-4de7-97c1-546dea515f1e', 'd1761d5a-72df-4173-ab56-c7daa5964099', 'e183c230-7775-4e57-866c-b00b1e1180b7']}' {{(pid=106715) _task_receiver /usr/local/lib/python3.8/dist-packages/taskflow/listeners/logging.py:178}}
Aug 09 11:38:34.408664 dv-cinder-802653-6-smb devstack@c-api.service[106716]: INFO cinder.volume.api [req-55fc7d07-1323-4f63-95c9-0ff19479317f req-13e060c9-29ed-43cf-8edd-38ff4ec0b38d tempest-VolumesTestJSON-1767237212 tempest-VolumesTestJSON-1767237212-project] Get all volumes completed successfully.
Aug 09 11:38:34.409476 dv-cinder-802653-6-smb devstack@c-api.service[106715]: DEBUG cinder.volume.api [None req-9073793e-455d-4fd7-a4ae-d65079d61cfc tempest-UserMessagesTest-1239227951 tempest-UserMessagesTest-1239227951-project] Task 'cinder.volume.flows.api.create_volume.EntryCreateTask;volume:create' (2aa0f94c-a20d-4b98-a3ef-1e9955356432) transitioned into state 'RUNNING' from state 'PENDING' {{(pid=106715) _task_receiver /usr/local/lib/python3.8/dist-packages/taskflow/listeners/logging.py:190}}
Aug 09 11:38:34.413890 dv-cinder-802653-6-smb devstack@c-api.service[106716]: /usr/local/lib/python3.8/dist-packages/oslo_context/context.py:105: DeprecationWarning: Policy enforcement is depending on the value of is_admin. This key is deprecated. Please update your policy file to use the standard policy values.
Aug 09 11:38:34.413890 dv-cinder-802653-6-smb devstack@c-api.service[106716]: warnings.warn('Policy enforcement is depending on the value of '
Aug 09 11:38:34.427559 dv-cinder-802653-6-smb devstack@c-api.service[106716]: INFO cinder.api.openstack.wsgi [req-55fc7d07-1323-4f63-95c9-0ff19479317f req-13e060c9-29ed-43cf-8edd-38ff4ec0b38d tempest-VolumesTestJSON-1767237212 tempest-VolumesTestJSON-1767237212-project] http://10.222.0.52/volume/v3/08a3a702ffc24891829946b67c516244/volumes/detail returned with HTTP 200
Aug 09 11:38:34.428577 dv-cinder-802653-6-smb devstack@c-api.service[106716]: [pid: 106716|app: 0|req: 62/134] 10.222.0.52 () {60 vars in 1489 bytes} [Mon Aug 9 11:38:34 2021] GET /volume/v3/08a3a702ffc24891829946b67c516244/volumes/detail => generated 2747 bytes in 168 msecs (HTTP/1.1 200) 7 headers in 286 bytes (2 switches on core 0)
Aug 09 11:38:34.456989 dv-cinder-802653-6-smb devstack@c-api.service[106715]: DEBUG cinder.volume.api [None req-9073793e-455d-4fd7-a4ae-d65079d61cfc tempest-UserMessagesTest-1239227951 tempest-UserMessagesTest-1239227951-project] Task 'cinder.volume.flows.api.create_volume.EntryCreateTask;volume:create' (2aa0f94c-a20d-4b98-a3ef-1e9955356432) transitioned into state 'SUCCESS' from state 'RUNNING' with result '{'volume_id': '3d1beed0-8bf8-409e-9e4c-aa99e8d91073', 'volume_properties': VolumeProperties(attach_status='detached',availability_zone='nova',cgsnapshot_id=None,consistencygroup_id=None,display_description=None,display_name='tempest-UserMessagesTest-Volume-470081365',encryption_key_id=None,group_id=None,group_type_id=,metadata={},multiattach=False,project_id='d1d9c820c5ae408888d8ccee3407a25c',qos_specs=None,replication_status=,reservations=['4225716f-5543-4181-a889-d20a718f66b4','249cb2ea-28ee-4de7-97c1-546dea515f1e','d1761d5a-72df-4173-ab56-c7daa5964099','e183c230-7775-4e57-866c-b00b1e1180b7'],size=1,snapshot_id=None,source_replicaid=,source_volid=None,status='creating',user_id='833a891b3fca401e8508377b7d098014',volume_type_id=d277200f-ef9d-478e-bdba-aa03d38937da), 'volume': Volume(_name_id=None,admin_metadata=,attach_status='detached',availability_zone='nova',bootable=False,cluster=,cluster_name=None,consistencygroup=,consistencygroup_id=None,created_at=2021-08-09T11:38:34Z,deleted=False,deleted_at=None,display_description=None,display_name='tempest-UserMessagesTest-Volume-470081365',ec2_id=None,encryption_key_id=None,glance_metadata=,group=,group_id=None,host=None,id=3d1beed0-8bf8-409e-9e4c-aa99e8d91073,launched_at=None,metadata={},migration_status=None,multiattach=False,previous_status=None,project_id='d1d9c820c5ae408888d8ccee3407a25c',provider_auth=None,provider_geometry=None,provider_id=None,provider_location=None,replication_driver_data=None,replication_extended_status=None,replication_status=None,scheduled_at=None,service_uuid=None,shared_targets=True,size=1,snapshot_id=None,snapshots=,source_volid=None,status='creating',terminated_at=None,updated_at=None,user_id='833a891b3fca401e8508377b7d098014',volume_attachment=,volume_type=VolumeType(d277200f-ef9d-478e-bdba-aa03d38937da),volume_type_id=d277200f-ef9d-478e-bdba-aa03d38937da)}' {{(pid=106715) _task_receiver /usr/local/lib/python3.8/dist-packages/taskflow/listeners/logging.py:178}}
Aug 09 11:38:34.462533 dv-cinder-802653-6-smb devstack@c-api.service[106715]: DEBUG cinder.volume.api [None req-9073793e-455d-4fd7-a4ae-d65079d61cfc tempest-UserMessagesTest-1239227951 tempest-UserMessagesTest-1239227951-project] Task 'cinder.volume.flows.api.create_volume.QuotaCommitTask;volume:create' (3a081bd5-0c62-4b34-9089-bd6d472d3273) transitioned into state 'RUNNING' from state 'PENDING' {{(pid=106715) _task_receiver /usr/local/lib/python3.8/dist-packages/taskflow/listeners/logging.py:190}}
Aug 09 11:38:34.473358 dv-cinder-802653-6-smb devstack@c-api.service[106716]: INFO cinder.api.openstack.wsgi [req-276f2c9a-723a-43e2-8d51-eea18b66b47d req-daea8a8f-28b1-47c9-b40d-27533348f260 tempest-VolumesTestJSON-1767237212 tempest-VolumesTestJSON-1767237212-project] GET http://10.222.0.52/volume/v3/08a3a702ffc24891829946b67c516244/volumes/detail
Aug 09 11:38:34.474199 dv-cinder-802653-6-smb devstack@c-api.service[106716]: DEBUG cinder.api.openstack.wsgi [req-276f2c9a-723a-43e2-8d51-eea18b66b47d req-daea8a8f-28b1-47c9-b40d-27533348f260 tempest-VolumesTestJSON-1767237212 tempest-VolumesTestJSON-1767237212-project] Empty body provided in request {{(pid=106716) get_body /opt/stack/cinder/cinder/api/openstack/wsgi.py:703}}
Aug 09 11:38:34.474564 dv-cinder-802653-6-smb devstack@c-api.service[106716]: /usr/local/lib/python3.8/dist-packages/webob/acceptparse.py:1047: DeprecationWarning: The behavior of AcceptValidHeader.best_match is currently being maintained for backward compatibility, but it will be deprecated in the future, as it does not conform to the RFC.
Aug 09 11:38:34.474564 dv-cinder-802653-6-smb devstack@c-api.service[106716]: warnings.warn(
Aug 09 11:38:34.475175 dv-cinder-802653-6-smb devstack@c-api.service[106716]: DEBUG cinder.api.openstack.wsgi [req-276f2c9a-723a-43e2-8d51-eea18b66b47d req-daea8a8f-28b1-47c9-b40d-27533348f260 tempest-VolumesTestJSON-1767237212 tempest-VolumesTestJSON-1767237212-project] Calling method 'detail' {{(pid=106716) _process_stack /opt/stack/cinder/cinder/api/openstack/wsgi.py:856}}
Aug 09 11:38:34.475993 dv-cinder-802653-6-smb devstack@c-api.service[106716]: DEBUG cinder.api.api_utils [req-276f2c9a-723a-43e2-8d51-eea18b66b47d req-daea8a8f-28b1-47c9-b40d-27533348f260 tempest-VolumesTestJSON-1767237212 tempest-VolumesTestJSON-1767237212-project] Removing options '' from query. {{(pid=106716) remove_invalid_filter_options /opt/stack/cinder/cinder/api/api_utils.py:73}}
Aug 09 11:38:34.478407 dv-cinder-802653-6-smb devstack@c-api.service[106716]: DEBUG cinder.volume.api [req-276f2c9a-723a-43e2-8d51-eea18b66b47d req-daea8a8f-28b1-47c9-b40d-27533348f260 tempest-VolumesTestJSON-1767237212 tempest-VolumesTestJSON-1767237212-project] Searching by: MultiDict([('no_migration_targets', True)]). {{(pid=106716) get_all /opt/stack/cinder/cinder/volume/api.py:619}}
Aug 09 11:38:34.545278 dv-cinder-802653-6-smb devstack@c-api.service[106715]: DEBUG cinder.volume.api [None req-9073793e-455d-4fd7-a4ae-d65079d61cfc tempest-UserMessagesTest-1239227951 tempest-UserMessagesTest-1239227951-project] Task 'cinder.volume.flows.api.create_volume.QuotaCommitTask;volume:create' (3a081bd5-0c62-4b34-9089-bd6d472d3273) transitioned into state 'SUCCESS' from state 'RUNNING' with result '{'volume_properties': VolumeProperties(attach_status='detached',availability_zone='nova',cgsnapshot_id=None,consistencygroup_id=None,display_description=None,display_name='tempest-UserMessagesTest-Volume-470081365',encryption_key_id=None,group_id=None,group_type_id=,metadata={},multiattach=False,project_id='d1d9c820c5ae408888d8ccee3407a25c',qos_specs=None,replication_status=,reservations=['4225716f-5543-4181-a889-d20a718f66b4','249cb2ea-28ee-4de7-97c1-546dea515f1e','d1761d5a-72df-4173-ab56-c7daa5964099','e183c230-7775-4e57-866c-b00b1e1180b7'],size=1,snapshot_id=None,source_replicaid=,source_volid=None,status='creating',user_id='833a891b3fca401e8508377b7d098014',volume_type_id=d277200f-ef9d-478e-bdba-aa03d38937da)}' {{(pid=106715) _task_receiver /usr/local/lib/python3.8/dist-packages/taskflow/listeners/logging.py:178}}
Aug 09 11:38:34.546589 dv-cinder-802653-6-smb devstack@c-api.service[106716]: INFO cinder.volume.api [req-276f2c9a-723a-43e2-8d51-eea18b66b47d req-daea8a8f-28b1-47c9-b40d-27533348f260 tempest-VolumesTestJSON-1767237212 tempest-VolumesTestJSON-1767237212-project] Get all volumes completed successfully.
Aug 09 11:38:34.548076 dv-cinder-802653-6-smb devstack@c-api.service[106715]: DEBUG cinder.volume.api [None req-9073793e-455d-4fd7-a4ae-d65079d61cfc tempest-UserMessagesTest-1239227951 tempest-UserMessagesTest-1239227951-project] Task 'cinder.volume.flows.api.create_volume.VolumeCastTask;volume:create' (f08b754e-d187-48a0-ba40-688927690315) transitioned into state 'RUNNING' from state 'PENDING' {{(pid=106715) _task_receiver /usr/local/lib/python3.8/dist-packages/taskflow/listeners/logging.py:190}}
Aug 09 11:38:34.550420 dv-cinder-802653-6-smb devstack@c-api.service[106716]: /usr/local/lib/python3.8/dist-packages/oslo_context/context.py:105: DeprecationWarning: Policy enforcement is depending on the value of is_admin. This key is deprecated. Please update your policy file to use the standard policy values.
Aug 09 11:38:34.550420 dv-cinder-802653-6-smb devstack@c-api.service[106716]: warnings.warn('Policy enforcement is depending on the value of '
Aug 09 11:38:34.567898 dv-cinder-802653-6-smb devstack@c-api.service[106716]: INFO cinder.api.openstack.wsgi [req-276f2c9a-723a-43e2-8d51-eea18b66b47d req-daea8a8f-28b1-47c9-b40d-27533348f260 tempest-VolumesTestJSON-1767237212 tempest-VolumesTestJSON-1767237212-project] http://10.222.0.52/volume/v3/08a3a702ffc24891829946b67c516244/volumes/detail returned with HTTP 200
Aug 09 11:38:34.570833 dv-cinder-802653-6-smb devstack@c-api.service[106716]: [pid: 106716|app: 0|req: 63/135] 10.222.0.52 () {60 vars in 1489 bytes} [Mon Aug 9 11:38:34 2021] GET /volume/v3/08a3a702ffc24891829946b67c516244/volumes/detail => generated 2747 bytes in 102 msecs (HTTP/1.1 200) 7 headers in 286 bytes (1 switches on core 0)
Aug 09 11:38:34.579302 dv-cinder-802653-6-smb devstack@c-api.service[106715]: DEBUG cinder.volume.api [None req-9073793e-455d-4fd7-a4ae-d65079d61cfc tempest-UserMessagesTest-1239227951 tempest-UserMessagesTest-1239227951-project] Task 'cinder.volume.flows.api.create_volume.VolumeCastTask;volume:create' (f08b754e-d187-48a0-ba40-688927690315) transitioned into state 'SUCCESS' from state 'RUNNING' with result 'None' {{(pid=106715) _task_receiver /usr/local/lib/python3.8/dist-packages/taskflow/listeners/logging.py:178}}
Aug 09 11:38:34.581791 dv-cinder-802653-6-smb devstack@c-api.service[106715]: DEBUG cinder.volume.api [None req-9073793e-455d-4fd7-a4ae-d65079d61cfc tempest-UserMessagesTest-1239227951 tempest-UserMessagesTest-1239227951-project] Flow 'volume_create_api' (0613259a-1cc3-47d5-a381-67a64b044e97) transitioned into state 'SUCCESS' from state 'RUNNING' {{(pid=106715) _flow_receiver /usr/local/lib/python3.8/dist-packages/taskflow/listeners/logging.py:141}}
Aug 09 11:38:34.582434 dv-cinder-802653-6-smb devstack@c-api.service[106715]: INFO cinder.volume.api [None req-9073793e-455d-4fd7-a4ae-d65079d61cfc tempest-UserMessagesTest-1239227951 tempest-UserMessagesTest-1239227951-project] Create volume request issued successfully.
Aug 09 11:38:34.601183 dv-cinder-802653-6-smb devstack@c-api.service[106715]: INFO cinder.api.openstack.wsgi [None req-9073793e-455d-4fd7-a4ae-d65079d61cfc tempest-UserMessagesTest-1239227951 tempest-UserMessagesTest-1239227951-project] http://10.222.0.52/volume/v3/d1d9c820c5ae408888d8ccee3407a25c/volumes returned with HTTP 202
Aug 09 11:38:34.602704 dv-cinder-802653-6-smb devstack@c-api.service[106715]: [pid: 106715|app: 0|req: 73/136] 10.222.0.52 () {62 vars in 1276 bytes} [Mon Aug 9 11:38:34 2021] POST /volume/v3/d1d9c820c5ae408888d8ccee3407a25c/volumes => generated 850 bytes in 446 msecs (HTTP/1.1 202) 7 headers in 291 bytes (1 switches on core 0)
Aug 09 11:38:34.616418 dv-cinder-802653-6-smb devstack@c-api.service[106716]: INFO cinder.api.openstack.wsgi [None req-8fb12c36-d1d5-4846-971e-104eb35322d7 tempest-UserMessagesTest-1239227951 tempest-UserMessagesTest-1239227951-project] GET http://10.222.0.52/volume/v3/d1d9c820c5ae408888d8ccee3407a25c/volumes/3d1beed0-8bf8-409e-9e4c-aa99e8d91073
Aug 09 11:38:34.616916 dv-cinder-802653-6-smb devstack@c-api.service[106716]: DEBUG cinder.api.openstack.wsgi [None req-8fb12c36-d1d5-4846-971e-104eb35322d7 tempest-UserMessagesTest-1239227951 tempest-UserMessagesTest-1239227951-project] Empty body provided in request {{(pid=106716) get_body /opt/stack/cinder/cinder/api/openstack/wsgi.py:703}}
Aug 09 11:38:34.617081 dv-cinder-802653-6-smb devstack@c-api.service[106716]: /usr/local/lib/python3.8/dist-packages/webob/acceptparse.py:1047: DeprecationWarning: The behavior of AcceptValidHeader.best_match is currently being maintained for backward compatibility, but it will be deprecated in the future, as it does not conform to the RFC.
Aug 09 11:38:34.617081 dv-cinder-802653-6-smb devstack@c-api.service[106716]: warnings.warn(
Aug 09 11:38:34.617671 dv-cinder-802653-6-smb devstack@c-api.service[106716]: DEBUG cinder.api.openstack.wsgi [None req-8fb12c36-d1d5-4846-971e-104eb35322d7 tempest-UserMessagesTest-1239227951 tempest-UserMessagesTest-1239227951-project] Calling method 'show' {{(pid=106716) _process_stack /opt/stack/cinder/cinder/api/openstack/wsgi.py:856}}
Aug 09 11:38:34.639017 dv-cinder-802653-6-smb devstack@c-api.service[106715]: INFO cinder.api.openstack.wsgi [req-2b17108f-8df8-462d-b170-48a9c250496a req-c6ed561c-1d29-4af5-b5d8-618be0189907 tempest-VolumesTestJSON-1767237212 tempest-VolumesTestJSON-1767237212-project] GET http://10.222.0.52/volume/v3/08a3a702ffc24891829946b67c516244/volumes/detail
Aug 09 11:38:34.640000 dv-cinder-802653-6-smb devstack@c-api.service[106715]: DEBUG cinder.api.openstack.wsgi [req-2b17108f-8df8-462d-b170-48a9c250496a req-c6ed561c-1d29-4af5-b5d8-618be0189907 tempest-VolumesTestJSON-1767237212 tempest-VolumesTestJSON-1767237212-project] Empty body provided in request {{(pid=106715) get_body /opt/stack/cinder/cinder/api/openstack/wsgi.py:703}}
Aug 09 11:38:34.640451 dv-cinder-802653-6-smb devstack@c-api.service[106715]: /usr/local/lib/python3.8/dist-packages/webob/acceptparse.py:1047: DeprecationWarning: The behavior of AcceptValidHeader.best_match is currently being maintained for backward compatibility, but it will be deprecated in the future, as it does not conform to the RFC.
Aug 09 11:38:34.640451 dv-cinder-802653-6-smb devstack@c-api.service[106715]: warnings.warn(
Aug 09 11:38:34.641057 dv-cinder-802653-6-smb devstack@c-api.service[106715]: DEBUG cinder.api.openstack.wsgi [req-2b17108f-8df8-462d-b170-48a9c250496a req-c6ed561c-1d29-4af5-b5d8-618be0189907 tempest-VolumesTestJSON-1767237212 tempest-VolumesTestJSON-1767237212-project] Calling method 'detail' {{(pid=106715) _process_stack /opt/stack/cinder/cinder/api/openstack/wsgi.py:856}}
Aug 09 11:38:34.642323 dv-cinder-802653-6-smb devstack@c-api.service[106716]: /usr/local/lib/python3.8/dist-packages/oslo_context/context.py:105: DeprecationWarning: Policy enforcement is depending on the value of is_admin. This key is deprecated. Please update your policy file to use the standard policy values.
Aug 09 11:38:34.642323 dv-cinder-802653-6-smb devstack@c-api.service[106716]: warnings.warn('Policy enforcement is depending on the value of '
Aug 09 11:38:34.642985 dv-cinder-802653-6-smb devstack@c-api.service[106715]: DEBUG cinder.api.api_utils [req-2b17108f-8df8-462d-b170-48a9c250496a req-c6ed561c-1d29-4af5-b5d8-618be0189907 tempest-VolumesTestJSON-1767237212 tempest-VolumesTestJSON-1767237212-project] Removing options '' from query. {{(pid=106715) remove_invalid_filter_options /opt/stack/cinder/cinder/api/api_utils.py:73}}
Aug 09 11:38:34.645163 dv-cinder-802653-6-smb devstack@c-api.service[106715]: /usr/local/lib/python3.8/dist-packages/oslo_context/context.py:105: DeprecationWarning: Policy enforcement is depending on the value of is_admin. This key is deprecated. Please update your policy file to use the standard policy values.
Aug 09 11:38:34.645163 dv-cinder-802653-6-smb devstack@c-api.service[106715]: warnings.warn('Policy enforcement is depending on the value of '
Aug 09 11:38:34.646556 dv-cinder-802653-6-smb devstack@c-api.service[106715]: DEBUG cinder.volume.api [req-2b17108f-8df8-462d-b170-48a9c250496a req-c6ed561c-1d29-4af5-b5d8-618be0189907 tempest-VolumesTestJSON-1767237212 tempest-VolumesTestJSON-1767237212-project] Searching by: MultiDict([('no_migration_targets', True)]). {{(pid=106715) get_all /opt/stack/cinder/cinder/volume/api.py:619}}
Aug 09 11:38:34.680212 dv-cinder-802653-6-smb devstack@c-api.service[106716]: INFO cinder.volume.api [None req-8fb12c36-d1d5-4846-971e-104eb35322d7 tempest-UserMessagesTest-1239227951 tempest-UserMessagesTest-1239227951-project] Volume info retrieved successfully.
Aug 09 11:38:34.701992 dv-cinder-802653-6-smb devstack@c-api.service[106715]: INFO cinder.volume.api [req-2b17108f-8df8-462d-b170-48a9c250496a req-c6ed561c-1d29-4af5-b5d8-618be0189907 tempest-VolumesTestJSON-1767237212 tempest-VolumesTestJSON-1767237212-project] Get all volumes completed successfully.
Aug 09 11:38:34.704640 dv-cinder-802653-6-smb devstack@c-api.service[106715]: /usr/local/lib/python3.8/dist-packages/oslo_context/context.py:105: DeprecationWarning: Policy enforcement is depending on the value of is_admin. This key is deprecated. Please update your policy file to use the standard policy values.
Aug 09 11:38:34.704640 dv-cinder-802653-6-smb devstack@c-api.service[106715]: warnings.warn('Policy enforcement is depending on the value of '
Aug 09 11:38:34.715158 dv-cinder-802653-6-smb devstack@c-api.service[106715]: INFO cinder.api.openstack.wsgi [req-2b17108f-8df8-462d-b170-48a9c250496a req-c6ed561c-1d29-4af5-b5d8-618be0189907 tempest-VolumesTestJSON-1767237212 tempest-VolumesTestJSON-1767237212-project] http://10.222.0.52/volume/v3/08a3a702ffc24891829946b67c516244/volumes/detail returned with HTTP 200
Aug 09 11:38:34.716498 dv-cinder-802653-6-smb devstack@c-api.service[106715]: [pid: 106715|app: 0|req: 74/137] 10.222.0.52 () {60 vars in 1489 bytes} [Mon Aug 9 11:38:34 2021] GET /volume/v3/08a3a702ffc24891829946b67c516244/volumes/detail => generated 2747 bytes in 83 msecs (HTTP/1.1 200) 7 headers in 286 bytes (1 switches on core 0)
Aug 09 11:38:34.728338 dv-cinder-802653-6-smb devstack@c-api.service[106716]: INFO cinder.api.openstack.wsgi [None req-8fb12c36-d1d5-4846-971e-104eb35322d7 tempest-UserMessagesTest-1239227951 tempest-UserMessagesTest-1239227951-project] http://10.222.0.52/volume/v3/d1d9c820c5ae408888d8ccee3407a25c/volumes/3d1beed0-8bf8-409e-9e4c-aa99e8d91073 returned with HTTP 200
Aug 09 11:38:34.730357 dv-cinder-802653-6-smb devstack@c-api.service[106716]: [pid: 106716|app: 0|req: 64/138] 10.222.0.52 () {60 vars in 1365 bytes} [Mon Aug 9 11:38:34 2021] GET /volume/v3/d1d9c820c5ae408888d8ccee3407a25c/volumes/3d1beed0-8bf8-409e-9e4c-aa99e8d91073 => generated 918 bytes in 117 msecs (HTTP/1.1 200) 7 headers in 285 bytes (1 switches on core 0)
Aug 09 11:38:34.758423 dv-cinder-802653-6-smb devstack@c-api.service[106715]: INFO cinder.api.openstack.wsgi [req-3612ed00-bfc0-4674-b262-5b3c40d6a9b4 req-45560562-07ea-4d5c-90ee-cbcaa67c97cb tempest-VolumesTestJSON-1767237212 tempest-VolumesTestJSON-1767237212-project] GET http://10.222.0.52/volume/v3/08a3a702ffc24891829946b67c516244/volumes/detail
Aug 09 11:38:34.758889 dv-cinder-802653-6-smb devstack@c-api.service[106715]: DEBUG cinder.api.openstack.wsgi [req-3612ed00-bfc0-4674-b262-5b3c40d6a9b4 req-45560562-07ea-4d5c-90ee-cbcaa67c97cb tempest-VolumesTestJSON-1767237212 tempest-VolumesTestJSON-1767237212-project] Empty body provided in request {{(pid=106715) get_body /opt/stack/cinder/cinder/api/openstack/wsgi.py:703}}
Aug 09 11:38:34.759070 dv-cinder-802653-6-smb devstack@c-api.service[106715]: /usr/local/lib/python3.8/dist-packages/webob/acceptparse.py:1047: DeprecationWarning: The behavior of AcceptValidHeader.best_match is currently being maintained for backward compatibility, but it will be deprecated in the future, as it does not conform to the RFC.
Aug 09 11:38:34.759070 dv-cinder-802653-6-smb devstack@c-api.service[106715]: warnings.warn(
Aug 09 11:38:34.759542 dv-cinder-802653-6-smb devstack@c-api.service[106715]: DEBUG cinder.api.openstack.wsgi [req-3612ed00-bfc0-4674-b262-5b3c40d6a9b4 req-45560562-07ea-4d5c-90ee-cbcaa67c97cb tempest-VolumesTestJSON-1767237212 tempest-VolumesTestJSON-1767237212-project] Calling method 'detail' {{(pid=106715) _process_stack /opt/stack/cinder/cinder/api/openstack/wsgi.py:856}}
Aug 09 11:38:34.760263 dv-cinder-802653-6-smb devstack@c-api.service[106715]: DEBUG cinder.api.api_utils [req-3612ed00-bfc0-4674-b262-5b3c40d6a9b4 req-45560562-07ea-4d5c-90ee-cbcaa67c97cb tempest-VolumesTestJSON-1767237212 tempest-VolumesTestJSON-1767237212-project] Removing options '' from query. {{(pid=106715) remove_invalid_filter_options /opt/stack/cinder/cinder/api/api_utils.py:73}}
Aug 09 11:38:34.762707 dv-cinder-802653-6-smb devstack@c-api.service[106715]: DEBUG cinder.volume.api [req-3612ed00-bfc0-4674-b262-5b3c40d6a9b4 req-45560562-07ea-4d5c-90ee-cbcaa67c97cb tempest-VolumesTestJSON-1767237212 tempest-VolumesTestJSON-1767237212-project] Searching by: MultiDict([('no_migration_targets', True)]). {{(pid=106715) get_all /opt/stack/cinder/cinder/volume/api.py:619}}
Aug 09 11:38:35.019574 dv-cinder-802653-6-smb devstack@c-api.service[106715]: INFO cinder.volume.api [req-3612ed00-bfc0-4674-b262-5b3c40d6a9b4 req-45560562-07ea-4d5c-90ee-cbcaa67c97cb tempest-VolumesTestJSON-1767237212 tempest-VolumesTestJSON-1767237212-project] Get all volumes completed successfully.
Aug 09 11:38:35.022569 dv-cinder-802653-6-smb devstack@c-api.service[106715]: /usr/local/lib/python3.8/dist-packages/oslo_context/context.py:105: DeprecationWarning: Policy enforcement is depending on the value of is_admin. This key is deprecated. Please update your policy file to use the standard policy values.
Aug 09 11:38:35.022569 dv-cinder-802653-6-smb devstack@c-api.service[106715]: warnings.warn('Policy enforcement is depending on the value of '
Aug 09 11:38:35.036456 dv-cinder-802653-6-smb devstack@c-api.service[106715]: INFO cinder.api.openstack.wsgi [req-3612ed00-bfc0-4674-b262-5b3c40d6a9b4 req-45560562-07ea-4d5c-90ee-cbcaa67c97cb tempest-VolumesTestJSON-1767237212 tempest-VolumesTestJSON-1767237212-project] http://10.222.0.52/volume/v3/08a3a702ffc24891829946b67c516244/volumes/detail returned with HTTP 200
Aug 09 11:38:35.057244 dv-cinder-802653-6-smb devstack@c-api.service[106715]: [pid: 106715|app: 0|req: 75/139] 10.222.0.52 () {60 vars in 1489 bytes} [Mon Aug 9 11:38:34 2021] GET /volume/v3/08a3a702ffc24891829946b67c516244/volumes/detail => generated 2747 bytes in 305 msecs (HTTP/1.1 200) 7 headers in 286 bytes (1 switches on core 0)
Aug 09 11:38:35.646663 dv-cinder-802653-6-smb devstack@c-api.service[106716]: INFO cinder.api.openstack.wsgi [req-1805efba-8271-44a2-a64c-54a372f1bf52 req-19ed88b2-28a0-4b13-91db-04aad9a2b46c tempest-VolumesTestJSON-1767237212 tempest-VolumesTestJSON-1767237212-project] GET http://10.222.0.52/volume/v3/08a3a702ffc24891829946b67c516244/volumes/detail
Aug 09 11:38:35.647782 dv-cinder-802653-6-smb devstack@c-api.service[106716]: DEBUG cinder.api.openstack.wsgi [req-1805efba-8271-44a2-a64c-54a372f1bf52 req-19ed88b2-28a0-4b13-91db-04aad9a2b46c tempest-VolumesTestJSON-1767237212 tempest-VolumesTestJSON-1767237212-project] Empty body provided in request {{(pid=106716) get_body /opt/stack/cinder/cinder/api/openstack/wsgi.py:703}}
Aug 09 11:38:35.648219 dv-cinder-802653-6-smb devstack@c-api.service[106716]: /usr/local/lib/python3.8/dist-packages/webob/acceptparse.py:1047: DeprecationWarning: The behavior of AcceptValidHeader.best_match is currently being maintained for backward compatibility, but it will be deprecated in the future, as it does not conform to the RFC.
Aug 09 11:38:35.648219 dv-cinder-802653-6-smb devstack@c-api.service[106716]: warnings.warn(
Aug 09 11:38:35.648789 dv-cinder-802653-6-smb devstack@c-api.service[106716]: DEBUG cinder.api.openstack.wsgi [req-1805efba-8271-44a2-a64c-54a372f1bf52 req-19ed88b2-28a0-4b13-91db-04aad9a2b46c tempest-VolumesTestJSON-1767237212 tempest-VolumesTestJSON-1767237212-project] Calling method 'detail' {{(pid=106716) _process_stack /opt/stack/cinder/cinder/api/openstack/wsgi.py:856}}
Aug 09 11:38:35.649538 dv-cinder-802653-6-smb devstack@c-api.service[106716]: DEBUG cinder.api.api_utils [req-1805efba-8271-44a2-a64c-54a372f1bf52 req-19ed88b2-28a0-4b13-91db-04aad9a2b46c tempest-VolumesTestJSON-1767237212 tempest-VolumesTestJSON-1767237212-project] Removing options '' from query. {{(pid=106716) remove_invalid_filter_options /opt/stack/cinder/cinder/api/api_utils.py:73}}
Aug 09 11:38:35.651478 dv-cinder-802653-6-smb devstack@c-api.service[106716]: DEBUG cinder.volume.api [req-1805efba-8271-44a2-a64c-54a372f1bf52 req-19ed88b2-28a0-4b13-91db-04aad9a2b46c tempest-VolumesTestJSON-1767237212 tempest-VolumesTestJSON-1767237212-project] Searching by: MultiDict([('no_migration_targets', True)]). {{(pid=106716) get_all /opt/stack/cinder/cinder/volume/api.py:619}}
Aug 09 11:38:35.746289 dv-cinder-802653-6-smb devstack@c-api.service[106715]: INFO cinder.api.openstack.wsgi [None req-2b064b0d-a51e-4ef9-9d07-194127ba0a83 tempest-UserMessagesTest-1239227951 tempest-UserMessagesTest-1239227951-project] GET http://10.222.0.52/volume/v3/d1d9c820c5ae408888d8ccee3407a25c/volumes/3d1beed0-8bf8-409e-9e4c-aa99e8d91073
Aug 09 11:38:35.746893 dv-cinder-802653-6-smb devstack@c-api.service[106715]: DEBUG cinder.api.openstack.wsgi [None req-2b064b0d-a51e-4ef9-9d07-194127ba0a83 tempest-UserMessagesTest-1239227951 tempest-UserMessagesTest-1239227951-project] Empty body provided in request {{(pid=106715) get_body /opt/stack/cinder/cinder/api/openstack/wsgi.py:703}}
Aug 09 11:38:35.747258 dv-cinder-802653-6-smb devstack@c-api.service[106715]: /usr/local/lib/python3.8/dist-packages/webob/acceptparse.py:1047: DeprecationWarning: The behavior of AcceptValidHeader.best_match is currently being maintained for backward compatibility, but it will be deprecated in the future, as it does not conform to the RFC.
Aug 09 11:38:35.747258 dv-cinder-802653-6-smb devstack@c-api.service[106715]: warnings.warn(
Aug 09 11:38:35.747743 dv-cinder-802653-6-smb devstack@c-api.service[106715]: DEBUG cinder.api.openstack.wsgi [None req-2b064b0d-a51e-4ef9-9d07-194127ba0a83 tempest-UserMessagesTest-1239227951 tempest-UserMessagesTest-1239227951-project] Calling method 'show' {{(pid=106715) _process_stack /opt/stack/cinder/cinder/api/openstack/wsgi.py:856}}
Aug 09 11:38:35.761724 dv-cinder-802653-6-smb devstack@c-api.service[106716]: INFO cinder.volume.api [req-1805efba-8271-44a2-a64c-54a372f1bf52 req-19ed88b2-28a0-4b13-91db-04aad9a2b46c tempest-VolumesTestJSON-1767237212 tempest-VolumesTestJSON-1767237212-project] Get all volumes completed successfully.
Aug 09 11:38:35.764101 dv-cinder-802653-6-smb devstack@c-api.service[106716]: /usr/local/lib/python3.8/dist-packages/oslo_context/context.py:105: DeprecationWarning: Policy enforcement is depending on the value of is_admin. This key is deprecated. Please update your policy file to use the standard policy values.
Aug 09 11:38:35.764101 dv-cinder-802653-6-smb devstack@c-api.service[106716]: warnings.warn('Policy enforcement is depending on the value of '
Aug 09 11:38:35.767611 dv-cinder-802653-6-smb devstack@c-api.service[106715]: /usr/local/lib/python3.8/dist-packages/oslo_context/context.py:105: DeprecationWarning: Policy enforcement is depending on the value of is_admin. This key is deprecated. Please update your policy file to use the standard policy values.
Aug 09 11:38:35.767611 dv-cinder-802653-6-smb devstack@c-api.service[106715]: warnings.warn('Policy enforcement is depending on the value of '
Aug 09 11:38:35.783595 dv-cinder-802653-6-smb devstack@c-api.service[106716]: INFO cinder.api.openstack.wsgi [req-1805efba-8271-44a2-a64c-54a372f1bf52 req-19ed88b2-28a0-4b13-91db-04aad9a2b46c tempest-VolumesTestJSON-1767237212 tempest-VolumesTestJSON-1767237212-project] http://10.222.0.52/volume/v3/08a3a702ffc24891829946b67c516244/volumes/detail returned with HTTP 200
Aug 09 11:38:35.784577 dv-cinder-802653-6-smb devstack@c-api.service[106715]: INFO cinder.volume.api [None req-2b064b0d-a51e-4ef9-9d07-194127ba0a83 tempest-UserMessagesTest-1239227951 tempest-UserMessagesTest-1239227951-project] Volume info retrieved successfully.
Aug 09 11:38:35.784798 dv-cinder-802653-6-smb devstack@c-api.service[106716]: [pid: 106716|app: 0|req: 65/140] 10.222.0.52 () {60 vars in 1489 bytes} [Mon Aug 9 11:38:35 2021] GET /volume/v3/08a3a702ffc24891829946b67c516244/volumes/detail => generated 2747 bytes in 143 msecs (HTTP/1.1 200) 7 headers in 286 bytes (1 switches on core 0)
Aug 09 11:38:35.811191 dv-cinder-802653-6-smb devstack@c-api.service[106716]: INFO cinder.api.openstack.wsgi [None req-b287782d-91f0-4a4e-bed8-ffc302cdfc18 tempest-VolumesTestJSON-1767237212 tempest-VolumesTestJSON-1767237212-project] DELETE http://10.222.0.52/volume/v3/08a3a702ffc24891829946b67c516244/volumes/c0501c3f-7063-4a76-8125-68495a90234b
