Aug 06 19:12:57.115210 dv-cinder-802653-5-iscsi devstack@n-api.service[107737]: DEBUG oslo_concurrency.lockutils [None req-57cfec82-bf2c-4536-9759-b63b855da101 tempest-AttachVolumeNegativeTest-1734389709 tempest-AttachVolumeNegativeTest-1734389709-project] Lock "d5bbcbba-0a8a-4e16-862a-ce99ce17243f" released by "nova.context.set_target_cell..get_or_set_cached_cell_and_set_connections" :: held 0.001s {{(pid=107737) inner /usr/local/lib/python3.8/dist-packages/oslo_concurrency/lockutils.py:367}}
Aug 06 19:12:57.116362 dv-cinder-802653-5-iscsi devstack@n-api.service[107737]: DEBUG oslo_concurrency.lockutils [None req-57cfec82-bf2c-4536-9759-b63b855da101 tempest-AttachVolumeNegativeTest-1734389709 tempest-AttachVolumeNegativeTest-1734389709-project] Lock "d5bbcbba-0a8a-4e16-862a-ce99ce17243f" acquired by "nova.context.set_target_cell..get_or_set_cached_cell_and_set_connections" :: waited 0.000s {{(pid=107737) inner /usr/local/lib/python3.8/dist-packages/oslo_concurrency/lockutils.py:355}}
Aug 06 19:12:57.117919 dv-cinder-802653-5-iscsi devstack@n-api.service[107737]: DEBUG oslo_concurrency.lockutils [None req-57cfec82-bf2c-4536-9759-b63b855da101 tempest-AttachVolumeNegativeTest-1734389709 tempest-AttachVolumeNegativeTest-1734389709-project] Lock "d5bbcbba-0a8a-4e16-862a-ce99ce17243f" released by "nova.context.set_target_cell..get_or_set_cached_cell_and_set_connections" :: held 0.002s {{(pid=107737) inner /usr/local/lib/python3.8/dist-packages/oslo_concurrency/lockutils.py:367}}
Aug 06 19:12:57.545086 dv-cinder-802653-5-iscsi devstack@n-api.service[107737]: DEBUG nova.policy [None req-57cfec82-bf2c-4536-9759-b63b855da101 tempest-AttachVolumeNegativeTest-1734389709 tempest-AttachVolumeNegativeTest-1734389709-project] Policy check for os_compute_api:os-extended-server-attributes failed with credentials {'is_admin': False, 'user_id': '5d6e55f1ecb342048a87432a7076c44d', 'user_domain_id': 'default', 'system_scope': None, 'domain_id': None, 'project_id': 'b115699086334d83aeb0241f1cc3e938', 'project_domain_id': 'default', 'roles': ['reader', 'member'], 'is_admin_project': True, 'service_user_id': None, 'service_user_domain_id': None, 'service_project_id': None, 'service_project_domain_id': None, 'service_roles': []} {{(pid=107737) authorize /opt/stack/nova/nova/policy.py:199}}
Aug 06 19:12:57.556332 dv-cinder-802653-5-iscsi devstack@n-api.service[107737]: INFO nova.api.openstack.requestlog [None req-57cfec82-bf2c-4536-9759-b63b855da101 tempest-AttachVolumeNegativeTest-1734389709 tempest-AttachVolumeNegativeTest-1734389709-project] 10.222.0.32 "GET /compute/v2.1/servers/2a8f49ab-599a-4824-ba05-05c77665ec9d" status: 200 len: 1318 microversion: 2.1 time: 0.475661
Aug 06 19:12:57.563574 dv-cinder-802653-5-iscsi devstack@n-api.service[107737]: [pid: 107737|app: 0|req: 82/184] 10.222.0.32 () {58 vars in 1236 bytes} [Fri Aug 6 19:12:57 2021] GET /compute/v2.1/servers/2a8f49ab-599a-4824-ba05-05c77665ec9d => generated 1318 bytes in 484 msecs (HTTP/1.1 200) 9 headers in 358 bytes (1 switches on core 0)
Aug 06 19:12:58.094325 dv-cinder-802653-5-iscsi devstack@n-api.service[107738]: DEBUG nova.api.openstack.wsgi [None req-914a5c11-21bf-4433-908d-dc4a6b67a7d9 tempest-AttachVolumeTestJSON-1880536862 tempest-AttachVolumeTestJSON-1880536862-project] Action: 'action', calling method: >, body: {"os-getConsoleOutput": {}} {{(pid=107738) _process_stack /opt/stack/nova/nova/api/openstack/wsgi.py:511}}
Aug 06 19:12:58.095324 dv-cinder-802653-5-iscsi devstack@n-api.service[107738]: DEBUG nova.compute.api [None req-914a5c11-21bf-4433-908d-dc4a6b67a7d9 tempest-AttachVolumeTestJSON-1880536862 tempest-AttachVolumeTestJSON-1880536862-project] [instance: 9080a879-4e1a-483c-8bd1-535daf0b9718] Fetching instance by UUID {{(pid=107738) get /opt/stack/nova/nova/compute/api.py:2791}}
Aug 06 19:12:58.113161 dv-cinder-802653-5-iscsi devstack@n-api.service[107737]: DEBUG nova.api.openstack.wsgi [None req-09d03c05-6b5e-4989-991d-77b1d847241d tempest-AttachVolumeShelveTestJSON-782350834 tempest-AttachVolumeShelveTestJSON-782350834-project] Action: 'action', calling method: >, body: {"os-getConsoleOutput": {}} {{(pid=107737) _process_stack /opt/stack/nova/nova/api/openstack/wsgi.py:511}}
Aug 06 19:12:58.114372 dv-cinder-802653-5-iscsi devstack@n-api.service[107737]: DEBUG nova.compute.api [None req-09d03c05-6b5e-4989-991d-77b1d847241d tempest-AttachVolumeShelveTestJSON-782350834 tempest-AttachVolumeShelveTestJSON-782350834-project] [instance: 076c4d89-2234-4690-9581-e9158e1b126c] Fetching instance by UUID {{(pid=107737) get /opt/stack/nova/nova/compute/api.py:2791}}
Aug 06 19:12:58.132654 dv-cinder-802653-5-iscsi devstack@n-api.service[107738]: DEBUG oslo_concurrency.lockutils [None req-914a5c11-21bf-4433-908d-dc4a6b67a7d9 tempest-AttachVolumeTestJSON-1880536862 tempest-AttachVolumeTestJSON-1880536862-project] Lock "d5bbcbba-0a8a-4e16-862a-ce99ce17243f" acquired by "nova.context.set_target_cell..get_or_set_cached_cell_and_set_connections" :: waited 0.000s {{(pid=107738) inner /usr/local/lib/python3.8/dist-packages/oslo_concurrency/lockutils.py:355}}
Aug 06 19:12:58.134689 dv-cinder-802653-5-iscsi devstack@n-api.service[107737]: DEBUG oslo_concurrency.lockutils [None req-09d03c05-6b5e-4989-991d-77b1d847241d tempest-AttachVolumeShelveTestJSON-782350834 tempest-AttachVolumeShelveTestJSON-782350834-project] Lock "d5bbcbba-0a8a-4e16-862a-ce99ce17243f" acquired by "nova.context.set_target_cell..get_or_set_cached_cell_and_set_connections" :: waited 0.000s {{(pid=107737) inner /usr/local/lib/python3.8/dist-packages/oslo_concurrency/lockutils.py:355}}
Aug 06 19:12:58.135309 dv-cinder-802653-5-iscsi devstack@n-api.service[107738]: DEBUG oslo_concurrency.lockutils [None req-914a5c11-21bf-4433-908d-dc4a6b67a7d9 tempest-AttachVolumeTestJSON-1880536862 tempest-AttachVolumeTestJSON-1880536862-project] Lock "d5bbcbba-0a8a-4e16-862a-ce99ce17243f" released by "nova.context.set_target_cell..get_or_set_cached_cell_and_set_connections" :: held 0.004s {{(pid=107738) inner /usr/local/lib/python3.8/dist-packages/oslo_concurrency/lockutils.py:367}}
Aug 06 19:12:58.136393 dv-cinder-802653-5-iscsi devstack@n-api.service[107738]: DEBUG oslo_concurrency.lockutils [None req-914a5c11-21bf-4433-908d-dc4a6b67a7d9 tempest-AttachVolumeTestJSON-1880536862 tempest-AttachVolumeTestJSON-1880536862-project] Lock "d5bbcbba-0a8a-4e16-862a-ce99ce17243f" acquired by "nova.context.set_target_cell..get_or_set_cached_cell_and_set_connections" :: waited 0.000s {{(pid=107738) inner /usr/local/lib/python3.8/dist-packages/oslo_concurrency/lockutils.py:355}}
Aug 06 19:12:58.137230 dv-cinder-802653-5-iscsi devstack@n-api.service[107737]: DEBUG oslo_concurrency.lockutils [None req-09d03c05-6b5e-4989-991d-77b1d847241d tempest-AttachVolumeShelveTestJSON-782350834 tempest-AttachVolumeShelveTestJSON-782350834-project] Lock "d5bbcbba-0a8a-4e16-862a-ce99ce17243f" released by "nova.context.set_target_cell..get_or_set_cached_cell_and_set_connections" :: held 0.008s {{(pid=107737) inner /usr/local/lib/python3.8/dist-packages/oslo_concurrency/lockutils.py:367}}
Aug 06 19:12:58.140983 dv-cinder-802653-5-iscsi devstack@n-api.service[107738]: DEBUG oslo_concurrency.lockutils [None req-914a5c11-21bf-4433-908d-dc4a6b67a7d9 tempest-AttachVolumeTestJSON-1880536862 tempest-AttachVolumeTestJSON-1880536862-project] Lock "d5bbcbba-0a8a-4e16-862a-ce99ce17243f" released by "nova.context.set_target_cell..get_or_set_cached_cell_and_set_connections" :: held 0.004s {{(pid=107738) inner /usr/local/lib/python3.8/dist-packages/oslo_concurrency/lockutils.py:367}}
Aug 06 19:12:58.142505 dv-cinder-802653-5-iscsi devstack@n-api.service[107737]: DEBUG oslo_concurrency.lockutils [None req-09d03c05-6b5e-4989-991d-77b1d847241d tempest-AttachVolumeShelveTestJSON-782350834 tempest-AttachVolumeShelveTestJSON-782350834-project] Lock "d5bbcbba-0a8a-4e16-862a-ce99ce17243f" acquired by "nova.context.set_target_cell..get_or_set_cached_cell_and_set_connections" :: waited 0.002s {{(pid=107737) inner /usr/local/lib/python3.8/dist-packages/oslo_concurrency/lockutils.py:355}}
Aug 06 19:12:58.145103 dv-cinder-802653-5-iscsi devstack@n-api.service[107737]: DEBUG oslo_concurrency.lockutils [None req-09d03c05-6b5e-4989-991d-77b1d847241d tempest-AttachVolumeShelveTestJSON-782350834 tempest-AttachVolumeShelveTestJSON-782350834-project] Lock "d5bbcbba-0a8a-4e16-862a-ce99ce17243f" released by "nova.context.set_target_cell..get_or_set_cached_cell_and_set_connections" :: held 0.003s {{(pid=107737) inner /usr/local/lib/python3.8/dist-packages/oslo_concurrency/lockutils.py:367}}
Aug 06 19:12:58.334489 dv-cinder-802653-5-iscsi devstack@n-api.service[107738]: INFO nova.api.openstack.requestlog [None req-914a5c11-21bf-4433-908d-dc4a6b67a7d9 tempest-AttachVolumeTestJSON-1880536862 tempest-AttachVolumeTestJSON-1880536862-project] 10.222.0.32 "POST /compute/v2.1/servers/9080a879-4e1a-483c-8bd1-535daf0b9718/action" status: 200 len: 27768 microversion: 2.1 time: 0.245505
Aug 06 19:12:58.337202 dv-cinder-802653-5-iscsi devstack@n-api.service[107738]: [pid: 107738|app: 0|req: 103/185] 10.222.0.32 () {60 vars in 1278 bytes} [Fri Aug 6 19:12:58 2021] POST /compute/v2.1/servers/9080a879-4e1a-483c-8bd1-535daf0b9718/action => generated 27768 bytes in 251 msecs (HTTP/1.1 200) 9 headers in 359 bytes (1 switches on core 0)
Aug 06 19:12:58.345928 dv-cinder-802653-5-iscsi devstack@n-api.service[107737]: INFO nova.api.openstack.requestlog [None req-09d03c05-6b5e-4989-991d-77b1d847241d tempest-AttachVolumeShelveTestJSON-782350834 tempest-AttachVolumeShelveTestJSON-782350834-project] 10.222.0.32 "POST /compute/v2.1/servers/076c4d89-2234-4690-9581-e9158e1b126c/action" status: 200 len: 27735 microversion: 2.20 time: 0.238795
Aug 06 19:12:58.346595 dv-cinder-802653-5-iscsi devstack@n-api.service[107737]: [pid: 107737|app: 0|req: 83/186] 10.222.0.32 () {62 vars in 1319 bytes} [Fri Aug 6 19:12:58 2021] POST /compute/v2.1/servers/076c4d89-2234-4690-9581-e9158e1b126c/action => generated 27735 bytes in 241 msecs (HTTP/1.1 200) 9 headers in 361 bytes (2 switches on core 0)
Aug 06 19:12:58.582165 dv-cinder-802653-5-iscsi devstack@n-api.service[107738]: DEBUG nova.api.openstack.wsgi [None req-875c589e-2722-4c23-9e02-88b4af8dbdce tempest-AttachVolumeNegativeTest-1734389709 tempest-AttachVolumeNegativeTest-1734389709-project] Calling method '>' {{(pid=107738) _process_stack /opt/stack/nova/nova/api/openstack/wsgi.py:513}}
Aug 06 19:12:58.583177 dv-cinder-802653-5-iscsi devstack@n-api.service[107738]: DEBUG nova.compute.api [None req-875c589e-2722-4c23-9e02-88b4af8dbdce tempest-AttachVolumeNegativeTest-1734389709 tempest-AttachVolumeNegativeTest-1734389709-project] [instance: 2a8f49ab-599a-4824-ba05-05c77665ec9d] Fetching instance by UUID {{(pid=107738) get /opt/stack/nova/nova/compute/api.py:2791}}
Aug 06 19:12:58.597435 dv-cinder-802653-5-iscsi devstack@n-api.service[107738]: DEBUG oslo_concurrency.lockutils [None req-875c589e-2722-4c23-9e02-88b4af8dbdce tempest-AttachVolumeNegativeTest-1734389709 tempest-AttachVolumeNegativeTest-1734389709-project] Lock "d5bbcbba-0a8a-4e16-862a-ce99ce17243f" acquired by "nova.context.set_target_cell..get_or_set_cached_cell_and_set_connections" :: waited 0.000s {{(pid=107738) inner /usr/local/lib/python3.8/dist-packages/oslo_concurrency/lockutils.py:355}}
Aug 06 19:12:58.601358 dv-cinder-802653-5-iscsi devstack@n-api.service[107738]: DEBUG oslo_concurrency.lockutils [None req-875c589e-2722-4c23-9e02-88b4af8dbdce tempest-AttachVolumeNegativeTest-1734389709 tempest-AttachVolumeNegativeTest-1734389709-project] Lock "d5bbcbba-0a8a-4e16-862a-ce99ce17243f" released by "nova.context.set_target_cell..get_or_set_cached_cell_and_set_connections" :: held 0.002s {{(pid=107738) inner /usr/local/lib/python3.8/dist-packages/oslo_concurrency/lockutils.py:367}}
Aug 06 19:12:58.603094 dv-cinder-802653-5-iscsi devstack@n-api.service[107738]: DEBUG oslo_concurrency.lockutils [None req-875c589e-2722-4c23-9e02-88b4af8dbdce tempest-AttachVolumeNegativeTest-1734389709 tempest-AttachVolumeNegativeTest-1734389709-project] Lock "d5bbcbba-0a8a-4e16-862a-ce99ce17243f" acquired by "nova.context.set_target_cell..get_or_set_cached_cell_and_set_connections" :: waited 0.000s {{(pid=107738) inner /usr/local/lib/python3.8/dist-packages/oslo_concurrency/lockutils.py:355}}
Aug 06 19:12:58.603565 dv-cinder-802653-5-iscsi devstack@n-api.service[107738]: DEBUG oslo_concurrency.lockutils [None req-875c589e-2722-4c23-9e02-88b4af8dbdce tempest-AttachVolumeNegativeTest-1734389709 tempest-AttachVolumeNegativeTest-1734389709-project] Lock "d5bbcbba-0a8a-4e16-862a-ce99ce17243f" released by "nova.context.set_target_cell..get_or_set_cached_cell_and_set_connections" :: held 0.001s {{(pid=107738) inner /usr/local/lib/python3.8/dist-packages/oslo_concurrency/lockutils.py:367}}
Aug 06 19:12:59.494336 dv-cinder-802653-5-iscsi devstack@n-api.service[107737]: DEBUG nova.api.openstack.wsgi [None req-2e6819f9-c138-466b-8e4f-003b7683c1a9 tempest-ServerRescueNegativeTestJSON-1201256269 tempest-ServerRescueNegativeTestJSON-1201256269-project] Action: 'create', calling method: >, body: {"server": {"name": "tempest-ServerRescueNegativeTestJSON-server-330369696", "imageRef": "38882de0-9bd9-4c88-bd6b-5c1b07db138b", "flavorRef": "452", "adminPass": "***", "networks": [{"uuid": "3ec06b1c-a87d-4148-9250-90076a3734da"}]}} {{(pid=107737) _process_stack /opt/stack/nova/nova/api/openstack/wsgi.py:511}}
Aug 06 19:12:59.610448 dv-cinder-802653-5-iscsi devstack@n-api.service[107737]: DEBUG nova.network.neutron [None req-2e6819f9-c138-466b-8e4f-003b7683c1a9 tempest-ServerRescueNegativeTestJSON-1201256269 tempest-ServerRescueNegativeTestJSON-1201256269-project] validate_networks() for [('3ec06b1c-a87d-4148-9250-90076a3734da', None, None, None)] {{(pid=107737) validate_networks /opt/stack/nova/nova/network/neutron.py:2255}}
Aug 06 19:13:00.084733 dv-cinder-802653-5-iscsi devstack@n-api.service[107738]: DEBUG nova.policy [None req-875c589e-2722-4c23-9e02-88b4af8dbdce tempest-AttachVolumeNegativeTest-1734389709 tempest-AttachVolumeNegativeTest-1734389709-project] Policy check for os_compute_api:os-extended-server-attributes failed with credentials {'is_admin': False, 'user_id': '5d6e55f1ecb342048a87432a7076c44d', 'user_domain_id': 'default', 'system_scope': None, 'domain_id': None, 'project_id': 'b115699086334d83aeb0241f1cc3e938', 'project_domain_id': 'default', 'roles': ['reader', 'member'], 'is_admin_project': True, 'service_user_id': None, 'service_user_domain_id': None, 'service_project_id': None, 'service_project_domain_id': None, 'service_roles': []} {{(pid=107738) authorize /opt/stack/nova/nova/policy.py:199}}
Aug 06 19:13:00.111542 dv-cinder-802653-5-iscsi devstack@n-api.service[107738]: INFO nova.api.openstack.requestlog [None req-875c589e-2722-4c23-9e02-88b4af8dbdce tempest-AttachVolumeNegativeTest-1734389709 tempest-AttachVolumeNegativeTest-1734389709-project] 10.222.0.32 "GET /compute/v2.1/servers/2a8f49ab-599a-4824-ba05-05c77665ec9d" status: 200 len: 1318 microversion: 2.1 time: 1.530365
Aug 06 19:13:00.116609 dv-cinder-802653-5-iscsi devstack@n-api.service[107738]: [pid: 107738|app: 0|req: 104/187] 10.222.0.32 () {58 vars in 1236 bytes} [Fri Aug 6 19:12:58 2021] GET /compute/v2.1/servers/2a8f49ab-599a-4824-ba05-05c77665ec9d => generated 1318 bytes in 1540 msecs (HTTP/1.1 200) 9 headers in 358 bytes (1 switches on core 0)
Aug 06 19:13:00.170863 dv-cinder-802653-5-iscsi devstack@n-api.service[107738]: DEBUG nova.api.openstack.wsgi [None req-eba93dcc-f2d7-4b5c-a240-0ebd2915eb07 tempest-AttachVolumeTestJSON-1880536862 tempest-AttachVolumeTestJSON-1880536862-project] Action: 'action', calling method: >, body: {"os-getConsoleOutput": {}} {{(pid=107738) _process_stack /opt/stack/nova/nova/api/openstack/wsgi.py:511}}
Aug 06 19:13:00.177066 dv-cinder-802653-5-iscsi devstack@n-api.service[107738]: DEBUG nova.compute.api [None req-eba93dcc-f2d7-4b5c-a240-0ebd2915eb07 tempest-AttachVolumeTestJSON-1880536862 tempest-AttachVolumeTestJSON-1880536862-project] [instance: 9080a879-4e1a-483c-8bd1-535daf0b9718] Fetching instance by UUID {{(pid=107738) get /opt/stack/nova/nova/compute/api.py:2791}}
Aug 06 19:13:00.213662 dv-cinder-802653-5-iscsi devstack@n-api.service[107738]: DEBUG oslo_concurrency.lockutils [None req-eba93dcc-f2d7-4b5c-a240-0ebd2915eb07 tempest-AttachVolumeTestJSON-1880536862 tempest-AttachVolumeTestJSON-1880536862-project] Lock "d5bbcbba-0a8a-4e16-862a-ce99ce17243f" acquired by "nova.context.set_target_cell..get_or_set_cached_cell_and_set_connections" :: waited 0.000s {{(pid=107738) inner /usr/local/lib/python3.8/dist-packages/oslo_concurrency/lockutils.py:355}}
Aug 06 19:13:00.216010 dv-cinder-802653-5-iscsi devstack@n-api.service[107738]: DEBUG oslo_concurrency.lockutils [None req-eba93dcc-f2d7-4b5c-a240-0ebd2915eb07 tempest-AttachVolumeTestJSON-1880536862 tempest-AttachVolumeTestJSON-1880536862-project] Lock "d5bbcbba-0a8a-4e16-862a-ce99ce17243f" released by "nova.context.set_target_cell..get_or_set_cached_cell_and_set_connections" :: held 0.005s {{(pid=107738) inner /usr/local/lib/python3.8/dist-packages/oslo_concurrency/lockutils.py:367}}
Aug 06 19:13:00.220151 dv-cinder-802653-5-iscsi devstack@n-api.service[107738]: DEBUG oslo_concurrency.lockutils [None req-eba93dcc-f2d7-4b5c-a240-0ebd2915eb07 tempest-AttachVolumeTestJSON-1880536862 tempest-AttachVolumeTestJSON-1880536862-project] Lock "d5bbcbba-0a8a-4e16-862a-ce99ce17243f" acquired by "nova.context.set_target_cell..get_or_set_cached_cell_and_set_connections" :: waited 0.001s {{(pid=107738) inner /usr/local/lib/python3.8/dist-packages/oslo_concurrency/lockutils.py:355}}
Aug 06 19:13:00.221376 dv-cinder-802653-5-iscsi devstack@n-api.service[107738]: DEBUG oslo_concurrency.lockutils [None req-eba93dcc-f2d7-4b5c-a240-0ebd2915eb07 tempest-AttachVolumeTestJSON-1880536862 tempest-AttachVolumeTestJSON-1880536862-project] Lock "d5bbcbba-0a8a-4e16-862a-ce99ce17243f" released by "nova.context.set_target_cell..get_or_set_cached_cell_and_set_connections" :: held 0.001s {{(pid=107738) inner /usr/local/lib/python3.8/dist-packages/oslo_concurrency/lockutils.py:367}}
Aug 06 19:13:00.305899 dv-cinder-802653-5-iscsi devstack@n-api.service[107738]: INFO nova.api.openstack.requestlog [None req-eba93dcc-f2d7-4b5c-a240-0ebd2915eb07 tempest-AttachVolumeTestJSON-1880536862 tempest-AttachVolumeTestJSON-1880536862-project] 10.222.0.32 "POST /compute/v2.1/servers/9080a879-4e1a-483c-8bd1-535daf0b9718/action" status: 200 len: 28189 microversion: 2.1 time: 0.186042
Aug 06 19:13:00.310168 dv-cinder-802653-5-iscsi devstack@n-api.service[107738]: [pid: 107738|app: 0|req: 105/188] 10.222.0.32 () {60 vars in 1278 bytes} [Fri Aug 6 19:13:00 2021] POST /compute/v2.1/servers/9080a879-4e1a-483c-8bd1-535daf0b9718/action => generated 28189 bytes in 189 msecs (HTTP/1.1 200) 9 headers in 359 bytes (1 switches on core 0)
Aug 06 19:13:00.330419 dv-cinder-802653-5-iscsi devstack@n-api.service[107738]: DEBUG nova.api.openstack.wsgi [None req-5ac2abb8-c3af-4387-907e-1cbeea2171e6 tempest-AttachVolumeShelveTestJSON-782350834 tempest-AttachVolumeShelveTestJSON-782350834-project] Action: 'action', calling method: >, body: {"os-getConsoleOutput": {}} {{(pid=107738) _process_stack /opt/stack/nova/nova/api/openstack/wsgi.py:511}}
Aug 06 19:13:00.334994 dv-cinder-802653-5-iscsi devstack@n-api.service[107738]: DEBUG nova.compute.api [None req-5ac2abb8-c3af-4387-907e-1cbeea2171e6 tempest-AttachVolumeShelveTestJSON-782350834 tempest-AttachVolumeShelveTestJSON-782350834-project] [instance: 076c4d89-2234-4690-9581-e9158e1b126c] Fetching instance by UUID {{(pid=107738) get /opt/stack/nova/nova/compute/api.py:2791}}
Aug 06 19:13:00.359577 dv-cinder-802653-5-iscsi devstack@n-api.service[107738]: DEBUG oslo_concurrency.lockutils [None req-5ac2abb8-c3af-4387-907e-1cbeea2171e6 tempest-AttachVolumeShelveTestJSON-782350834 tempest-AttachVolumeShelveTestJSON-782350834-project] Lock "d5bbcbba-0a8a-4e16-862a-ce99ce17243f" acquired by "nova.context.set_target_cell..get_or_set_cached_cell_and_set_connections" :: waited 0.000s {{(pid=107738) inner /usr/local/lib/python3.8/dist-packages/oslo_concurrency/lockutils.py:355}}
Aug 06 19:13:00.360076 dv-cinder-802653-5-iscsi devstack@n-api.service[107738]: DEBUG oslo_concurrency.lockutils [None req-5ac2abb8-c3af-4387-907e-1cbeea2171e6 tempest-AttachVolumeShelveTestJSON-782350834 tempest-AttachVolumeShelveTestJSON-782350834-project] Lock "d5bbcbba-0a8a-4e16-862a-ce99ce17243f" released by "nova.context.set_target_cell..get_or_set_cached_cell_and_set_connections" :: held 0.001s {{(pid=107738) inner /usr/local/lib/python3.8/dist-packages/oslo_concurrency/lockutils.py:367}}
Aug 06 19:13:00.367187 dv-cinder-802653-5-iscsi devstack@n-api.service[107738]: DEBUG oslo_concurrency.lockutils [None req-5ac2abb8-c3af-4387-907e-1cbeea2171e6 tempest-AttachVolumeShelveTestJSON-782350834 tempest-AttachVolumeShelveTestJSON-782350834-project] Lock "d5bbcbba-0a8a-4e16-862a-ce99ce17243f" acquired by "nova.context.set_target_cell..get_or_set_cached_cell_and_set_connections" :: waited 0.000s {{(pid=107738) inner /usr/local/lib/python3.8/dist-packages/oslo_concurrency/lockutils.py:355}}
Aug 06 19:13:00.368064 dv-cinder-802653-5-iscsi devstack@n-api.service[107738]: DEBUG oslo_concurrency.lockutils [None req-5ac2abb8-c3af-4387-907e-1cbeea2171e6 tempest-AttachVolumeShelveTestJSON-782350834 tempest-AttachVolumeShelveTestJSON-782350834-project] Lock "d5bbcbba-0a8a-4e16-862a-ce99ce17243f" released by "nova.context.set_target_cell..get_or_set_cached_cell_and_set_connections" :: held 0.001s {{(pid=107738) inner /usr/local/lib/python3.8/dist-packages/oslo_concurrency/lockutils.py:367}}
Aug 06 19:13:00.493395 dv-cinder-802653-5-iscsi devstack@n-api.service[107738]: INFO nova.api.openstack.requestlog [None req-5ac2abb8-c3af-4387-907e-1cbeea2171e6 tempest-AttachVolumeShelveTestJSON-782350834 tempest-AttachVolumeShelveTestJSON-782350834-project] 10.222.0.32 "POST /compute/v2.1/servers/076c4d89-2234-4690-9581-e9158e1b126c/action" status: 200 len: 28160 microversion: 2.20 time: 0.184848
Aug 06 19:13:00.494495 dv-cinder-802653-5-iscsi devstack@n-api.service[107738]: [pid: 107738|app: 0|req: 106/189] 10.222.0.32 () {62 vars in 1319 bytes} [Fri Aug 6 19:13:00 2021] POST /compute/v2.1/servers/076c4d89-2234-4690-9581-e9158e1b126c/action => generated 28160 bytes in 187 msecs (HTTP/1.1 200) 9 headers in 361 bytes (1 switches on core 0)
Aug 06 19:13:00.507458 dv-cinder-802653-5-iscsi devstack@n-api.service[107738]: DEBUG nova.api.openstack.wsgi [req-b6f727c7-ef4e-4177-a93f-eeca0933ad73 req-2c9ee57b-64ed-407c-bc84-014c4b031a15 service nova] Action: 'create', calling method: >, body: {"events": [{"server_uuid": "2a8f49ab-599a-4824-ba05-05c77665ec9d", "name": "network-vif-plugged", "status": "completed", "tag": "11a28f15-ddac-4909-aa0d-67b8218c876a"}]} {{(pid=107738) _process_stack /opt/stack/nova/nova/api/openstack/wsgi.py:511}}
Aug 06 19:13:00.515991 dv-cinder-802653-5-iscsi devstack@n-api.service[107738]: /usr/local/lib/python3.8/dist-packages/oslo_policy/policy.py:1064: UserWarning: Policy os_compute_api:os-server-external-events:create failed scope check. The token used to make the request was project scoped but the policy requires ['system'] scope. This behavior may change in the future where using the intended scope is required
Aug 06 19:13:00.515991 dv-cinder-802653-5-iscsi devstack@n-api.service[107738]: warnings.warn(msg)
Aug 06 19:13:00.552052 dv-cinder-802653-5-iscsi devstack@n-api.service[107738]: DEBUG oslo_concurrency.lockutils [req-b6f727c7-ef4e-4177-a93f-eeca0933ad73 req-2c9ee57b-64ed-407c-bc84-014c4b031a15 service nova] Lock "d5bbcbba-0a8a-4e16-862a-ce99ce17243f" acquired by "nova.context.set_target_cell..get_or_set_cached_cell_and_set_connections" :: waited 0.000s {{(pid=107738) inner /usr/local/lib/python3.8/dist-packages/oslo_concurrency/lockutils.py:355}}
Aug 06 19:13:00.564777 dv-cinder-802653-5-iscsi devstack@n-api.service[107738]: DEBUG oslo_concurrency.lockutils [req-b6f727c7-ef4e-4177-a93f-eeca0933ad73 req-2c9ee57b-64ed-407c-bc84-014c4b031a15 service nova] Lock "d5bbcbba-0a8a-4e16-862a-ce99ce17243f" released by "nova.context.set_target_cell..get_or_set_cached_cell_and_set_connections" :: held 0.008s {{(pid=107738) inner /usr/local/lib/python3.8/dist-packages/oslo_concurrency/lockutils.py:367}}
Aug 06 19:13:00.593560 dv-cinder-802653-5-iscsi devstack@n-api.service[107738]: INFO nova.api.openstack.compute.server_external_events [req-b6f727c7-ef4e-4177-a93f-eeca0933ad73 req-2c9ee57b-64ed-407c-bc84-014c4b031a15 service nova] Creating event network-vif-plugged:11a28f15-ddac-4909-aa0d-67b8218c876a for instance 2a8f49ab-599a-4824-ba05-05c77665ec9d on hv-cinder-80265
Aug 06 19:13:00.600722 dv-cinder-802653-5-iscsi devstack@n-api.service[107738]: INFO nova.api.openstack.requestlog [req-b6f727c7-ef4e-4177-a93f-eeca0933ad73 req-2c9ee57b-64ed-407c-bc84-014c4b031a15 service nova] 10.222.0.32 "POST /compute/v2.1/os-server-external-events" status: 200 len: 183 microversion: 2.1 time: 0.104527
Aug 06 19:13:00.602607 dv-cinder-802653-5-iscsi devstack@n-api.service[107738]: [pid: 107738|app: 0|req: 107/190] 10.222.0.32 () {64 vars in 1318 bytes} [Fri Aug 6 19:13:00 2021] POST /compute/v2.1/os-server-external-events => generated 183 bytes in 107 msecs (HTTP/1.1 200) 9 headers in 357 bytes (1 switches on core 0)
Aug 06 19:13:01.114138 dv-cinder-802653-5-iscsi devstack@n-api.service[107737]: DEBUG nova.virt.hardware [None req-2e6819f9-c138-466b-8e4f-003b7683c1a9 tempest-ServerRescueNegativeTestJSON-1201256269 tempest-ServerRescueNegativeTestJSON-1201256269-project] Flavor limits 0:0:0 {{(pid=107737) get_cpu_topology_constraints /opt/stack/nova/nova/virt/hardware.py:343}}
Aug 06 19:13:01.114613 dv-cinder-802653-5-iscsi devstack@n-api.service[107737]: DEBUG nova.virt.hardware [None req-2e6819f9-c138-466b-8e4f-003b7683c1a9 tempest-ServerRescueNegativeTestJSON-1201256269 tempest-ServerRescueNegativeTestJSON-1201256269-project] Image limits 0:0:0 {{(pid=107737) get_cpu_topology_constraints /opt/stack/nova/nova/virt/hardware.py:347}}
Aug 06 19:13:01.114971 dv-cinder-802653-5-iscsi devstack@n-api.service[107737]: DEBUG nova.virt.hardware [None req-2e6819f9-c138-466b-8e4f-003b7683c1a9 tempest-ServerRescueNegativeTestJSON-1201256269 tempest-ServerRescueNegativeTestJSON-1201256269-project] Flavor pref 0:0:0 {{(pid=107737) get_cpu_topology_constraints /opt/stack/nova/nova/virt/hardware.py:383}}
Aug 06 19:13:01.115559 dv-cinder-802653-5-iscsi devstack@n-api.service[107737]: DEBUG nova.virt.hardware [None req-2e6819f9-c138-466b-8e4f-003b7683c1a9 tempest-ServerRescueNegativeTestJSON-1201256269 tempest-ServerRescueNegativeTestJSON-1201256269-project] Image pref 0:0:0 {{(pid=107737) get_cpu_topology_constraints /opt/stack/nova/nova/virt/hardware.py:387}}
Aug 06 19:13:01.116217 dv-cinder-802653-5-iscsi devstack@n-api.service[107737]: DEBUG nova.virt.hardware [None req-2e6819f9-c138-466b-8e4f-003b7683c1a9 tempest-ServerRescueNegativeTestJSON-1201256269 tempest-ServerRescueNegativeTestJSON-1201256269-project] Chose sockets=0, cores=0, threads=0; limits were sockets=65536, cores=65536, threads=65536 {{(pid=107737) get_cpu_topology_constraints /opt/stack/nova/nova/virt/hardware.py:425}}
Aug 06 19:13:01.133374 dv-cinder-802653-5-iscsi devstack@n-api.service[107738]: DEBUG nova.api.openstack.wsgi [None req-41dea54a-25cb-4db7-a1e7-59702ed0dd57 tempest-AttachVolumeNegativeTest-1734389709 tempest-AttachVolumeNegativeTest-1734389709-project] Calling method '>' {{(pid=107738) _process_stack /opt/stack/nova/nova/api/openstack/wsgi.py:513}}
Aug 06 19:13:01.134272 dv-cinder-802653-5-iscsi devstack@n-api.service[107738]: DEBUG nova.compute.api [None req-41dea54a-25cb-4db7-a1e7-59702ed0dd57 tempest-AttachVolumeNegativeTest-1734389709 tempest-AttachVolumeNegativeTest-1734389709-project] [instance: 2a8f49ab-599a-4824-ba05-05c77665ec9d] Fetching instance by UUID {{(pid=107738) get /opt/stack/nova/nova/compute/api.py:2791}}
Aug 06 19:13:01.141207 dv-cinder-802653-5-iscsi devstack@n-api.service[107738]: DEBUG oslo_concurrency.lockutils [None req-41dea54a-25cb-4db7-a1e7-59702ed0dd57 tempest-AttachVolumeNegativeTest-1734389709 tempest-AttachVolumeNegativeTest-1734389709-project] Lock "d5bbcbba-0a8a-4e16-862a-ce99ce17243f" acquired by "nova.context.set_target_cell..get_or_set_cached_cell_and_set_connections" :: waited 0.000s {{(pid=107738) inner /usr/local/lib/python3.8/dist-packages/oslo_concurrency/lockutils.py:355}}
Aug 06 19:13:01.141660 dv-cinder-802653-5-iscsi devstack@n-api.service[107738]: DEBUG oslo_concurrency.lockutils [None req-41dea54a-25cb-4db7-a1e7-59702ed0dd57 tempest-AttachVolumeNegativeTest-1734389709 tempest-AttachVolumeNegativeTest-1734389709-project] Lock "d5bbcbba-0a8a-4e16-862a-ce99ce17243f" released by "nova.context.set_target_cell..get_or_set_cached_cell_and_set_connections" :: held 0.001s {{(pid=107738) inner /usr/local/lib/python3.8/dist-packages/oslo_concurrency/lockutils.py:367}}
Aug 06 19:13:01.142450 dv-cinder-802653-5-iscsi devstack@n-api.service[107738]: DEBUG oslo_concurrency.lockutils [None req-41dea54a-25cb-4db7-a1e7-59702ed0dd57 tempest-AttachVolumeNegativeTest-1734389709 tempest-AttachVolumeNegativeTest-1734389709-project] Lock "d5bbcbba-0a8a-4e16-862a-ce99ce17243f" acquired by "nova.context.set_target_cell..get_or_set_cached_cell_and_set_connections" :: waited 0.000s {{(pid=107738) inner /usr/local/lib/python3.8/dist-packages/oslo_concurrency/lockutils.py:355}}
Aug 06 19:13:01.142885 dv-cinder-802653-5-iscsi devstack@n-api.service[107738]: DEBUG oslo_concurrency.lockutils [None req-41dea54a-25cb-4db7-a1e7-59702ed0dd57 tempest-AttachVolumeNegativeTest-1734389709 tempest-AttachVolumeNegativeTest-1734389709-project] Lock "d5bbcbba-0a8a-4e16-862a-ce99ce17243f" released by "nova.context.set_target_cell..get_or_set_cached_cell_and_set_connections" :: held 0.000s {{(pid=107738) inner /usr/local/lib/python3.8/dist-packages/oslo_concurrency/lockutils.py:367}}
Aug 06 19:13:01.146684 dv-cinder-802653-5-iscsi devstack@n-api.service[107737]: DEBUG oslo_concurrency.lockutils [None req-2e6819f9-c138-466b-8e4f-003b7683c1a9 tempest-ServerRescueNegativeTestJSON-1201256269 tempest-ServerRescueNegativeTestJSON-1201256269-project] Lock "00000000-0000-0000-0000-000000000000" acquired by "nova.context.set_target_cell..get_or_set_cached_cell_and_set_connections" :: waited 0.000s {{(pid=107737) inner /usr/local/lib/python3.8/dist-packages/oslo_concurrency/lockutils.py:355}}
Aug 06 19:13:01.147197 dv-cinder-802653-5-iscsi devstack@n-api.service[107737]: DEBUG oslo_concurrency.lockutils [None req-2e6819f9-c138-466b-8e4f-003b7683c1a9 tempest-ServerRescueNegativeTestJSON-1201256269 tempest-ServerRescueNegativeTestJSON-1201256269-project] Lock "00000000-0000-0000-0000-000000000000" released by "nova.context.set_target_cell..get_or_set_cached_cell_and_set_connections" :: held 0.001s {{(pid=107737) inner /usr/local/lib/python3.8/dist-packages/oslo_concurrency/lockutils.py:367}}
Aug 06 19:13:01.147951 dv-cinder-802653-5-iscsi devstack@n-api.service[107737]: DEBUG oslo_concurrency.lockutils [None req-2e6819f9-c138-466b-8e4f-003b7683c1a9 tempest-ServerRescueNegativeTestJSON-1201256269 tempest-ServerRescueNegativeTestJSON-1201256269-project] Lock "d5bbcbba-0a8a-4e16-862a-ce99ce17243f" acquired by "nova.context.set_target_cell..get_or_set_cached_cell_and_set_connections" :: waited 0.000s {{(pid=107737) inner /usr/local/lib/python3.8/dist-packages/oslo_concurrency/lockutils.py:355}}
Aug 06 19:13:01.148394 dv-cinder-802653-5-iscsi devstack@n-api.service[107737]: DEBUG oslo_concurrency.lockutils [None req-2e6819f9-c138-466b-8e4f-003b7683c1a9 tempest-ServerRescueNegativeTestJSON-1201256269 tempest-ServerRescueNegativeTestJSON-1201256269-project] Lock "d5bbcbba-0a8a-4e16-862a-ce99ce17243f" released by "nova.context.set_target_cell..get_or_set_cached_cell_and_set_connections" :: held 0.000s {{(pid=107737) inner /usr/local/lib/python3.8/dist-packages/oslo_concurrency/lockutils.py:367}}
Aug 06 19:13:01.238952 dv-cinder-802653-5-iscsi devstack@n-api.service[107737]: DEBUG nova.quota [None req-2e6819f9-c138-466b-8e4f-003b7683c1a9 tempest-ServerRescueNegativeTestJSON-1201256269 tempest-ServerRescueNegativeTestJSON-1201256269-project] Getting quotas for project 8b3027440f884b50bd1680d034756e4d. Resources: {'instances', 'ram', 'cores'} {{(pid=107737) _get_quotas /opt/stack/nova/nova/quota.py:384}}
Aug 06 19:13:01.247029 dv-cinder-802653-5-iscsi devstack@n-api.service[107737]: DEBUG nova.quota [None req-2e6819f9-c138-466b-8e4f-003b7683c1a9 tempest-ServerRescueNegativeTestJSON-1201256269 tempest-ServerRescueNegativeTestJSON-1201256269-project] Getting quotas for user c800eaa6a5b8498c91a2537aa50fc8aa and project 8b3027440f884b50bd1680d034756e4d. Resources: {'instances', 'ram', 'cores'} {{(pid=107737) _get_quotas /opt/stack/nova/nova/quota.py:374}}
Aug 06 19:13:01.306202 dv-cinder-802653-5-iscsi devstack@n-api.service[107737]: DEBUG nova.compute.api [None req-2e6819f9-c138-466b-8e4f-003b7683c1a9 tempest-ServerRescueNegativeTestJSON-1201256269 tempest-ServerRescueNegativeTestJSON-1201256269-project] Going to run 1 instances... {{(pid=107737) _provision_instances /opt/stack/nova/nova/compute/api.py:1280}}
Aug 06 19:13:01.314954 dv-cinder-802653-5-iscsi devstack@n-api.service[107737]: DEBUG nova.compute.api [None req-2e6819f9-c138-466b-8e4f-003b7683c1a9 tempest-ServerRescueNegativeTestJSON-1201256269 tempest-ServerRescueNegativeTestJSON-1201256269-project] [instance: f92ed9ff-9519-4f66-99e9-ed4b7bb7e39c] block_device_mapping [BlockDeviceMapping(attachment_id=,boot_index=0,connection_info=None,created_at=,delete_on_termination=True,deleted=,deleted_at=,destination_type='local',device_name=None,device_type='disk',disk_bus=None,guest_format=None,id=,image_id='38882de0-9bd9-4c88-bd6b-5c1b07db138b',instance=,instance_uuid=,no_device=False,snapshot_id=None,source_type='image',tag=None,updated_at=,uuid=,volume_id=None,volume_size=None,volume_type=None)] {{(pid=107737) _bdm_validate_set_size_and_instance /opt/stack/nova/nova/compute/api.py:1685}}
Aug 06 19:13:01.424288 dv-cinder-802653-5-iscsi devstack@n-api.service[107737]: INFO nova.api.openstack.requestlog [None req-2e6819f9-c138-466b-8e4f-003b7683c1a9 tempest-ServerRescueNegativeTestJSON-1201256269 tempest-ServerRescueNegativeTestJSON-1201256269-project] 10.222.0.32 "POST /compute/v2.1/servers" status: 202 len: 383 microversion: 2.1 time: 2.295053
Aug 06 19:13:01.426140 dv-cinder-802653-5-iscsi devstack@n-api.service[107737]: [pid: 107737|app: 0|req: 84/191] 10.222.0.32 () {60 vars in 1147 bytes} [Fri Aug 6 19:12:59 2021] POST /compute/v2.1/servers => generated 383 bytes in 2298 msecs (HTTP/1.1 202) 10 headers in 451 bytes (1 switches on core 0)
Aug 06 19:13:01.436430 dv-cinder-802653-5-iscsi devstack@n-api.service[107737]: DEBUG nova.api.openstack.wsgi [None req-0bbfabe4-39c2-46e4-b08a-6370b94baf31 tempest-AttachVolumeTestJSON-1880536862 tempest-AttachVolumeTestJSON-1880536862-project] Action: 'action', calling method: >, body: {"os-getConsoleOutput": {}} {{(pid=107737) _process_stack /opt/stack/nova/nova/api/openstack/wsgi.py:511}}
Aug 06 19:13:01.438213 dv-cinder-802653-5-iscsi devstack@n-api.service[107737]: DEBUG nova.compute.api [None req-0bbfabe4-39c2-46e4-b08a-6370b94baf31 tempest-AttachVolumeTestJSON-1880536862 tempest-AttachVolumeTestJSON-1880536862-project] [instance: 9080a879-4e1a-483c-8bd1-535daf0b9718] Fetching instance by UUID {{(pid=107737) get /opt/stack/nova/nova/compute/api.py:2791}}
Aug 06 19:13:01.447521 dv-cinder-802653-5-iscsi devstack@n-api.service[107737]: DEBUG oslo_concurrency.lockutils [None req-0bbfabe4-39c2-46e4-b08a-6370b94baf31 tempest-AttachVolumeTestJSON-1880536862 tempest-AttachVolumeTestJSON-1880536862-project] Lock "d5bbcbba-0a8a-4e16-862a-ce99ce17243f" acquired by "nova.context.set_target_cell..get_or_set_cached_cell_and_set_connections" :: waited 0.000s {{(pid=107737) inner /usr/local/lib/python3.8/dist-packages/oslo_concurrency/lockutils.py:355}}
Aug 06 19:13:01.448335 dv-cinder-802653-5-iscsi devstack@n-api.service[107737]: DEBUG oslo_concurrency.lockutils [None req-0bbfabe4-39c2-46e4-b08a-6370b94baf31 tempest-AttachVolumeTestJSON-1880536862 tempest-AttachVolumeTestJSON-1880536862-project] Lock "d5bbcbba-0a8a-4e16-862a-ce99ce17243f" released by "nova.context.set_target_cell..get_or_set_cached_cell_and_set_connections" :: held 0.001s {{(pid=107737) inner /usr/local/lib/python3.8/dist-packages/oslo_concurrency/lockutils.py:367}}
Aug 06 19:13:01.450300 dv-cinder-802653-5-iscsi devstack@n-api.service[107737]: DEBUG oslo_concurrency.lockutils [None req-0bbfabe4-39c2-46e4-b08a-6370b94baf31 tempest-AttachVolumeTestJSON-1880536862 tempest-AttachVolumeTestJSON-1880536862-project] Lock "d5bbcbba-0a8a-4e16-862a-ce99ce17243f" acquired by "nova.context.set_target_cell..get_or_set_cached_cell_and_set_connections" :: waited 0.000s {{(pid=107737) inner /usr/local/lib/python3.8/dist-packages/oslo_concurrency/lockutils.py:355}}
Aug 06 19:13:01.451256 dv-cinder-802653-5-iscsi devstack@n-api.service[107737]: DEBUG oslo_concurrency.lockutils [None req-0bbfabe4-39c2-46e4-b08a-6370b94baf31 tempest-AttachVolumeTestJSON-1880536862 tempest-AttachVolumeTestJSON-1880536862-project] Lock "d5bbcbba-0a8a-4e16-862a-ce99ce17243f" released by "nova.context.set_target_cell..get_or_set_cached_cell_and_set_connections" :: held 0.001s {{(pid=107737) inner /usr/local/lib/python3.8/dist-packages/oslo_concurrency/lockutils.py:367}}
Aug 06 19:13:02.100087 dv-cinder-802653-5-iscsi devstack@n-api.service[107738]: DEBUG nova.policy [None req-41dea54a-25cb-4db7-a1e7-59702ed0dd57 tempest-AttachVolumeNegativeTest-1734389709 tempest-AttachVolumeNegativeTest-1734389709-project] Policy check for os_compute_api:os-extended-server-attributes failed with credentials {'is_admin': False, 'user_id': '5d6e55f1ecb342048a87432a7076c44d', 'user_domain_id': 'default', 'system_scope': None, 'domain_id': None, 'project_id': 'b115699086334d83aeb0241f1cc3e938', 'project_domain_id': 'default', 'roles': ['reader', 'member'], 'is_admin_project': True, 'service_user_id': None, 'service_user_domain_id': None, 'service_project_id': None, 'service_project_domain_id': None, 'service_roles': []} {{(pid=107738) authorize /opt/stack/nova/nova/policy.py:199}}
Aug 06 19:13:02.115616 dv-cinder-802653-5-iscsi devstack@n-api.service[107738]: INFO nova.api.openstack.requestlog [None req-41dea54a-25cb-4db7-a1e7-59702ed0dd57 tempest-AttachVolumeNegativeTest-1734389709 tempest-AttachVolumeNegativeTest-1734389709-project] 10.222.0.32 "GET /compute/v2.1/servers/2a8f49ab-599a-4824-ba05-05c77665ec9d" status: 200 len: 1318 microversion: 2.1 time: 0.986511
Aug 06 19:13:02.116496 dv-cinder-802653-5-iscsi devstack@n-api.service[107738]: [pid: 107738|app: 0|req: 108/192] 10.222.0.32 () {58 vars in 1236 bytes} [Fri Aug 6 19:13:01 2021] GET /compute/v2.1/servers/2a8f49ab-599a-4824-ba05-05c77665ec9d => generated 1318 bytes in 989 msecs (HTTP/1.1 200) 9 headers in 358 bytes (2 switches on core 0)
Aug 06 19:13:02.130653 dv-cinder-802653-5-iscsi devstack@n-api.service[107738]: DEBUG nova.api.openstack.wsgi [None req-efa93106-2ec6-44db-a0ce-4573c74a086b tempest-ServerRescueNegativeTestJSON-1201256269 tempest-ServerRescueNegativeTestJSON-1201256269-project] Calling method '>' {{(pid=107738) _process_stack /opt/stack/nova/nova/api/openstack/wsgi.py:513}}
Aug 06 19:13:02.131252 dv-cinder-802653-5-iscsi devstack@n-api.service[107738]: DEBUG nova.compute.api [None req-efa93106-2ec6-44db-a0ce-4573c74a086b tempest-ServerRescueNegativeTestJSON-1201256269 tempest-ServerRescueNegativeTestJSON-1201256269-project] [instance: f92ed9ff-9519-4f66-99e9-ed4b7bb7e39c] Fetching instance by UUID {{(pid=107738) get /opt/stack/nova/nova/compute/api.py:2791}}
Aug 06 19:13:02.244641 dv-cinder-802653-5-iscsi devstack@n-api.service[107738]: DEBUG nova.policy [None req-efa93106-2ec6-44db-a0ce-4573c74a086b tempest-ServerRescueNegativeTestJSON-1201256269 tempest-ServerRescueNegativeTestJSON-1201256269-project] Policy check for os_compute_api:os-extended-server-attributes failed with credentials {'is_admin': False, 'user_id': 'c800eaa6a5b8498c91a2537aa50fc8aa', 'user_domain_id': 'default', 'system_scope': None, 'domain_id': None, 'project_id': '8b3027440f884b50bd1680d034756e4d', 'project_domain_id': 'default', 'roles': ['reader', 'member'], 'is_admin_project': True, 'service_user_id': None, 'service_user_domain_id': None, 'service_project_id': None, 'service_project_domain_id': None, 'service_roles': []} {{(pid=107738) authorize /opt/stack/nova/nova/policy.py:199}}
Aug 06 19:13:02.260752 dv-cinder-802653-5-iscsi devstack@n-api.service[107738]: INFO nova.api.openstack.requestlog [None req-efa93106-2ec6-44db-a0ce-4573c74a086b tempest-ServerRescueNegativeTestJSON-1201256269 tempest-ServerRescueNegativeTestJSON-1201256269-project] 10.222.0.32 "GET /compute/v2.1/servers/f92ed9ff-9519-4f66-99e9-ed4b7bb7e39c" status: 200 len: 1221 microversion: 2.1 time: 0.140187
Aug 06 19:13:02.261568 dv-cinder-802653-5-iscsi devstack@n-api.service[107738]: [pid: 107738|app: 0|req: 109/193] 10.222.0.32 () {58 vars in 1236 bytes} [Fri Aug 6 19:13:02 2021] GET /compute/v2.1/servers/f92ed9ff-9519-4f66-99e9-ed4b7bb7e39c => generated 1221 bytes in 144 msecs (HTTP/1.1 200) 9 headers in 358 bytes (1 switches on core 0)
Aug 06 19:13:02.268278 dv-cinder-802653-5-iscsi devstack@n-api.service[107738]: DEBUG nova.api.openstack.wsgi [None req-663deb46-0c93-4f1b-96bc-e22449deb06f tempest-AttachVolumeShelveTestJSON-782350834 tempest-AttachVolumeShelveTestJSON-782350834-project] Action: 'action', calling method: >, body: {"os-getConsoleOutput": {}} {{(pid=107738) _process_stack /opt/stack/nova/nova/api/openstack/wsgi.py:511}}
Aug 06 19:13:02.269238 dv-cinder-802653-5-iscsi devstack@n-api.service[107738]: DEBUG nova.compute.api [None req-663deb46-0c93-4f1b-96bc-e22449deb06f tempest-AttachVolumeShelveTestJSON-782350834 tempest-AttachVolumeShelveTestJSON-782350834-project] [instance: 076c4d89-2234-4690-9581-e9158e1b126c] Fetching instance by UUID {{(pid=107738) get /opt/stack/nova/nova/compute/api.py:2791}}
Aug 06 19:13:02.285029 dv-cinder-802653-5-iscsi devstack@n-api.service[107738]: DEBUG oslo_concurrency.lockutils [None req-663deb46-0c93-4f1b-96bc-e22449deb06f tempest-AttachVolumeShelveTestJSON-782350834 tempest-AttachVolumeShelveTestJSON-782350834-project] Lock "d5bbcbba-0a8a-4e16-862a-ce99ce17243f" acquired by "nova.context.set_target_cell..get_or_set_cached_cell_and_set_connections" :: waited 0.000s {{(pid=107738) inner /usr/local/lib/python3.8/dist-packages/oslo_concurrency/lockutils.py:355}}
Aug 06 19:13:02.285734 dv-cinder-802653-5-iscsi devstack@n-api.service[107738]: DEBUG oslo_concurrency.lockutils [None req-663deb46-0c93-4f1b-96bc-e22449deb06f tempest-AttachVolumeShelveTestJSON-782350834 tempest-AttachVolumeShelveTestJSON-782350834-project] Lock "d5bbcbba-0a8a-4e16-862a-ce99ce17243f" released by "nova.context.set_target_cell..get_or_set_cached_cell_and_set_connections" :: held 0.001s {{(pid=107738) inner /usr/local/lib/python3.8/dist-packages/oslo_concurrency/lockutils.py:367}}
Aug 06 19:13:02.302114 dv-cinder-802653-5-iscsi devstack@n-api.service[107738]: DEBUG oslo_concurrency.lockutils [None req-663deb46-0c93-4f1b-96bc-e22449deb06f tempest-AttachVolumeShelveTestJSON-782350834 tempest-AttachVolumeShelveTestJSON-782350834-project] Lock "d5bbcbba-0a8a-4e16-862a-ce99ce17243f" acquired by "nova.context.set_target_cell..get_or_set_cached_cell_and_set_connections" :: waited 0.000s {{(pid=107738) inner /usr/local/lib/python3.8/dist-packages/oslo_concurrency/lockutils.py:355}}
Aug 06 19:13:02.302962 dv-cinder-802653-5-iscsi devstack@n-api.service[107738]: DEBUG oslo_concurrency.lockutils [None req-663deb46-0c93-4f1b-96bc-e22449deb06f tempest-AttachVolumeShelveTestJSON-782350834 tempest-AttachVolumeShelveTestJSON-782350834-project] Lock "d5bbcbba-0a8a-4e16-862a-ce99ce17243f" released by "nova.context.set_target_cell..get_or_set_cached_cell_and_set_connections" :: held 0.016s {{(pid=107738) inner /usr/local/lib/python3.8/dist-packages/oslo_concurrency/lockutils.py:367}}
Aug 06 19:13:04.532484 dv-cinder-802653-5-iscsi devstack@n-api.service[107737]: INFO nova.api.openstack.requestlog [None req-0bbfabe4-39c2-46e4-b08a-6370b94baf31 tempest-AttachVolumeTestJSON-1880536862 tempest-AttachVolumeTestJSON-1880536862-project] 10.222.0.32 "POST /compute/v2.1/servers/9080a879-4e1a-483c-8bd1-535daf0b9718/action" status: 200 len: 28189 microversion: 2.1 time: 3.104801
Aug 06 19:13:04.537191 dv-cinder-802653-5-iscsi devstack@n-api.service[107737]: [pid: 107737|app: 0|req: 85/194] 10.222.0.32 () {60 vars in 1278 bytes} [Fri Aug 6 19:13:01 2021] POST /compute/v2.1/servers/9080a879-4e1a-483c-8bd1-535daf0b9718/action => generated 28189 bytes in 3107 msecs (HTTP/1.1 200) 9 headers in 359 bytes (1 switches on core 0)
Aug 06 19:13:04.546975 dv-cinder-802653-5-iscsi devstack@n-api.service[107737]: DEBUG nova.api.openstack.wsgi [None req-88958115-2a85-49d2-91a4-d8e201f5c612 tempest-ServerRescueNegativeTestJSON-1201256269 tempest-ServerRescueNegativeTestJSON-1201256269-project] Action: 'create', calling method: >, body: {"server": {"name": "tempest-ServerRescueNegativeTestJSON-server-627665940", "imageRef": "38882de0-9bd9-4c88-bd6b-5c1b07db138b", "flavorRef": "452", "adminPass": "***", "networks": [{"uuid": "3ec06b1c-a87d-4148-9250-90076a3734da"}]}} {{(pid=107737) _process_stack /opt/stack/nova/nova/api/openstack/wsgi.py:511}}
Aug 06 19:13:04.608607 dv-cinder-802653-5-iscsi devstack@n-api.service[107738]: INFO nova.api.openstack.requestlog [None req-663deb46-0c93-4f1b-96bc-e22449deb06f tempest-AttachVolumeShelveTestJSON-782350834 tempest-AttachVolumeShelveTestJSON-782350834-project] 10.222.0.32 "POST /compute/v2.1/servers/076c4d89-2234-4690-9581-e9158e1b126c/action" status: 200 len: 28160 microversion: 2.20 time: 2.344979
Aug 06 19:13:04.609288 dv-cinder-802653-5-iscsi devstack@n-api.service[107738]: [pid: 107738|app: 0|req: 110/195] 10.222.0.32 () {62 vars in 1319 bytes} [Fri Aug 6 19:13:02 2021] POST /compute/v2.1/servers/076c4d89-2234-4690-9581-e9158e1b126c/action => generated 28160 bytes in 2347 msecs (HTTP/1.1 200) 9 headers in 361 bytes (1 switches on core 0)
Aug 06 19:13:04.614623 dv-cinder-802653-5-iscsi devstack@n-api.service[107738]: DEBUG nova.api.openstack.wsgi [None req-04192279-4bc7-4ed3-90de-337283ccf3f2 tempest-AttachVolumeNegativeTest-1734389709 tempest-AttachVolumeNegativeTest-1734389709-project] Calling method '>' {{(pid=107738) _process_stack /opt/stack/nova/nova/api/openstack/wsgi.py:513}}
Aug 06 19:13:04.615247 dv-cinder-802653-5-iscsi devstack@n-api.service[107738]: DEBUG nova.compute.api [None req-04192279-4bc7-4ed3-90de-337283ccf3f2 tempest-AttachVolumeNegativeTest-1734389709 tempest-AttachVolumeNegativeTest-1734389709-project] [instance: 2a8f49ab-599a-4824-ba05-05c77665ec9d] Fetching instance by UUID {{(pid=107738) get /opt/stack/nova/nova/compute/api.py:2791}}
Aug 06 19:13:04.638354 dv-cinder-802653-5-iscsi devstack@n-api.service[107738]: DEBUG oslo_concurrency.lockutils [None req-04192279-4bc7-4ed3-90de-337283ccf3f2 tempest-AttachVolumeNegativeTest-1734389709 tempest-AttachVolumeNegativeTest-1734389709-project] Lock "d5bbcbba-0a8a-4e16-862a-ce99ce17243f" acquired by "nova.context.set_target_cell..get_or_set_cached_cell_and_set_connections" :: waited 0.000s {{(pid=107738) inner /usr/local/lib/python3.8/dist-packages/oslo_concurrency/lockutils.py:355}}
Aug 06 19:13:04.640028 dv-cinder-802653-5-iscsi devstack@n-api.service[107737]: DEBUG nova.network.neutron [None req-88958115-2a85-49d2-91a4-d8e201f5c612 tempest-ServerRescueNegativeTestJSON-1201256269 tempest-ServerRescueNegativeTestJSON-1201256269-project] validate_networks() for [('3ec06b1c-a87d-4148-9250-90076a3734da', None, None, None)] {{(pid=107737) validate_networks /opt/stack/nova/nova/network/neutron.py:2255}}
Aug 06 19:13:04.648984 dv-cinder-802653-5-iscsi devstack@n-api.service[107738]: DEBUG oslo_concurrency.lockutils [None req-04192279-4bc7-4ed3-90de-337283ccf3f2 tempest-AttachVolumeNegativeTest-1734389709 tempest-AttachVolumeNegativeTest-1734389709-project] Lock "d5bbcbba-0a8a-4e16-862a-ce99ce17243f" released by "nova.context.set_target_cell..get_or_set_cached_cell_and_set_connections" :: held 0.001s {{(pid=107738) inner /usr/local/lib/python3.8/dist-packages/oslo_concurrency/lockutils.py:367}}
Aug 06 19:13:04.650000 dv-cinder-802653-5-iscsi devstack@n-api.service[107738]: DEBUG oslo_concurrency.lockutils [None req-04192279-4bc7-4ed3-90de-337283ccf3f2 tempest-AttachVolumeNegativeTest-1734389709 tempest-AttachVolumeNegativeTest-1734389709-project] Lock "d5bbcbba-0a8a-4e16-862a-ce99ce17243f" acquired by "nova.context.set_target_cell..get_or_set_cached_cell_and_set_connections" :: waited 0.000s {{(pid=107738) inner /usr/local/lib/python3.8/dist-packages/oslo_concurrency/lockutils.py:355}}
Aug 06 19:13:04.650753 dv-cinder-802653-5-iscsi devstack@n-api.service[107738]: DEBUG oslo_concurrency.lockutils [None req-04192279-4bc7-4ed3-90de-337283ccf3f2 tempest-AttachVolumeNegativeTest-1734389709 tempest-AttachVolumeNegativeTest-1734389709-project] Lock "d5bbcbba-0a8a-4e16-862a-ce99ce17243f" released by "nova.context.set_target_cell..get_or_set_cached_cell_and_set_connections" :: held 0.001s {{(pid=107738) inner /usr/local/lib/python3.8/dist-packages/oslo_concurrency/lockutils.py:367}}
