Aug 04 08:39:42.305478 dv-cinder-802653-4-iscsi neutron-server[100320]: DEBUG neutron_lib.callbacks.manager [None req-7bdda858-916f-425a-9983-f1e9f5dab4ed admin admin] Notify callbacks [] for security_group, before_delete {{(pid=100320) _notify_loop /usr/local/lib/python3.8/dist-packages/neutron_lib/callbacks/manager.py:192}}
Aug 04 08:39:42.334608 dv-cinder-802653-4-iscsi neutron-server[100322]: DEBUG neutron_lib.callbacks.manager [None req-94711c50-661e-4ea4-976d-1ed04f94dad4 None None] Notify callbacks ['neutron.plugins.ml2.plugin.SecurityGroupDbMixin._ensure_default_security_group_handler-532356'] for port, before_update {{(pid=100322) _notify_loop /usr/local/lib/python3.8/dist-packages/neutron_lib/callbacks/manager.py:192}}
Aug 04 08:39:42.340500 dv-cinder-802653-4-iscsi neutron-server[100321]: DEBUG neutron_lib.callbacks.manager [None req-b22056e8-2754-4995-8d29-564d21a20598 admin admin] Notify callbacks [] for security_group, precommit_create {{(pid=100321) _notify_loop /usr/local/lib/python3.8/dist-packages/neutron_lib/callbacks/manager.py:192}}
Aug 04 08:39:42.350005 dv-cinder-802653-4-iscsi neutron-server[100320]: DEBUG neutron_lib.callbacks.manager [None req-7bdda858-916f-425a-9983-f1e9f5dab4ed admin admin] Notify callbacks [] for security_group, precommit_delete {{(pid=100320) _notify_loop /usr/local/lib/python3.8/dist-packages/neutron_lib/callbacks/manager.py:192}}
Aug 04 08:39:42.385059 dv-cinder-802653-4-iscsi neutron-server[100321]: DEBUG neutron.pecan_wsgi.hooks.policy_enforcement [req-f609cd83-1a2d-49d9-b7bf-11e86c3040fb req-7cc226cd-f34a-4d3f-b6bf-ab03429b41aa tempest-DeleteServersTestJSON-2071771894 tempest-DeleteServersTestJSON-2071771894-project] Attributes excluded by policy engine: ['standard_attr_id', 'binding:profile', 'binding:host_id', 'binding:vif_type', 'binding:vif_details'] {{(pid=100321) _exclude_attributes_by_policy /opt/stack/neutron/neutron/pecan_wsgi/hooks/policy_enforcement.py:255}}
Aug 04 08:39:42.390333 dv-cinder-802653-4-iscsi neutron-server[100322]: DEBUG neutron.notifiers.nova [None req-94711c50-661e-4ea4-976d-1ed04f94dad4 None None] Ignoring state change previous_port_status: DOWN current_port_status: BUILD port_id ac909070-ec11-4604-bc29-7949d074e3c1 {{(pid=100322) record_port_status_changed /opt/stack/neutron/neutron/notifiers/nova.py:224}}
Aug 04 08:39:42.396627 dv-cinder-802653-4-iscsi neutron-server[100321]: INFO neutron.wsgi [req-f609cd83-1a2d-49d9-b7bf-11e86c3040fb req-7cc226cd-f34a-4d3f-b6bf-ab03429b41aa tempest-DeleteServersTestJSON-2071771894 tempest-DeleteServersTestJSON-2071771894-project] 10.222.0.45 "GET /v2.0/ports?device_id=a4c63450-9fb7-4de9-b9e7-a9aebc714323 HTTP/1.1" status: 200 len: 946 time: 0.1237118
Aug 04 08:39:42.419809 dv-cinder-802653-4-iscsi neutron-server[100321]: DEBUG neutron_lib.callbacks.manager [None req-b22056e8-2754-4995-8d29-564d21a20598 admin admin] Notify callbacks ['neutron.plugins.ml2.ovo_rpc._ObjectChangeHandler.handle_event-2034724'] for security_group, after_create {{(pid=100321) _notify_loop /usr/local/lib/python3.8/dist-packages/neutron_lib/callbacks/manager.py:192}}
Aug 04 08:39:42.427064 dv-cinder-802653-4-iscsi neutron-server[100322]: DEBUG neutron.plugins.ml2.db [None req-94711c50-661e-4ea4-976d-1ed04f94dad4 None None] For port ac909070-ec11-4604-bc29-7949d074e3c1, host hv-cinder-80265, got binding levels [PortBindingLevel(driver='hyperv',host='hv-cinder-80265',level=0,port_id=ac909070-ec11-4604-bc29-7949d074e3c1,segment=NetworkSegment(5e68a294-6a8a-445c-8bd6-23f3bac2ccca),segment_id=5e68a294-6a8a-445c-8bd6-23f3bac2ccca)] {{(pid=100322) get_binding_level_objs /opt/stack/neutron/neutron/plugins/ml2/db.py:74}}
Aug 04 08:39:42.474310 dv-cinder-802653-4-iscsi neutron-server[100320]: DEBUG neutron.pecan_wsgi.hooks.policy_enforcement [req-a39a0c28-5290-4a77-9709-32e94679ddc2 req-91e59647-8d02-4b35-82a9-b962141ab03c tempest-ServerRescueNegativeTestJSON-27458376 tempest-ServerRescueNegativeTestJSON-27458376-project] Attributes excluded by policy engine: ['standard_attr_id', 'binding:profile', 'binding:host_id', 'binding:vif_type', 'binding:vif_details'] {{(pid=100320) _exclude_attributes_by_policy /opt/stack/neutron/neutron/pecan_wsgi/hooks/policy_enforcement.py:255}}
Aug 04 08:39:42.475990 dv-cinder-802653-4-iscsi neutron-server[100320]: INFO neutron.wsgi [req-a39a0c28-5290-4a77-9709-32e94679ddc2 req-91e59647-8d02-4b35-82a9-b962141ab03c tempest-ServerRescueNegativeTestJSON-27458376 tempest-ServerRescueNegativeTestJSON-27458376-project] 10.222.0.45 "GET /v2.0/ports?device_id=faef54ff-872b-4063-847a-86c301dc84e9 HTTP/1.1" status: 200 len: 946 time: 0.0557594
Aug 04 08:39:42.511472 dv-cinder-802653-4-iscsi neutron-server[100322]: DEBUG neutron_lib.callbacks.manager [None req-94711c50-661e-4ea4-976d-1ed04f94dad4 None None] Notify callbacks ['neutron.plugins.ml2.plugin.SecurityGroupServerNotifierRpcMixin._notify_sg_on_port_change-529619', 'neutron.plugins.ml2.ovo_rpc._ObjectChangeHandler.handle_event-509919', 'neutron.api.rpc.agentnotifiers.dhcp_rpc_agent_api.DhcpAgentNotifyAPI._native_event_send_dhcp_notification-1646669', 'neutron.db.l3_db.L3RpcNotifierMixin._notify_gateway_port_ip_changed-8749050980271', 'neutron.db.l3_dvrscheduler_db._notify_l3_agent_port_update-8749050521546', 'neutron.db.l3_hascheduler_db._notify_l3_agent_ha_port_update-8749050521564'] for port, after_update {{(pid=100322) _notify_loop /usr/local/lib/python3.8/dist-packages/neutron_lib/callbacks/manager.py:192}}
Aug 04 08:39:42.517800 dv-cinder-802653-4-iscsi neutron-server[100320]: INFO neutron.wsgi [req-a39a0c28-5290-4a77-9709-32e94679ddc2 req-f5adf66e-0474-4995-81f4-0baba18b4a41 tempest-ServerRescueNegativeTestJSON-27458376 tempest-ServerRescueNegativeTestJSON-27458376-project] 10.222.0.45 "GET /v2.0/security-groups?id=e7dd0de1-8342-4f7e-916c-f5872f3cf521&fields=id&fields=name HTTP/1.1" status: 200 len: 286 time: 0.0357563
Aug 04 08:39:42.535263 dv-cinder-802653-4-iscsi neutron-server[100321]: DEBUG neutron.api.rpc.handlers.resources_rpc [None req-b22056e8-2754-4995-8d29-564d21a20598 admin admin] Pushing event updated for resources: {'SecurityGroup': ['ID=c730e922-b004-4e29-a736-3c0e9636f2cd,revision_number=1']} {{(pid=100321) push /opt/stack/neutron/neutron/api/rpc/handlers/resources_rpc.py:237}}
Aug 04 08:39:42.541544 dv-cinder-802653-4-iscsi neutron-server[100321]: INFO neutron.wsgi [req-f609cd83-1a2d-49d9-b7bf-11e86c3040fb req-564fa668-e90a-4890-92c2-01423167dbfa tempest-DeleteServersTestJSON-2071771894 tempest-DeleteServersTestJSON-2071771894-project] 10.222.0.45 "GET /v2.0/security-groups?id=30ebbb7d-0603-4a25-91c7-f24d02749395&fields=id&fields=name HTTP/1.1" status: 200 len: 286 time: 0.1441290
Aug 04 08:39:42.557852 dv-cinder-802653-4-iscsi neutron-server[100321]: INFO neutron.wsgi [None req-b22056e8-2754-4995-8d29-564d21a20598 admin admin] 10.222.0.45 "GET /v2.0/security-groups?tenant_id=058388d7ca9b47e4bd1f38094b707648&name=default HTTP/1.1" status: 200 len: 2979 time: 0.7579064
Aug 04 08:39:42.562547 dv-cinder-802653-4-iscsi neutron-server[100321]: DEBUG neutron.wsgi [-] (100321) accepted ('10.222.0.45', 47390) {{(pid=100321) server /usr/local/lib/python3.8/dist-packages/eventlet/wsgi.py:982}}
Aug 04 08:39:42.569402 dv-cinder-802653-4-iscsi neutron-server[100320]: DEBUG neutron_lib.callbacks.manager [None req-7bdda858-916f-425a-9983-f1e9f5dab4ed admin admin] Notify callbacks ['neutron.plugins.ml2.ovo_rpc._ObjectChangeHandler.handle_event-2034724'] for security_group, after_delete {{(pid=100320) _notify_loop /usr/local/lib/python3.8/dist-packages/neutron_lib/callbacks/manager.py:192}}
Aug 04 08:39:42.572842 dv-cinder-802653-4-iscsi neutron-server[100320]: DEBUG neutron_lib.callbacks.manager [None req-7bdda858-916f-425a-9983-f1e9f5dab4ed admin admin] Notify callbacks [] for security_group, before_response {{(pid=100320) _notify_loop /usr/local/lib/python3.8/dist-packages/neutron_lib/callbacks/manager.py:192}}
Aug 04 08:39:42.576197 dv-cinder-802653-4-iscsi neutron-server[100320]: INFO neutron.wsgi [None req-7bdda858-916f-425a-9983-f1e9f5dab4ed admin admin] 10.222.0.45 "DELETE /v2.0/security-groups/c1bc28b2-36da-4d24-ba18-3bd4d34144af HTTP/1.1" status: 204 len: 168 time: 0.3795109
Aug 04 08:39:42.584446 dv-cinder-802653-4-iscsi neutron-server[100320]: DEBUG neutron.api.rpc.handlers.resources_rpc [None req-7bdda858-916f-425a-9983-f1e9f5dab4ed admin admin] Pushing event deleted for resources: {'SecurityGroup': ['ID=c1bc28b2-36da-4d24-ba18-3bd4d34144af,revision_number=None']} {{(pid=100320) push /opt/stack/neutron/neutron/api/rpc/handlers/resources_rpc.py:237}}
Aug 04 08:39:42.608105 dv-cinder-802653-4-iscsi neutron-server[100322]: DEBUG neutron.api.rpc.handlers.resources_rpc [None req-94711c50-661e-4ea4-976d-1ed04f94dad4 None None] Pushing event updated for resources: {'Port': ['ID=ac909070-ec11-4604-bc29-7949d074e3c1,revision_number=4']} {{(pid=100322) push /opt/stack/neutron/neutron/api/rpc/handlers/resources_rpc.py:237}}
Aug 04 08:39:42.753358 dv-cinder-802653-4-iscsi neutron-server[100320]: DEBUG neutron.pecan_wsgi.hooks.policy_enforcement [req-be7ae5a5-947a-4f0a-b164-7056a7b647cf req-b831bdad-d932-49a8-a80c-4376533901a7 service neutron] Attributes excluded by policy engine: ['standard_attr_id'] {{(pid=100320) _exclude_attributes_by_policy /opt/stack/neutron/neutron/pecan_wsgi/hooks/policy_enforcement.py:255}}
Aug 04 08:39:42.755341 dv-cinder-802653-4-iscsi neutron-server[100320]: INFO neutron.wsgi [req-be7ae5a5-947a-4f0a-b164-7056a7b647cf req-b831bdad-d932-49a8-a80c-4376533901a7 service neutron] 10.222.0.61 "GET /v2.0/ports?device_id=faef54ff-872b-4063-847a-86c301dc84e9 HTTP/1.1" status: 200 len: 1099 time: 0.1015511
Aug 04 08:39:42.801767 dv-cinder-802653-4-iscsi neutron-server[100320]: INFO neutron.wsgi [req-be7ae5a5-947a-4f0a-b164-7056a7b647cf req-c71972c4-e585-438d-be99-60374b089c42 service neutron] 10.222.0.61 "GET /v2.0/security-groups?id=e7dd0de1-8342-4f7e-916c-f5872f3cf521&fields=id&fields=name HTTP/1.1" status: 200 len: 286 time: 0.0394366
Aug 04 08:39:42.825847 dv-cinder-802653-4-iscsi neutron-server[100321]: DEBUG neutron.pecan_wsgi.hooks.policy_enforcement [req-5b88476c-69b6-4a08-a693-519a8ce11d09 req-a9dd62eb-79df-45cd-8394-60a10847659f service neutron] Attributes excluded by policy engine: ['standard_attr_id'] {{(pid=100321) _exclude_attributes_by_policy /opt/stack/neutron/neutron/pecan_wsgi/hooks/policy_enforcement.py:255}}
Aug 04 08:39:42.827302 dv-cinder-802653-4-iscsi neutron-server[100321]: INFO neutron.wsgi [req-5b88476c-69b6-4a08-a693-519a8ce11d09 req-a9dd62eb-79df-45cd-8394-60a10847659f service neutron] 10.222.0.61 "GET /v2.0/ports?device_id=a4c63450-9fb7-4de9-b9e7-a9aebc714323 HTTP/1.1" status: 200 len: 1099 time: 0.4123337
Aug 04 08:39:42.842921 dv-cinder-802653-4-iscsi neutron-server[100322]: DEBUG neutron.plugins.ml2.db [None req-94711c50-661e-4ea4-976d-1ed04f94dad4 None None] get_ports_and_sgs() called for port_ids ['ac909070-ec11-4604-bc29-7949d074e3c1'] {{(pid=100322) get_ports_and_sgs /opt/stack/neutron/neutron/plugins/ml2/db.py:156}}
Aug 04 08:39:42.868725 dv-cinder-802653-4-iscsi neutron-server[100321]: DEBUG neutron.pecan_wsgi.hooks.policy_enforcement [req-1700e825-081c-40a7-ace1-5d951322aa0f req-607cbde1-0a8d-4237-8ea8-e9dad44352d0 service neutron] Attributes excluded by policy engine: ['standard_attr_id'] {{(pid=100321) _exclude_attributes_by_policy /opt/stack/neutron/neutron/pecan_wsgi/hooks/policy_enforcement.py:255}}
Aug 04 08:39:42.870175 dv-cinder-802653-4-iscsi neutron-server[100321]: INFO neutron.wsgi [req-1700e825-081c-40a7-ace1-5d951322aa0f req-607cbde1-0a8d-4237-8ea8-e9dad44352d0 service neutron] 10.222.0.61 "GET /v2.0/ports?device_id=311603b0-2416-4fc6-a5a2-a4a6fbc8c07e HTTP/1.1" status: 200 len: 1099 time: 0.4281218
Aug 04 08:39:42.871695 dv-cinder-802653-4-iscsi neutron-server[100322]: DEBUG neutron_lib.callbacks.manager [None req-3570ccbe-9794-4ff3-834e-5ef4b8ad3ef5 None None] Notify callbacks ['neutron.services.segments.db._update_segment_host_mapping_for_agent-8749051068901', 'neutron.plugins.ml2.plugin.Ml2Plugin._retry_binding_revived_agents-932037'] for agent, after_update {{(pid=100322) _notify_loop /usr/local/lib/python3.8/dist-packages/neutron_lib/callbacks/manager.py:192}}
Aug 04 08:39:42.897472 dv-cinder-802653-4-iscsi neutron-server[100321]: DEBUG neutron_lib.callbacks.manager [None req-ce4beb49-02e6-4bc5-a6df-92a50baf0d89 admin admin] Notify callbacks [] for security_group, before_delete {{(pid=100321) _notify_loop /usr/local/lib/python3.8/dist-packages/neutron_lib/callbacks/manager.py:192}}
Aug 04 08:39:42.914788 dv-cinder-802653-4-iscsi neutron-server[100321]: DEBUG neutron_lib.callbacks.manager [None req-8b8947d1-72ff-4148-8a47-568babb6fe32 admin admin] Notify callbacks [] for security_group, precommit_create {{(pid=100321) _notify_loop /usr/local/lib/python3.8/dist-packages/neutron_lib/callbacks/manager.py:192}}
Aug 04 08:39:42.928726 dv-cinder-802653-4-iscsi neutron-server[100321]: DEBUG neutron_lib.callbacks.manager [None req-ce4beb49-02e6-4bc5-a6df-92a50baf0d89 admin admin] Notify callbacks [] for security_group, precommit_delete {{(pid=100321) _notify_loop /usr/local/lib/python3.8/dist-packages/neutron_lib/callbacks/manager.py:192}}
Aug 04 08:39:42.995500 dv-cinder-802653-4-iscsi neutron-server[100321]: DEBUG neutron_lib.callbacks.manager [None req-8b8947d1-72ff-4148-8a47-568babb6fe32 admin admin] Notify callbacks ['neutron.plugins.ml2.ovo_rpc._ObjectChangeHandler.handle_event-2034724'] for security_group, after_create {{(pid=100321) _notify_loop /usr/local/lib/python3.8/dist-packages/neutron_lib/callbacks/manager.py:192}}
Aug 04 08:39:43.036275 dv-cinder-802653-4-iscsi neutron-server[100321]: INFO neutron.wsgi [None req-8b8947d1-72ff-4148-8a47-568babb6fe32 admin admin] 10.222.0.45 "GET /v2.0/security-groups?tenant_id=623dc1a3dc334b3eb6fab86d30d24a39&name=default HTTP/1.1" status: 200 len: 2979 time: 0.7824953
Aug 04 08:39:43.037903 dv-cinder-802653-4-iscsi neutron-server[100321]: DEBUG neutron.wsgi [-] (100321) accepted ('10.222.0.45', 47402) {{(pid=100321) server /usr/local/lib/python3.8/dist-packages/eventlet/wsgi.py:982}}
Aug 04 08:39:43.044531 dv-cinder-802653-4-iscsi neutron-server[100321]: DEBUG neutron.api.rpc.handlers.resources_rpc [None req-8b8947d1-72ff-4148-8a47-568babb6fe32 admin admin] Pushing event updated for resources: {'SecurityGroup': ['ID=957e9559-c038-4170-85ff-a9ddad0253a7,revision_number=1']} {{(pid=100321) push /opt/stack/neutron/neutron/api/rpc/handlers/resources_rpc.py:237}}
Aug 04 08:39:43.085939 dv-cinder-802653-4-iscsi neutron-server[100321]: DEBUG neutron_lib.callbacks.manager [None req-ce4beb49-02e6-4bc5-a6df-92a50baf0d89 admin admin] Notify callbacks ['neutron.plugins.ml2.ovo_rpc._ObjectChangeHandler.handle_event-2034724'] for security_group, after_delete {{(pid=100321) _notify_loop /usr/local/lib/python3.8/dist-packages/neutron_lib/callbacks/manager.py:192}}
Aug 04 08:39:43.089774 dv-cinder-802653-4-iscsi neutron-server[100321]: DEBUG neutron_lib.callbacks.manager [None req-ce4beb49-02e6-4bc5-a6df-92a50baf0d89 admin admin] Notify callbacks [] for security_group, before_response {{(pid=100321) _notify_loop /usr/local/lib/python3.8/dist-packages/neutron_lib/callbacks/manager.py:192}}
Aug 04 08:39:43.093297 dv-cinder-802653-4-iscsi neutron-server[100321]: INFO neutron.wsgi [None req-ce4beb49-02e6-4bc5-a6df-92a50baf0d89 admin admin] 10.222.0.45 "DELETE /v2.0/security-groups/c730e922-b004-4e29-a736-3c0e9636f2cd HTTP/1.1" status: 204 len: 168 time: 0.5268159
Aug 04 08:39:43.124108 dv-cinder-802653-4-iscsi neutron-server[100321]: DEBUG neutron.api.rpc.handlers.resources_rpc [None req-ce4beb49-02e6-4bc5-a6df-92a50baf0d89 admin admin] Pushing event deleted for resources: {'SecurityGroup': ['ID=c730e922-b004-4e29-a736-3c0e9636f2cd,revision_number=None']} {{(pid=100321) push /opt/stack/neutron/neutron/api/rpc/handlers/resources_rpc.py:237}}
Aug 04 08:39:43.164829 dv-cinder-802653-4-iscsi neutron-server[100321]: INFO neutron.wsgi [req-5b88476c-69b6-4a08-a693-519a8ce11d09 req-7826e073-74e4-41ba-85df-cca067d21360 service neutron] 10.222.0.61 "GET /v2.0/security-groups?id=30ebbb7d-0603-4a25-91c7-f24d02749395&fields=id&fields=name HTTP/1.1" status: 200 len: 286 time: 0.0936706
Aug 04 08:39:43.166251 dv-cinder-802653-4-iscsi neutron-server[100321]: INFO neutron.wsgi [req-1700e825-081c-40a7-ace1-5d951322aa0f req-6b610200-aa5d-4da5-a8e6-05d5b6c582ca service neutron] 10.222.0.61 "GET /v2.0/security-groups?id=0fe2a225-2eb6-4c61-a53d-53b0d4598b93&fields=id&fields=name HTTP/1.1" status: 200 len: 286 time: 0.0963504
Aug 04 08:39:43.166360 dv-cinder-802653-4-iscsi neutron-server[100320]: DEBUG neutron.pecan_wsgi.hooks.policy_enforcement [req-729f28e8-7aa8-48ee-9253-f78ebf91c556 req-4bf5a2e9-cb33-4e6a-b30c-81f8882c3130 tempest-AttachVolumeTestJSON-1967960004 tempest-AttachVolumeTestJSON-1967960004-project] Attributes excluded by policy engine: ['standard_attr_id', 'binding:profile', 'binding:host_id', 'binding:vif_type', 'binding:vif_details'] {{(pid=100320) _exclude_attributes_by_policy /opt/stack/neutron/neutron/pecan_wsgi/hooks/policy_enforcement.py:255}}
Aug 04 08:39:43.166955 dv-cinder-802653-4-iscsi neutron-server[100321]: DEBUG neutron_lib.callbacks.manager [None req-6870313a-ddb8-4197-a581-6286bd56fd57 admin admin] Notify callbacks [] for security_group, before_delete {{(pid=100321) _notify_loop /usr/local/lib/python3.8/dist-packages/neutron_lib/callbacks/manager.py:192}}
Aug 04 08:39:43.175893 dv-cinder-802653-4-iscsi neutron-server[100320]: INFO neutron.wsgi [req-729f28e8-7aa8-48ee-9253-f78ebf91c556 req-4bf5a2e9-cb33-4e6a-b30c-81f8882c3130 tempest-AttachVolumeTestJSON-1967960004 tempest-AttachVolumeTestJSON-1967960004-project] 10.222.0.45 "GET /v2.0/ports?device_id=51fb48ea-95c7-4619-815f-2271cbae9fb9 HTTP/1.1" status: 200 len: 944 time: 0.0778637
Aug 04 08:39:43.211401 dv-cinder-802653-4-iscsi neutron-server[100321]: DEBUG neutron_lib.callbacks.manager [None req-6870313a-ddb8-4197-a581-6286bd56fd57 admin admin] Notify callbacks [] for security_group, precommit_delete {{(pid=100321) _notify_loop /usr/local/lib/python3.8/dist-packages/neutron_lib/callbacks/manager.py:192}}
Aug 04 08:39:43.216517 dv-cinder-802653-4-iscsi neutron-server[100320]: INFO neutron.wsgi [req-729f28e8-7aa8-48ee-9253-f78ebf91c556 req-a2226ae1-660b-4734-9476-244d73a8c84d tempest-AttachVolumeTestJSON-1967960004 tempest-AttachVolumeTestJSON-1967960004-project] 10.222.0.45 "GET /v2.0/security-groups?id=1bb4be86-fe92-4e57-a4d9-69db1c797f08&fields=id&fields=name HTTP/1.1" status: 200 len: 313 time: 0.0397279
Aug 04 08:39:43.258490 dv-cinder-802653-4-iscsi neutron-server[100321]: DEBUG neutron.pecan_wsgi.hooks.policy_enforcement [req-60161054-823b-495a-8127-2472b4e95a72 req-a284289c-f929-4fb0-95f6-f806dea4c832 tempest-AttachVolumeNegativeTest-1246343768 tempest-AttachVolumeNegativeTest-1246343768-project] Attributes excluded by policy engine: ['standard_attr_id', 'binding:profile', 'binding:host_id', 'binding:vif_type', 'binding:vif_details'] {{(pid=100321) _exclude_attributes_by_policy /opt/stack/neutron/neutron/pecan_wsgi/hooks/policy_enforcement.py:255}}
Aug 04 08:39:43.259858 dv-cinder-802653-4-iscsi neutron-server[100321]: INFO neutron.wsgi [req-60161054-823b-495a-8127-2472b4e95a72 req-a284289c-f929-4fb0-95f6-f806dea4c832 tempest-AttachVolumeNegativeTest-1246343768 tempest-AttachVolumeNegativeTest-1246343768-project] 10.222.0.45 "GET /v2.0/ports?device_id=311603b0-2416-4fc6-a5a2-a4a6fbc8c07e HTTP/1.1" status: 200 len: 946 time: 0.0839660
Aug 04 08:39:43.301722 dv-cinder-802653-4-iscsi neutron-server[100321]: INFO neutron.wsgi [req-60161054-823b-495a-8127-2472b4e95a72 req-913d9cd8-310b-4fc3-98b8-a202f61953e2 tempest-AttachVolumeNegativeTest-1246343768 tempest-AttachVolumeNegativeTest-1246343768-project] 10.222.0.45 "GET /v2.0/security-groups?id=0fe2a225-2eb6-4c61-a53d-53b0d4598b93&fields=id&fields=name HTTP/1.1" status: 200 len: 286 time: 0.0355976
Aug 04 08:39:43.350234 dv-cinder-802653-4-iscsi neutron-server[100321]: DEBUG neutron_lib.callbacks.manager [None req-6870313a-ddb8-4197-a581-6286bd56fd57 admin admin] Notify callbacks ['neutron.plugins.ml2.ovo_rpc._ObjectChangeHandler.handle_event-2034724'] for security_group, after_delete {{(pid=100321) _notify_loop /usr/local/lib/python3.8/dist-packages/neutron_lib/callbacks/manager.py:192}}
Aug 04 08:39:43.352830 dv-cinder-802653-4-iscsi neutron-server[100321]: DEBUG neutron_lib.callbacks.manager [None req-6870313a-ddb8-4197-a581-6286bd56fd57 admin admin] Notify callbacks [] for security_group, before_response {{(pid=100321) _notify_loop /usr/local/lib/python3.8/dist-packages/neutron_lib/callbacks/manager.py:192}}
Aug 04 08:39:43.354058 dv-cinder-802653-4-iscsi neutron-server[100321]: INFO neutron.wsgi [None req-6870313a-ddb8-4197-a581-6286bd56fd57 admin admin] 10.222.0.45 "DELETE /v2.0/security-groups/957e9559-c038-4170-85ff-a9ddad0253a7 HTTP/1.1" status: 204 len: 168 time: 0.3152587
Aug 04 08:39:43.362055 dv-cinder-802653-4-iscsi neutron-server[100321]: DEBUG neutron.api.rpc.handlers.resources_rpc [None req-6870313a-ddb8-4197-a581-6286bd56fd57 admin admin] Pushing event deleted for resources: {'SecurityGroup': ['ID=957e9559-c038-4170-85ff-a9ddad0253a7,revision_number=None']} {{(pid=100321) push /opt/stack/neutron/neutron/api/rpc/handlers/resources_rpc.py:237}}
Aug 04 08:39:43.633295 dv-cinder-802653-4-iscsi neutron-server[100320]: DEBUG neutron.pecan_wsgi.hooks.policy_enforcement [req-490a8119-6eb6-4acb-b60e-76909784adf5 req-f0c4b726-2184-44a5-afde-6d83da610596 tempest-ServerRescueNegativeTestJSON-27458376 tempest-ServerRescueNegativeTestJSON-27458376-project] Attributes excluded by policy engine: ['standard_attr_id', 'binding:profile', 'binding:host_id', 'binding:vif_type', 'binding:vif_details'] {{(pid=100320) _exclude_attributes_by_policy /opt/stack/neutron/neutron/pecan_wsgi/hooks/policy_enforcement.py:255}}
Aug 04 08:39:43.636590 dv-cinder-802653-4-iscsi neutron-server[100320]: INFO neutron.wsgi [req-490a8119-6eb6-4acb-b60e-76909784adf5 req-f0c4b726-2184-44a5-afde-6d83da610596 tempest-ServerRescueNegativeTestJSON-27458376 tempest-ServerRescueNegativeTestJSON-27458376-project] 10.222.0.45 "GET /v2.0/ports?device_id=faef54ff-872b-4063-847a-86c301dc84e9 HTTP/1.1" status: 200 len: 946 time: 0.0507903
Aug 04 08:39:43.658471 dv-cinder-802653-4-iscsi neutron-server[100321]: DEBUG neutron.pecan_wsgi.hooks.policy_enforcement [req-724f36a4-e961-444b-ba4d-ae653b10952e req-75e6a2c3-a980-435c-b5c6-762f28cad02c tempest-DeleteServersTestJSON-2071771894 tempest-DeleteServersTestJSON-2071771894-project] Attributes excluded by policy engine: ['standard_attr_id', 'binding:profile', 'binding:host_id', 'binding:vif_type', 'binding:vif_details'] {{(pid=100321) _exclude_attributes_by_policy /opt/stack/neutron/neutron/pecan_wsgi/hooks/policy_enforcement.py:255}}
Aug 04 08:39:43.664990 dv-cinder-802653-4-iscsi neutron-server[100321]: INFO neutron.wsgi [req-724f36a4-e961-444b-ba4d-ae653b10952e req-75e6a2c3-a980-435c-b5c6-762f28cad02c tempest-DeleteServersTestJSON-2071771894 tempest-DeleteServersTestJSON-2071771894-project] 10.222.0.45 "GET /v2.0/ports?device_id=a4c63450-9fb7-4de9-b9e7-a9aebc714323 HTTP/1.1" status: 200 len: 946 time: 0.0526400
Aug 04 08:39:43.680985 dv-cinder-802653-4-iscsi neutron-server[100320]: INFO neutron.wsgi [req-490a8119-6eb6-4acb-b60e-76909784adf5 req-1b119d96-a582-4ecc-8dbc-fc6d509dbc5d tempest-ServerRescueNegativeTestJSON-27458376 tempest-ServerRescueNegativeTestJSON-27458376-project] 10.222.0.45 "GET /v2.0/security-groups?id=e7dd0de1-8342-4f7e-916c-f5872f3cf521&fields=id&fields=name HTTP/1.1" status: 200 len: 286 time: 0.0399725
Aug 04 08:39:43.708375 dv-cinder-802653-4-iscsi neutron-server[100321]: INFO neutron.wsgi [req-724f36a4-e961-444b-ba4d-ae653b10952e req-bda97d96-2c9e-4105-a309-09b09d2ee746 tempest-DeleteServersTestJSON-2071771894 tempest-DeleteServersTestJSON-2071771894-project] 10.222.0.45 "GET /v2.0/security-groups?id=30ebbb7d-0603-4a25-91c7-f24d02749395&fields=id&fields=name HTTP/1.1" status: 200 len: 286 time: 0.0413675
Aug 04 08:39:43.859243 dv-cinder-802653-4-iscsi neutron-server[100320]: DEBUG neutron.wsgi [-] (100320) accepted ('10.222.0.45', 47440) {{(pid=100320) server /usr/local/lib/python3.8/dist-packages/eventlet/wsgi.py:982}}
Aug 04 08:39:43.874178 dv-cinder-802653-4-iscsi neutron-server[100320]: DEBUG neutron_lib.callbacks.manager [None req-efda9982-73a6-4ebe-9af8-2de975646da5 admin admin] Notify callbacks [] for security_group, before_create {{(pid=100320) _notify_loop /usr/local/lib/python3.8/dist-packages/neutron_lib/callbacks/manager.py:192}}
Aug 04 08:39:43.985744 dv-cinder-802653-4-iscsi neutron-server[100320]: DEBUG neutron_lib.callbacks.manager [None req-efda9982-73a6-4ebe-9af8-2de975646da5 admin admin] Notify callbacks [] for security_group, precommit_create {{(pid=100320) _notify_loop /usr/local/lib/python3.8/dist-packages/neutron_lib/callbacks/manager.py:192}}
Aug 04 08:39:44.046978 dv-cinder-802653-4-iscsi neutron-server[100320]: DEBUG neutron_lib.callbacks.manager [None req-efda9982-73a6-4ebe-9af8-2de975646da5 admin admin] Notify callbacks ['neutron.plugins.ml2.ovo_rpc._ObjectChangeHandler.handle_event-2034724'] for security_group, after_create {{(pid=100320) _notify_loop /usr/local/lib/python3.8/dist-packages/neutron_lib/callbacks/manager.py:192}}
Aug 04 08:39:44.084174 dv-cinder-802653-4-iscsi neutron-server[100320]: DEBUG neutron.api.rpc.handlers.resources_rpc [None req-efda9982-73a6-4ebe-9af8-2de975646da5 admin admin] Pushing event updated for resources: {'SecurityGroup': ['ID=3a476872-c879-4965-9a96-4ca44e74757f,revision_number=1']} {{(pid=100320) push /opt/stack/neutron/neutron/api/rpc/handlers/resources_rpc.py:237}}
Aug 04 08:39:44.090667 dv-cinder-802653-4-iscsi neutron-server[100320]: INFO neutron.wsgi [None req-efda9982-73a6-4ebe-9af8-2de975646da5 admin admin] 10.222.0.45 "GET /v2.0/security-groups?tenant_id=0b329f1550a640e2a18b3b87b274f5db&name=default HTTP/1.1" status: 200 len: 2979 time: 0.2289672
Aug 04 08:39:44.092061 dv-cinder-802653-4-iscsi neutron-server[100322]: DEBUG neutron.plugins.ml2.rpc [None req-94711c50-661e-4ea4-976d-1ed04f94dad4 None None] Device ac909070-ec11-4604-bc29-7949d074e3c1 up at agent hyperv_hv-cinder-80265 {{(pid=100322) update_device_up /opt/stack/neutron/neutron/plugins/ml2/rpc.py:296}}
Aug 04 08:39:44.092550 dv-cinder-802653-4-iscsi neutron-server[100320]: DEBUG neutron.wsgi [-] (100320) accepted ('10.222.0.45', 47454) {{(pid=100320) server /usr/local/lib/python3.8/dist-packages/eventlet/wsgi.py:982}}
Aug 04 08:39:44.141771 dv-cinder-802653-4-iscsi neutron-server[100320]: DEBUG neutron_lib.callbacks.manager [None req-529ed3ee-de43-4ccc-b261-c730978d487e admin admin] Notify callbacks [] for security_group, before_delete {{(pid=100320) _notify_loop /usr/local/lib/python3.8/dist-packages/neutron_lib/callbacks/manager.py:192}}
Aug 04 08:39:44.168469 dv-cinder-802653-4-iscsi neutron-server[100320]: DEBUG neutron_lib.callbacks.manager [None req-529ed3ee-de43-4ccc-b261-c730978d487e admin admin] Notify callbacks [] for security_group, precommit_delete {{(pid=100320) _notify_loop /usr/local/lib/python3.8/dist-packages/neutron_lib/callbacks/manager.py:192}}
Aug 04 08:39:44.224174 dv-cinder-802653-4-iscsi neutron-server[100322]: DEBUG neutron.db.provisioning_blocks [None req-94711c50-661e-4ea4-976d-1ed04f94dad4 None None] Provisioning for port ac909070-ec11-4604-bc29-7949d074e3c1 completed by entity L2. {{(pid=100322) provisioning_complete /opt/stack/neutron/neutron/db/provisioning_blocks.py:133}}
Aug 04 08:39:44.229446 dv-cinder-802653-4-iscsi neutron-server[100322]: DEBUG neutron.db.provisioning_blocks [None req-94711c50-661e-4ea4-976d-1ed04f94dad4 None None] Provisioning complete for port ac909070-ec11-4604-bc29-7949d074e3c1 triggered by entity L2. {{(pid=100322) provisioning_complete /opt/stack/neutron/neutron/db/provisioning_blocks.py:139}}
Aug 04 08:39:44.233617 dv-cinder-802653-4-iscsi neutron-server[100322]: DEBUG neutron_lib.callbacks.manager [None req-94711c50-661e-4ea4-976d-1ed04f94dad4 None None] Notify callbacks ['neutron.plugins.ml2.plugin.Ml2Plugin._port_provisioned-931986'] for port, provisioning_complete {{(pid=100322) _notify_loop /usr/local/lib/python3.8/dist-packages/neutron_lib/callbacks/manager.py:192}}
Aug 04 08:39:44.281682 dv-cinder-802653-4-iscsi neutron-server[100320]: DEBUG neutron_lib.callbacks.manager [None req-529ed3ee-de43-4ccc-b261-c730978d487e admin admin] Notify callbacks ['neutron.plugins.ml2.ovo_rpc._ObjectChangeHandler.handle_event-2034724'] for security_group, after_delete {{(pid=100320) _notify_loop /usr/local/lib/python3.8/dist-packages/neutron_lib/callbacks/manager.py:192}}
Aug 04 08:39:44.286172 dv-cinder-802653-4-iscsi neutron-server[100320]: DEBUG neutron_lib.callbacks.manager [None req-529ed3ee-de43-4ccc-b261-c730978d487e admin admin] Notify callbacks [] for security_group, before_response {{(pid=100320) _notify_loop /usr/local/lib/python3.8/dist-packages/neutron_lib/callbacks/manager.py:192}}
Aug 04 08:39:44.287674 dv-cinder-802653-4-iscsi neutron-server[100320]: INFO neutron.wsgi [None req-529ed3ee-de43-4ccc-b261-c730978d487e admin admin] 10.222.0.45 "DELETE /v2.0/security-groups/3a476872-c879-4965-9a96-4ca44e74757f HTTP/1.1" status: 204 len: 168 time: 0.1943092
Aug 04 08:39:44.319674 dv-cinder-802653-4-iscsi neutron-server[100322]: DEBUG neutron_lib.callbacks.manager [None req-94711c50-661e-4ea4-976d-1ed04f94dad4 None None] Notify callbacks ['neutron.plugins.ml2.plugin.SecurityGroupDbMixin._ensure_default_security_group_handler-532356'] for port, before_update {{(pid=100322) _notify_loop /usr/local/lib/python3.8/dist-packages/neutron_lib/callbacks/manager.py:192}}
Aug 04 08:39:44.332412 dv-cinder-802653-4-iscsi neutron-server[100320]: DEBUG neutron.api.rpc.handlers.resources_rpc [None req-529ed3ee-de43-4ccc-b261-c730978d487e admin admin] Pushing event deleted for resources: {'SecurityGroup': ['ID=3a476872-c879-4965-9a96-4ca44e74757f,revision_number=None']} {{(pid=100320) push /opt/stack/neutron/neutron/api/rpc/handlers/resources_rpc.py:237}}
Aug 04 08:39:44.377882 dv-cinder-802653-4-iscsi neutron-server[100320]: DEBUG neutron.pecan_wsgi.hooks.policy_enforcement [req-2dbfaf34-5d63-4ca6-98b7-40adf5faf394 req-680dcf61-7058-46a6-9115-8f4527128aab tempest-AttachVolumeTestJSON-1967960004 tempest-AttachVolumeTestJSON-1967960004-project] Attributes excluded by policy engine: ['standard_attr_id', 'binding:profile', 'binding:host_id', 'binding:vif_type', 'binding:vif_details'] {{(pid=100320) _exclude_attributes_by_policy /opt/stack/neutron/neutron/pecan_wsgi/hooks/policy_enforcement.py:255}}
Aug 04 08:39:44.400031 dv-cinder-802653-4-iscsi neutron-server[100320]: INFO neutron.wsgi [req-2dbfaf34-5d63-4ca6-98b7-40adf5faf394 req-680dcf61-7058-46a6-9115-8f4527128aab tempest-AttachVolumeTestJSON-1967960004 tempest-AttachVolumeTestJSON-1967960004-project] 10.222.0.45 "GET /v2.0/ports?device_id=51fb48ea-95c7-4619-815f-2271cbae9fb9 HTTP/1.1" status: 200 len: 944 time: 0.1109529
Aug 04 08:39:44.400627 dv-cinder-802653-4-iscsi neutron-server[100322]: DEBUG neutron.notifiers.nova [-] Sending events: [{'server_uuid': '51fb48ea-95c7-4619-815f-2271cbae9fb9', 'name': 'network-vif-plugged', 'status': 'completed', 'tag': 'ac909070-ec11-4604-bc29-7949d074e3c1'}] {{(pid=100322) send_events /opt/stack/neutron/neutron/notifiers/nova.py:262}}
Aug 04 08:39:44.404259 dv-cinder-802653-4-iscsi neutron-server[100322]: DEBUG novaclient.v2.client [-] REQ: curl -g -i --cacert "/opt/stack/data/ca-bundle.pem" -X POST http://10.222.0.45/compute/v2.1/os-server-external-events -H "Accept: application/json" -H "Content-Type: application/json" -H "User-Agent: python-novaclient" -H "X-Auth-Token: {SHA256}6c495c7497e5e90a156a42ea06e218473990fefc1974f3e33d0cb89c8111961e" -H "X-OpenStack-Nova-API-Version: 2.1" -H "X-OpenStack-Request-ID: req-65cc5b7e-eb93-422b-9328-d31f678010f7" -d '{"events": [{"server_uuid": "51fb48ea-95c7-4619-815f-2271cbae9fb9", "name": "network-vif-plugged", "status": "completed", "tag": "ac909070-ec11-4604-bc29-7949d074e3c1"}]}' {{(pid=100322) _http_log_request /usr/local/lib/python3.8/dist-packages/keystoneauth1/session.py:519}}
Aug 04 08:39:44.418442 dv-cinder-802653-4-iscsi neutron-server[100322]: DEBUG neutron.plugins.ml2.db [None req-94711c50-661e-4ea4-976d-1ed04f94dad4 None None] For port ac909070-ec11-4604-bc29-7949d074e3c1, host hv-cinder-80265, got binding levels [PortBindingLevel(driver='hyperv',host='hv-cinder-80265',level=0,port_id=ac909070-ec11-4604-bc29-7949d074e3c1,segment=NetworkSegment(5e68a294-6a8a-445c-8bd6-23f3bac2ccca),segment_id=5e68a294-6a8a-445c-8bd6-23f3bac2ccca)] {{(pid=100322) get_binding_level_objs /opt/stack/neutron/neutron/plugins/ml2/db.py:74}}
Aug 04 08:39:44.453327 dv-cinder-802653-4-iscsi neutron-server[100320]: INFO neutron.wsgi [req-2dbfaf34-5d63-4ca6-98b7-40adf5faf394 req-26b69447-3bb9-4ac8-904d-0684b85ef42a tempest-AttachVolumeTestJSON-1967960004 tempest-AttachVolumeTestJSON-1967960004-project] 10.222.0.45 "GET /v2.0/security-groups?id=1bb4be86-fe92-4e57-a4d9-69db1c797f08&fields=id&fields=name HTTP/1.1" status: 200 len: 313 time: 0.0524597
Aug 04 08:39:44.484492 dv-cinder-802653-4-iscsi neutron-server[100321]: DEBUG neutron.pecan_wsgi.hooks.policy_enforcement [req-72945b5b-c361-4296-9110-6fac3f390487 req-c1d0fda5-62cb-4ea1-941a-64e9bca12426 tempest-AttachVolumeNegativeTest-1246343768 tempest-AttachVolumeNegativeTest-1246343768-project] Attributes excluded by policy engine: ['standard_attr_id', 'binding:profile', 'binding:host_id', 'binding:vif_type', 'binding:vif_details'] {{(pid=100321) _exclude_attributes_by_policy /opt/stack/neutron/neutron/pecan_wsgi/hooks/policy_enforcement.py:255}}
Aug 04 08:39:44.492086 dv-cinder-802653-4-iscsi neutron-server[100321]: INFO neutron.wsgi [req-72945b5b-c361-4296-9110-6fac3f390487 req-c1d0fda5-62cb-4ea1-941a-64e9bca12426 tempest-AttachVolumeNegativeTest-1246343768 tempest-AttachVolumeNegativeTest-1246343768-project] 10.222.0.45 "GET /v2.0/ports?device_id=311603b0-2416-4fc6-a5a2-a4a6fbc8c07e HTTP/1.1" status: 200 len: 946 time: 0.1027985
Aug 04 08:39:44.499910 dv-cinder-802653-4-iscsi neutron-server[100322]: DEBUG neutron_lib.callbacks.manager [None req-94711c50-661e-4ea4-976d-1ed04f94dad4 None None] Notify callbacks ['neutron.plugins.ml2.plugin.SecurityGroupServerNotifierRpcMixin._notify_sg_on_port_change-529619', 'neutron.plugins.ml2.ovo_rpc._ObjectChangeHandler.handle_event-509919', 'neutron.api.rpc.agentnotifiers.dhcp_rpc_agent_api.DhcpAgentNotifyAPI._native_event_send_dhcp_notification-1646669', 'neutron.db.l3_db.L3RpcNotifierMixin._notify_gateway_port_ip_changed-8749050980271', 'neutron.db.l3_dvrscheduler_db._notify_l3_agent_port_update-8749050521546', 'neutron.db.l3_hascheduler_db._notify_l3_agent_ha_port_update-8749050521564'] for port, after_update {{(pid=100322) _notify_loop /usr/local/lib/python3.8/dist-packages/neutron_lib/callbacks/manager.py:192}}
Aug 04 08:39:44.552483 dv-cinder-802653-4-iscsi neutron-server[100322]: DEBUG novaclient.v2.client [-] RESP: [200] Connection: close Content-Length: 183 Content-Type: application/json Date: Wed, 04 Aug 2021 08:39:44 GMT OpenStack-API-Version: compute 2.1 Server: Apache/2.4.41 (Ubuntu) Vary: OpenStack-API-Version,X-OpenStack-Nova-API-Version X-OpenStack-Nova-API-Version: 2.1 x-compute-request-id: req-e158eada-9dbc-4210-b72b-854df55580d7 x-openstack-request-id: req-e158eada-9dbc-4210-b72b-854df55580d7 {{(pid=100322) _http_log_response /usr/local/lib/python3.8/dist-packages/keystoneauth1/session.py:550}}
Aug 04 08:39:44.553065 dv-cinder-802653-4-iscsi neutron-server[100322]: DEBUG novaclient.v2.client [-] RESP BODY: {"events": [{"server_uuid": "51fb48ea-95c7-4619-815f-2271cbae9fb9", "name": "network-vif-plugged", "status": "completed", "tag": "ac909070-ec11-4604-bc29-7949d074e3c1", "code": 200}]} {{(pid=100322) _http_log_response /usr/local/lib/python3.8/dist-packages/keystoneauth1/session.py:582}}
Aug 04 08:39:44.553403 dv-cinder-802653-4-iscsi neutron-server[100322]: DEBUG novaclient.v2.client [-] POST call to compute for http://10.222.0.45/compute/v2.1/os-server-external-events used request id req-e158eada-9dbc-4210-b72b-854df55580d7 {{(pid=100322) request /usr/local/lib/python3.8/dist-packages/keystoneauth1/session.py:954}}
Aug 04 08:39:44.553990 dv-cinder-802653-4-iscsi neutron-server[100322]: INFO neutron.notifiers.nova [-] Nova event response: {'server_uuid': '51fb48ea-95c7-4619-815f-2271cbae9fb9', 'name': 'network-vif-plugged', 'status': 'completed', 'tag': 'ac909070-ec11-4604-bc29-7949d074e3c1', 'code': 200}
Aug 04 08:39:44.563740 dv-cinder-802653-4-iscsi neutron-server[100322]: DEBUG neutron.api.rpc.handlers.resources_rpc [None req-94711c50-661e-4ea4-976d-1ed04f94dad4 None None] Pushing event updated for resources: {'Port': ['ID=ac909070-ec11-4604-bc29-7949d074e3c1,revision_number=5']} {{(pid=100322) push /opt/stack/neutron/neutron/api/rpc/handlers/resources_rpc.py:237}}
Aug 04 08:39:44.567071 dv-cinder-802653-4-iscsi neutron-server[100321]: INFO neutron.wsgi [req-72945b5b-c361-4296-9110-6fac3f390487 req-e5dd6354-0d22-402c-8477-301aa1b1d919 tempest-AttachVolumeNegativeTest-1246343768 tempest-AttachVolumeNegativeTest-1246343768-project] 10.222.0.45 "GET /v2.0/security-groups?id=0fe2a225-2eb6-4c61-a53d-53b0d4598b93&fields=id&fields=name HTTP/1.1" status: 200 len: 286 time: 0.0739009
Aug 04 08:39:44.844868 dv-cinder-802653-4-iscsi neutron-server[100320]: DEBUG neutron.pecan_wsgi.hooks.policy_enforcement [req-96dafa70-e0cc-4931-a71f-29f5423ea5bc req-62bae563-bb87-4062-ad3a-04faec92d3ed tempest-ServerRescueNegativeTestJSON-27458376 tempest-ServerRescueNegativeTestJSON-27458376-project] Attributes excluded by policy engine: ['standard_attr_id', 'binding:profile', 'binding:host_id', 'binding:vif_type', 'binding:vif_details'] {{(pid=100320) _exclude_attributes_by_policy /opt/stack/neutron/neutron/pecan_wsgi/hooks/policy_enforcement.py:255}}
Aug 04 08:39:44.846541 dv-cinder-802653-4-iscsi neutron-server[100320]: INFO neutron.wsgi [req-96dafa70-e0cc-4931-a71f-29f5423ea5bc req-62bae563-bb87-4062-ad3a-04faec92d3ed tempest-ServerRescueNegativeTestJSON-27458376 tempest-ServerRescueNegativeTestJSON-27458376-project] 10.222.0.45 "GET /v2.0/ports?device_id=faef54ff-872b-4063-847a-86c301dc84e9 HTTP/1.1" status: 200 len: 946 time: 0.0745029
Aug 04 08:39:44.855547 dv-cinder-802653-4-iscsi neutron-server[100321]: DEBUG neutron.pecan_wsgi.hooks.policy_enforcement [req-83793c26-ded0-4220-89af-bb9d5809defb req-30ad7230-d93b-4c45-884a-a6636d934056 tempest-DeleteServersTestJSON-2071771894 tempest-DeleteServersTestJSON-2071771894-project] Attributes excluded by policy engine: ['standard_attr_id', 'binding:profile', 'binding:host_id', 'binding:vif_type', 'binding:vif_details'] {{(pid=100321) _exclude_attributes_by_policy /opt/stack/neutron/neutron/pecan_wsgi/hooks/policy_enforcement.py:255}}
Aug 04 08:39:44.857158 dv-cinder-802653-4-iscsi neutron-server[100321]: INFO neutron.wsgi [req-83793c26-ded0-4220-89af-bb9d5809defb req-30ad7230-d93b-4c45-884a-a6636d934056 tempest-DeleteServersTestJSON-2071771894 tempest-DeleteServersTestJSON-2071771894-project] 10.222.0.45 "GET /v2.0/ports?device_id=a4c63450-9fb7-4de9-b9e7-a9aebc714323 HTTP/1.1" status: 200 len: 946 time: 0.0576117
Aug 04 08:39:44.893979 dv-cinder-802653-4-iscsi neutron-server[100320]: INFO neutron.wsgi [req-96dafa70-e0cc-4931-a71f-29f5423ea5bc req-554487dd-af57-4bdc-a082-1103768acd41 tempest-ServerRescueNegativeTestJSON-27458376 tempest-ServerRescueNegativeTestJSON-27458376-project] 10.222.0.45 "GET /v2.0/security-groups?id=e7dd0de1-8342-4f7e-916c-f5872f3cf521&fields=id&fields=name HTTP/1.1" status: 200 len: 286 time: 0.0404994
Aug 04 08:39:44.907237 dv-cinder-802653-4-iscsi neutron-server[100321]: INFO neutron.wsgi [req-83793c26-ded0-4220-89af-bb9d5809defb req-1dbd0c28-3f24-4643-b225-4007c1afbaf1 tempest-DeleteServersTestJSON-2071771894 tempest-DeleteServersTestJSON-2071771894-project] 10.222.0.45 "GET /v2.0/security-groups?id=30ebbb7d-0603-4a25-91c7-f24d02749395&fields=id&fields=name HTTP/1.1" status: 200 len: 286 time: 0.0402036
Aug 04 08:39:45.081042 dv-cinder-802653-4-iscsi neutron-server[100321]: DEBUG neutron.pecan_wsgi.hooks.policy_enforcement [req-f4e6815d-0b2c-4bf7-9b00-d883f4423aa4 req-b92d9f7b-3d44-4c2a-b5e0-1c42e118df69 service neutron] Attributes excluded by policy engine: ['standard_attr_id'] {{(pid=100321) _exclude_attributes_by_policy /opt/stack/neutron/neutron/pecan_wsgi/hooks/policy_enforcement.py:255}}
Aug 04 08:39:45.083407 dv-cinder-802653-4-iscsi neutron-server[100321]: INFO neutron.wsgi [req-f4e6815d-0b2c-4bf7-9b00-d883f4423aa4 req-b92d9f7b-3d44-4c2a-b5e0-1c42e118df69 service neutron] 10.222.0.61 "GET /v2.0/ports?device_id=51fb48ea-95c7-4619-815f-2271cbae9fb9 HTTP/1.1" status: 200 len: 1098 time: 0.0505192
Aug 04 08:39:45.150820 dv-cinder-802653-4-iscsi neutron-server[100321]: INFO neutron.wsgi [req-f4e6815d-0b2c-4bf7-9b00-d883f4423aa4 req-10057705-637c-4563-b2a4-45981cde4d28 service neutron] 10.222.0.61 "GET /v2.0/security-groups?id=1bb4be86-fe92-4e57-a4d9-69db1c797f08&fields=id&fields=name HTTP/1.1" status: 200 len: 313 time: 0.0452030
Aug 04 08:39:45.574303 dv-cinder-802653-4-iscsi neutron-server[100321]: DEBUG neutron.pecan_wsgi.hooks.policy_enforcement [req-bc819e18-df1a-4c17-9fd7-777458d33d7c req-e0ae4ba6-3998-4180-a01c-d360800986fe tempest-ServerRescueNegativeTestJSON-27458376 tempest-ServerRescueNegativeTestJSON-27458376-project] Attributes excluded by policy engine: ['standard_attr_id', 'binding:profile', 'binding:host_id', 'binding:vif_type', 'binding:vif_details'] {{(pid=100321) _exclude_attributes_by_policy /opt/stack/neutron/neutron/pecan_wsgi/hooks/policy_enforcement.py:255}}
Aug 04 08:39:45.575805 dv-cinder-802653-4-iscsi neutron-server[100321]: INFO neutron.wsgi [req-bc819e18-df1a-4c17-9fd7-777458d33d7c req-e0ae4ba6-3998-4180-a01c-d360800986fe tempest-ServerRescueNegativeTestJSON-27458376 tempest-ServerRescueNegativeTestJSON-27458376-project] 10.222.0.45 "GET /v2.0/ports?device_id=faef54ff-872b-4063-847a-86c301dc84e9 HTTP/1.1" status: 200 len: 946 time: 0.0783141
Aug 04 08:39:45.582235 dv-cinder-802653-4-iscsi neutron-server[100320]: DEBUG neutron.pecan_wsgi.hooks.policy_enforcement [req-e6f0f850-8f3e-4f64-808b-2de2bcffbc65 req-050b1505-0344-4395-a16a-9d5a1ceb6375 tempest-AttachVolumeTestJSON-1967960004 tempest-AttachVolumeTestJSON-1967960004-project] Attributes excluded by policy engine: ['standard_attr_id', 'binding:profile', 'binding:host_id', 'binding:vif_type', 'binding:vif_details'] {{(pid=100320) _exclude_attributes_by_policy /opt/stack/neutron/neutron/pecan_wsgi/hooks/policy_enforcement.py:255}}
Aug 04 08:39:45.583727 dv-cinder-802653-4-iscsi neutron-server[100320]: INFO neutron.wsgi [req-e6f0f850-8f3e-4f64-808b-2de2bcffbc65 req-050b1505-0344-4395-a16a-9d5a1ceb6375 tempest-AttachVolumeTestJSON-1967960004 tempest-AttachVolumeTestJSON-1967960004-project] 10.222.0.45 "GET /v2.0/ports?device_id=51fb48ea-95c7-4619-815f-2271cbae9fb9 HTTP/1.1" status: 200 len: 945 time: 0.0495346
Aug 04 08:39:45.619431 dv-cinder-802653-4-iscsi neutron-server[100321]: INFO neutron.wsgi [req-bc819e18-df1a-4c17-9fd7-777458d33d7c req-a1f3c877-bfeb-4e8b-accd-7507ed2215d2 tempest-ServerRescueNegativeTestJSON-27458376 tempest-ServerRescueNegativeTestJSON-27458376-project] 10.222.0.45 "GET /v2.0/security-groups?id=e7dd0de1-8342-4f7e-916c-f5872f3cf521&fields=id&fields=name HTTP/1.1" status: 200 len: 286 time: 0.0355422
Aug 04 08:39:45.629306 dv-cinder-802653-4-iscsi neutron-server[100320]: INFO neutron.wsgi [req-e6f0f850-8f3e-4f64-808b-2de2bcffbc65 req-1c5929a5-8ed5-44ab-91d0-c63230a538cb tempest-AttachVolumeTestJSON-1967960004 tempest-AttachVolumeTestJSON-1967960004-project] 10.222.0.45 "GET /v2.0/security-groups?id=1bb4be86-fe92-4e57-a4d9-69db1c797f08&fields=id&fields=name HTTP/1.1" status: 200 len: 313 time: 0.0364978
Aug 04 08:39:45.676170 dv-cinder-802653-4-iscsi neutron-server[100321]: DEBUG neutron.pecan_wsgi.hooks.policy_enforcement [req-86e9ac99-cb8b-4870-9bed-effdf26f392a req-6ae606b2-3ba8-48d7-bef7-affaabd3532f service neutron] Attributes excluded by policy engine: ['standard_attr_id'] {{(pid=100321) _exclude_attributes_by_policy /opt/stack/neutron/neutron/pecan_wsgi/hooks/policy_enforcement.py:255}}
Aug 04 08:39:45.678227 dv-cinder-802653-4-iscsi neutron-server[100321]: INFO neutron.wsgi [req-86e9ac99-cb8b-4870-9bed-effdf26f392a req-6ae606b2-3ba8-48d7-bef7-affaabd3532f service neutron] 10.222.0.61 "GET /v2.0/ports?tenant_id=55a9fea77bcc44ab9534b396d5e3d350&device_id=faef54ff-872b-4063-847a-86c301dc84e9 HTTP/1.1" status: 200 len: 1099 time: 0.0426819
Aug 04 08:39:45.805170 dv-cinder-802653-4-iscsi neutron-server[100321]: DEBUG neutron.pecan_wsgi.hooks.policy_enforcement [req-e1f2e87c-1b5a-4428-b0c4-cb183dd39270 req-e94a7fc9-65ad-4069-a591-3e877f929f0c tempest-AttachVolumeNegativeTest-1246343768 tempest-AttachVolumeNegativeTest-1246343768-project] Attributes excluded by policy engine: ['standard_attr_id', 'binding:profile', 'binding:host_id', 'binding:vif_type', 'binding:vif_details'] {{(pid=100321) _exclude_attributes_by_policy /opt/stack/neutron/neutron/pecan_wsgi/hooks/policy_enforcement.py:255}}
Aug 04 08:39:45.806655 dv-cinder-802653-4-iscsi neutron-server[100321]: INFO neutron.wsgi [req-e1f2e87c-1b5a-4428-b0c4-cb183dd39270 req-e94a7fc9-65ad-4069-a591-3e877f929f0c tempest-AttachVolumeNegativeTest-1246343768 tempest-AttachVolumeNegativeTest-1246343768-project] 10.222.0.45 "GET /v2.0/ports?device_id=311603b0-2416-4fc6-a5a2-a4a6fbc8c07e HTTP/1.1" status: 200 len: 946 time: 0.1046987
Aug 04 08:39:45.836378 dv-cinder-802653-4-iscsi neutron-server[100321]: DEBUG neutron.pecan_wsgi.hooks.policy_enforcement [req-86e9ac99-cb8b-4870-9bed-effdf26f392a req-f9687fb6-d152-4309-b8e6-06f9846d72b1 service neutron] Attributes excluded by policy engine: ['standard_attr_id', 'vlan_transparent'] {{(pid=100321) _exclude_attributes_by_policy /opt/stack/neutron/neutron/pecan_wsgi/hooks/policy_enforcement.py:255}}
Aug 04 08:39:45.837834 dv-cinder-802653-4-iscsi neutron-server[100321]: INFO neutron.wsgi [req-86e9ac99-cb8b-4870-9bed-effdf26f392a req-f9687fb6-d152-4309-b8e6-06f9846d72b1 service neutron] 10.222.0.61 "GET /v2.0/networks?id=ac5dabef-071c-44b6-81ab-8c1938a68bd3 HTTP/1.1" status: 200 len: 919 time: 0.1489329
Aug 04 08:39:45.869525 dv-cinder-802653-4-iscsi neutron-server[100320]: DEBUG neutron.wsgi [-] (100320) accepted ('10.222.0.45', 47538) {{(pid=100320) server /usr/local/lib/python3.8/dist-packages/eventlet/wsgi.py:982}}
Aug 04 08:39:45.892398 dv-cinder-802653-4-iscsi neutron-server[100321]: INFO neutron.wsgi [req-e1f2e87c-1b5a-4428-b0c4-cb183dd39270 req-8eaabe21-a4af-4fb7-b9ef-bb1eff20cda1 tempest-AttachVolumeNegativeTest-1246343768 tempest-AttachVolumeNegativeTest-1246343768-project] 10.222.0.45 "GET /v2.0/security-groups?id=0fe2a225-2eb6-4c61-a53d-53b0d4598b93&fields=id&fields=name HTTP/1.1" status: 200 len: 286 time: 0.0783556
Aug 04 08:39:45.893799 dv-cinder-802653-4-iscsi neutron-server[100321]: INFO neutron.wsgi [req-86e9ac99-cb8b-4870-9bed-effdf26f392a req-6ef4d237-4d2c-4e84-8b81-079812ecb696 service neutron] 10.222.0.61 "GET /v2.0/floatingips?fixed_ip_address=172.20.0.11&port_id=f3f64c7c-cadc-4780-87a4-59477460f157 HTTP/1.1" status: 200 len: 217 time: 0.0450845
Aug 04 08:39:45.947887 dv-cinder-802653-4-iscsi neutron-server[100321]: DEBUG neutron.pecan_wsgi.hooks.policy_enforcement [req-86e9ac99-cb8b-4870-9bed-effdf26f392a req-57f46ab1-fd96-4150-8224-6e16b46a3b8a service neutron] Attributes excluded by policy engine: ['standard_attr_id', 'shared', 'segment_id'] {{(pid=100321) _exclude_attributes_by_policy /opt/stack/neutron/neutron/pecan_wsgi/hooks/policy_enforcement.py:255}}
Aug 04 08:39:45.949629 dv-cinder-802653-4-iscsi neutron-server[100321]: INFO neutron.wsgi [req-86e9ac99-cb8b-4870-9bed-effdf26f392a req-57f46ab1-fd96-4150-8224-6e16b46a3b8a service neutron] 10.222.0.61 "GET /v2.0/subnets?id=d3847e2a-31ec-433f-bb0a-5a9cd2601977 HTTP/1.1" status: 200 len: 858 time: 0.0482991
Aug 04 08:39:46.013235 dv-cinder-802653-4-iscsi neutron-server[100321]: INFO neutron.wsgi [req-86e9ac99-cb8b-4870-9bed-effdf26f392a req-65d8b9d6-ea5d-4e1b-b9c9-8bf605c9efed service neutron] 10.222.0.61 "GET /v2.0/ports?network_id=ac5dabef-071c-44b6-81ab-8c1938a68bd3&device_owner=network%3Adhcp HTTP/1.1" status: 200 len: 210 time: 0.0456767
Aug 04 08:39:46.070630 dv-cinder-802653-4-iscsi neutron-server[100320]: DEBUG neutron.pecan_wsgi.hooks.policy_enforcement [req-af553302-7a88-4857-be88-0b06c380703a req-f49cc19f-a60a-41c8-891f-f68e6730d1f3 tempest-DeleteServersTestJSON-2071771894 tempest-DeleteServersTestJSON-2071771894-project] Attributes excluded by policy engine: ['standard_attr_id', 'binding:profile', 'binding:host_id', 'binding:vif_type', 'binding:vif_details'] {{(pid=100320) _exclude_attributes_by_policy /opt/stack/neutron/neutron/pecan_wsgi/hooks/policy_enforcement.py:255}}
Aug 04 08:39:46.072589 dv-cinder-802653-4-iscsi neutron-server[100320]: INFO neutron.wsgi [req-af553302-7a88-4857-be88-0b06c380703a req-f49cc19f-a60a-41c8-891f-f68e6730d1f3 tempest-DeleteServersTestJSON-2071771894 tempest-DeleteServersTestJSON-2071771894-project] 10.222.0.45 "GET /v2.0/ports?device_id=a4c63450-9fb7-4de9-b9e7-a9aebc714323 HTTP/1.1" status: 200 len: 946 time: 0.0849555
Aug 04 08:39:46.074529 dv-cinder-802653-4-iscsi neutron-server[100320]: DEBUG neutron_lib.callbacks.manager [None req-d055af10-552d-4507-816a-35a6178dd8e8 admin admin] Notify callbacks [] for security_group, before_create {{(pid=100320) _notify_loop /usr/local/lib/python3.8/dist-packages/neutron_lib/callbacks/manager.py:192}}
