Aug 04 08:39:07.791620 dv-cinder-802653-4-iscsi neutron-server[100321]: DEBUG neutron.wsgi [-] (100321) accepted ('10.222.0.45', 46120) {{(pid=100321) server /usr/local/lib/python3.8/dist-packages/eventlet/wsgi.py:982}}
Aug 04 08:39:07.791620 dv-cinder-802653-4-iscsi neutron-server[100321]: DEBUG neutron.api.v2.base [None req-615cd0e6-9ce7-475c-93d3-44881fe15af5 admin admin] Request body: {'router': {'name': 'tempest-AttachVolumeTestJSON-339756056-router', 'tenant_id': 'bdc92ef353f743beb579e2734e4bc9ed', 'external_gateway_info': {'network_id': '3e216780-0509-4029-b6cd-a15c5c01b313'}}} {{(pid=100321) prepare_request_body /opt/stack/neutron/neutron/api/v2/base.py:729}}
Aug 04 08:39:07.826122 dv-cinder-802653-4-iscsi neutron-server[100321]: DEBUG neutron.wsgi [-] (100321) accepted ('10.222.0.45', 46122) {{(pid=100321) server /usr/local/lib/python3.8/dist-packages/eventlet/wsgi.py:982}}
Aug 04 08:39:07.855477 dv-cinder-802653-4-iscsi neutron-server[100321]: DEBUG neutron.wsgi [-] (100321) accepted ('10.222.0.45', 46126) {{(pid=100321) server /usr/local/lib/python3.8/dist-packages/eventlet/wsgi.py:982}}
Aug 04 08:39:07.893938 dv-cinder-802653-4-iscsi neutron-server[100321]: DEBUG neutron.pecan_wsgi.hooks.quota_enforcement [None req-b8faad17-313c-4001-bed1-f0b5927ba421 admin admin] Made reservation on behalf of b51a1082cf7a431493f92e2286b74aa5 for: {'subnet': 1} {{(pid=100321) before /opt/stack/neutron/neutron/pecan_wsgi/hooks/quota_enforcement.py:53}}
Aug 04 08:39:07.897017 dv-cinder-802653-4-iscsi neutron-server[100321]: DEBUG neutron_lib.callbacks.manager [None req-b8faad17-313c-4001-bed1-f0b5927ba421 admin admin] Notify callbacks [] for subnet, before_create {{(pid=100321) _notify_loop /usr/local/lib/python3.8/dist-packages/neutron_lib/callbacks/manager.py:192}}
Aug 04 08:39:07.946447 dv-cinder-802653-4-iscsi neutron-server[100320]: DEBUG neutron_lib.callbacks.manager [None req-7fcacac4-f174-4c34-aa74-57eeaed647a7 admin admin] Notify callbacks ['neutron.plugins.ml2.ovo_rpc._ObjectChangeHandler.handle_event-2045516', 'neutron.api.rpc.agentnotifiers.dhcp_rpc_agent_api.DhcpAgentNotifyAPI._native_event_send_dhcp_notification-1646669'] for subnet, after_create {{(pid=100320) _notify_loop /usr/local/lib/python3.8/dist-packages/neutron_lib/callbacks/manager.py:192}}
Aug 04 08:39:07.953409 dv-cinder-802653-4-iscsi neutron-server[100322]: DEBUG neutron.api.rpc.handlers.dhcp_rpc [None req-0dadbf70-4ea3-43b6-b76f-a4e2ed17d248 None None] Create dhcp port {'port': {'name': '', 'admin_state_up': True, 'device_id': 'dhcpda83cd89-c10a-52ae-b198-37c960099bd2-4c817a01-120c-4c34-99bf-8b2dbd084298', 'network_id': '4c817a01-120c-4c34-99bf-8b2dbd084298', 'tenant_id': 'bdc92ef353f743beb579e2734e4bc9ed', 'fixed_ips': [{'subnet_id': '8b561a38-fec8-4399-844a-bbe6e7ef59b9'}]}} from dv-cinder-802653-4-iscsi. {{(pid=100322) create_dhcp_port /opt/stack/neutron/neutron/api/rpc/handlers/dhcp_rpc.py:285}}
Aug 04 08:39:07.954215 dv-cinder-802653-4-iscsi neutron-server[100322]: DEBUG neutron_lib.callbacks.manager [None req-0dadbf70-4ea3-43b6-b76f-a4e2ed17d248 None None] Notify callbacks ['neutron.plugins.ml2.plugin.SecurityGroupDbMixin._ensure_default_security_group_handler-532356'] for port, before_create {{(pid=100322) _notify_loop /usr/local/lib/python3.8/dist-packages/neutron_lib/callbacks/manager.py:192}}
Aug 04 08:39:07.962104 dv-cinder-802653-4-iscsi neutron-server[100320]: DEBUG neutron_lib.callbacks.manager [None req-7e03bedf-734b-4a60-b055-536d618e5857 admin admin] Notify callbacks [] for router_gateway, after_create {{(pid=100320) _notify_loop /usr/local/lib/python3.8/dist-packages/neutron_lib/callbacks/manager.py:192}}
Aug 04 08:39:08.012412 dv-cinder-802653-4-iscsi neutron-server[100321]: DEBUG neutron_lib.callbacks.manager [None req-2266b9f6-5dd4-4dd0-85b4-fcf96383bf7e admin admin] Notify callbacks [] for security_group, before_create {{(pid=100321) _notify_loop /usr/local/lib/python3.8/dist-packages/neutron_lib/callbacks/manager.py:192}}
Aug 04 08:39:08.033660 dv-cinder-802653-4-iscsi neutron-server[100321]: DEBUG neutron_lib.callbacks.manager [None req-136e319f-26f2-4fb8-abe0-4873fc27fb70 admin admin] Notify callbacks [] for security_group, before_create {{(pid=100321) _notify_loop /usr/local/lib/python3.8/dist-packages/neutron_lib/callbacks/manager.py:192}}
Aug 04 08:39:08.110433 dv-cinder-802653-4-iscsi neutron-server[100321]: DEBUG neutron_lib.callbacks.manager [None req-615cd0e6-9ce7-475c-93d3-44881fe15af5 admin admin] Notify callbacks ['neutron.services.l3_router.l3_router_plugin.L3_HA_NAT_db_mixin._before_router_create_handler-2048338', 'neutron.services.l3_router.service_providers.driver_controller.DriverController._check_router_request-8269'] for router, before_create {{(pid=100321) _notify_loop /usr/local/lib/python3.8/dist-packages/neutron_lib/callbacks/manager.py:192}}
Aug 04 08:39:08.111894 dv-cinder-802653-4-iscsi neutron-server[100321]: DEBUG neutron_lib.callbacks.manager [None req-615cd0e6-9ce7-475c-93d3-44881fe15af5 admin admin] Notify callbacks ['neutron.services.l3_router.l3_router_plugin.L3_HA_NAT_db_mixin._precommit_router_create-2049762', 'neutron.services.l3_router.l3_router_plugin.DVRResourceOperationHandler._set_distributed_flag-2055556', 'neutron.services.l3_router.l3_router_plugin.RouterAvailabilityZoneMixin._process_az_request-1981338', 'neutron.services.l3_router.service_providers.driver_controller.DriverController._set_router_provider-8278'] for router, precommit_create {{(pid=100321) _notify_loop /usr/local/lib/python3.8/dist-packages/neutron_lib/callbacks/manager.py:192}}
Aug 04 08:39:08.153177 dv-cinder-802653-4-iscsi neutron-server[100322]: DEBUG neutron.db.db_base_plugin_common [None req-0dadbf70-4ea3-43b6-b76f-a4e2ed17d248 None None] Allocated IP 172.20.0.2 (4c817a01-120c-4c34-99bf-8b2dbd084298/8b561a38-fec8-4399-844a-bbe6e7ef59b9/88cd136b-fb6e-4076-9753-a9ddcb166cfe) {{(pid=100322) _store_ip_allocation /opt/stack/neutron/neutron/db/db_base_plugin_common.py:131}}
Aug 04 08:39:08.208856 dv-cinder-802653-4-iscsi neutron-server[100320]: DEBUG neutron.api.rpc.handlers.resources_rpc [None req-7fcacac4-f174-4c34-aa74-57eeaed647a7 admin admin] Pushing event updated for resources: {'Subnet': ['ID=2c165c90-bcac-445c-b6da-95d79809796d,revision_number=0']} {{(pid=100320) push /opt/stack/neutron/neutron/api/rpc/handlers/resources_rpc.py:237}}
Aug 04 08:39:08.228277 dv-cinder-802653-4-iscsi neutron-server[100320]: DEBUG neutron.plugins.ml2.drivers.mech_agent [None req-7fcacac4-f174-4c34-aa74-57eeaed647a7 admin admin] Checking segment: {'id': 'cb027c75-94ed-425f-9c98-b5e42a064b38', 'network_type': 'vlan', 'physical_network': 'physnet1', 'segmentation_id': 621, 'network_id': 'bcab414a-87be-49bb-b8c9-05b67515974e'} for mappings: {'physnet1': 'br-data'} with network types: ['local', 'flat', 'vlan'] {{(pid=100320) check_segment_for_agent /opt/stack/neutron/neutron/plugins/ml2/drivers/mech_agent.py:352}}
Aug 04 08:39:08.228849 dv-cinder-802653-4-iscsi neutron-server[100320]: DEBUG neutron.scheduler.dhcp_agent_scheduler [None req-7fcacac4-f174-4c34-aa74-57eeaed647a7 admin admin] Network hostable DHCP agents. Network: bcab414a-87be-49bb-b8c9-05b67515974e, hostable agents: ['d99d2447-930a-4a79-b4f6-24c5d2e4f89b'], hosted agents: [] {{(pid=100320) _get_network_hostable_dhcp_agents /opt/stack/neutron/neutron/scheduler/dhcp_agent_scheduler.py:329}}
Aug 04 08:39:08.245611 dv-cinder-802653-4-iscsi neutron-server[100320]: DEBUG neutron.wsgi [-] (100320) accepted ('10.222.0.45', 46150) {{(pid=100320) server /usr/local/lib/python3.8/dist-packages/eventlet/wsgi.py:982}}
Aug 04 08:39:08.249916 dv-cinder-802653-4-iscsi neutron-server[100320]: DEBUG neutron_lib.callbacks.manager [None req-7e03bedf-734b-4a60-b055-536d618e5857 admin admin] Notify callbacks ['neutron.services.l3_router.l3_router_plugin.L3_HA_NAT_db_mixin._after_router_create-2049749', 'neutron.services.l3_router.l3_router_plugin.DVRResourceOperationHandler._create_snat_interfaces_after_change-2055515'] for router, after_create {{(pid=100320) _notify_loop /usr/local/lib/python3.8/dist-packages/neutron_lib/callbacks/manager.py:192}}
Aug 04 08:39:08.251810 dv-cinder-802653-4-iscsi neutron-server[100320]: WARNING keystonemiddleware.auth_token [-] A valid token was submitted as a service token, but it was not a valid service token. This is incorrect but backwards compatible behaviour. This will be removed in future releases.
Aug 04 08:39:08.310697 dv-cinder-802653-4-iscsi neutron-server[100321]: DEBUG neutron_lib.callbacks.manager [None req-615cd0e6-9ce7-475c-93d3-44881fe15af5 admin admin] Notify callbacks [] for router_controller, precommit_add_association {{(pid=100321) _notify_loop /usr/local/lib/python3.8/dist-packages/neutron_lib/callbacks/manager.py:192}}
Aug 04 08:39:08.357714 dv-cinder-802653-4-iscsi neutron-server[100322]: DEBUG neutron_lib.callbacks.manager [None req-0dadbf70-4ea3-43b6-b76f-a4e2ed17d248 None None] Notify callbacks [] for port, precommit_create {{(pid=100322) _notify_loop /usr/local/lib/python3.8/dist-packages/neutron_lib/callbacks/manager.py:192}}
Aug 04 08:39:08.368589 dv-cinder-802653-4-iscsi neutron-server[100322]: DEBUG neutron.db.provisioning_blocks [None req-0dadbf70-4ea3-43b6-b76f-a4e2ed17d248 None None] Transition to ACTIVE for port object 88cd136b-fb6e-4076-9753-a9ddcb166cfe will not be triggered until provisioned by entity L2. {{(pid=100322) add_provisioning_component /opt/stack/neutron/neutron/db/provisioning_blocks.py:73}}
Aug 04 08:39:08.387846 dv-cinder-802653-4-iscsi neutron-server[100322]: DEBUG neutron.db.provisioning_blocks [None req-0dadbf70-4ea3-43b6-b76f-a4e2ed17d248 None None] Transition to ACTIVE for port object 88cd136b-fb6e-4076-9753-a9ddcb166cfe will not be triggered until provisioned by entity DHCP. {{(pid=100322) add_provisioning_component /opt/stack/neutron/neutron/db/provisioning_blocks.py:73}}
Aug 04 08:39:08.397835 dv-cinder-802653-4-iscsi neutron-server[100321]: DEBUG neutron_lib.callbacks.manager [None req-2266b9f6-5dd4-4dd0-85b4-fcf96383bf7e admin admin] Notify callbacks [] for security_group, precommit_create {{(pid=100321) _notify_loop /usr/local/lib/python3.8/dist-packages/neutron_lib/callbacks/manager.py:192}}
Aug 04 08:39:08.456604 dv-cinder-802653-4-iscsi neutron-server[100320]: DEBUG neutron.scheduler.dhcp_agent_scheduler [None req-7fcacac4-f174-4c34-aa74-57eeaed647a7 admin admin] Network bcab414a-87be-49bb-b8c9-05b67515974e is scheduled to be hosted by DHCP agent d99d2447-930a-4a79-b4f6-24c5d2e4f89b with binding_index 1 {{(pid=100320) bind /opt/stack/neutron/neutron/scheduler/dhcp_agent_scheduler.py:227}}
Aug 04 08:39:08.507897 dv-cinder-802653-4-iscsi neutron-server[100321]: DEBUG neutron_lib.callbacks.manager [None req-b8faad17-313c-4001-bed1-f0b5927ba421 admin admin] Notify callbacks ['neutron.plugins.ml2.ovo_rpc._ObjectChangeHandler.handle_event-2045516', 'neutron.api.rpc.agentnotifiers.dhcp_rpc_agent_api.DhcpAgentNotifyAPI._native_event_send_dhcp_notification-1646669'] for subnet, after_create {{(pid=100321) _notify_loop /usr/local/lib/python3.8/dist-packages/neutron_lib/callbacks/manager.py:192}}
Aug 04 08:39:08.532390 dv-cinder-802653-4-iscsi neutron-server[100320]: DEBUG neutron.pecan_wsgi.hooks.policy_enforcement [req-7a0a49ff-224f-4018-94cd-9eccb72f2274 req-4ea140e0-d36a-4bd3-83e9-99b84eea86d3 tempest-AttachVolumeNegativeTest-1246343768 tempest-AttachVolumeNegativeTest-1246343768-project] Attributes excluded by policy engine: ['standard_attr_id', 'vlan_transparent', 'provider:network_type', 'provider:physical_network', 'provider:segmentation_id'] {{(pid=100320) _exclude_attributes_by_policy /opt/stack/neutron/neutron/pecan_wsgi/hooks/policy_enforcement.py:255}}
Aug 04 08:39:08.533929 dv-cinder-802653-4-iscsi neutron-server[100320]: INFO neutron.wsgi [req-7a0a49ff-224f-4018-94cd-9eccb72f2274 req-4ea140e0-d36a-4bd3-83e9-99b84eea86d3 tempest-AttachVolumeNegativeTest-1246343768 tempest-AttachVolumeNegativeTest-1246343768-project] 10.222.0.45 "GET /v2.0/networks?id=2cb233f3-14d1-4e3a-8c6e-ff613e1fae6f HTTP/1.1" status: 200 len: 813 time: 0.2871611
Aug 04 08:39:08.540484 dv-cinder-802653-4-iscsi neutron-server[100322]: DEBUG neutron_lib.callbacks.manager [None req-0dadbf70-4ea3-43b6-b76f-a4e2ed17d248 None None] Notify callbacks ['neutron.plugins.ml2.plugin.SecurityGroupServerNotifierRpcMixin._notify_sg_on_port_change-529619', 'neutron.plugins.ml2.ovo_rpc._ObjectChangeHandler.handle_event-509919', 'neutron.api.rpc.agentnotifiers.dhcp_rpc_agent_api.DhcpAgentNotifyAPI._native_event_send_dhcp_notification-1646669', 'neutron.db.l3_dvrscheduler_db._notify_l3_agent_new_port-8749050521528'] for port, after_create {{(pid=100322) _notify_loop /usr/local/lib/python3.8/dist-packages/neutron_lib/callbacks/manager.py:192}}
Aug 04 08:39:08.541336 dv-cinder-802653-4-iscsi neutron-server[100320]: DEBUG neutron.scheduler.base_scheduler [None req-7fcacac4-f174-4c34-aa74-57eeaed647a7 admin admin] Resources bound (agent type, host, resource id): (DHCP agent, dv-cinder-802653-4-iscsi, bcab414a-87be-49bb-b8c9-05b67515974e) {{(pid=100320) schedule /opt/stack/neutron/neutron/scheduler/base_scheduler.py:57}}
Aug 04 08:39:08.547477 dv-cinder-802653-4-iscsi neutron-server[100320]: DEBUG neutron.pecan_wsgi.hooks.policy_enforcement [None req-7fcacac4-f174-4c34-aa74-57eeaed647a7 admin admin] Attributes excluded by policy engine: ['standard_attr_id', 'shared', 'network'] {{(pid=100320) _exclude_attributes_by_policy /opt/stack/neutron/neutron/pecan_wsgi/hooks/policy_enforcement.py:255}}
Aug 04 08:39:08.548811 dv-cinder-802653-4-iscsi neutron-server[100320]: DEBUG neutron_lib.callbacks.manager [None req-7fcacac4-f174-4c34-aa74-57eeaed647a7 admin admin] Notify callbacks ['neutron.api.rpc.agentnotifiers.dhcp_rpc_agent_api.DhcpAgentNotifyAPI._send_dhcp_notification-1646675'] for subnet, before_response {{(pid=100320) _notify_loop /usr/local/lib/python3.8/dist-packages/neutron_lib/callbacks/manager.py:192}}
Aug 04 08:39:08.567749 dv-cinder-802653-4-iscsi neutron-server[100322]: DEBUG neutron.api.rpc.handlers.dhcp_rpc [None req-8437c116-f116-4d30-9fe5-c2900732d26a None None] Network bcab414a-87be-49bb-b8c9-05b67515974e requested from dv-cinder-802653-4-iscsi {{(pid=100322) get_network_info /opt/stack/neutron/neutron/api/rpc/handlers/dhcp_rpc.py:218}}
Aug 04 08:39:08.580002 dv-cinder-802653-4-iscsi neutron-server[100320]: INFO neutron.wsgi [req-7a0a49ff-224f-4018-94cd-9eccb72f2274 req-295173ad-0b55-4f06-aac6-bfe842d714eb tempest-AttachVolumeNegativeTest-1246343768 tempest-AttachVolumeNegativeTest-1246343768-project] 10.222.0.45 "GET /v2.0/quotas/c25f110a37484ed783206cb1e0516c8e HTTP/1.1" status: 200 len: 375 time: 0.0233417
Aug 04 08:39:08.621501 dv-cinder-802653-4-iscsi neutron-server[100322]: DEBUG neutron.scheduler.dhcp_agent_scheduler [None req-0dadbf70-4ea3-43b6-b76f-a4e2ed17d248 None None] Network 4c817a01-120c-4c34-99bf-8b2dbd084298 is already hosted by enough agents. {{(pid=100322) _get_dhcp_agents_hosting_network /opt/stack/neutron/neutron/scheduler/dhcp_agent_scheduler.py:275}}
Aug 04 08:39:08.628176 dv-cinder-802653-4-iscsi neutron-server[100322]: DEBUG neutron.scheduler.base_scheduler [None req-0dadbf70-4ea3-43b6-b76f-a4e2ed17d248 None None] Resources bound (agent type, host, resource id): {{(pid=100322) schedule /opt/stack/neutron/neutron/scheduler/base_scheduler.py:57}}
Aug 04 08:39:08.636394 dv-cinder-802653-4-iscsi neutron-server[100322]: DEBUG neutron.db.l3_dvrscheduler_db [None req-0dadbf70-4ea3-43b6-b76f-a4e2ed17d248 None None] Received port after_create {{(pid=100322) _notify_l3_agent_new_port /opt/stack/neutron/neutron/db/l3_dvrscheduler_db.py:535}}
Aug 04 08:39:08.637088 dv-cinder-802653-4-iscsi neutron-server[100320]: INFO neutron.wsgi [req-7a0a49ff-224f-4018-94cd-9eccb72f2274 req-fa6d8faf-863f-4dbf-8188-3b2234a74bd8 tempest-AttachVolumeNegativeTest-1246343768 tempest-AttachVolumeNegativeTest-1246343768-project] 10.222.0.45 "GET /v2.0/ports?tenant_id=c25f110a37484ed783206cb1e0516c8e&fields=id HTTP/1.1" status: 200 len: 210 time: 0.0471463
Aug 04 08:39:08.640907 dv-cinder-802653-4-iscsi neutron-server[100322]: DEBUG neutron.api.rpc.handlers.resources_rpc [None req-0dadbf70-4ea3-43b6-b76f-a4e2ed17d248 None None] Pushing event updated for resources: {'Port': ['ID=88cd136b-fb6e-4076-9753-a9ddcb166cfe,revision_number=1']} {{(pid=100322) push /opt/stack/neutron/neutron/api/rpc/handlers/resources_rpc.py:237}}
Aug 04 08:39:08.642567 dv-cinder-802653-4-iscsi neutron-server[100320]: DEBUG neutron.scheduler.l3_agent_scheduler [None req-7e03bedf-734b-4a60-b055-536d618e5857 admin admin] Router a6fc7aa7-578f-43ce-b646-adf50ddb27a5 is scheduled to L3 agent c6b0c631-199b-452b-b4aa-81dd2c38b6b4 with binding_index 1 {{(pid=100320) bind_router /opt/stack/neutron/neutron/scheduler/l3_agent_scheduler.py:210}}
Aug 04 08:39:08.657912 dv-cinder-802653-4-iscsi neutron-server[100322]: DEBUG neutron.api.rpc.callbacks.version_manager [None req-0dadbf70-4ea3-43b6-b76f-a4e2ed17d248 None None] Version for resource type AddressGroup changed None to 1.2 on consumer Open vSwitch agent@dv-cinder-802653-4-iscsi {{(pid=100322) _set_version /opt/stack/neutron/neutron/api/rpc/callbacks/version_manager.py:113}}
Aug 04 08:39:08.657912 dv-cinder-802653-4-iscsi neutron-server[100322]: DEBUG neutron.api.rpc.callbacks.version_manager [None req-0dadbf70-4ea3-43b6-b76f-a4e2ed17d248 None None] Version for resource type ConntrackHelper changed None to 1.0 on consumer Open vSwitch agent@dv-cinder-802653-4-iscsi {{(pid=100322) _set_version /opt/stack/neutron/neutron/api/rpc/callbacks/version_manager.py:113}}
Aug 04 08:39:08.657912 dv-cinder-802653-4-iscsi neutron-server[100322]: DEBUG neutron.api.rpc.callbacks.version_manager [None req-0dadbf70-4ea3-43b6-b76f-a4e2ed17d248 None None] Version for resource type Log changed None to 1.0 on consumer Open vSwitch agent@dv-cinder-802653-4-iscsi {{(pid=100322) _set_version /opt/stack/neutron/neutron/api/rpc/callbacks/version_manager.py:113}}
Aug 04 08:39:08.658513 dv-cinder-802653-4-iscsi neutron-server[100322]: DEBUG neutron.api.rpc.callbacks.version_manager [None req-0dadbf70-4ea3-43b6-b76f-a4e2ed17d248 None None] Version for resource type Network changed None to 1.1 on consumer Open vSwitch agent@dv-cinder-802653-4-iscsi {{(pid=100322) _set_version /opt/stack/neutron/neutron/api/rpc/callbacks/version_manager.py:113}}
Aug 04 08:39:08.658513 dv-cinder-802653-4-iscsi neutron-server[100322]: DEBUG neutron.api.rpc.callbacks.version_manager [None req-0dadbf70-4ea3-43b6-b76f-a4e2ed17d248 None None] Version for resource type Port changed None to 1.7 on consumer Open vSwitch agent@dv-cinder-802653-4-iscsi {{(pid=100322) _set_version /opt/stack/neutron/neutron/api/rpc/callbacks/version_manager.py:113}}
Aug 04 08:39:08.658806 dv-cinder-802653-4-iscsi neutron-server[100322]: DEBUG neutron.api.rpc.callbacks.version_manager [None req-0dadbf70-4ea3-43b6-b76f-a4e2ed17d248 None None] Version for resource type PortForwarding changed None to 1.2 on consumer Open vSwitch agent@dv-cinder-802653-4-iscsi {{(pid=100322) _set_version /opt/stack/neutron/neutron/api/rpc/callbacks/version_manager.py:113}}
Aug 04 08:39:08.659092 dv-cinder-802653-4-iscsi neutron-server[100322]: DEBUG neutron.api.rpc.callbacks.version_manager [None req-0dadbf70-4ea3-43b6-b76f-a4e2ed17d248 None None] Version for resource type QosPolicy changed None to 1.8 on consumer Open vSwitch agent@dv-cinder-802653-4-iscsi {{(pid=100322) _set_version /opt/stack/neutron/neutron/api/rpc/callbacks/version_manager.py:113}}
Aug 04 08:39:08.659345 dv-cinder-802653-4-iscsi neutron-server[100322]: DEBUG neutron.api.rpc.callbacks.version_manager [None req-0dadbf70-4ea3-43b6-b76f-a4e2ed17d248 None None] Version for resource type SecurityGroup changed None to 1.4 on consumer Open vSwitch agent@dv-cinder-802653-4-iscsi {{(pid=100322) _set_version /opt/stack/neutron/neutron/api/rpc/callbacks/version_manager.py:113}}
Aug 04 08:39:08.659686 dv-cinder-802653-4-iscsi neutron-server[100322]: DEBUG neutron.api.rpc.callbacks.version_manager [None req-0dadbf70-4ea3-43b6-b76f-a4e2ed17d248 None None] Version for resource type SecurityGroupRule changed None to 1.2 on consumer Open vSwitch agent@dv-cinder-802653-4-iscsi {{(pid=100322) _set_version /opt/stack/neutron/neutron/api/rpc/callbacks/version_manager.py:113}}
Aug 04 08:39:08.660040 dv-cinder-802653-4-iscsi neutron-server[100322]: DEBUG neutron.api.rpc.callbacks.version_manager [None req-0dadbf70-4ea3-43b6-b76f-a4e2ed17d248 None None] Version for resource type SubPort changed None to 1.0 on consumer Open vSwitch agent@dv-cinder-802653-4-iscsi {{(pid=100322) _set_version /opt/stack/neutron/neutron/api/rpc/callbacks/version_manager.py:113}}
Aug 04 08:39:08.660398 dv-cinder-802653-4-iscsi neutron-server[100322]: DEBUG neutron.api.rpc.callbacks.version_manager [None req-0dadbf70-4ea3-43b6-b76f-a4e2ed17d248 None None] Version for resource type Subnet changed None to 1.1 on consumer Open vSwitch agent@dv-cinder-802653-4-iscsi {{(pid=100322) _set_version /opt/stack/neutron/neutron/api/rpc/callbacks/version_manager.py:113}}
Aug 04 08:39:08.661176 dv-cinder-802653-4-iscsi neutron-server[100322]: DEBUG neutron.api.rpc.callbacks.version_manager [None req-0dadbf70-4ea3-43b6-b76f-a4e2ed17d248 None None] Version for resource type Trunk changed None to 1.1 on consumer Open vSwitch agent@dv-cinder-802653-4-iscsi {{(pid=100322) _set_version /opt/stack/neutron/neutron/api/rpc/callbacks/version_manager.py:113}}
Aug 04 08:39:08.661823 dv-cinder-802653-4-iscsi neutron-server[100322]: DEBUG neutron.api.rpc.callbacks.version_manager [None req-0dadbf70-4ea3-43b6-b76f-a4e2ed17d248 None None] Tracked resource versions report:
Aug 04 08:39:08.661823 dv-cinder-802653-4-iscsi neutron-server[100322]: pushed versions:
Aug 04 08:39:08.661823 dv-cinder-802653-4-iscsi neutron-server[100322]: { 'AddressGroup': {'1.2'},
Aug 04 08:39:08.661823 dv-cinder-802653-4-iscsi neutron-server[100322]: 'ConntrackHelper': {'1.0'},
Aug 04 08:39:08.661823 dv-cinder-802653-4-iscsi neutron-server[100322]: 'Log': {'1.0'},
Aug 04 08:39:08.661823 dv-cinder-802653-4-iscsi neutron-server[100322]: 'Network': {'1.1'},
Aug 04 08:39:08.661823 dv-cinder-802653-4-iscsi neutron-server[100322]: 'Port': {'1.7'},
Aug 04 08:39:08.661823 dv-cinder-802653-4-iscsi neutron-server[100322]: 'PortForwarding': {'1.2'},
Aug 04 08:39:08.661823 dv-cinder-802653-4-iscsi neutron-server[100322]: 'QosPolicy': {'1.8'},
Aug 04 08:39:08.661823 dv-cinder-802653-4-iscsi neutron-server[100322]: 'SecurityGroup': {'1.4'},
Aug 04 08:39:08.661823 dv-cinder-802653-4-iscsi neutron-server[100322]: 'SecurityGroupRule': {'1.2'},
Aug 04 08:39:08.661823 dv-cinder-802653-4-iscsi neutron-server[100322]: 'SubPort': {'1.0'},
Aug 04 08:39:08.661823 dv-cinder-802653-4-iscsi neutron-server[100322]: 'Subnet': {'1.1'},
Aug 04 08:39:08.661823 dv-cinder-802653-4-iscsi neutron-server[100322]: 'Trunk': {'1.1'}}
Aug 04 08:39:08.661823 dv-cinder-802653-4-iscsi neutron-server[100322]: consumer versions:
Aug 04 08:39:08.661823 dv-cinder-802653-4-iscsi neutron-server[100322]: { DHCP agent@dv-cinder-802653-4-iscsi: {},
Aug 04 08:39:08.661823 dv-cinder-802653-4-iscsi neutron-server[100322]: HyperV agent@hv-cinder-80265: {},
Aug 04 08:39:08.661823 dv-cinder-802653-4-iscsi neutron-server[100322]: L3 agent@dv-cinder-802653-4-iscsi: {},
Aug 04 08:39:08.661823 dv-cinder-802653-4-iscsi neutron-server[100322]: Metadata agent@dv-cinder-802653-4-iscsi: {},
Aug 04 08:39:08.661823 dv-cinder-802653-4-iscsi neutron-server[100322]: Metering agent@dv-cinder-802653-4-iscsi: {},
Aug 04 08:39:08.661823 dv-cinder-802653-4-iscsi neutron-server[100322]: Open vSwitch agent@dv-cinder-802653-4-iscsi: { 'AddressGroup': '1.2',
Aug 04 08:39:08.661823 dv-cinder-802653-4-iscsi neutron-server[100322]: 'ConntrackHelper': '1.0',
Aug 04 08:39:08.661823 dv-cinder-802653-4-iscsi neutron-server[100322]: 'Log': '1.0',
Aug 04 08:39:08.661823 dv-cinder-802653-4-iscsi neutron-server[100322]: 'Network': '1.1',
Aug 04 08:39:08.661823 dv-cinder-802653-4-iscsi neutron-server[100322]: 'Port': '1.7',
Aug 04 08:39:08.661823 dv-cinder-802653-4-iscsi neutron-server[100322]: 'PortForwarding': '1.2',
Aug 04 08:39:08.661823 dv-cinder-802653-4-iscsi neutron-server[100322]: 'QosPolicy': '1.8',
Aug 04 08:39:08.661823 dv-cinder-802653-4-iscsi neutron-server[100322]: 'SecurityGroup': '1.4',
Aug 04 08:39:08.661823 dv-cinder-802653-4-iscsi neutron-server[100322]: 'SecurityGroupRule': '1.2',
Aug 04 08:39:08.661823 dv-cinder-802653-4-iscsi neutron-server[100322]: 'SubPort': '1.0',
Aug 04 08:39:08.661823 dv-cinder-802653-4-iscsi neutron-server[100322]: 'Subnet': '1.1',
Aug 04 08:39:08.661823 dv-cinder-802653-4-iscsi neutron-server[100322]: 'Trunk': '1.1'}}
Aug 04 08:39:08.661823 dv-cinder-802653-4-iscsi neutron-server[100322]: {{(pid=100322) report /opt/stack/neutron/neutron/api/rpc/callbacks/version_manager.py:175}}
Aug 04 08:39:08.728068 dv-cinder-802653-4-iscsi neutron-server[100322]: DEBUG neutron.plugins.ml2.managers [None req-0dadbf70-4ea3-43b6-b76f-a4e2ed17d248 None None] Attempting to bind port 88cd136b-fb6e-4076-9753-a9ddcb166cfe on host dv-cinder-802653-4-iscsi for vnic_type normal with profile {{(pid=100322) bind_port /opt/stack/neutron/neutron/plugins/ml2/managers.py:790}}
Aug 04 08:39:08.728442 dv-cinder-802653-4-iscsi neutron-server[100322]: DEBUG neutron.plugins.ml2.managers [None req-0dadbf70-4ea3-43b6-b76f-a4e2ed17d248 None None] Attempting to bind port 88cd136b-fb6e-4076-9753-a9ddcb166cfe by drivers openvswitch,hyperv on host dv-cinder-802653-4-iscsi at level 0 using segments [{'id': '5e68a294-6a8a-445c-8bd6-23f3bac2ccca', 'network_type': 'vlan', 'physical_network': 'physnet1', 'segmentation_id': 612, 'network_id': '4c817a01-120c-4c34-99bf-8b2dbd084298'}] {{(pid=100322) _bind_port_level /opt/stack/neutron/neutron/plugins/ml2/managers.py:815}}
Aug 04 08:39:08.728810 dv-cinder-802653-4-iscsi neutron-server[100322]: DEBUG neutron.plugins.ml2.drivers.mech_agent [None req-0dadbf70-4ea3-43b6-b76f-a4e2ed17d248 None None] Attempting to bind port 88cd136b-fb6e-4076-9753-a9ddcb166cfe on network 4c817a01-120c-4c34-99bf-8b2dbd084298 {{(pid=100322) bind_port /opt/stack/neutron/neutron/plugins/ml2/drivers/mech_agent.py:85}}
Aug 04 08:39:08.736343 dv-cinder-802653-4-iscsi neutron-server[100321]: DEBUG neutron_lib.callbacks.manager [None req-2266b9f6-5dd4-4dd0-85b4-fcf96383bf7e admin admin] Notify callbacks ['neutron.plugins.ml2.ovo_rpc._ObjectChangeHandler.handle_event-2034724'] for security_group, after_create {{(pid=100321) _notify_loop /usr/local/lib/python3.8/dist-packages/neutron_lib/callbacks/manager.py:192}}
Aug 04 08:39:08.769235 dv-cinder-802653-4-iscsi neutron-server[100322]: DEBUG neutron.plugins.ml2.drivers.mech_agent [None req-0dadbf70-4ea3-43b6-b76f-a4e2ed17d248 None None] Checking agent: {'id': '88e3f6d8-c986-4299-b0e5-a4c4ec344b2b', 'agent_type': 'Open vSwitch agent', 'binary': 'neutron-openvswitch-agent', 'topic': 'N/A', 'host': 'dv-cinder-802653-4-iscsi', 'admin_state_up': True, 'created_at': datetime.datetime(2021, 8, 4, 8, 31, 10), 'started_at': datetime.datetime(2021, 8, 4, 8, 31, 40), 'heartbeat_timestamp': datetime.datetime(2021, 8, 4, 8, 38, 40), 'description': None, 'resources_synced': None, 'availability_zone': None, 'alive': True, 'configurations': {'arp_responder_enabled': False, 'baremetal_smartnic': False, 'bridge_mappings': {'physnet1': 'br-data'}, 'datapath_type': 'system', 'devices': 0, 'enable_distributed_routing': False, 'extensions': [], 'in_distributed_mode': False, 'integration_bridge': 'br-int', 'l2_population': False, 'log_agent_heartbeats': False, 'ovs_capabilities': {'datapath_types': ['netdev', 'system'], 'iface_types': ['erspan', 'geneve', 'gre', 'internal', 'ip6erspan', 'ip6gre', 'lisp', 'patch', 'stt', 'system', 'tap', 'vxlan']}, 'ovs_hybrid_plug': False, 'resource_provider_bandwidths': {}, 'resource_provider_hypervisors': {'br-data': 'dv-cinder-802653-4-iscsi'}, 'resource_provider_inventory_defaults': {'allocation_ratio': 1.0, 'min_unit': 1, 'step_size': 1, 'reserved': 0}, 'tunnel_types': [], 'tunneling_ip': None, 'vhostuser_socket_dir': '/var/run/openvswitch'}, 'resource_versions': {'AddressGroup': '1.2', 'ConntrackHelper': '1.0', 'Log': '1.0', 'Network': '1.1', 'Port': '1.7', 'PortForwarding': '1.2', 'QosPolicy': '1.8', 'SecurityGroup': '1.4', 'SecurityGroupRule': '1.2', 'SubPort': '1.0', 'Subnet': '1.1', 'Trunk': '1.1'}} {{(pid=100322) bind_port /opt/stack/neutron/neutron/plugins/ml2/drivers/mech_agent.py:104}}
Aug 04 08:39:08.769666 dv-cinder-802653-4-iscsi neutron-server[100322]: DEBUG neutron.plugins.ml2.drivers.mech_agent [None req-0dadbf70-4ea3-43b6-b76f-a4e2ed17d248 None None] Checking segment: {'id': '5e68a294-6a8a-445c-8bd6-23f3bac2ccca', 'network_type': 'vlan', 'physical_network': 'physnet1', 'segmentation_id': 612, 'network_id': '4c817a01-120c-4c34-99bf-8b2dbd084298'} for mappings: {'physnet1': 'br-data'} with network types: ['local', 'flat', 'vlan'] {{(pid=100322) check_segment_for_agent /opt/stack/neutron/neutron/plugins/ml2/drivers/mech_agent.py:352}}
Aug 04 08:39:08.770580 dv-cinder-802653-4-iscsi neutron-server[100322]: DEBUG neutron_lib.callbacks.manager [None req-0dadbf70-4ea3-43b6-b76f-a4e2ed17d248 None None] Notify callbacks [] for ovs_bridge_name, before_read {{(pid=100322) _notify_loop /usr/local/lib/python3.8/dist-packages/neutron_lib/callbacks/manager.py:192}}
Aug 04 08:39:08.770969 dv-cinder-802653-4-iscsi neutron-server[100322]: DEBUG neutron.plugins.ml2.drivers.mech_agent [None req-0dadbf70-4ea3-43b6-b76f-a4e2ed17d248 None None] Bound using segment: {'id': '5e68a294-6a8a-445c-8bd6-23f3bac2ccca', 'network_type': 'vlan', 'physical_network': 'physnet1', 'segmentation_id': 612, 'network_id': '4c817a01-120c-4c34-99bf-8b2dbd084298'} {{(pid=100322) bind_port /opt/stack/neutron/neutron/plugins/ml2/drivers/mech_agent.py:114}}
Aug 04 08:39:08.771509 dv-cinder-802653-4-iscsi neutron-server[100322]: DEBUG neutron.plugins.ml2.managers [None req-0dadbf70-4ea3-43b6-b76f-a4e2ed17d248 None None] Bound port: 88cd136b-fb6e-4076-9753-a9ddcb166cfe, host: dv-cinder-802653-4-iscsi, vif_type: ovs, vif_details: {"connectivity": "l2", "port_filter": true, "ovs_hybrid_plug": false, "datapath_type": "system", "bridge_name": "br-int"}, binding_levels: [{'bound_driver': 'openvswitch', 'bound_segment': {'id': '5e68a294-6a8a-445c-8bd6-23f3bac2ccca', 'network_type': 'vlan', 'physical_network': 'physnet1', 'segmentation_id': 612, 'network_id': '4c817a01-120c-4c34-99bf-8b2dbd084298'}}] {{(pid=100322) _bind_port_level /opt/stack/neutron/neutron/plugins/ml2/managers.py:928}}
Aug 04 08:39:08.771926 dv-cinder-802653-4-iscsi neutron-server[100322]: DEBUG neutron_lib.callbacks.manager [None req-0dadbf70-4ea3-43b6-b76f-a4e2ed17d248 None None] Notify callbacks ['neutron.plugins.ml2.plugin.SecurityGroupDbMixin._ensure_default_security_group_handler-532356'] for port, before_update {{(pid=100322) _notify_loop /usr/local/lib/python3.8/dist-packages/neutron_lib/callbacks/manager.py:192}}
Aug 04 08:39:08.776783 dv-cinder-802653-4-iscsi neutron-server[100322]: DEBUG neutron.api.rpc.handlers.dhcp_rpc [None req-f6dc76e6-4922-44c7-8a17-7d27fb68dcd1 None None] Network bcab414a-87be-49bb-b8c9-05b67515974e requested from dv-cinder-802653-4-iscsi {{(pid=100322) get_network_info /opt/stack/neutron/neutron/api/rpc/handlers/dhcp_rpc.py:218}}
Aug 04 08:39:08.792848 dv-cinder-802653-4-iscsi neutron-server[100320]: DEBUG neutron.api.rpc.agentnotifiers.l3_rpc_agent_api [None req-7e03bedf-734b-4a60-b055-536d618e5857 admin admin] Notify agent at l3_agent.dv-cinder-802653-4-iscsi the message routers_updated {{(pid=100320) _agent_notification /opt/stack/neutron/neutron/api/rpc/agentnotifiers/l3_rpc_agent_api.py:65}}
Aug 04 08:39:08.808488 dv-cinder-802653-4-iscsi neutron-server[100323]: DEBUG neutron.api.rpc.handlers.l3_rpc [None req-083bf08f-2190-47ce-9479-f5603731f02c None None] Sync routers for ids ['a6fc7aa7-578f-43ce-b646-adf50ddb27a5'] in dv-cinder-802653-4-iscsi {{(pid=100323) sync_routers /opt/stack/neutron/neutron/api/rpc/handlers/l3_rpc.py:125}}
Aug 04 08:39:08.829194 dv-cinder-802653-4-iscsi neutron-server[100320]: DEBUG neutron.wsgi [req-7a0a49ff-224f-4018-94cd-9eccb72f2274 req-64fa75a9-7126-4364-b7c9-679a3af85a9e service neutron] http://10.222.0.45:9696/v2.0/extensions returned with HTTP 200 {{(pid=100320) __call__ /opt/stack/neutron/neutron/wsgi.py:729}}
Aug 04 08:39:08.829767 dv-cinder-802653-4-iscsi neutron-server[100323]: DEBUG neutron.db.l3_dvrscheduler_db [None req-083bf08f-2190-47ce-9479-f5603731f02c None None] Routers {'a6fc7aa7-578f-43ce-b646-adf50ddb27a5'} bound to L3 agent in host dv-cinder-802653-4-iscsi {{(pid=100323) _get_router_ids_for_agent /opt/stack/neutron/neutron/db/l3_dvrscheduler_db.py:420}}
Aug 04 08:39:08.830863 dv-cinder-802653-4-iscsi neutron-server[100320]: INFO neutron.wsgi [req-7a0a49ff-224f-4018-94cd-9eccb72f2274 req-64fa75a9-7126-4364-b7c9-679a3af85a9e service neutron] 10.222.0.45 "GET /v2.0/extensions HTTP/1.1" status: 200 len: 13640 time: 0.0807288
Aug 04 08:39:08.831167 dv-cinder-802653-4-iscsi neutron-server[100321]: DEBUG neutron.api.rpc.handlers.resources_rpc [None req-b8faad17-313c-4001-bed1-f0b5927ba421 admin admin] Pushing event updated for resources: {'Subnet': ['ID=14218c91-eb54-4da0-8045-dc5764c1760e,revision_number=0']} {{(pid=100321) push /opt/stack/neutron/neutron/api/rpc/handlers/resources_rpc.py:237}}
Aug 04 08:39:08.832248 dv-cinder-802653-4-iscsi neutron-server[100323]: DEBUG neutron.db.l3_hamode_db [None req-083bf08f-2190-47ce-9479-f5603731f02c None None] neutron.services.l3_router.l3_router_plugin.L3RouterPlugin method get_ha_sync_data_for_host called with arguments (, 'dv-cinder-802653-4-iscsi', Agent(admin_state_up=True,agent_type='L3 agent',availability_zone='nova',binary='neutron-l3-agent',configurations={"agent_mode": "legacy", "ex_gw_ports": 1, "extensions": [], "floating_ips": 0, "handle_internal_only_routers": true, "interface_driver": "openvswitch", "interfaces": 1, "log_agent_heartbeats": false, "routers": 1},created_at=2021-08-04T08:31:10Z,description=,heartbeat_timestamp=2021-08-04T08:38:40Z,host='dv-cinder-802653-4-iscsi',id=c6b0c631-199b-452b-b4aa-81dd2c38b6b4,load=0,resource_versions=,resources_synced=,started_at=2021-08-04T08:31:10Z,topic='l3_agent')) {'router_ids': ['a6fc7aa7-578f-43ce-b646-adf50ddb27a5'], 'active': True} {{(pid=100323) wrapper /usr/local/lib/python3.8/dist-packages/oslo_log/helpers.py:65}}
Aug 04 08:39:08.835426 dv-cinder-802653-4-iscsi neutron-server[100321]: DEBUG neutron_lib.callbacks.manager [None req-615cd0e6-9ce7-475c-93d3-44881fe15af5 admin admin] Notify callbacks [] for router_gateway, precommit_update {{(pid=100321) _notify_loop /usr/local/lib/python3.8/dist-packages/neutron_lib/callbacks/manager.py:192}}
Aug 04 08:39:08.873522 dv-cinder-802653-4-iscsi neutron-server[100321]: INFO neutron.wsgi [None req-2266b9f6-5dd4-4dd0-85b4-fcf96383bf7e admin admin] 10.222.0.45 "GET /v2.0/security-groups?tenant_id=b80b590a070345c780ae91bb0fcec42e&name=default HTTP/1.1" status: 200 len: 2975 time: 1.0460169
Aug 04 08:39:08.875300 dv-cinder-802653-4-iscsi neutron-server[100321]: DEBUG neutron.wsgi [-] (100321) accepted ('10.222.0.45', 46164) {{(pid=100321) server /usr/local/lib/python3.8/dist-packages/eventlet/wsgi.py:982}}
Aug 04 08:39:08.900140 dv-cinder-802653-4-iscsi neutron-server[100321]: DEBUG neutron.plugins.ml2.drivers.mech_agent [None req-b8faad17-313c-4001-bed1-f0b5927ba421 admin admin] Checking segment: {'id': 'cfd8366f-23c4-472a-8684-74d3c6b9fcad', 'network_type': 'vlan', 'physical_network': 'physnet1', 'segmentation_id': 623, 'network_id': 'b6e83dd6-f9cf-4a9d-a6de-96deee1d172b'} for mappings: {'physnet1': 'br-data'} with network types: ['local', 'flat', 'vlan'] {{(pid=100321) check_segment_for_agent /opt/stack/neutron/neutron/plugins/ml2/drivers/mech_agent.py:352}}
Aug 04 08:39:08.900545 dv-cinder-802653-4-iscsi neutron-server[100321]: DEBUG neutron.scheduler.dhcp_agent_scheduler [None req-b8faad17-313c-4001-bed1-f0b5927ba421 admin admin] Network hostable DHCP agents. Network: b6e83dd6-f9cf-4a9d-a6de-96deee1d172b, hostable agents: ['d99d2447-930a-4a79-b4f6-24c5d2e4f89b'], hosted agents: [] {{(pid=100321) _get_network_hostable_dhcp_agents /opt/stack/neutron/neutron/scheduler/dhcp_agent_scheduler.py:329}}
Aug 04 08:39:08.951128 dv-cinder-802653-4-iscsi neutron-server[100320]: INFO neutron.wsgi [req-7a0a49ff-224f-4018-94cd-9eccb72f2274 req-c842ad11-25df-4704-a910-f25633412570 service neutron] 10.222.0.45 "GET /v2.0/networks/2cb233f3-14d1-4e3a-8c6e-ff613e1fae6f?fields=segments HTTP/1.1" status: 200 len: 212 time: 0.1106813
Aug 04 08:39:08.953861 dv-cinder-802653-4-iscsi neutron-server[100321]: DEBUG neutron.api.rpc.handlers.resources_rpc [None req-2266b9f6-5dd4-4dd0-85b4-fcf96383bf7e admin admin] Pushing event updated for resources: {'SecurityGroup': ['ID=dc6742cb-e284-4e5d-af98-b6f73e8cf881,revision_number=1']} {{(pid=100321) push /opt/stack/neutron/neutron/api/rpc/handlers/resources_rpc.py:237}}
Aug 04 08:39:09.015135 dv-cinder-802653-4-iscsi neutron-server[100322]: DEBUG neutron.plugins.ml2.db [None req-0dadbf70-4ea3-43b6-b76f-a4e2ed17d248 None None] For port 88cd136b-fb6e-4076-9753-a9ddcb166cfe, host dv-cinder-802653-4-iscsi, cleared binding levels {{(pid=100322) clear_binding_levels /opt/stack/neutron/neutron/plugins/ml2/db.py:87}}
Aug 04 08:39:09.025841 dv-cinder-802653-4-iscsi neutron-server[100322]: DEBUG neutron.plugins.ml2.db [None req-0dadbf70-4ea3-43b6-b76f-a4e2ed17d248 None None] For port 88cd136b-fb6e-4076-9753-a9ddcb166cfe, host dv-cinder-802653-4-iscsi, set binding levels [PortBindingLevel(driver='openvswitch',host='dv-cinder-802653-4-iscsi',level=0,port_id=88cd136b-fb6e-4076-9753-a9ddcb166cfe,segment=NetworkSegment(5e68a294-6a8a-445c-8bd6-23f3bac2ccca),segment_id=5e68a294-6a8a-445c-8bd6-23f3bac2ccca)] {{(pid=100322) set_binding_levels /opt/stack/neutron/neutron/plugins/ml2/db.py:59}}
Aug 04 08:39:09.039527 dv-cinder-802653-4-iscsi neutron-server[100321]: DEBUG neutron_lib.callbacks.manager [None req-136e319f-26f2-4fb8-abe0-4873fc27fb70 admin admin] Notify callbacks [] for security_group, precommit_create {{(pid=100321) _notify_loop /usr/local/lib/python3.8/dist-packages/neutron_lib/callbacks/manager.py:192}}
Aug 04 08:39:09.055108 dv-cinder-802653-4-iscsi neutron-server[100321]: DEBUG neutron_lib.callbacks.manager [None req-db417572-823d-4594-8310-69d77a9afb20 admin admin] Notify callbacks [] for security_group, before_delete {{(pid=100321) _notify_loop /usr/local/lib/python3.8/dist-packages/neutron_lib/callbacks/manager.py:192}}
Aug 04 08:39:09.056312 dv-cinder-802653-4-iscsi neutron-server[100323]: DEBUG neutron.db.l3_dvr_db [None req-083bf08f-2190-47ce-9479-f5603731f02c None None] Set router a6fc7aa7-578f-43ce-b646-adf50ddb27a5 gateway port host: dv-cinder-802653-4-iscsi {{(pid=100323) _build_routers_list /opt/stack/neutron/neutron/db/l3_dvr_db.py:899}}
Aug 04 08:39:09.080474 dv-cinder-802653-4-iscsi neutron-server[100320]: INFO neutron.wsgi [req-7a0a49ff-224f-4018-94cd-9eccb72f2274 req-314d3238-24b4-4974-9faf-35a631f686c4 service neutron] 10.222.0.45 "GET /v2.0/networks/2cb233f3-14d1-4e3a-8c6e-ff613e1fae6f?fields=provider%3Aphysical_network&fields=provider%3Anetwork_type HTTP/1.1" status: 200 len: 281 time: 0.1128397
Aug 04 08:39:09.084137 dv-cinder-802653-4-iscsi neutron-server[100321]: DEBUG neutron_lib.callbacks.manager [None req-db417572-823d-4594-8310-69d77a9afb20 admin admin] Notify callbacks [] for security_group, precommit_delete {{(pid=100321) _notify_loop /usr/local/lib/python3.8/dist-packages/neutron_lib/callbacks/manager.py:192}}
Aug 04 08:39:09.115087 dv-cinder-802653-4-iscsi neutron-server[100321]: DEBUG neutron.scheduler.dhcp_agent_scheduler [None req-b8faad17-313c-4001-bed1-f0b5927ba421 admin admin] Network b6e83dd6-f9cf-4a9d-a6de-96deee1d172b is scheduled to be hosted by DHCP agent d99d2447-930a-4a79-b4f6-24c5d2e4f89b with binding_index 1 {{(pid=100321) bind /opt/stack/neutron/neutron/scheduler/dhcp_agent_scheduler.py:227}}
Aug 04 08:39:09.135984 dv-cinder-802653-4-iscsi neutron-server[100321]: DEBUG neutron_lib.callbacks.manager [None req-136e319f-26f2-4fb8-abe0-4873fc27fb70 admin admin] Notify callbacks ['neutron.plugins.ml2.ovo_rpc._ObjectChangeHandler.handle_event-2034724'] for security_group, after_create {{(pid=100321) _notify_loop /usr/local/lib/python3.8/dist-packages/neutron_lib/callbacks/manager.py:192}}
Aug 04 08:39:09.137533 dv-cinder-802653-4-iscsi neutron-server[100322]: DEBUG neutron_lib.callbacks.manager [None req-0dadbf70-4ea3-43b6-b76f-a4e2ed17d248 None None] Notify callbacks ['neutron.plugins.ml2.plugin.SecurityGroupServerNotifierRpcMixin._notify_sg_on_port_change-529619', 'neutron.plugins.ml2.ovo_rpc._ObjectChangeHandler.handle_event-509919', 'neutron.api.rpc.agentnotifiers.dhcp_rpc_agent_api.DhcpAgentNotifyAPI._native_event_send_dhcp_notification-1646669', 'neutron.db.l3_db.L3RpcNotifierMixin._notify_gateway_port_ip_changed-8749050980271', 'neutron.db.l3_dvrscheduler_db._notify_l3_agent_port_update-8749050521546', 'neutron.db.l3_hascheduler_db._notify_l3_agent_ha_port_update-8749050521564'] for port, after_update {{(pid=100322) _notify_loop /usr/local/lib/python3.8/dist-packages/neutron_lib/callbacks/manager.py:192}}
Aug 04 08:39:09.161340 dv-cinder-802653-4-iscsi neutron-server[100321]: INFO neutron.wsgi [None req-136e319f-26f2-4fb8-abe0-4873fc27fb70 admin admin] 10.222.0.45 "GET /v2.0/security-groups?tenant_id=b19af67cd47047fcae9cd7c67acb150f&name=default HTTP/1.1" status: 200 len: 2975 time: 1.3040328
Aug 04 08:39:09.164792 dv-cinder-802653-4-iscsi neutron-server[100320]: DEBUG neutron.wsgi [-] (100320) accepted ('10.222.0.45', 46166) {{(pid=100320) server /usr/local/lib/python3.8/dist-packages/eventlet/wsgi.py:982}}
Aug 04 08:39:09.200962 dv-cinder-802653-4-iscsi neutron-server[100321]: DEBUG neutron.scheduler.base_scheduler [None req-b8faad17-313c-4001-bed1-f0b5927ba421 admin admin] Resources bound (agent type, host, resource id): (DHCP agent, dv-cinder-802653-4-iscsi, b6e83dd6-f9cf-4a9d-a6de-96deee1d172b) {{(pid=100321) schedule /opt/stack/neutron/neutron/scheduler/base_scheduler.py:57}}
Aug 04 08:39:09.206872 dv-cinder-802653-4-iscsi neutron-server[100321]: DEBUG neutron.api.rpc.handlers.resources_rpc [None req-136e319f-26f2-4fb8-abe0-4873fc27fb70 admin admin] Pushing event updated for resources: {'SecurityGroup': ['ID=035d12aa-602c-49ac-bfde-6ee78a4ee20e,revision_number=1']} {{(pid=100321) push /opt/stack/neutron/neutron/api/rpc/handlers/resources_rpc.py:237}}
Aug 04 08:39:09.229842 dv-cinder-802653-4-iscsi neutron-server[100320]: DEBUG neutron_lib.callbacks.manager [None req-7e03bedf-734b-4a60-b055-536d618e5857 admin admin] Notify callbacks [] for router, before_response {{(pid=100320) _notify_loop /usr/local/lib/python3.8/dist-packages/neutron_lib/callbacks/manager.py:192}}
Aug 04 08:39:09.235536 dv-cinder-802653-4-iscsi neutron-server[100320]: INFO neutron.wsgi [None req-7e03bedf-734b-4a60-b055-536d618e5857 admin admin] 10.222.0.45 "POST /v2.0/routers HTTP/1.1" status: 201 len: 929 time: 3.6316516
Aug 04 08:39:09.240166 dv-cinder-802653-4-iscsi neutron-server[100322]: DEBUG neutron.api.rpc.handlers.resources_rpc [None req-0dadbf70-4ea3-43b6-b76f-a4e2ed17d248 None None] Pushing event updated for resources: {'Port': ['ID=88cd136b-fb6e-4076-9753-a9ddcb166cfe,revision_number=2']} {{(pid=100322) push /opt/stack/neutron/neutron/api/rpc/handlers/resources_rpc.py:237}}
Aug 04 08:39:09.240722 dv-cinder-802653-4-iscsi neutron-server[100320]: INFO neutron.wsgi [None req-7fcacac4-f174-4c34-aa74-57eeaed647a7 admin admin] 10.222.0.45 "POST /v2.0/subnets HTTP/1.1" status: 201 len: 849 time: 1.9526689
Aug 04 08:39:09.241544 dv-cinder-802653-4-iscsi neutron-server[100320]: DEBUG neutron.wsgi [-] (100320) accepted ('10.222.0.45', 46172) {{(pid=100320) server /usr/local/lib/python3.8/dist-packages/eventlet/wsgi.py:982}}
Aug 04 08:39:09.251724 dv-cinder-802653-4-iscsi neutron-server[100322]: DEBUG neutron.api.rpc.handlers.dhcp_rpc [None req-c579f009-56e8-4633-9db1-775e7e0220c5 None None] Network b6e83dd6-f9cf-4a9d-a6de-96deee1d172b requested from dv-cinder-802653-4-iscsi {{(pid=100322) get_network_info /opt/stack/neutron/neutron/api/rpc/handlers/dhcp_rpc.py:218}}
Aug 04 08:39:09.265624 dv-cinder-802653-4-iscsi neutron-server[100323]: DEBUG neutron.db.l3_hamode_db [None req-083bf08f-2190-47ce-9479-f5603731f02c None None] neutron.services.l3_router.l3_router_plugin.L3RouterPlugin method _process_sync_ha_data called with arguments (, [{'id': 'a6fc7aa7-578f-43ce-b646-adf50ddb27a5', 'name': 'tempest-ServerRescueNegativeTestJSON-908582651-router', 'tenant_id': '55a9fea77bcc44ab9534b396d5e3d350', 'admin_state_up': True, 'status': 'ACTIVE', 'external_gateway_info': {'network_id': '3e216780-0509-4029-b6cd-a15c5c01b313', 'external_fixed_ips': [{'subnet_id': '90755f8e-3998-4871-81e2-3daea40b0bfb', 'ip_address': '172.27.0.31'}], 'enable_snat': True}, 'gw_port_id': 'bb97ec99-e9d5-44a6-a652-b66c66a56a3d', 'description': '', 'availability_zones': ['nova'], 'distributed': False, 'ha': False, 'ha_vr_id': 0, 'availability_zone_hints': [], 'routes': [], 'flavor_id': None, 'tags': [], 'created_at': '2021-08-04T08:39:05Z', 'updated_at': '2021-08-04T08:39:07Z', 'revision_number': 3, 'project_id': '55a9fea77bcc44ab9534b396d5e3d350', 'gw_port': {'id': 'bb97ec99-e9d5-44a6-a652-b66c66a56a3d', 'name': '', 'network_id': '3e216780-0509-4029-b6cd-a15c5c01b313', 'tenant_id': '', 'mac_address': 'fa:16:3e:50:07:3e', 'admin_state_up': True, 'status': 'DOWN', 'device_id': 'a6fc7aa7-578f-43ce-b646-adf50ddb27a5', 'device_owner': 'network:router_gateway', 'standard_attr_id': 70, 'fixed_ips': [{'subnet_id': '90755f8e-3998-4871-81e2-3daea40b0bfb', 'ip_address': '172.27.0.31', 'prefixlen': 24}], 'allowed_address_pairs': [], 'extra_dhcp_opts': [], 'security_groups': [], 'description': '', 'binding:vnic_type': 'normal', 'binding:profile': {}, 'binding:host_id': '', 'binding:vif_type': 'unbound', 'binding:vif_details': {}, 'port_security_enabled': False, 'tags': [], 'created_at': '2021-08-04T08:39:06Z', 'updated_at': '2021-08-04T08:39:06Z', 'revision_number': 1, 'project_id': '', 'subnets': [{'id': '90755f8e-3998-4871-81e2-3daea40b0bfb', 'cidr': '172.27.0.0/24', 'gateway_ip': '172.27.0.1', 'dns_nameservers': [], 'ipv6_ra_mode': None, 'subnetpool_id': None}], 'extra_subnets': [], 'address_scopes': {4: None, 6: None}, 'mtu': 1500}, 'enable_snat': True, 'gw_port_host': 'dv-cinder-802653-4-iscsi'}], 'dv-cinder-802653-4-iscsi', False) {} {{(pid=100323) wrapper /usr/local/lib/python3.8/dist-packages/oslo_log/helpers.py:65}}
Aug 04 08:39:09.308509 dv-cinder-802653-4-iscsi neutron-server[100323]: DEBUG neutron.api.rpc.handlers.l3_rpc [None req-083bf08f-2190-47ce-9479-f5603731f02c None None] Checking router: a6fc7aa7-578f-43ce-b646-adf50ddb27a5 for host: dv-cinder-802653-4-iscsi {{(pid=100323) _ensure_host_set_on_ports /opt/stack/neutron/neutron/api/rpc/handlers/l3_rpc.py:155}}
Aug 04 08:39:09.309071 dv-cinder-802653-4-iscsi neutron-server[100323]: DEBUG neutron.api.rpc.handlers.l3_rpc [None req-083bf08f-2190-47ce-9479-f5603731f02c None None] Updating router a6fc7aa7-578f-43ce-b646-adf50ddb27a5 port bb97ec99-e9d5-44a6-a652-b66c66a56a3d binding host dv-cinder-802653-4-iscsi {{(pid=100323) _ensure_host_set_on_port /opt/stack/neutron/neutron/api/rpc/handlers/l3_rpc.py:205}}
Aug 04 08:39:09.375278 dv-cinder-802653-4-iscsi neutron-server[100321]: DEBUG neutron.pecan_wsgi.hooks.policy_enforcement [None req-b8faad17-313c-4001-bed1-f0b5927ba421 admin admin] Attributes excluded by policy engine: ['standard_attr_id', 'shared', 'network'] {{(pid=100321) _exclude_attributes_by_policy /opt/stack/neutron/neutron/pecan_wsgi/hooks/policy_enforcement.py:255}}
Aug 04 08:39:09.376430 dv-cinder-802653-4-iscsi neutron-server[100321]: DEBUG neutron_lib.callbacks.manager [None req-b8faad17-313c-4001-bed1-f0b5927ba421 admin admin] Notify callbacks ['neutron.api.rpc.agentnotifiers.dhcp_rpc_agent_api.DhcpAgentNotifyAPI._send_dhcp_notification-1646675'] for subnet, before_response {{(pid=100321) _notify_loop /usr/local/lib/python3.8/dist-packages/neutron_lib/callbacks/manager.py:192}}
Aug 04 08:39:09.388113 dv-cinder-802653-4-iscsi neutron-server[100321]: DEBUG neutron_lib.callbacks.manager [None req-db417572-823d-4594-8310-69d77a9afb20 admin admin] Notify callbacks ['neutron.plugins.ml2.ovo_rpc._ObjectChangeHandler.handle_event-2034724'] for security_group, after_delete {{(pid=100321) _notify_loop /usr/local/lib/python3.8/dist-packages/neutron_lib/callbacks/manager.py:192}}
Aug 04 08:39:09.390795 dv-cinder-802653-4-iscsi neutron-server[100321]: DEBUG neutron_lib.callbacks.manager [None req-db417572-823d-4594-8310-69d77a9afb20 admin admin] Notify callbacks [] for security_group, before_response {{(pid=100321) _notify_loop /usr/local/lib/python3.8/dist-packages/neutron_lib/callbacks/manager.py:192}}
Aug 04 08:39:09.391258 dv-cinder-802653-4-iscsi neutron-server[100323]: DEBUG neutron_lib.callbacks.manager [None req-083bf08f-2190-47ce-9479-f5603731f02c None None] Notify callbacks ['neutron.plugins.ml2.plugin.SecurityGroupDbMixin._ensure_default_security_group_handler-532356'] for port, before_update {{(pid=100323) _notify_loop /usr/local/lib/python3.8/dist-packages/neutron_lib/callbacks/manager.py:192}}
Aug 04 08:39:09.392750 dv-cinder-802653-4-iscsi neutron-server[100321]: INFO neutron.wsgi [None req-db417572-823d-4594-8310-69d77a9afb20 admin admin] 10.222.0.45 "DELETE /v2.0/security-groups/dc6742cb-e284-4e5d-af98-b6f73e8cf881 HTTP/1.1" status: 204 len: 168 time: 0.5141208
Aug 04 08:39:09.442445 dv-cinder-802653-4-iscsi neutron-server[100320]: DEBUG neutron_lib.callbacks.manager [None req-7dfecb97-9dd7-44e4-a44c-cbd1a005e447 admin admin] Notify callbacks [] for security_group, before_delete {{(pid=100320) _notify_loop /usr/local/lib/python3.8/dist-packages/neutron_lib/callbacks/manager.py:192}}
