Aug 04 08:40:32.046761 dv-cinder-802653-4-iscsi devstack@n-api.service[119816]: DEBUG oslo_concurrency.lockutils [None req-1397954b-02c6-4364-bfbf-c2059772afa1 tempest-ServerRescueNegativeTestJSON-27458376 tempest-ServerRescueNegativeTestJSON-27458376-project] Lock "b513c93a-06f3-4102-ae68-9e8982505d12" acquired by "nova.context.set_target_cell..get_or_set_cached_cell_and_set_connections" :: waited 0.000s {{(pid=119816) inner /usr/local/lib/python3.8/dist-packages/oslo_concurrency/lockutils.py:355}}
Aug 04 08:40:32.047207 dv-cinder-802653-4-iscsi devstack@n-api.service[119816]: DEBUG oslo_concurrency.lockutils [None req-1397954b-02c6-4364-bfbf-c2059772afa1 tempest-ServerRescueNegativeTestJSON-27458376 tempest-ServerRescueNegativeTestJSON-27458376-project] Lock "b513c93a-06f3-4102-ae68-9e8982505d12" released by "nova.context.set_target_cell..get_or_set_cached_cell_and_set_connections" :: held 0.000s {{(pid=119816) inner /usr/local/lib/python3.8/dist-packages/oslo_concurrency/lockutils.py:367}}
Aug 04 08:40:32.052083 dv-cinder-802653-4-iscsi devstack@n-api.service[119816]: DEBUG oslo_concurrency.lockutils [None req-1397954b-02c6-4364-bfbf-c2059772afa1 tempest-ServerRescueNegativeTestJSON-27458376 tempest-ServerRescueNegativeTestJSON-27458376-project] Lock "b513c93a-06f3-4102-ae68-9e8982505d12" acquired by "nova.context.set_target_cell..get_or_set_cached_cell_and_set_connections" :: waited 0.000s {{(pid=119816) inner /usr/local/lib/python3.8/dist-packages/oslo_concurrency/lockutils.py:355}}
Aug 04 08:40:32.052083 dv-cinder-802653-4-iscsi devstack@n-api.service[119816]: DEBUG oslo_concurrency.lockutils [None req-1397954b-02c6-4364-bfbf-c2059772afa1 tempest-ServerRescueNegativeTestJSON-27458376 tempest-ServerRescueNegativeTestJSON-27458376-project] Lock "b513c93a-06f3-4102-ae68-9e8982505d12" released by "nova.context.set_target_cell..get_or_set_cached_cell_and_set_connections" :: held 0.000s {{(pid=119816) inner /usr/local/lib/python3.8/dist-packages/oslo_concurrency/lockutils.py:367}}
Aug 04 08:40:32.138036 dv-cinder-802653-4-iscsi devstack@n-api.service[119817]: INFO nova.api.openstack.requestlog [None req-30cbe3dc-6612-4b19-a91d-5e901056bff3 tempest-AttachVolumeTestJSON-1967960004 tempest-AttachVolumeTestJSON-1967960004-project] 10.222.0.45 "POST /compute/v2.1/servers/51fb48ea-95c7-4619-815f-2271cbae9fb9/action" status: 200 len: 28214 microversion: 2.1 time: 0.243013
Aug 04 08:40:32.138853 dv-cinder-802653-4-iscsi devstack@n-api.service[119817]: [pid: 119817|app: 0|req: 135/274] 10.222.0.45 () {60 vars in 1278 bytes} [Wed Aug 4 08:40:31 2021] POST /compute/v2.1/servers/51fb48ea-95c7-4619-815f-2271cbae9fb9/action => generated 28214 bytes in 245 msecs (HTTP/1.1 200) 9 headers in 359 bytes (2 switches on core 0)
Aug 04 08:40:32.171540 dv-cinder-802653-4-iscsi devstack@n-api.service[119816]: DEBUG nova.policy [None req-1397954b-02c6-4364-bfbf-c2059772afa1 tempest-ServerRescueNegativeTestJSON-27458376 tempest-ServerRescueNegativeTestJSON-27458376-project] Policy check for os_compute_api:os-extended-server-attributes failed with credentials {'is_admin': False, 'user_id': '64abf99cd90847e389ed6cd2ef431178', 'user_domain_id': 'default', 'system_scope': None, 'domain_id': None, 'project_id': '55a9fea77bcc44ab9534b396d5e3d350', 'project_domain_id': 'default', 'roles': ['member', 'reader'], 'is_admin_project': True, 'service_user_id': None, 'service_user_domain_id': None, 'service_project_id': None, 'service_project_domain_id': None, 'service_roles': []} {{(pid=119816) authorize /opt/stack/nova/nova/policy.py:199}}
Aug 04 08:40:32.179414 dv-cinder-802653-4-iscsi devstack@n-api.service[119816]: INFO nova.api.openstack.requestlog [None req-1397954b-02c6-4364-bfbf-c2059772afa1 tempest-ServerRescueNegativeTestJSON-27458376 tempest-ServerRescueNegativeTestJSON-27458376-project] 10.222.0.45 "GET /compute/v2.1/servers/faef54ff-872b-4063-847a-86c301dc84e9" status: 200 len: 1522 microversion: 2.1 time: 0.143683
Aug 04 08:40:32.179987 dv-cinder-802653-4-iscsi devstack@n-api.service[119816]: [pid: 119816|app: 0|req: 140/275] 10.222.0.45 () {58 vars in 1236 bytes} [Wed Aug 4 08:40:32 2021] GET /compute/v2.1/servers/faef54ff-872b-4063-847a-86c301dc84e9 => generated 1522 bytes in 145 msecs (HTTP/1.1 200) 9 headers in 358 bytes (2 switches on core 0)
Aug 04 08:40:32.591333 dv-cinder-802653-4-iscsi devstack@n-api.service[119817]: DEBUG nova.api.openstack.wsgi [None req-d6c12ac9-62bb-4ddd-ad50-52e0a8764ff9 tempest-AttachVolumeNegativeTest-1246343768 tempest-AttachVolumeNegativeTest-1246343768-project] Action: 'create', calling method: >, body: {"server": {"name": "tempest-AttachVolumeNegativeTest-server-376655649", "imageRef": "0a7d7cb2-dacc-490d-a0d5-cc94e9f45f75", "flavorRef": "452", "networks": [{"uuid": "2cb233f3-14d1-4e3a-8c6e-ff613e1fae6f"}]}} {{(pid=119817) _process_stack /opt/stack/nova/nova/api/openstack/wsgi.py:511}}
Aug 04 08:40:32.675831 dv-cinder-802653-4-iscsi devstack@n-api.service[119817]: DEBUG nova.network.neutron [None req-d6c12ac9-62bb-4ddd-ad50-52e0a8764ff9 tempest-AttachVolumeNegativeTest-1246343768 tempest-AttachVolumeNegativeTest-1246343768-project] validate_networks() for [('2cb233f3-14d1-4e3a-8c6e-ff613e1fae6f', None, None, None)] {{(pid=119817) validate_networks /opt/stack/nova/nova/network/neutron.py:2255}}
Aug 04 08:40:32.954069 dv-cinder-802653-4-iscsi devstack@n-api.service[119816]: DEBUG nova.api.openstack.wsgi [None req-a6f85b71-88e0-4c44-83f3-75b7eb99660e tempest-VolumesActionsTest-475730998 tempest-VolumesActionsTest-475730998-project] Calling method '>' {{(pid=119816) _process_stack /opt/stack/nova/nova/api/openstack/wsgi.py:513}}
Aug 04 08:40:32.955444 dv-cinder-802653-4-iscsi devstack@n-api.service[119816]: DEBUG nova.compute.api [None req-a6f85b71-88e0-4c44-83f3-75b7eb99660e tempest-VolumesActionsTest-475730998 tempest-VolumesActionsTest-475730998-project] [instance: 2a358073-2afd-4630-9682-77247fa660a0] Fetching instance by UUID {{(pid=119816) get /opt/stack/nova/nova/compute/api.py:2791}}
Aug 04 08:40:32.964146 dv-cinder-802653-4-iscsi devstack@n-api.service[119816]: DEBUG oslo_concurrency.lockutils [None req-a6f85b71-88e0-4c44-83f3-75b7eb99660e tempest-VolumesActionsTest-475730998 tempest-VolumesActionsTest-475730998-project] Lock "b513c93a-06f3-4102-ae68-9e8982505d12" acquired by "nova.context.set_target_cell..get_or_set_cached_cell_and_set_connections" :: waited 0.000s {{(pid=119816) inner /usr/local/lib/python3.8/dist-packages/oslo_concurrency/lockutils.py:355}}
Aug 04 08:40:32.970791 dv-cinder-802653-4-iscsi devstack@n-api.service[119816]: DEBUG oslo_concurrency.lockutils [None req-a6f85b71-88e0-4c44-83f3-75b7eb99660e tempest-VolumesActionsTest-475730998 tempest-VolumesActionsTest-475730998-project] Lock "b513c93a-06f3-4102-ae68-9e8982505d12" released by "nova.context.set_target_cell..get_or_set_cached_cell_and_set_connections" :: held 0.007s {{(pid=119816) inner /usr/local/lib/python3.8/dist-packages/oslo_concurrency/lockutils.py:367}}
Aug 04 08:40:32.971676 dv-cinder-802653-4-iscsi devstack@n-api.service[119816]: DEBUG oslo_concurrency.lockutils [None req-a6f85b71-88e0-4c44-83f3-75b7eb99660e tempest-VolumesActionsTest-475730998 tempest-VolumesActionsTest-475730998-project] Lock "b513c93a-06f3-4102-ae68-9e8982505d12" acquired by "nova.context.set_target_cell..get_or_set_cached_cell_and_set_connections" :: waited 0.000s {{(pid=119816) inner /usr/local/lib/python3.8/dist-packages/oslo_concurrency/lockutils.py:355}}
Aug 04 08:40:32.976709 dv-cinder-802653-4-iscsi devstack@n-api.service[119816]: DEBUG oslo_concurrency.lockutils [None req-a6f85b71-88e0-4c44-83f3-75b7eb99660e tempest-VolumesActionsTest-475730998 tempest-VolumesActionsTest-475730998-project] Lock "b513c93a-06f3-4102-ae68-9e8982505d12" released by "nova.context.set_target_cell..get_or_set_cached_cell_and_set_connections" :: held 0.001s {{(pid=119816) inner /usr/local/lib/python3.8/dist-packages/oslo_concurrency/lockutils.py:367}}
Aug 04 08:40:33.038472 dv-cinder-802653-4-iscsi devstack@n-api.service[119816]: DEBUG nova.policy [None req-a6f85b71-88e0-4c44-83f3-75b7eb99660e tempest-VolumesActionsTest-475730998 tempest-VolumesActionsTest-475730998-project] Policy check for os_compute_api:os-extended-server-attributes failed with credentials {'is_admin': False, 'user_id': '9d79f5af06664e2ebf6cfc618821c074', 'user_domain_id': 'default', 'system_scope': None, 'domain_id': None, 'project_id': '3941f935064347b2a18c52338e3abb72', 'project_domain_id': 'default', 'roles': ['member', 'reader'], 'is_admin_project': True, 'service_user_id': None, 'service_user_domain_id': None, 'service_project_id': None, 'service_project_domain_id': None, 'service_roles': []} {{(pid=119816) authorize /opt/stack/nova/nova/policy.py:199}}
Aug 04 08:40:33.046120 dv-cinder-802653-4-iscsi devstack@n-api.service[119816]: INFO nova.api.openstack.requestlog [None req-a6f85b71-88e0-4c44-83f3-75b7eb99660e tempest-VolumesActionsTest-475730998 tempest-VolumesActionsTest-475730998-project] 10.222.0.45 "GET /compute/v2.1/servers/2a358073-2afd-4630-9682-77247fa660a0" status: 200 len: 1462 microversion: 2.1 time: 0.096168
Aug 04 08:40:33.053349 dv-cinder-802653-4-iscsi devstack@n-api.service[119816]: [pid: 119816|app: 0|req: 141/276] 10.222.0.45 () {58 vars in 1236 bytes} [Wed Aug 4 08:40:32 2021] GET /compute/v2.1/servers/2a358073-2afd-4630-9682-77247fa660a0 => generated 1462 bytes in 104 msecs (HTTP/1.1 200) 9 headers in 358 bytes (1 switches on core 0)
Aug 04 08:40:33.059375 dv-cinder-802653-4-iscsi devstack@n-api.service[119816]: DEBUG nova.api.openstack.wsgi [req-6d9cae70-07d4-4f74-9ae6-8f86f9b3f174 req-e369c01e-b9b0-45e3-8300-395f1ffccf50 service nova] Action: 'create', calling method: >, body: {"events": [{"server_uuid": "2a358073-2afd-4630-9682-77247fa660a0", "name": "network-vif-deleted", "tag": "b0783a01-7def-4615-ba9d-697652573a02"}]} {{(pid=119816) _process_stack /opt/stack/nova/nova/api/openstack/wsgi.py:511}}
Aug 04 08:40:33.060996 dv-cinder-802653-4-iscsi devstack@n-api.service[119816]: /usr/local/lib/python3.8/dist-packages/oslo_policy/policy.py:1064: UserWarning: Policy os_compute_api:os-server-external-events:create failed scope check. The token used to make the request was project scoped but the policy requires ['system'] scope. This behavior may change in the future where using the intended scope is required
Aug 04 08:40:33.060996 dv-cinder-802653-4-iscsi devstack@n-api.service[119816]: warnings.warn(msg)
Aug 04 08:40:33.067713 dv-cinder-802653-4-iscsi devstack@n-api.service[119816]: DEBUG oslo_concurrency.lockutils [req-6d9cae70-07d4-4f74-9ae6-8f86f9b3f174 req-e369c01e-b9b0-45e3-8300-395f1ffccf50 service nova] Lock "b513c93a-06f3-4102-ae68-9e8982505d12" acquired by "nova.context.set_target_cell..get_or_set_cached_cell_and_set_connections" :: waited 0.000s {{(pid=119816) inner /usr/local/lib/python3.8/dist-packages/oslo_concurrency/lockutils.py:355}}
Aug 04 08:40:33.068193 dv-cinder-802653-4-iscsi devstack@n-api.service[119816]: DEBUG oslo_concurrency.lockutils [req-6d9cae70-07d4-4f74-9ae6-8f86f9b3f174 req-e369c01e-b9b0-45e3-8300-395f1ffccf50 service nova] Lock "b513c93a-06f3-4102-ae68-9e8982505d12" released by "nova.context.set_target_cell..get_or_set_cached_cell_and_set_connections" :: held 0.001s {{(pid=119816) inner /usr/local/lib/python3.8/dist-packages/oslo_concurrency/lockutils.py:367}}
Aug 04 08:40:33.080261 dv-cinder-802653-4-iscsi devstack@n-api.service[119816]: INFO nova.api.openstack.compute.server_external_events [req-6d9cae70-07d4-4f74-9ae6-8f86f9b3f174 req-e369c01e-b9b0-45e3-8300-395f1ffccf50 service nova] Creating event network-vif-deleted:b0783a01-7def-4615-ba9d-697652573a02 for instance 2a358073-2afd-4630-9682-77247fa660a0 on hv-cinder-80265
Aug 04 08:40:33.084860 dv-cinder-802653-4-iscsi devstack@n-api.service[119816]: INFO nova.api.openstack.requestlog [req-6d9cae70-07d4-4f74-9ae6-8f86f9b3f174 req-e369c01e-b9b0-45e3-8300-395f1ffccf50 service nova] 10.222.0.45 "POST /compute/v2.1/os-server-external-events" status: 200 len: 183 microversion: 2.1 time: 0.029508
Aug 04 08:40:33.085746 dv-cinder-802653-4-iscsi devstack@n-api.service[119816]: [pid: 119816|app: 0|req: 142/277] 10.222.0.45 () {64 vars in 1318 bytes} [Wed Aug 4 08:40:33 2021] POST /compute/v2.1/os-server-external-events => generated 183 bytes in 32 msecs (HTTP/1.1 200) 9 headers in 357 bytes (1 switches on core 0)
Aug 04 08:40:33.118315 dv-cinder-802653-4-iscsi devstack@n-api.service[119817]: DEBUG nova.virt.hardware [None req-d6c12ac9-62bb-4ddd-ad50-52e0a8764ff9 tempest-AttachVolumeNegativeTest-1246343768 tempest-AttachVolumeNegativeTest-1246343768-project] Flavor limits 0:0:0 {{(pid=119817) get_cpu_topology_constraints /opt/stack/nova/nova/virt/hardware.py:343}}
Aug 04 08:40:33.118782 dv-cinder-802653-4-iscsi devstack@n-api.service[119817]: DEBUG nova.virt.hardware [None req-d6c12ac9-62bb-4ddd-ad50-52e0a8764ff9 tempest-AttachVolumeNegativeTest-1246343768 tempest-AttachVolumeNegativeTest-1246343768-project] Image limits 0:0:0 {{(pid=119817) get_cpu_topology_constraints /opt/stack/nova/nova/virt/hardware.py:347}}
Aug 04 08:40:33.119903 dv-cinder-802653-4-iscsi devstack@n-api.service[119817]: DEBUG nova.virt.hardware [None req-d6c12ac9-62bb-4ddd-ad50-52e0a8764ff9 tempest-AttachVolumeNegativeTest-1246343768 tempest-AttachVolumeNegativeTest-1246343768-project] Flavor pref 0:0:0 {{(pid=119817) get_cpu_topology_constraints /opt/stack/nova/nova/virt/hardware.py:383}}
Aug 04 08:40:33.120364 dv-cinder-802653-4-iscsi devstack@n-api.service[119817]: DEBUG nova.virt.hardware [None req-d6c12ac9-62bb-4ddd-ad50-52e0a8764ff9 tempest-AttachVolumeNegativeTest-1246343768 tempest-AttachVolumeNegativeTest-1246343768-project] Image pref 0:0:0 {{(pid=119817) get_cpu_topology_constraints /opt/stack/nova/nova/virt/hardware.py:387}}
Aug 04 08:40:33.121196 dv-cinder-802653-4-iscsi devstack@n-api.service[119817]: DEBUG nova.virt.hardware [None req-d6c12ac9-62bb-4ddd-ad50-52e0a8764ff9 tempest-AttachVolumeNegativeTest-1246343768 tempest-AttachVolumeNegativeTest-1246343768-project] Chose sockets=0, cores=0, threads=0; limits were sockets=65536, cores=65536, threads=65536 {{(pid=119817) get_cpu_topology_constraints /opt/stack/nova/nova/virt/hardware.py:425}}
Aug 04 08:40:33.132275 dv-cinder-802653-4-iscsi devstack@n-api.service[119817]: DEBUG oslo_concurrency.lockutils [None req-d6c12ac9-62bb-4ddd-ad50-52e0a8764ff9 tempest-AttachVolumeNegativeTest-1246343768 tempest-AttachVolumeNegativeTest-1246343768-project] Lock "00000000-0000-0000-0000-000000000000" acquired by "nova.context.set_target_cell..get_or_set_cached_cell_and_set_connections" :: waited 0.000s {{(pid=119817) inner /usr/local/lib/python3.8/dist-packages/oslo_concurrency/lockutils.py:355}}
Aug 04 08:40:33.132965 dv-cinder-802653-4-iscsi devstack@n-api.service[119817]: DEBUG oslo_concurrency.lockutils [None req-d6c12ac9-62bb-4ddd-ad50-52e0a8764ff9 tempest-AttachVolumeNegativeTest-1246343768 tempest-AttachVolumeNegativeTest-1246343768-project] Lock "00000000-0000-0000-0000-000000000000" released by "nova.context.set_target_cell..get_or_set_cached_cell_and_set_connections" :: held 0.001s {{(pid=119817) inner /usr/local/lib/python3.8/dist-packages/oslo_concurrency/lockutils.py:367}}
Aug 04 08:40:33.144184 dv-cinder-802653-4-iscsi devstack@n-api.service[119817]: DEBUG oslo_concurrency.lockutils [None req-d6c12ac9-62bb-4ddd-ad50-52e0a8764ff9 tempest-AttachVolumeNegativeTest-1246343768 tempest-AttachVolumeNegativeTest-1246343768-project] Lock "b513c93a-06f3-4102-ae68-9e8982505d12" acquired by "nova.context.set_target_cell..get_or_set_cached_cell_and_set_connections" :: waited 0.000s {{(pid=119817) inner /usr/local/lib/python3.8/dist-packages/oslo_concurrency/lockutils.py:355}}
Aug 04 08:40:33.144993 dv-cinder-802653-4-iscsi devstack@n-api.service[119817]: DEBUG oslo_concurrency.lockutils [None req-d6c12ac9-62bb-4ddd-ad50-52e0a8764ff9 tempest-AttachVolumeNegativeTest-1246343768 tempest-AttachVolumeNegativeTest-1246343768-project] Lock "b513c93a-06f3-4102-ae68-9e8982505d12" released by "nova.context.set_target_cell..get_or_set_cached_cell_and_set_connections" :: held 0.003s {{(pid=119817) inner /usr/local/lib/python3.8/dist-packages/oslo_concurrency/lockutils.py:367}}
Aug 04 08:40:33.160848 dv-cinder-802653-4-iscsi devstack@n-api.service[119816]: DEBUG nova.api.openstack.wsgi [None req-b542b186-a259-437c-81fc-bafd4237023f tempest-AttachVolumeTestJSON-1967960004 tempest-AttachVolumeTestJSON-1967960004-project] Action: 'action', calling method: >, body: {"os-getConsoleOutput": {}} {{(pid=119816) _process_stack /opt/stack/nova/nova/api/openstack/wsgi.py:511}}
Aug 04 08:40:33.160848 dv-cinder-802653-4-iscsi devstack@n-api.service[119816]: DEBUG nova.compute.api [None req-b542b186-a259-437c-81fc-bafd4237023f tempest-AttachVolumeTestJSON-1967960004 tempest-AttachVolumeTestJSON-1967960004-project] [instance: 51fb48ea-95c7-4619-815f-2271cbae9fb9] Fetching instance by UUID {{(pid=119816) get /opt/stack/nova/nova/compute/api.py:2791}}
Aug 04 08:40:33.162826 dv-cinder-802653-4-iscsi devstack@n-api.service[119816]: DEBUG oslo_concurrency.lockutils [None req-b542b186-a259-437c-81fc-bafd4237023f tempest-AttachVolumeTestJSON-1967960004 tempest-AttachVolumeTestJSON-1967960004-project] Lock "b513c93a-06f3-4102-ae68-9e8982505d12" acquired by "nova.context.set_target_cell..get_or_set_cached_cell_and_set_connections" :: waited 0.000s {{(pid=119816) inner /usr/local/lib/python3.8/dist-packages/oslo_concurrency/lockutils.py:355}}
Aug 04 08:40:33.163447 dv-cinder-802653-4-iscsi devstack@n-api.service[119816]: DEBUG oslo_concurrency.lockutils [None req-b542b186-a259-437c-81fc-bafd4237023f tempest-AttachVolumeTestJSON-1967960004 tempest-AttachVolumeTestJSON-1967960004-project] Lock "b513c93a-06f3-4102-ae68-9e8982505d12" released by "nova.context.set_target_cell..get_or_set_cached_cell_and_set_connections" :: held 0.001s {{(pid=119816) inner /usr/local/lib/python3.8/dist-packages/oslo_concurrency/lockutils.py:367}}
Aug 04 08:40:33.167635 dv-cinder-802653-4-iscsi devstack@n-api.service[119816]: DEBUG oslo_concurrency.lockutils [None req-b542b186-a259-437c-81fc-bafd4237023f tempest-AttachVolumeTestJSON-1967960004 tempest-AttachVolumeTestJSON-1967960004-project] Lock "b513c93a-06f3-4102-ae68-9e8982505d12" acquired by "nova.context.set_target_cell..get_or_set_cached_cell_and_set_connections" :: waited 0.000s {{(pid=119816) inner /usr/local/lib/python3.8/dist-packages/oslo_concurrency/lockutils.py:355}}
Aug 04 08:40:33.167758 dv-cinder-802653-4-iscsi devstack@n-api.service[119817]: DEBUG nova.quota [None req-d6c12ac9-62bb-4ddd-ad50-52e0a8764ff9 tempest-AttachVolumeNegativeTest-1246343768 tempest-AttachVolumeNegativeTest-1246343768-project] Getting quotas for project c25f110a37484ed783206cb1e0516c8e. Resources: {'ram', 'cores', 'instances'} {{(pid=119817) _get_quotas /opt/stack/nova/nova/quota.py:384}}
Aug 04 08:40:33.168580 dv-cinder-802653-4-iscsi devstack@n-api.service[119816]: DEBUG oslo_concurrency.lockutils [None req-b542b186-a259-437c-81fc-bafd4237023f tempest-AttachVolumeTestJSON-1967960004 tempest-AttachVolumeTestJSON-1967960004-project] Lock "b513c93a-06f3-4102-ae68-9e8982505d12" released by "nova.context.set_target_cell..get_or_set_cached_cell_and_set_connections" :: held 0.001s {{(pid=119816) inner /usr/local/lib/python3.8/dist-packages/oslo_concurrency/lockutils.py:367}}
Aug 04 08:40:33.171709 dv-cinder-802653-4-iscsi devstack@n-api.service[119817]: DEBUG nova.quota [None req-d6c12ac9-62bb-4ddd-ad50-52e0a8764ff9 tempest-AttachVolumeNegativeTest-1246343768 tempest-AttachVolumeNegativeTest-1246343768-project] Getting quotas for user c1b1f16782d049f3bf321e3cb627ab0a and project c25f110a37484ed783206cb1e0516c8e. Resources: {'ram', 'cores', 'instances'} {{(pid=119817) _get_quotas /opt/stack/nova/nova/quota.py:374}}
Aug 04 08:40:33.182906 dv-cinder-802653-4-iscsi devstack@n-api.service[119817]: DEBUG nova.compute.api [None req-d6c12ac9-62bb-4ddd-ad50-52e0a8764ff9 tempest-AttachVolumeNegativeTest-1246343768 tempest-AttachVolumeNegativeTest-1246343768-project] Going to run 1 instances... {{(pid=119817) _provision_instances /opt/stack/nova/nova/compute/api.py:1280}}
Aug 04 08:40:33.185527 dv-cinder-802653-4-iscsi devstack@n-api.service[119817]: DEBUG nova.compute.api [None req-d6c12ac9-62bb-4ddd-ad50-52e0a8764ff9 tempest-AttachVolumeNegativeTest-1246343768 tempest-AttachVolumeNegativeTest-1246343768-project] [instance: 5af2394e-d4e4-42e0-9d24-1b32e1c94b19] block_device_mapping [BlockDeviceMapping(attachment_id=,boot_index=0,connection_info=None,created_at=,delete_on_termination=True,deleted=,deleted_at=,destination_type='local',device_name=None,device_type='disk',disk_bus=None,guest_format=None,id=,image_id='0a7d7cb2-dacc-490d-a0d5-cc94e9f45f75',instance=,instance_uuid=,no_device=False,snapshot_id=None,source_type='image',tag=None,updated_at=,uuid=,volume_id=None,volume_size=None,volume_type=None)] {{(pid=119817) _bdm_validate_set_size_and_instance /opt/stack/nova/nova/compute/api.py:1685}}
Aug 04 08:40:33.293693 dv-cinder-802653-4-iscsi devstack@n-api.service[119817]: INFO nova.api.openstack.requestlog [None req-d6c12ac9-62bb-4ddd-ad50-52e0a8764ff9 tempest-AttachVolumeNegativeTest-1246343768 tempest-AttachVolumeNegativeTest-1246343768-project] 10.222.0.45 "POST /compute/v2.1/servers" status: 202 len: 380 microversion: 2.1 time: 0.707203
Aug 04 08:40:33.295660 dv-cinder-802653-4-iscsi devstack@n-api.service[119817]: [pid: 119817|app: 0|req: 136/278] 10.222.0.45 () {60 vars in 1147 bytes} [Wed Aug 4 08:40:32 2021] POST /compute/v2.1/servers => generated 380 bytes in 710 msecs (HTTP/1.1 202) 10 headers in 451 bytes (1 switches on core 0)
Aug 04 08:40:33.297887 dv-cinder-802653-4-iscsi devstack@n-api.service[119816]: INFO nova.api.openstack.requestlog [None req-b542b186-a259-437c-81fc-bafd4237023f tempest-AttachVolumeTestJSON-1967960004 tempest-AttachVolumeTestJSON-1967960004-project] 10.222.0.45 "POST /compute/v2.1/servers/51fb48ea-95c7-4619-815f-2271cbae9fb9/action" status: 200 len: 28503 microversion: 2.1 time: 0.148523
Aug 04 08:40:33.301132 dv-cinder-802653-4-iscsi devstack@n-api.service[119816]: [pid: 119816|app: 0|req: 143/279] 10.222.0.45 () {60 vars in 1278 bytes} [Wed Aug 4 08:40:33 2021] POST /compute/v2.1/servers/51fb48ea-95c7-4619-815f-2271cbae9fb9/action => generated 28503 bytes in 153 msecs (HTTP/1.1 200) 9 headers in 359 bytes (1 switches on core 0)
Aug 04 08:40:33.303316 dv-cinder-802653-4-iscsi devstack@n-api.service[119817]: DEBUG nova.api.openstack.wsgi [None req-14c9652d-f0bb-45ac-8658-25fc841fa820 tempest-ServerRescueNegativeTestJSON-27458376 tempest-ServerRescueNegativeTestJSON-27458376-project] Calling method '>' {{(pid=119817) _process_stack /opt/stack/nova/nova/api/openstack/wsgi.py:513}}
Aug 04 08:40:33.304202 dv-cinder-802653-4-iscsi devstack@n-api.service[119817]: DEBUG nova.compute.api [None req-14c9652d-f0bb-45ac-8658-25fc841fa820 tempest-ServerRescueNegativeTestJSON-27458376 tempest-ServerRescueNegativeTestJSON-27458376-project] [instance: faef54ff-872b-4063-847a-86c301dc84e9] Fetching instance by UUID {{(pid=119817) get /opt/stack/nova/nova/compute/api.py:2791}}
Aug 04 08:40:33.311515 dv-cinder-802653-4-iscsi devstack@n-api.service[119816]: DEBUG nova.api.openstack.wsgi [None req-6d461b8f-1064-456e-9236-9edb48ae5715 tempest-AttachVolumeNegativeTest-1246343768 tempest-AttachVolumeNegativeTest-1246343768-project] Calling method '>' {{(pid=119816) _process_stack /opt/stack/nova/nova/api/openstack/wsgi.py:513}}
Aug 04 08:40:33.311515 dv-cinder-802653-4-iscsi devstack@n-api.service[119816]: DEBUG nova.compute.api [None req-6d461b8f-1064-456e-9236-9edb48ae5715 tempest-AttachVolumeNegativeTest-1246343768 tempest-AttachVolumeNegativeTest-1246343768-project] [instance: 5af2394e-d4e4-42e0-9d24-1b32e1c94b19] Fetching instance by UUID {{(pid=119816) get /opt/stack/nova/nova/compute/api.py:2791}}
Aug 04 08:40:33.312042 dv-cinder-802653-4-iscsi devstack@n-api.service[119817]: DEBUG oslo_concurrency.lockutils [None req-14c9652d-f0bb-45ac-8658-25fc841fa820 tempest-ServerRescueNegativeTestJSON-27458376 tempest-ServerRescueNegativeTestJSON-27458376-project] Lock "b513c93a-06f3-4102-ae68-9e8982505d12" acquired by "nova.context.set_target_cell..get_or_set_cached_cell_and_set_connections" :: waited 0.000s {{(pid=119817) inner /usr/local/lib/python3.8/dist-packages/oslo_concurrency/lockutils.py:355}}
Aug 04 08:40:33.312878 dv-cinder-802653-4-iscsi devstack@n-api.service[119817]: DEBUG oslo_concurrency.lockutils [None req-14c9652d-f0bb-45ac-8658-25fc841fa820 tempest-ServerRescueNegativeTestJSON-27458376 tempest-ServerRescueNegativeTestJSON-27458376-project] Lock "b513c93a-06f3-4102-ae68-9e8982505d12" released by "nova.context.set_target_cell..get_or_set_cached_cell_and_set_connections" :: held 0.001s {{(pid=119817) inner /usr/local/lib/python3.8/dist-packages/oslo_concurrency/lockutils.py:367}}
Aug 04 08:40:33.313980 dv-cinder-802653-4-iscsi devstack@n-api.service[119817]: DEBUG oslo_concurrency.lockutils [None req-14c9652d-f0bb-45ac-8658-25fc841fa820 tempest-ServerRescueNegativeTestJSON-27458376 tempest-ServerRescueNegativeTestJSON-27458376-project] Lock "b513c93a-06f3-4102-ae68-9e8982505d12" acquired by "nova.context.set_target_cell..get_or_set_cached_cell_and_set_connections" :: waited 0.000s {{(pid=119817) inner /usr/local/lib/python3.8/dist-packages/oslo_concurrency/lockutils.py:355}}
Aug 04 08:40:33.314607 dv-cinder-802653-4-iscsi devstack@n-api.service[119817]: DEBUG oslo_concurrency.lockutils [None req-14c9652d-f0bb-45ac-8658-25fc841fa820 tempest-ServerRescueNegativeTestJSON-27458376 tempest-ServerRescueNegativeTestJSON-27458376-project] Lock "b513c93a-06f3-4102-ae68-9e8982505d12" released by "nova.context.set_target_cell..get_or_set_cached_cell_and_set_connections" :: held 0.001s {{(pid=119817) inner /usr/local/lib/python3.8/dist-packages/oslo_concurrency/lockutils.py:367}}
Aug 04 08:40:33.373898 dv-cinder-802653-4-iscsi devstack@n-api.service[119816]: DEBUG nova.policy [None req-6d461b8f-1064-456e-9236-9edb48ae5715 tempest-AttachVolumeNegativeTest-1246343768 tempest-AttachVolumeNegativeTest-1246343768-project] Policy check for os_compute_api:os-extended-server-attributes failed with credentials {'is_admin': False, 'user_id': 'c1b1f16782d049f3bf321e3cb627ab0a', 'user_domain_id': 'default', 'system_scope': None, 'domain_id': None, 'project_id': 'c25f110a37484ed783206cb1e0516c8e', 'project_domain_id': 'default', 'roles': ['member', 'reader'], 'is_admin_project': True, 'service_user_id': None, 'service_user_domain_id': None, 'service_project_id': None, 'service_project_domain_id': None, 'service_roles': []} {{(pid=119816) authorize /opt/stack/nova/nova/policy.py:199}}
Aug 04 08:40:33.383905 dv-cinder-802653-4-iscsi devstack@n-api.service[119816]: INFO nova.api.openstack.requestlog [None req-6d461b8f-1064-456e-9236-9edb48ae5715 tempest-AttachVolumeNegativeTest-1246343768 tempest-AttachVolumeNegativeTest-1246343768-project] 10.222.0.45 "GET /compute/v2.1/servers/5af2394e-d4e4-42e0-9d24-1b32e1c94b19" status: 200 len: 1217 microversion: 2.1 time: 0.081310
Aug 04 08:40:33.385080 dv-cinder-802653-4-iscsi devstack@n-api.service[119816]: [pid: 119816|app: 0|req: 144/280] 10.222.0.45 () {58 vars in 1236 bytes} [Wed Aug 4 08:40:33 2021] GET /compute/v2.1/servers/5af2394e-d4e4-42e0-9d24-1b32e1c94b19 => generated 1217 bytes in 83 msecs (HTTP/1.1 200) 9 headers in 358 bytes (1 switches on core 0)
Aug 04 08:40:33.479490 dv-cinder-802653-4-iscsi devstack@n-api.service[119817]: DEBUG nova.policy [None req-14c9652d-f0bb-45ac-8658-25fc841fa820 tempest-ServerRescueNegativeTestJSON-27458376 tempest-ServerRescueNegativeTestJSON-27458376-project] Policy check for os_compute_api:os-extended-server-attributes failed with credentials {'is_admin': False, 'user_id': '64abf99cd90847e389ed6cd2ef431178', 'user_domain_id': 'default', 'system_scope': None, 'domain_id': None, 'project_id': '55a9fea77bcc44ab9534b396d5e3d350', 'project_domain_id': 'default', 'roles': ['member', 'reader'], 'is_admin_project': True, 'service_user_id': None, 'service_user_domain_id': None, 'service_project_id': None, 'service_project_domain_id': None, 'service_roles': []} {{(pid=119817) authorize /opt/stack/nova/nova/policy.py:199}}
Aug 04 08:40:33.487620 dv-cinder-802653-4-iscsi devstack@n-api.service[119817]: INFO nova.api.openstack.requestlog [None req-14c9652d-f0bb-45ac-8658-25fc841fa820 tempest-ServerRescueNegativeTestJSON-27458376 tempest-ServerRescueNegativeTestJSON-27458376-project] 10.222.0.45 "GET /compute/v2.1/servers/faef54ff-872b-4063-847a-86c301dc84e9" status: 200 len: 1522 microversion: 2.1 time: 0.190421
Aug 04 08:40:33.489545 dv-cinder-802653-4-iscsi devstack@n-api.service[119817]: [pid: 119817|app: 0|req: 137/281] 10.222.0.45 () {58 vars in 1236 bytes} [Wed Aug 4 08:40:33 2021] GET /compute/v2.1/servers/faef54ff-872b-4063-847a-86c301dc84e9 => generated 1522 bytes in 193 msecs (HTTP/1.1 200) 9 headers in 358 bytes (1 switches on core 0)
Aug 04 08:40:34.062496 dv-cinder-802653-4-iscsi devstack@n-api.service[119816]: DEBUG nova.api.openstack.wsgi [None req-6cbce7f9-840c-4027-af5e-f545390ede20 tempest-VolumesActionsTest-475730998 tempest-VolumesActionsTest-475730998-project] Calling method '>' {{(pid=119816) _process_stack /opt/stack/nova/nova/api/openstack/wsgi.py:513}}
Aug 04 08:40:34.063114 dv-cinder-802653-4-iscsi devstack@n-api.service[119816]: DEBUG nova.compute.api [None req-6cbce7f9-840c-4027-af5e-f545390ede20 tempest-VolumesActionsTest-475730998 tempest-VolumesActionsTest-475730998-project] [instance: 2a358073-2afd-4630-9682-77247fa660a0] Fetching instance by UUID {{(pid=119816) get /opt/stack/nova/nova/compute/api.py:2791}}
Aug 04 08:40:34.069458 dv-cinder-802653-4-iscsi devstack@n-api.service[119816]: DEBUG oslo_concurrency.lockutils [None req-6cbce7f9-840c-4027-af5e-f545390ede20 tempest-VolumesActionsTest-475730998 tempest-VolumesActionsTest-475730998-project] Lock "b513c93a-06f3-4102-ae68-9e8982505d12" acquired by "nova.context.set_target_cell..get_or_set_cached_cell_and_set_connections" :: waited 0.000s {{(pid=119816) inner /usr/local/lib/python3.8/dist-packages/oslo_concurrency/lockutils.py:355}}
Aug 04 08:40:34.069895 dv-cinder-802653-4-iscsi devstack@n-api.service[119816]: DEBUG oslo_concurrency.lockutils [None req-6cbce7f9-840c-4027-af5e-f545390ede20 tempest-VolumesActionsTest-475730998 tempest-VolumesActionsTest-475730998-project] Lock "b513c93a-06f3-4102-ae68-9e8982505d12" released by "nova.context.set_target_cell..get_or_set_cached_cell_and_set_connections" :: held 0.000s {{(pid=119816) inner /usr/local/lib/python3.8/dist-packages/oslo_concurrency/lockutils.py:367}}
Aug 04 08:40:34.070654 dv-cinder-802653-4-iscsi devstack@n-api.service[119816]: DEBUG oslo_concurrency.lockutils [None req-6cbce7f9-840c-4027-af5e-f545390ede20 tempest-VolumesActionsTest-475730998 tempest-VolumesActionsTest-475730998-project] Lock "b513c93a-06f3-4102-ae68-9e8982505d12" acquired by "nova.context.set_target_cell..get_or_set_cached_cell_and_set_connections" :: waited 0.000s {{(pid=119816) inner /usr/local/lib/python3.8/dist-packages/oslo_concurrency/lockutils.py:355}}
Aug 04 08:40:34.071082 dv-cinder-802653-4-iscsi devstack@n-api.service[119816]: DEBUG oslo_concurrency.lockutils [None req-6cbce7f9-840c-4027-af5e-f545390ede20 tempest-VolumesActionsTest-475730998 tempest-VolumesActionsTest-475730998-project] Lock "b513c93a-06f3-4102-ae68-9e8982505d12" released by "nova.context.set_target_cell..get_or_set_cached_cell_and_set_connections" :: held 0.000s {{(pid=119816) inner /usr/local/lib/python3.8/dist-packages/oslo_concurrency/lockutils.py:367}}
Aug 04 08:40:34.102544 dv-cinder-802653-4-iscsi devstack@n-api.service[119816]: DEBUG oslo_concurrency.lockutils [None req-6cbce7f9-840c-4027-af5e-f545390ede20 tempest-VolumesActionsTest-475730998 tempest-VolumesActionsTest-475730998-project] Lock "b513c93a-06f3-4102-ae68-9e8982505d12" acquired by "nova.context.set_target_cell..get_or_set_cached_cell_and_set_connections" :: waited 0.000s {{(pid=119816) inner /usr/local/lib/python3.8/dist-packages/oslo_concurrency/lockutils.py:355}}
Aug 04 08:40:34.102981 dv-cinder-802653-4-iscsi devstack@n-api.service[119816]: DEBUG oslo_concurrency.lockutils [None req-6cbce7f9-840c-4027-af5e-f545390ede20 tempest-VolumesActionsTest-475730998 tempest-VolumesActionsTest-475730998-project] Lock "b513c93a-06f3-4102-ae68-9e8982505d12" released by "nova.context.set_target_cell..get_or_set_cached_cell_and_set_connections" :: held 0.001s {{(pid=119816) inner /usr/local/lib/python3.8/dist-packages/oslo_concurrency/lockutils.py:367}}
Aug 04 08:40:34.103420 dv-cinder-802653-4-iscsi devstack@n-api.service[119816]: DEBUG nova.objects.instance [None req-6cbce7f9-840c-4027-af5e-f545390ede20 tempest-VolumesActionsTest-475730998 tempest-VolumesActionsTest-475730998-project] Lazy-loading 'fault' on Instance uuid 2a358073-2afd-4630-9682-77247fa660a0 {{(pid=119816) obj_load_attr /opt/stack/nova/nova/objects/instance.py:1099}}
Aug 04 08:40:34.147598 dv-cinder-802653-4-iscsi devstack@n-api.service[119816]: DEBUG nova.policy [None req-6cbce7f9-840c-4027-af5e-f545390ede20 tempest-VolumesActionsTest-475730998 tempest-VolumesActionsTest-475730998-project] Policy check for os_compute_api:os-extended-server-attributes failed with credentials {'is_admin': False, 'user_id': '9d79f5af06664e2ebf6cfc618821c074', 'user_domain_id': 'default', 'system_scope': None, 'domain_id': None, 'project_id': '3941f935064347b2a18c52338e3abb72', 'project_domain_id': 'default', 'roles': ['member', 'reader'], 'is_admin_project': True, 'service_user_id': None, 'service_user_domain_id': None, 'service_project_id': None, 'service_project_domain_id': None, 'service_roles': []} {{(pid=119816) authorize /opt/stack/nova/nova/policy.py:199}}
Aug 04 08:40:34.154900 dv-cinder-802653-4-iscsi devstack@n-api.service[119816]: INFO nova.api.openstack.requestlog [None req-6cbce7f9-840c-4027-af5e-f545390ede20 tempest-VolumesActionsTest-475730998 tempest-VolumesActionsTest-475730998-project] 10.222.0.45 "GET /compute/v2.1/servers/2a358073-2afd-4630-9682-77247fa660a0" status: 200 len: 1304 microversion: 2.1 time: 0.096001
Aug 04 08:40:34.155462 dv-cinder-802653-4-iscsi devstack@n-api.service[119816]: [pid: 119816|app: 0|req: 145/282] 10.222.0.45 () {58 vars in 1236 bytes} [Wed Aug 4 08:40:34 2021] GET /compute/v2.1/servers/2a358073-2afd-4630-9682-77247fa660a0 => generated 1304 bytes in 97 msecs (HTTP/1.1 200) 9 headers in 358 bytes (1 switches on core 0)
Aug 04 08:40:34.321206 dv-cinder-802653-4-iscsi devstack@n-api.service[119817]: DEBUG nova.api.openstack.wsgi [None req-655c6ae2-f17b-47cd-ac53-acba4293ea7e tempest-AttachVolumeTestJSON-1967960004 tempest-AttachVolumeTestJSON-1967960004-project] Action: 'action', calling method: >, body: {"os-getConsoleOutput": {}} {{(pid=119817) _process_stack /opt/stack/nova/nova/api/openstack/wsgi.py:511}}
Aug 04 08:40:34.322183 dv-cinder-802653-4-iscsi devstack@n-api.service[119817]: DEBUG nova.compute.api [None req-655c6ae2-f17b-47cd-ac53-acba4293ea7e tempest-AttachVolumeTestJSON-1967960004 tempest-AttachVolumeTestJSON-1967960004-project] [instance: 51fb48ea-95c7-4619-815f-2271cbae9fb9] Fetching instance by UUID {{(pid=119817) get /opt/stack/nova/nova/compute/api.py:2791}}
Aug 04 08:40:34.329357 dv-cinder-802653-4-iscsi devstack@n-api.service[119817]: DEBUG oslo_concurrency.lockutils [None req-655c6ae2-f17b-47cd-ac53-acba4293ea7e tempest-AttachVolumeTestJSON-1967960004 tempest-AttachVolumeTestJSON-1967960004-project] Lock "b513c93a-06f3-4102-ae68-9e8982505d12" acquired by "nova.context.set_target_cell..get_or_set_cached_cell_and_set_connections" :: waited 0.000s {{(pid=119817) inner /usr/local/lib/python3.8/dist-packages/oslo_concurrency/lockutils.py:355}}
Aug 04 08:40:34.330702 dv-cinder-802653-4-iscsi devstack@n-api.service[119817]: DEBUG oslo_concurrency.lockutils [None req-655c6ae2-f17b-47cd-ac53-acba4293ea7e tempest-AttachVolumeTestJSON-1967960004 tempest-AttachVolumeTestJSON-1967960004-project] Lock "b513c93a-06f3-4102-ae68-9e8982505d12" released by "nova.context.set_target_cell..get_or_set_cached_cell_and_set_connections" :: held 0.001s {{(pid=119817) inner /usr/local/lib/python3.8/dist-packages/oslo_concurrency/lockutils.py:367}}
Aug 04 08:40:34.331621 dv-cinder-802653-4-iscsi devstack@n-api.service[119817]: DEBUG oslo_concurrency.lockutils [None req-655c6ae2-f17b-47cd-ac53-acba4293ea7e tempest-AttachVolumeTestJSON-1967960004 tempest-AttachVolumeTestJSON-1967960004-project] Lock "b513c93a-06f3-4102-ae68-9e8982505d12" acquired by "nova.context.set_target_cell..get_or_set_cached_cell_and_set_connections" :: waited 0.000s {{(pid=119817) inner /usr/local/lib/python3.8/dist-packages/oslo_concurrency/lockutils.py:355}}
Aug 04 08:40:34.332260 dv-cinder-802653-4-iscsi devstack@n-api.service[119817]: DEBUG oslo_concurrency.lockutils [None req-655c6ae2-f17b-47cd-ac53-acba4293ea7e tempest-AttachVolumeTestJSON-1967960004 tempest-AttachVolumeTestJSON-1967960004-project] Lock "b513c93a-06f3-4102-ae68-9e8982505d12" released by "nova.context.set_target_cell..get_or_set_cached_cell_and_set_connections" :: held 0.001s {{(pid=119817) inner /usr/local/lib/python3.8/dist-packages/oslo_concurrency/lockutils.py:367}}
Aug 04 08:40:34.401523 dv-cinder-802653-4-iscsi devstack@n-api.service[119816]: DEBUG nova.api.openstack.wsgi [None req-9b4556a0-96e9-4196-9bd7-2bc7ef9e0ee3 tempest-AttachVolumeNegativeTest-1246343768 tempest-AttachVolumeNegativeTest-1246343768-project] Calling method '>' {{(pid=119816) _process_stack /opt/stack/nova/nova/api/openstack/wsgi.py:513}}
Aug 04 08:40:34.402149 dv-cinder-802653-4-iscsi devstack@n-api.service[119816]: DEBUG nova.compute.api [None req-9b4556a0-96e9-4196-9bd7-2bc7ef9e0ee3 tempest-AttachVolumeNegativeTest-1246343768 tempest-AttachVolumeNegativeTest-1246343768-project] [instance: 5af2394e-d4e4-42e0-9d24-1b32e1c94b19] Fetching instance by UUID {{(pid=119816) get /opt/stack/nova/nova/compute/api.py:2791}}
Aug 04 08:40:34.408369 dv-cinder-802653-4-iscsi devstack@n-api.service[119816]: DEBUG oslo_concurrency.lockutils [None req-9b4556a0-96e9-4196-9bd7-2bc7ef9e0ee3 tempest-AttachVolumeNegativeTest-1246343768 tempest-AttachVolumeNegativeTest-1246343768-project] Lock "b513c93a-06f3-4102-ae68-9e8982505d12" acquired by "nova.context.set_target_cell..get_or_set_cached_cell_and_set_connections" :: waited 0.000s {{(pid=119816) inner /usr/local/lib/python3.8/dist-packages/oslo_concurrency/lockutils.py:355}}
Aug 04 08:40:34.408814 dv-cinder-802653-4-iscsi devstack@n-api.service[119816]: DEBUG oslo_concurrency.lockutils [None req-9b4556a0-96e9-4196-9bd7-2bc7ef9e0ee3 tempest-AttachVolumeNegativeTest-1246343768 tempest-AttachVolumeNegativeTest-1246343768-project] Lock "b513c93a-06f3-4102-ae68-9e8982505d12" released by "nova.context.set_target_cell..get_or_set_cached_cell_and_set_connections" :: held 0.001s {{(pid=119816) inner /usr/local/lib/python3.8/dist-packages/oslo_concurrency/lockutils.py:367}}
Aug 04 08:40:34.409905 dv-cinder-802653-4-iscsi devstack@n-api.service[119816]: DEBUG oslo_concurrency.lockutils [None req-9b4556a0-96e9-4196-9bd7-2bc7ef9e0ee3 tempest-AttachVolumeNegativeTest-1246343768 tempest-AttachVolumeNegativeTest-1246343768-project] Lock "b513c93a-06f3-4102-ae68-9e8982505d12" acquired by "nova.context.set_target_cell..get_or_set_cached_cell_and_set_connections" :: waited 0.000s {{(pid=119816) inner /usr/local/lib/python3.8/dist-packages/oslo_concurrency/lockutils.py:355}}
Aug 04 08:40:34.412339 dv-cinder-802653-4-iscsi devstack@n-api.service[119816]: DEBUG oslo_concurrency.lockutils [None req-9b4556a0-96e9-4196-9bd7-2bc7ef9e0ee3 tempest-AttachVolumeNegativeTest-1246343768 tempest-AttachVolumeNegativeTest-1246343768-project] Lock "b513c93a-06f3-4102-ae68-9e8982505d12" released by "nova.context.set_target_cell..get_or_set_cached_cell_and_set_connections" :: held 0.000s {{(pid=119816) inner /usr/local/lib/python3.8/dist-packages/oslo_concurrency/lockutils.py:367}}
Aug 04 08:40:34.468022 dv-cinder-802653-4-iscsi devstack@n-api.service[119817]: INFO nova.api.openstack.requestlog [None req-655c6ae2-f17b-47cd-ac53-acba4293ea7e tempest-AttachVolumeTestJSON-1967960004 tempest-AttachVolumeTestJSON-1967960004-project] 10.222.0.45 "POST /compute/v2.1/servers/51fb48ea-95c7-4619-815f-2271cbae9fb9/action" status: 200 len: 28505 microversion: 2.1 time: 0.149851
Aug 04 08:40:34.472055 dv-cinder-802653-4-iscsi devstack@n-api.service[119817]: [pid: 119817|app: 0|req: 138/283] 10.222.0.45 () {60 vars in 1278 bytes} [Wed Aug 4 08:40:34 2021] POST /compute/v2.1/servers/51fb48ea-95c7-4619-815f-2271cbae9fb9/action => generated 28505 bytes in 156 msecs (HTTP/1.1 200) 9 headers in 359 bytes (1 switches on core 0)
Aug 04 08:40:34.487471 dv-cinder-802653-4-iscsi devstack@n-api.service[119816]: DEBUG nova.policy [None req-9b4556a0-96e9-4196-9bd7-2bc7ef9e0ee3 tempest-AttachVolumeNegativeTest-1246343768 tempest-AttachVolumeNegativeTest-1246343768-project] Policy check for os_compute_api:os-extended-server-attributes failed with credentials {'is_admin': False, 'user_id': 'c1b1f16782d049f3bf321e3cb627ab0a', 'user_domain_id': 'default', 'system_scope': None, 'domain_id': None, 'project_id': 'c25f110a37484ed783206cb1e0516c8e', 'project_domain_id': 'default', 'roles': ['member', 'reader'], 'is_admin_project': True, 'service_user_id': None, 'service_user_domain_id': None, 'service_project_id': None, 'service_project_domain_id': None, 'service_roles': []} {{(pid=119816) authorize /opt/stack/nova/nova/policy.py:199}}
Aug 04 08:40:34.497989 dv-cinder-802653-4-iscsi devstack@n-api.service[119816]: INFO nova.api.openstack.requestlog [None req-9b4556a0-96e9-4196-9bd7-2bc7ef9e0ee3 tempest-AttachVolumeNegativeTest-1246343768 tempest-AttachVolumeNegativeTest-1246343768-project] 10.222.0.45 "GET /compute/v2.1/servers/5af2394e-d4e4-42e0-9d24-1b32e1c94b19" status: 200 len: 1221 microversion: 2.1 time: 0.099993
Aug 04 08:40:34.498590 dv-cinder-802653-4-iscsi devstack@n-api.service[119816]: [pid: 119816|app: 0|req: 146/284] 10.222.0.45 () {58 vars in 1236 bytes} [Wed Aug 4 08:40:34 2021] GET /compute/v2.1/servers/5af2394e-d4e4-42e0-9d24-1b32e1c94b19 => generated 1221 bytes in 101 msecs (HTTP/1.1 200) 9 headers in 358 bytes (1 switches on core 0)
Aug 04 08:40:34.506480 dv-cinder-802653-4-iscsi devstack@n-api.service[119817]: DEBUG nova.api.openstack.wsgi [None req-4b70de92-b040-46c0-bd75-e8b173f9d272 tempest-ServerRescueNegativeTestJSON-27458376 tempest-ServerRescueNegativeTestJSON-27458376-project] Calling method '>' {{(pid=119817) _process_stack /opt/stack/nova/nova/api/openstack/wsgi.py:513}}
Aug 04 08:40:34.507248 dv-cinder-802653-4-iscsi devstack@n-api.service[119817]: DEBUG nova.compute.api [None req-4b70de92-b040-46c0-bd75-e8b173f9d272 tempest-ServerRescueNegativeTestJSON-27458376 tempest-ServerRescueNegativeTestJSON-27458376-project] [instance: faef54ff-872b-4063-847a-86c301dc84e9] Fetching instance by UUID {{(pid=119817) get /opt/stack/nova/nova/compute/api.py:2791}}
Aug 04 08:40:34.516662 dv-cinder-802653-4-iscsi devstack@n-api.service[119817]: DEBUG oslo_concurrency.lockutils [None req-4b70de92-b040-46c0-bd75-e8b173f9d272 tempest-ServerRescueNegativeTestJSON-27458376 tempest-ServerRescueNegativeTestJSON-27458376-project] Lock "b513c93a-06f3-4102-ae68-9e8982505d12" acquired by "nova.context.set_target_cell..get_or_set_cached_cell_and_set_connections" :: waited 0.000s {{(pid=119817) inner /usr/local/lib/python3.8/dist-packages/oslo_concurrency/lockutils.py:355}}
Aug 04 08:40:34.517108 dv-cinder-802653-4-iscsi devstack@n-api.service[119817]: DEBUG oslo_concurrency.lockutils [None req-4b70de92-b040-46c0-bd75-e8b173f9d272 tempest-ServerRescueNegativeTestJSON-27458376 tempest-ServerRescueNegativeTestJSON-27458376-project] Lock "b513c93a-06f3-4102-ae68-9e8982505d12" released by "nova.context.set_target_cell..get_or_set_cached_cell_and_set_connections" :: held 0.001s {{(pid=119817) inner /usr/local/lib/python3.8/dist-packages/oslo_concurrency/lockutils.py:367}}
Aug 04 08:40:34.518140 dv-cinder-802653-4-iscsi devstack@n-api.service[119817]: DEBUG oslo_concurrency.lockutils [None req-4b70de92-b040-46c0-bd75-e8b173f9d272 tempest-ServerRescueNegativeTestJSON-27458376 tempest-ServerRescueNegativeTestJSON-27458376-project] Lock "b513c93a-06f3-4102-ae68-9e8982505d12" acquired by "nova.context.set_target_cell..get_or_set_cached_cell_and_set_connections" :: waited 0.000s {{(pid=119817) inner /usr/local/lib/python3.8/dist-packages/oslo_concurrency/lockutils.py:355}}
Aug 04 08:40:34.518573 dv-cinder-802653-4-iscsi devstack@n-api.service[119817]: DEBUG oslo_concurrency.lockutils [None req-4b70de92-b040-46c0-bd75-e8b173f9d272 tempest-ServerRescueNegativeTestJSON-27458376 tempest-ServerRescueNegativeTestJSON-27458376-project] Lock "b513c93a-06f3-4102-ae68-9e8982505d12" released by "nova.context.set_target_cell..get_or_set_cached_cell_and_set_connections" :: held 0.000s {{(pid=119817) inner /usr/local/lib/python3.8/dist-packages/oslo_concurrency/lockutils.py:367}}
Aug 04 08:40:34.646704 dv-cinder-802653-4-iscsi devstack@n-api.service[119817]: DEBUG nova.policy [None req-4b70de92-b040-46c0-bd75-e8b173f9d272 tempest-ServerRescueNegativeTestJSON-27458376 tempest-ServerRescueNegativeTestJSON-27458376-project] Policy check for os_compute_api:os-extended-server-attributes failed with credentials {'is_admin': False, 'user_id': '64abf99cd90847e389ed6cd2ef431178', 'user_domain_id': 'default', 'system_scope': None, 'domain_id': None, 'project_id': '55a9fea77bcc44ab9534b396d5e3d350', 'project_domain_id': 'default', 'roles': ['member', 'reader'], 'is_admin_project': True, 'service_user_id': None, 'service_user_domain_id': None, 'service_project_id': None, 'service_project_domain_id': None, 'service_roles': []} {{(pid=119817) authorize /opt/stack/nova/nova/policy.py:199}}
Aug 04 08:40:34.654071 dv-cinder-802653-4-iscsi devstack@n-api.service[119817]: INFO nova.api.openstack.requestlog [None req-4b70de92-b040-46c0-bd75-e8b173f9d272 tempest-ServerRescueNegativeTestJSON-27458376 tempest-ServerRescueNegativeTestJSON-27458376-project] 10.222.0.45 "GET /compute/v2.1/servers/faef54ff-872b-4063-847a-86c301dc84e9" status: 200 len: 1522 microversion: 2.1 time: 0.152466
Aug 04 08:40:34.654629 dv-cinder-802653-4-iscsi devstack@n-api.service[119817]: [pid: 119817|app: 0|req: 139/285] 10.222.0.45 () {58 vars in 1236 bytes} [Wed Aug 4 08:40:34 2021] GET /compute/v2.1/servers/faef54ff-872b-4063-847a-86c301dc84e9 => generated 1522 bytes in 154 msecs (HTTP/1.1 200) 9 headers in 358 bytes (1 switches on core 0)
Aug 04 08:40:35.171323 dv-cinder-802653-4-iscsi devstack@n-api.service[119816]: DEBUG nova.api.openstack.wsgi [None req-49e161e2-adca-4f9e-b5d5-54c9e92ead93 tempest-VolumesActionsTest-475730998 tempest-VolumesActionsTest-475730998-project] Calling method '>' {{(pid=119816) _process_stack /opt/stack/nova/nova/api/openstack/wsgi.py:513}}
Aug 04 08:40:35.172093 dv-cinder-802653-4-iscsi devstack@n-api.service[119816]: DEBUG nova.compute.api [None req-49e161e2-adca-4f9e-b5d5-54c9e92ead93 tempest-VolumesActionsTest-475730998 tempest-VolumesActionsTest-475730998-project] [instance: 2a358073-2afd-4630-9682-77247fa660a0] Fetching instance by UUID {{(pid=119816) get /opt/stack/nova/nova/compute/api.py:2791}}
Aug 04 08:40:35.179670 dv-cinder-802653-4-iscsi devstack@n-api.service[119816]: DEBUG oslo_concurrency.lockutils [None req-49e161e2-adca-4f9e-b5d5-54c9e92ead93 tempest-VolumesActionsTest-475730998 tempest-VolumesActionsTest-475730998-project] Lock "b513c93a-06f3-4102-ae68-9e8982505d12" acquired by "nova.context.set_target_cell..get_or_set_cached_cell_and_set_connections" :: waited 0.000s {{(pid=119816) inner /usr/local/lib/python3.8/dist-packages/oslo_concurrency/lockutils.py:355}}
Aug 04 08:40:35.180159 dv-cinder-802653-4-iscsi devstack@n-api.service[119816]: DEBUG oslo_concurrency.lockutils [None req-49e161e2-adca-4f9e-b5d5-54c9e92ead93 tempest-VolumesActionsTest-475730998 tempest-VolumesActionsTest-475730998-project] Lock "b513c93a-06f3-4102-ae68-9e8982505d12" released by "nova.context.set_target_cell..get_or_set_cached_cell_and_set_connections" :: held 0.001s {{(pid=119816) inner /usr/local/lib/python3.8/dist-packages/oslo_concurrency/lockutils.py:367}}
Aug 04 08:40:35.180968 dv-cinder-802653-4-iscsi devstack@n-api.service[119816]: DEBUG oslo_concurrency.lockutils [None req-49e161e2-adca-4f9e-b5d5-54c9e92ead93 tempest-VolumesActionsTest-475730998 tempest-VolumesActionsTest-475730998-project] Lock "b513c93a-06f3-4102-ae68-9e8982505d12" acquired by "nova.context.set_target_cell..get_or_set_cached_cell_and_set_connections" :: waited 0.000s {{(pid=119816) inner /usr/local/lib/python3.8/dist-packages/oslo_concurrency/lockutils.py:355}}
Aug 04 08:40:35.181443 dv-cinder-802653-4-iscsi devstack@n-api.service[119816]: DEBUG oslo_concurrency.lockutils [None req-49e161e2-adca-4f9e-b5d5-54c9e92ead93 tempest-VolumesActionsTest-475730998 tempest-VolumesActionsTest-475730998-project] Lock "b513c93a-06f3-4102-ae68-9e8982505d12" released by "nova.context.set_target_cell..get_or_set_cached_cell_and_set_connections" :: held 0.000s {{(pid=119816) inner /usr/local/lib/python3.8/dist-packages/oslo_concurrency/lockutils.py:367}}
Aug 04 08:40:35.342883 dv-cinder-802653-4-iscsi devstack@n-api.service[119816]: INFO nova.api.openstack.wsgi [None req-49e161e2-adca-4f9e-b5d5-54c9e92ead93 tempest-VolumesActionsTest-475730998 tempest-VolumesActionsTest-475730998-project] HTTP exception thrown: Instance 2a358073-2afd-4630-9682-77247fa660a0 could not be found.
Aug 04 08:40:35.343482 dv-cinder-802653-4-iscsi devstack@n-api.service[119816]: DEBUG nova.api.openstack.wsgi [None req-49e161e2-adca-4f9e-b5d5-54c9e92ead93 tempest-VolumesActionsTest-475730998 tempest-VolumesActionsTest-475730998-project] Returning 404 to user: Instance 2a358073-2afd-4630-9682-77247fa660a0 could not be found. {{(pid=119816) __call__ /opt/stack/nova/nova/api/openstack/wsgi.py:927}}
