Aug 03 10:28:14.559685 dv-cinder-802653-2-smb neutron-server[93329]: DEBUG neutron.pecan_wsgi.hooks.policy_enforcement [req-ef63c0f5-c3c7-4cf7-93bc-4e598837485e req-e6f1e546-4fcc-4f1b-bc7a-110b749d7d64 tempest-ServerRescueNegativeTestJSON-1361398496 tempest-ServerRescueNegativeTestJSON-1361398496-project] Attributes excluded by policy engine: ['standard_attr_id', 'binding:profile', 'binding:host_id', 'binding:vif_type', 'binding:vif_details'] {{(pid=93329) _exclude_attributes_by_policy /opt/stack/neutron/neutron/pecan_wsgi/hooks/policy_enforcement.py:255}}
Aug 03 10:28:14.564958 dv-cinder-802653-2-smb neutron-server[93329]: INFO neutron.wsgi [req-ef63c0f5-c3c7-4cf7-93bc-4e598837485e req-e6f1e546-4fcc-4f1b-bc7a-110b749d7d64 tempest-ServerRescueNegativeTestJSON-1361398496 tempest-ServerRescueNegativeTestJSON-1361398496-project] 10.222.0.10 "GET /v2.0/ports?device_id=282c73bc-ead1-46ae-9abf-e373ae1285ba HTTP/1.1" status: 200 len: 943 time: 0.1946194
Aug 03 10:28:14.583654 dv-cinder-802653-2-smb neutron-server[93329]: INFO neutron.wsgi [req-63357d8b-1180-40a8-bd37-07d3f187b7af req-36ddce3e-8343-4a66-836b-0e98178e2a65 service neutron] 10.222.0.83 "GET /v2.0/networks/3adb3c2c-f6ae-4c6b-91bd-f06f4856833c?fields=provider%3Aphysical_network&fields=provider%3Anetwork_type HTTP/1.1" status: 200 len: 281 time: 0.2311654
Aug 03 10:28:14.602152 dv-cinder-802653-2-smb neutron-server[93330]: DEBUG neutron_lib.callbacks.manager [None req-1862a90c-5266-421a-a97f-d79ac71900c3 None None] Notify callbacks ['neutron.services.segments.db._update_segment_host_mapping_for_agent-8754226233829', 'neutron.plugins.ml2.plugin.Ml2Plugin._retry_binding_revived_agents-1713856'] for agent, after_update {{(pid=93330) _notify_loop /usr/local/lib/python3.8/dist-packages/neutron_lib/callbacks/manager.py:192}}
Aug 03 10:28:14.626803 dv-cinder-802653-2-smb neutron-server[93329]: INFO neutron.wsgi [req-ef63c0f5-c3c7-4cf7-93bc-4e598837485e req-62fef242-430f-4f7d-af03-76a0682489a3 tempest-ServerRescueNegativeTestJSON-1361398496 tempest-ServerRescueNegativeTestJSON-1361398496-project] 10.222.0.10 "GET /v2.0/security-groups?id=447dd848-29bc-4907-a1de-3babb0415475&fields=id&fields=name HTTP/1.1" status: 200 len: 286 time: 0.0420489
Aug 03 10:28:14.823436 dv-cinder-802653-2-smb neutron-server[93329]: DEBUG neutron.pecan_wsgi.hooks.policy_enforcement [req-24bec1e5-90a6-4746-87d2-f50a49f1f79e req-b2a7fed2-4d56-445d-8682-8c56f7f61fb5 service neutron] Attributes excluded by policy engine: ['standard_attr_id'] {{(pid=93329) _exclude_attributes_by_policy /opt/stack/neutron/neutron/pecan_wsgi/hooks/policy_enforcement.py:255}}
Aug 03 10:28:14.825018 dv-cinder-802653-2-smb neutron-server[93329]: INFO neutron.wsgi [req-24bec1e5-90a6-4746-87d2-f50a49f1f79e req-b2a7fed2-4d56-445d-8682-8c56f7f61fb5 service neutron] 10.222.0.83 "GET /v2.0/ports?tenant_id=5283f5d1454444d2ba32491b4519324c&device_id=891795a8-deec-4022-9247-299573e20378 HTTP/1.1" status: 200 len: 1096 time: 0.0567858
Aug 03 10:28:15.032305 dv-cinder-802653-2-smb neutron-server[93329]: DEBUG neutron.pecan_wsgi.hooks.policy_enforcement [req-24bec1e5-90a6-4746-87d2-f50a49f1f79e req-039326f1-7e49-4669-9d53-5d0918de13f0 service neutron] Attributes excluded by policy engine: ['standard_attr_id', 'vlan_transparent'] {{(pid=93329) _exclude_attributes_by_policy /opt/stack/neutron/neutron/pecan_wsgi/hooks/policy_enforcement.py:255}}
Aug 03 10:28:15.036326 dv-cinder-802653-2-smb neutron-server[93329]: INFO neutron.wsgi [req-24bec1e5-90a6-4746-87d2-f50a49f1f79e req-039326f1-7e49-4669-9d53-5d0918de13f0 service neutron] 10.222.0.83 "GET /v2.0/networks?id=3adb3c2c-f6ae-4c6b-91bd-f06f4856833c HTTP/1.1" status: 200 len: 915 time: 0.1928802
Aug 03 10:28:15.063107 dv-cinder-802653-2-smb neutron-server[93328]: DEBUG neutron.pecan_wsgi.hooks.policy_enforcement [req-5fe811eb-b85b-4895-ae34-ce94962f386e req-2cd9f6f4-cf99-4c0a-995c-b2dcf364b873 tempest-AttachVolumeNegativeTest-341757146 tempest-AttachVolumeNegativeTest-341757146-project] Attributes excluded by policy engine: ['standard_attr_id', 'binding:profile', 'binding:host_id', 'binding:vif_type', 'binding:vif_details'] {{(pid=93328) _exclude_attributes_by_policy /opt/stack/neutron/neutron/pecan_wsgi/hooks/policy_enforcement.py:255}}
Aug 03 10:28:15.064709 dv-cinder-802653-2-smb neutron-server[93328]: INFO neutron.wsgi [req-5fe811eb-b85b-4895-ae34-ce94962f386e req-2cd9f6f4-cf99-4c0a-995c-b2dcf364b873 tempest-AttachVolumeNegativeTest-341757146 tempest-AttachVolumeNegativeTest-341757146-project] 10.222.0.10 "GET /v2.0/ports?device_id=891795a8-deec-4022-9247-299573e20378 HTTP/1.1" status: 200 len: 943 time: 0.0744708
Aug 03 10:28:15.129219 dv-cinder-802653-2-smb neutron-server[93329]: INFO neutron.wsgi [req-24bec1e5-90a6-4746-87d2-f50a49f1f79e req-85042309-d9f1-4eb0-88db-d6e6275c24f4 service neutron] 10.222.0.83 "GET /v2.0/floatingips?fixed_ip_address=172.20.0.3&port_id=a85807d6-8c77-451c-9773-c02903d08ba2 HTTP/1.1" status: 200 len: 217 time: 0.0608804
Aug 03 10:28:15.135399 dv-cinder-802653-2-smb neutron-server[93328]: INFO neutron.wsgi [req-5fe811eb-b85b-4895-ae34-ce94962f386e req-a6aace99-9387-46ea-89d3-1b2a2bf77204 tempest-AttachVolumeNegativeTest-341757146 tempest-AttachVolumeNegativeTest-341757146-project] 10.222.0.10 "GET /v2.0/security-groups?id=7e2fa48c-f43c-4567-8f6e-d6fb2e6b70f9&fields=id&fields=name HTTP/1.1" status: 200 len: 286 time: 0.0612152
Aug 03 10:28:15.196415 dv-cinder-802653-2-smb neutron-server[93329]: DEBUG neutron.pecan_wsgi.hooks.policy_enforcement [req-24bec1e5-90a6-4746-87d2-f50a49f1f79e req-366827c7-5af0-4abe-8785-fefbc73ed017 service neutron] Attributes excluded by policy engine: ['standard_attr_id', 'shared', 'segment_id'] {{(pid=93329) _exclude_attributes_by_policy /opt/stack/neutron/neutron/pecan_wsgi/hooks/policy_enforcement.py:255}}
Aug 03 10:28:15.198364 dv-cinder-802653-2-smb neutron-server[93329]: INFO neutron.wsgi [req-24bec1e5-90a6-4746-87d2-f50a49f1f79e req-366827c7-5af0-4abe-8785-fefbc73ed017 service neutron] 10.222.0.83 "GET /v2.0/subnets?id=0fc00258-c9cb-40af-84cb-94aaf4a37952 HTTP/1.1" status: 200 len: 854 time: 0.0565290
Aug 03 10:28:15.257565 dv-cinder-802653-2-smb neutron-server[93329]: INFO neutron.wsgi [req-24bec1e5-90a6-4746-87d2-f50a49f1f79e req-1f5f3288-829c-4934-86ce-a5a842a2158c service neutron] 10.222.0.83 "GET /v2.0/ports?network_id=3adb3c2c-f6ae-4c6b-91bd-f06f4856833c&device_owner=network%3Adhcp HTTP/1.1" status: 200 len: 210 time: 0.0321982
Aug 03 10:28:15.444561 dv-cinder-802653-2-smb neutron-server[93329]: INFO neutron.wsgi [req-24bec1e5-90a6-4746-87d2-f50a49f1f79e req-eaeb10ca-b1aa-4931-ac01-85dd6170fb54 service neutron] 10.222.0.83 "GET /v2.0/networks/3adb3c2c-f6ae-4c6b-91bd-f06f4856833c?fields=segments HTTP/1.1" status: 200 len: 212 time: 0.1203201
Aug 03 10:28:15.453680 dv-cinder-802653-2-smb neutron-server[93328]: DEBUG neutron.wsgi [-] (93328) accepted ('10.222.0.10', 47692) {{(pid=93328) server /usr/local/lib/python3.8/dist-packages/eventlet/wsgi.py:982}}
Aug 03 10:28:15.548065 dv-cinder-802653-2-smb neutron-server[93329]: INFO neutron.wsgi [req-24bec1e5-90a6-4746-87d2-f50a49f1f79e req-3e422add-b01d-44c4-b959-1e5a092f74d3 service neutron] 10.222.0.83 "GET /v2.0/networks/3adb3c2c-f6ae-4c6b-91bd-f06f4856833c?fields=provider%3Aphysical_network&fields=provider%3Anetwork_type HTTP/1.1" status: 200 len: 281 time: 0.0946810
Aug 03 10:28:15.585864 dv-cinder-802653-2-smb neutron-server[93328]: DEBUG neutron_lib.callbacks.manager [None req-c5eeee92-bca6-49f2-8a1c-d53a02a2cfe2 admin admin] Notify callbacks [] for security_group, before_create {{(pid=93328) _notify_loop /usr/local/lib/python3.8/dist-packages/neutron_lib/callbacks/manager.py:192}}
Aug 03 10:28:15.703984 dv-cinder-802653-2-smb neutron-server[93328]: DEBUG neutron_lib.callbacks.manager [None req-c5eeee92-bca6-49f2-8a1c-d53a02a2cfe2 admin admin] Notify callbacks [] for security_group, precommit_create {{(pid=93328) _notify_loop /usr/local/lib/python3.8/dist-packages/neutron_lib/callbacks/manager.py:192}}
Aug 03 10:28:15.709553 dv-cinder-802653-2-smb neutron-server[93328]: DEBUG neutron_lib.callbacks.manager [None req-c5eeee92-bca6-49f2-8a1c-d53a02a2cfe2 admin admin] Notify callbacks ['neutron.plugins.ml2.ovo_rpc._ObjectChangeHandler.handle_event-590906'] for security_group, after_create {{(pid=93328) _notify_loop /usr/local/lib/python3.8/dist-packages/neutron_lib/callbacks/manager.py:192}}
Aug 03 10:28:15.755114 dv-cinder-802653-2-smb neutron-server[93328]: INFO neutron.wsgi [None req-c5eeee92-bca6-49f2-8a1c-d53a02a2cfe2 admin admin] 10.222.0.10 "GET /v2.0/security-groups?tenant_id=d0ff62dd938e4fc2a31ff8c705190541&name=default HTTP/1.1" status: 200 len: 2979 time: 0.2998195
Aug 03 10:28:15.756061 dv-cinder-802653-2-smb neutron-server[93328]: DEBUG neutron.api.rpc.handlers.resources_rpc [None req-c5eeee92-bca6-49f2-8a1c-d53a02a2cfe2 admin admin] Pushing event updated for resources: {'SecurityGroup': ['ID=b92315c1-b3d1-4017-acef-afa4a8176990,revision_number=1']} {{(pid=93328) push /opt/stack/neutron/neutron/api/rpc/handlers/resources_rpc.py:237}}
Aug 03 10:28:15.759507 dv-cinder-802653-2-smb neutron-server[93328]: DEBUG neutron.wsgi [-] (93328) accepted ('10.222.0.10', 47702) {{(pid=93328) server /usr/local/lib/python3.8/dist-packages/eventlet/wsgi.py:982}}
Aug 03 10:28:15.778031 dv-cinder-802653-2-smb neutron-server[93329]: DEBUG neutron.pecan_wsgi.hooks.policy_enforcement [req-f761175d-a010-47ea-88ea-c65a754f95c9 req-460ae427-7d13-4db9-ba7f-7aa5d45105d0 tempest-ServerRescueNegativeTestJSON-1361398496 tempest-ServerRescueNegativeTestJSON-1361398496-project] Attributes excluded by policy engine: ['standard_attr_id', 'binding:profile', 'binding:host_id', 'binding:vif_type', 'binding:vif_details'] {{(pid=93329) _exclude_attributes_by_policy /opt/stack/neutron/neutron/pecan_wsgi/hooks/policy_enforcement.py:255}}
Aug 03 10:28:15.779875 dv-cinder-802653-2-smb neutron-server[93329]: INFO neutron.wsgi [req-f761175d-a010-47ea-88ea-c65a754f95c9 req-460ae427-7d13-4db9-ba7f-7aa5d45105d0 tempest-ServerRescueNegativeTestJSON-1361398496 tempest-ServerRescueNegativeTestJSON-1361398496-project] 10.222.0.10 "GET /v2.0/ports?device_id=282c73bc-ead1-46ae-9abf-e373ae1285ba HTTP/1.1" status: 200 len: 943 time: 0.0647340
Aug 03 10:28:15.822965 dv-cinder-802653-2-smb neutron-server[93328]: DEBUG neutron_lib.callbacks.manager [None req-e51401a6-2c35-4072-bbca-edbbf1e75e33 admin admin] Notify callbacks [] for security_group, before_delete {{(pid=93328) _notify_loop /usr/local/lib/python3.8/dist-packages/neutron_lib/callbacks/manager.py:192}}
Aug 03 10:28:15.824677 dv-cinder-802653-2-smb neutron-server[93329]: INFO neutron.wsgi [req-f761175d-a010-47ea-88ea-c65a754f95c9 req-29f47a02-c56a-4c45-8393-872a9db204b7 tempest-ServerRescueNegativeTestJSON-1361398496 tempest-ServerRescueNegativeTestJSON-1361398496-project] 10.222.0.10 "GET /v2.0/security-groups?id=447dd848-29bc-4907-a1de-3babb0415475&fields=id&fields=name HTTP/1.1" status: 200 len: 286 time: 0.0367475
Aug 03 10:28:15.851862 dv-cinder-802653-2-smb neutron-server[93328]: DEBUG neutron_lib.callbacks.manager [None req-e51401a6-2c35-4072-bbca-edbbf1e75e33 admin admin] Notify callbacks [] for security_group, precommit_delete {{(pid=93328) _notify_loop /usr/local/lib/python3.8/dist-packages/neutron_lib/callbacks/manager.py:192}}
Aug 03 10:28:15.907477 dv-cinder-802653-2-smb neutron-server[93328]: DEBUG neutron_lib.callbacks.manager [None req-e51401a6-2c35-4072-bbca-edbbf1e75e33 admin admin] Notify callbacks ['neutron.plugins.ml2.ovo_rpc._ObjectChangeHandler.handle_event-590906'] for security_group, after_delete {{(pid=93328) _notify_loop /usr/local/lib/python3.8/dist-packages/neutron_lib/callbacks/manager.py:192}}
Aug 03 10:28:15.920096 dv-cinder-802653-2-smb neutron-server[93328]: DEBUG neutron_lib.callbacks.manager [None req-e51401a6-2c35-4072-bbca-edbbf1e75e33 admin admin] Notify callbacks [] for security_group, before_response {{(pid=93328) _notify_loop /usr/local/lib/python3.8/dist-packages/neutron_lib/callbacks/manager.py:192}}
Aug 03 10:28:15.920096 dv-cinder-802653-2-smb neutron-server[93328]: INFO neutron.wsgi [None req-e51401a6-2c35-4072-bbca-edbbf1e75e33 admin admin] 10.222.0.10 "DELETE /v2.0/security-groups/b92315c1-b3d1-4017-acef-afa4a8176990 HTTP/1.1" status: 204 len: 168 time: 0.1519263
Aug 03 10:28:15.941624 dv-cinder-802653-2-smb neutron-server[93328]: DEBUG neutron.api.rpc.handlers.resources_rpc [None req-e51401a6-2c35-4072-bbca-edbbf1e75e33 admin admin] Pushing event deleted for resources: {'SecurityGroup': ['ID=b92315c1-b3d1-4017-acef-afa4a8176990,revision_number=None']} {{(pid=93328) push /opt/stack/neutron/neutron/api/rpc/handlers/resources_rpc.py:237}}
Aug 03 10:28:16.309606 dv-cinder-802653-2-smb neutron-server[93329]: DEBUG neutron.wsgi [-] (93329) accepted ('10.222.0.10', 47732) {{(pid=93329) server /usr/local/lib/python3.8/dist-packages/eventlet/wsgi.py:982}}
Aug 03 10:28:16.335094 dv-cinder-802653-2-smb neutron-server[93329]: DEBUG neutron_lib.callbacks.manager [None req-fafeb3c5-4c0b-4032-ad25-4bd1a46b6e4b admin admin] Notify callbacks [] for security_group, before_create {{(pid=93329) _notify_loop /usr/local/lib/python3.8/dist-packages/neutron_lib/callbacks/manager.py:192}}
Aug 03 10:28:16.335599 dv-cinder-802653-2-smb neutron-server[93328]: DEBUG neutron.pecan_wsgi.hooks.policy_enforcement [req-69f797f6-3b2e-449f-b5e5-3a6b443bdccd req-29043835-31a5-41d2-83f5-9ec278571ef5 tempest-AttachVolumeNegativeTest-341757146 tempest-AttachVolumeNegativeTest-341757146-project] Attributes excluded by policy engine: ['standard_attr_id', 'binding:profile', 'binding:host_id', 'binding:vif_type', 'binding:vif_details'] {{(pid=93328) _exclude_attributes_by_policy /opt/stack/neutron/neutron/pecan_wsgi/hooks/policy_enforcement.py:255}}
Aug 03 10:28:16.344866 dv-cinder-802653-2-smb neutron-server[93328]: INFO neutron.wsgi [req-69f797f6-3b2e-449f-b5e5-3a6b443bdccd req-29043835-31a5-41d2-83f5-9ec278571ef5 tempest-AttachVolumeNegativeTest-341757146 tempest-AttachVolumeNegativeTest-341757146-project] 10.222.0.10 "GET /v2.0/ports?device_id=891795a8-deec-4022-9247-299573e20378 HTTP/1.1" status: 200 len: 943 time: 0.0854788
Aug 03 10:28:16.446441 dv-cinder-802653-2-smb neutron-server[93328]: INFO neutron.wsgi [req-69f797f6-3b2e-449f-b5e5-3a6b443bdccd req-7739a553-8f59-489b-9352-507f29f2419e tempest-AttachVolumeNegativeTest-341757146 tempest-AttachVolumeNegativeTest-341757146-project] 10.222.0.10 "GET /v2.0/security-groups?id=7e2fa48c-f43c-4567-8f6e-d6fb2e6b70f9&fields=id&fields=name HTTP/1.1" status: 200 len: 286 time: 0.1001399
Aug 03 10:28:16.531608 dv-cinder-802653-2-smb neutron-server[93329]: DEBUG neutron_lib.callbacks.manager [None req-fafeb3c5-4c0b-4032-ad25-4bd1a46b6e4b admin admin] Notify callbacks [] for security_group, precommit_create {{(pid=93329) _notify_loop /usr/local/lib/python3.8/dist-packages/neutron_lib/callbacks/manager.py:192}}
Aug 03 10:28:16.537214 dv-cinder-802653-2-smb neutron-server[93329]: DEBUG neutron_lib.callbacks.manager [None req-fafeb3c5-4c0b-4032-ad25-4bd1a46b6e4b admin admin] Notify callbacks ['neutron.plugins.ml2.ovo_rpc._ObjectChangeHandler.handle_event-590906'] for security_group, after_create {{(pid=93329) _notify_loop /usr/local/lib/python3.8/dist-packages/neutron_lib/callbacks/manager.py:192}}
Aug 03 10:28:16.580997 dv-cinder-802653-2-smb neutron-server[93329]: DEBUG neutron.api.rpc.handlers.resources_rpc [None req-fafeb3c5-4c0b-4032-ad25-4bd1a46b6e4b admin admin] Pushing event updated for resources: {'SecurityGroup': ['ID=2349a36b-5412-4f62-89ff-4cc2c2ba4049,revision_number=1']} {{(pid=93329) push /opt/stack/neutron/neutron/api/rpc/handlers/resources_rpc.py:237}}
Aug 03 10:28:16.590477 dv-cinder-802653-2-smb neutron-server[93328]: DEBUG neutron.wsgi [-] (93328) accepted ('10.222.0.10', 47746) {{(pid=93328) server /usr/local/lib/python3.8/dist-packages/eventlet/wsgi.py:982}}
Aug 03 10:28:16.590657 dv-cinder-802653-2-smb neutron-server[93329]: INFO neutron.wsgi [None req-fafeb3c5-4c0b-4032-ad25-4bd1a46b6e4b admin admin] 10.222.0.10 "GET /v2.0/security-groups?tenant_id=9c9b60852cc6499d9f5a81800ec06a27&name=default HTTP/1.1" status: 200 len: 2979 time: 0.2773802
Aug 03 10:28:16.681063 dv-cinder-802653-2-smb neutron-server[93328]: DEBUG neutron_lib.callbacks.manager [None req-3d402ae8-a8ff-410d-bde4-8ca4eecbea0a admin admin] Notify callbacks [] for security_group, before_delete {{(pid=93328) _notify_loop /usr/local/lib/python3.8/dist-packages/neutron_lib/callbacks/manager.py:192}}
Aug 03 10:28:16.706352 dv-cinder-802653-2-smb neutron-server[93328]: DEBUG neutron_lib.callbacks.manager [None req-3d402ae8-a8ff-410d-bde4-8ca4eecbea0a admin admin] Notify callbacks [] for security_group, precommit_delete {{(pid=93328) _notify_loop /usr/local/lib/python3.8/dist-packages/neutron_lib/callbacks/manager.py:192}}
Aug 03 10:28:16.758185 dv-cinder-802653-2-smb neutron-server[93328]: DEBUG neutron_lib.callbacks.manager [None req-3d402ae8-a8ff-410d-bde4-8ca4eecbea0a admin admin] Notify callbacks ['neutron.plugins.ml2.ovo_rpc._ObjectChangeHandler.handle_event-590906'] for security_group, after_delete {{(pid=93328) _notify_loop /usr/local/lib/python3.8/dist-packages/neutron_lib/callbacks/manager.py:192}}
Aug 03 10:28:16.760918 dv-cinder-802653-2-smb neutron-server[93328]: DEBUG neutron_lib.callbacks.manager [None req-3d402ae8-a8ff-410d-bde4-8ca4eecbea0a admin admin] Notify callbacks [] for security_group, before_response {{(pid=93328) _notify_loop /usr/local/lib/python3.8/dist-packages/neutron_lib/callbacks/manager.py:192}}
Aug 03 10:28:16.764619 dv-cinder-802653-2-smb neutron-server[93328]: INFO neutron.wsgi [None req-3d402ae8-a8ff-410d-bde4-8ca4eecbea0a admin admin] 10.222.0.10 "DELETE /v2.0/security-groups/2349a36b-5412-4f62-89ff-4cc2c2ba4049 HTTP/1.1" status: 204 len: 168 time: 0.1704359
Aug 03 10:28:16.774228 dv-cinder-802653-2-smb neutron-server[93328]: DEBUG neutron.api.rpc.handlers.resources_rpc [None req-3d402ae8-a8ff-410d-bde4-8ca4eecbea0a admin admin] Pushing event deleted for resources: {'SecurityGroup': ['ID=2349a36b-5412-4f62-89ff-4cc2c2ba4049,revision_number=None']} {{(pid=93328) push /opt/stack/neutron/neutron/api/rpc/handlers/resources_rpc.py:237}}
Aug 03 10:28:16.988520 dv-cinder-802653-2-smb neutron-server[93329]: DEBUG neutron.pecan_wsgi.hooks.policy_enforcement [req-ececd330-b3c7-4cfb-8a04-7fe18f3d8a9c req-a0dfe6a1-9d78-45a7-84a2-51f781ce6d2a tempest-ServerRescueNegativeTestJSON-1361398496 tempest-ServerRescueNegativeTestJSON-1361398496-project] Attributes excluded by policy engine: ['standard_attr_id', 'binding:profile', 'binding:host_id', 'binding:vif_type', 'binding:vif_details'] {{(pid=93329) _exclude_attributes_by_policy /opt/stack/neutron/neutron/pecan_wsgi/hooks/policy_enforcement.py:255}}
Aug 03 10:28:16.990937 dv-cinder-802653-2-smb neutron-server[93329]: INFO neutron.wsgi [req-ececd330-b3c7-4cfb-8a04-7fe18f3d8a9c req-a0dfe6a1-9d78-45a7-84a2-51f781ce6d2a tempest-ServerRescueNegativeTestJSON-1361398496 tempest-ServerRescueNegativeTestJSON-1361398496-project] 10.222.0.10 "GET /v2.0/ports?device_id=282c73bc-ead1-46ae-9abf-e373ae1285ba HTTP/1.1" status: 200 len: 943 time: 0.0609946
Aug 03 10:28:17.052398 dv-cinder-802653-2-smb neutron-server[93329]: INFO neutron.wsgi [req-ececd330-b3c7-4cfb-8a04-7fe18f3d8a9c req-b8539db0-7873-48f9-854f-d0d1a96dd068 tempest-ServerRescueNegativeTestJSON-1361398496 tempest-ServerRescueNegativeTestJSON-1361398496-project] 10.222.0.10 "GET /v2.0/security-groups?id=447dd848-29bc-4907-a1de-3babb0415475&fields=id&fields=name HTTP/1.1" status: 200 len: 286 time: 0.0544493
Aug 03 10:28:17.609719 dv-cinder-802653-2-smb neutron-server[93328]: DEBUG neutron.pecan_wsgi.hooks.policy_enforcement [req-e1bee775-f391-4abd-8ba0-63c0bd937f04 req-8835f6a9-955d-4865-9f1f-8ace71186eda tempest-AttachVolumeNegativeTest-341757146 tempest-AttachVolumeNegativeTest-341757146-project] Attributes excluded by policy engine: ['standard_attr_id', 'binding:profile', 'binding:host_id', 'binding:vif_type', 'binding:vif_details'] {{(pid=93328) _exclude_attributes_by_policy /opt/stack/neutron/neutron/pecan_wsgi/hooks/policy_enforcement.py:255}}
Aug 03 10:28:17.611291 dv-cinder-802653-2-smb neutron-server[93328]: INFO neutron.wsgi [req-e1bee775-f391-4abd-8ba0-63c0bd937f04 req-8835f6a9-955d-4865-9f1f-8ace71186eda tempest-AttachVolumeNegativeTest-341757146 tempest-AttachVolumeNegativeTest-341757146-project] 10.222.0.10 "GET /v2.0/ports?device_id=891795a8-deec-4022-9247-299573e20378 HTTP/1.1" status: 200 len: 943 time: 0.0531926
Aug 03 10:28:17.663391 dv-cinder-802653-2-smb neutron-server[93328]: INFO neutron.wsgi [req-e1bee775-f391-4abd-8ba0-63c0bd937f04 req-5a3ed107-4ac5-43c1-bdbd-21eba5ec8ef2 tempest-AttachVolumeNegativeTest-341757146 tempest-AttachVolumeNegativeTest-341757146-project] 10.222.0.10 "GET /v2.0/security-groups?id=7e2fa48c-f43c-4567-8f6e-d6fb2e6b70f9&fields=id&fields=name HTTP/1.1" status: 200 len: 286 time: 0.0443873
Aug 03 10:28:17.720069 dv-cinder-802653-2-smb neutron-server[93330]: DEBUG neutron.plugins.ml2.rpc [None req-9a4bf26c-a911-4878-8160-ecfb45a802ee None None] Device cc0c5c0b-cb72-4a5e-a8c9-7a6c67041590 details requested by agent hyperv_hv-cinder-80265 with host hv-cinder-80265 {{(pid=93330) get_device_details /opt/stack/neutron/neutron/plugins/ml2/rpc.py:102}}
Aug 03 10:28:17.845567 dv-cinder-802653-2-smb neutron-server[93330]: DEBUG neutron.plugins.ml2.db [None req-9a4bf26c-a911-4878-8160-ecfb45a802ee None None] For port cc0c5c0b-cb72-4a5e-a8c9-7a6c67041590, host hv-cinder-80265, got binding levels [PortBindingLevel(driver='hyperv',host='hv-cinder-80265',level=0,port_id=cc0c5c0b-cb72-4a5e-a8c9-7a6c67041590,segment=NetworkSegment(5a33c11e-6b85-4e10-8e2d-b8eba68fa109),segment_id=5a33c11e-6b85-4e10-8e2d-b8eba68fa109)] {{(pid=93330) get_binding_level_objs /opt/stack/neutron/neutron/plugins/ml2/db.py:74}}
Aug 03 10:28:17.862006 dv-cinder-802653-2-smb neutron-server[93330]: DEBUG neutron.plugins.ml2.rpc [None req-9a4bf26c-a911-4878-8160-ecfb45a802ee None None] Returning: {'device': 'cc0c5c0b-cb72-4a5e-a8c9-7a6c67041590', 'network_id': '8a084765-5623-46d7-b767-a8342df9e155', 'port_id': 'cc0c5c0b-cb72-4a5e-a8c9-7a6c67041590', 'mac_address': 'fa:16:3e:7b:1e:bb', 'admin_state_up': True, 'network_type': 'vlan', 'segmentation_id': 244, 'physical_network': 'physnet1', 'mtu': 1500, 'fixed_ips': [{'subnet_id': '93546c3e-fc7f-4d9c-957f-555e8bf70b64', 'ip_address': '172.20.0.14'}], 'device_owner': 'compute:nova', 'allowed_address_pairs': [], 'port_security_enabled': True, 'qos_policy_id': None, 'network_qos_policy_id': None, 'profile': {}, 'propagate_uplink_status': False} {{(pid=93330) _get_device_details /opt/stack/neutron/neutron/plugins/ml2/rpc.py:184}}
Aug 03 10:28:17.909343 dv-cinder-802653-2-smb neutron-server[93330]: DEBUG neutron_lib.callbacks.manager [None req-9a4bf26c-a911-4878-8160-ecfb45a802ee None None] Notify callbacks ['neutron.plugins.ml2.plugin.SecurityGroupDbMixin._ensure_default_security_group_handler-1574798'] for port, before_update {{(pid=93330) _notify_loop /usr/local/lib/python3.8/dist-packages/neutron_lib/callbacks/manager.py:192}}
Aug 03 10:28:17.926212 dv-cinder-802653-2-smb neutron-server[93330]: DEBUG neutron.notifiers.nova [None req-9a4bf26c-a911-4878-8160-ecfb45a802ee None None] Ignoring state change previous_port_status: DOWN current_port_status: BUILD port_id cc0c5c0b-cb72-4a5e-a8c9-7a6c67041590 {{(pid=93330) record_port_status_changed /opt/stack/neutron/neutron/notifiers/nova.py:224}}
Aug 03 10:28:17.950476 dv-cinder-802653-2-smb neutron-server[93330]: DEBUG neutron.plugins.ml2.db [None req-9a4bf26c-a911-4878-8160-ecfb45a802ee None None] For port cc0c5c0b-cb72-4a5e-a8c9-7a6c67041590, host hv-cinder-80265, got binding levels [PortBindingLevel(driver='hyperv',host='hv-cinder-80265',level=0,port_id=cc0c5c0b-cb72-4a5e-a8c9-7a6c67041590,segment=NetworkSegment(5a33c11e-6b85-4e10-8e2d-b8eba68fa109),segment_id=5a33c11e-6b85-4e10-8e2d-b8eba68fa109)] {{(pid=93330) get_binding_level_objs /opt/stack/neutron/neutron/plugins/ml2/db.py:74}}
Aug 03 10:28:17.955686 dv-cinder-802653-2-smb neutron-server[93330]: DEBUG neutron_lib.callbacks.manager [None req-9a4bf26c-a911-4878-8160-ecfb45a802ee None None] Notify callbacks ['neutron.plugins.ml2.plugin.SecurityGroupServerNotifierRpcMixin._notify_sg_on_port_change-1576153', 'neutron.plugins.ml2.ovo_rpc._ObjectChangeHandler.handle_event-171578', 'neutron.api.rpc.agentnotifiers.dhcp_rpc_agent_api.DhcpAgentNotifyAPI._native_event_send_dhcp_notification-598083', 'neutron.db.l3_db.L3RpcNotifierMixin._notify_gateway_port_ip_changed-8754226144431', 'neutron.db.l3_dvrscheduler_db._notify_l3_agent_port_update-8754225654703', 'neutron.db.l3_hascheduler_db._notify_l3_agent_ha_port_update-8754225654721'] for port, after_update {{(pid=93330) _notify_loop /usr/local/lib/python3.8/dist-packages/neutron_lib/callbacks/manager.py:192}}
Aug 03 10:28:17.956443 dv-cinder-802653-2-smb neutron-server[93330]: DEBUG neutron.plugins.ml2.rpc [None req-9a4bf26c-a911-4878-8160-ecfb45a802ee None None] Device 26667a22-917b-4cbb-a74a-5999a4f84f82 details requested by agent hyperv_hv-cinder-80265 with host hv-cinder-80265 {{(pid=93330) get_device_details /opt/stack/neutron/neutron/plugins/ml2/rpc.py:102}}
Aug 03 10:28:18.035097 dv-cinder-802653-2-smb neutron-server[93330]: DEBUG neutron.plugins.ml2.db [None req-9a4bf26c-a911-4878-8160-ecfb45a802ee None None] For port 26667a22-917b-4cbb-a74a-5999a4f84f82, host hv-cinder-80265, got binding levels [PortBindingLevel(driver='hyperv',host='hv-cinder-80265',level=0,port_id=26667a22-917b-4cbb-a74a-5999a4f84f82,segment=NetworkSegment(5a33c11e-6b85-4e10-8e2d-b8eba68fa109),segment_id=5a33c11e-6b85-4e10-8e2d-b8eba68fa109)] {{(pid=93330) get_binding_level_objs /opt/stack/neutron/neutron/plugins/ml2/db.py:74}}
Aug 03 10:28:18.044160 dv-cinder-802653-2-smb neutron-server[93330]: DEBUG neutron.api.rpc.handlers.resources_rpc [None req-9a4bf26c-a911-4878-8160-ecfb45a802ee None None] Pushing event updated for resources: {'Port': ['ID=cc0c5c0b-cb72-4a5e-a8c9-7a6c67041590,revision_number=4']} {{(pid=93330) push /opt/stack/neutron/neutron/api/rpc/handlers/resources_rpc.py:237}}
Aug 03 10:28:18.053908 dv-cinder-802653-2-smb neutron-server[93330]: DEBUG neutron.plugins.ml2.rpc [None req-9a4bf26c-a911-4878-8160-ecfb45a802ee None None] Returning: {'device': '26667a22-917b-4cbb-a74a-5999a4f84f82', 'network_id': '8a084765-5623-46d7-b767-a8342df9e155', 'port_id': '26667a22-917b-4cbb-a74a-5999a4f84f82', 'mac_address': 'fa:16:3e:8a:d9:9d', 'admin_state_up': True, 'network_type': 'vlan', 'segmentation_id': 244, 'physical_network': 'physnet1', 'mtu': 1500, 'fixed_ips': [{'subnet_id': '93546c3e-fc7f-4d9c-957f-555e8bf70b64', 'ip_address': '172.20.0.8'}], 'device_owner': 'compute:nova', 'allowed_address_pairs': [], 'port_security_enabled': True, 'qos_policy_id': None, 'network_qos_policy_id': None, 'profile': {}, 'propagate_uplink_status': False} {{(pid=93330) _get_device_details /opt/stack/neutron/neutron/plugins/ml2/rpc.py:184}}
Aug 03 10:28:18.102579 dv-cinder-802653-2-smb neutron-server[93330]: DEBUG neutron_lib.callbacks.manager [None req-9a4bf26c-a911-4878-8160-ecfb45a802ee None None] Notify callbacks ['neutron.plugins.ml2.plugin.SecurityGroupDbMixin._ensure_default_security_group_handler-1574798'] for port, before_update {{(pid=93330) _notify_loop /usr/local/lib/python3.8/dist-packages/neutron_lib/callbacks/manager.py:192}}
Aug 03 10:28:18.126663 dv-cinder-802653-2-smb neutron-server[93330]: DEBUG neutron.notifiers.nova [None req-9a4bf26c-a911-4878-8160-ecfb45a802ee None None] Ignoring state change previous_port_status: DOWN current_port_status: BUILD port_id 26667a22-917b-4cbb-a74a-5999a4f84f82 {{(pid=93330) record_port_status_changed /opt/stack/neutron/neutron/notifiers/nova.py:224}}
Aug 03 10:28:18.165261 dv-cinder-802653-2-smb neutron-server[93330]: DEBUG neutron.plugins.ml2.db [None req-9a4bf26c-a911-4878-8160-ecfb45a802ee None None] For port 26667a22-917b-4cbb-a74a-5999a4f84f82, host hv-cinder-80265, got binding levels [PortBindingLevel(driver='hyperv',host='hv-cinder-80265',level=0,port_id=26667a22-917b-4cbb-a74a-5999a4f84f82,segment=NetworkSegment(5a33c11e-6b85-4e10-8e2d-b8eba68fa109),segment_id=5a33c11e-6b85-4e10-8e2d-b8eba68fa109)] {{(pid=93330) get_binding_level_objs /opt/stack/neutron/neutron/plugins/ml2/db.py:74}}
Aug 03 10:28:18.181818 dv-cinder-802653-2-smb neutron-server[93330]: DEBUG neutron_lib.callbacks.manager [None req-9a4bf26c-a911-4878-8160-ecfb45a802ee None None] Notify callbacks ['neutron.plugins.ml2.plugin.SecurityGroupServerNotifierRpcMixin._notify_sg_on_port_change-1576153', 'neutron.plugins.ml2.ovo_rpc._ObjectChangeHandler.handle_event-171578', 'neutron.api.rpc.agentnotifiers.dhcp_rpc_agent_api.DhcpAgentNotifyAPI._native_event_send_dhcp_notification-598083', 'neutron.db.l3_db.L3RpcNotifierMixin._notify_gateway_port_ip_changed-8754226144431', 'neutron.db.l3_dvrscheduler_db._notify_l3_agent_port_update-8754225654703', 'neutron.db.l3_hascheduler_db._notify_l3_agent_ha_port_update-8754225654721'] for port, after_update {{(pid=93330) _notify_loop /usr/local/lib/python3.8/dist-packages/neutron_lib/callbacks/manager.py:192}}
Aug 03 10:28:18.260302 dv-cinder-802653-2-smb neutron-server[93329]: DEBUG neutron.pecan_wsgi.hooks.policy_enforcement [req-df438396-7544-4f5a-907b-7d71fe621bdf req-ba4fbec3-6732-4578-b16e-183808f6307d tempest-ServerRescueNegativeTestJSON-1361398496 tempest-ServerRescueNegativeTestJSON-1361398496-project] Attributes excluded by policy engine: ['standard_attr_id', 'binding:profile', 'binding:host_id', 'binding:vif_type', 'binding:vif_details'] {{(pid=93329) _exclude_attributes_by_policy /opt/stack/neutron/neutron/pecan_wsgi/hooks/policy_enforcement.py:255}}
Aug 03 10:28:18.264695 dv-cinder-802653-2-smb neutron-server[93329]: INFO neutron.wsgi [req-df438396-7544-4f5a-907b-7d71fe621bdf req-ba4fbec3-6732-4578-b16e-183808f6307d tempest-ServerRescueNegativeTestJSON-1361398496 tempest-ServerRescueNegativeTestJSON-1361398496-project] 10.222.0.10 "GET /v2.0/ports?device_id=282c73bc-ead1-46ae-9abf-e373ae1285ba HTTP/1.1" status: 200 len: 943 time: 0.1137469
Aug 03 10:28:18.276198 dv-cinder-802653-2-smb neutron-server[93330]: DEBUG neutron.api.rpc.handlers.resources_rpc [None req-9a4bf26c-a911-4878-8160-ecfb45a802ee None None] Pushing event updated for resources: {'Port': ['ID=26667a22-917b-4cbb-a74a-5999a4f84f82,revision_number=4']} {{(pid=93330) push /opt/stack/neutron/neutron/api/rpc/handlers/resources_rpc.py:237}}
Aug 03 10:28:18.308939 dv-cinder-802653-2-smb neutron-server[93329]: INFO neutron.wsgi [req-df438396-7544-4f5a-907b-7d71fe621bdf req-4889a323-fbfd-4935-a53d-0c033b8e5914 tempest-ServerRescueNegativeTestJSON-1361398496 tempest-ServerRescueNegativeTestJSON-1361398496-project] 10.222.0.10 "GET /v2.0/security-groups?id=447dd848-29bc-4907-a1de-3babb0415475&fields=id&fields=name HTTP/1.1" status: 200 len: 286 time: 0.0367811
Aug 03 10:28:18.804071 dv-cinder-802653-2-smb neutron-server[93328]: DEBUG neutron.pecan_wsgi.hooks.policy_enforcement [req-541b7da6-d51f-497a-88fb-50330d4d6b79 req-88f74ffd-0cf8-432b-b4de-b58fd2728f77 tempest-AttachVolumeNegativeTest-341757146 tempest-AttachVolumeNegativeTest-341757146-project] Attributes excluded by policy engine: ['standard_attr_id', 'binding:profile', 'binding:host_id', 'binding:vif_type', 'binding:vif_details'] {{(pid=93328) _exclude_attributes_by_policy /opt/stack/neutron/neutron/pecan_wsgi/hooks/policy_enforcement.py:255}}
Aug 03 10:28:18.805907 dv-cinder-802653-2-smb neutron-server[93328]: INFO neutron.wsgi [req-541b7da6-d51f-497a-88fb-50330d4d6b79 req-88f74ffd-0cf8-432b-b4de-b58fd2728f77 tempest-AttachVolumeNegativeTest-341757146 tempest-AttachVolumeNegativeTest-341757146-project] 10.222.0.10 "GET /v2.0/ports?device_id=891795a8-deec-4022-9247-299573e20378 HTTP/1.1" status: 200 len: 943 time: 0.0639110
Aug 03 10:28:18.859881 dv-cinder-802653-2-smb neutron-server[93328]: INFO neutron.wsgi [req-541b7da6-d51f-497a-88fb-50330d4d6b79 req-d5b29310-6066-4c93-ab10-ceb5154e7825 tempest-AttachVolumeNegativeTest-341757146 tempest-AttachVolumeNegativeTest-341757146-project] 10.222.0.10 "GET /v2.0/security-groups?id=7e2fa48c-f43c-4567-8f6e-d6fb2e6b70f9&fields=id&fields=name HTTP/1.1" status: 200 len: 286 time: 0.0397558
Aug 03 10:28:19.138657 dv-cinder-802653-2-smb neutron-server[93330]: DEBUG neutron.plugins.ml2.db [None req-9a4bf26c-a911-4878-8160-ecfb45a802ee None None] get_ports_and_sgs() called for port_ids ['26667a22-917b-4cbb-a74a-5999a4f84f82'] {{(pid=93330) get_ports_and_sgs /opt/stack/neutron/neutron/plugins/ml2/db.py:156}}
Aug 03 10:28:19.179913 dv-cinder-802653-2-smb neutron-server[93330]: DEBUG neutron.plugins.ml2.db [None req-9a4bf26c-a911-4878-8160-ecfb45a802ee None None] get_ports_and_sgs() called for port_ids ['cc0c5c0b-cb72-4a5e-a8c9-7a6c67041590'] {{(pid=93330) get_ports_and_sgs /opt/stack/neutron/neutron/plugins/ml2/db.py:156}}
Aug 03 10:28:19.483867 dv-cinder-802653-2-smb neutron-server[93329]: DEBUG neutron.pecan_wsgi.hooks.policy_enforcement [req-f06fe3cb-0c3b-4afd-ac46-a6be5cfdb35c req-942bb478-4a2f-4ba1-9404-d412a9ff9f72 tempest-ServerRescueNegativeTestJSON-1361398496 tempest-ServerRescueNegativeTestJSON-1361398496-project] Attributes excluded by policy engine: ['standard_attr_id', 'binding:profile', 'binding:host_id', 'binding:vif_type', 'binding:vif_details'] {{(pid=93329) _exclude_attributes_by_policy /opt/stack/neutron/neutron/pecan_wsgi/hooks/policy_enforcement.py:255}}
Aug 03 10:28:19.493030 dv-cinder-802653-2-smb neutron-server[93329]: INFO neutron.wsgi [req-f06fe3cb-0c3b-4afd-ac46-a6be5cfdb35c req-942bb478-4a2f-4ba1-9404-d412a9ff9f72 tempest-ServerRescueNegativeTestJSON-1361398496 tempest-ServerRescueNegativeTestJSON-1361398496-project] 10.222.0.10 "GET /v2.0/ports?device_id=282c73bc-ead1-46ae-9abf-e373ae1285ba HTTP/1.1" status: 200 len: 944 time: 0.0904114
Aug 03 10:28:19.533039 dv-cinder-802653-2-smb neutron-server[93329]: INFO neutron.wsgi [req-f06fe3cb-0c3b-4afd-ac46-a6be5cfdb35c req-41d38e21-315e-4892-8d85-a2d3b66c2f74 tempest-ServerRescueNegativeTestJSON-1361398496 tempest-ServerRescueNegativeTestJSON-1361398496-project] 10.222.0.10 "GET /v2.0/security-groups?id=447dd848-29bc-4907-a1de-3babb0415475&fields=id&fields=name HTTP/1.1" status: 200 len: 286 time: 0.0391541
Aug 03 10:28:19.719465 dv-cinder-802653-2-smb neutron-server[93330]: DEBUG neutron.plugins.ml2.rpc [None req-9a4bf26c-a911-4878-8160-ecfb45a802ee None None] Device a85807d6-8c77-451c-9773-c02903d08ba2 details requested by agent hyperv_hv-cinder-80265 with host hv-cinder-80265 {{(pid=93330) get_device_details /opt/stack/neutron/neutron/plugins/ml2/rpc.py:102}}
Aug 03 10:28:19.830211 dv-cinder-802653-2-smb neutron-server[93330]: DEBUG neutron.plugins.ml2.db [None req-9a4bf26c-a911-4878-8160-ecfb45a802ee None None] For port a85807d6-8c77-451c-9773-c02903d08ba2, host hv-cinder-80265, got binding levels [PortBindingLevel(driver='hyperv',host='hv-cinder-80265',level=0,port_id=a85807d6-8c77-451c-9773-c02903d08ba2,segment=NetworkSegment(70ec35b7-255b-463c-8c61-0806c9dfe846),segment_id=70ec35b7-255b-463c-8c61-0806c9dfe846)] {{(pid=93330) get_binding_level_objs /opt/stack/neutron/neutron/plugins/ml2/db.py:74}}
Aug 03 10:28:19.843121 dv-cinder-802653-2-smb neutron-server[93330]: DEBUG neutron.plugins.ml2.rpc [None req-9a4bf26c-a911-4878-8160-ecfb45a802ee None None] Returning: {'device': 'a85807d6-8c77-451c-9773-c02903d08ba2', 'network_id': '3adb3c2c-f6ae-4c6b-91bd-f06f4856833c', 'port_id': 'a85807d6-8c77-451c-9773-c02903d08ba2', 'mac_address': 'fa:16:3e:48:3f:08', 'admin_state_up': True, 'network_type': 'vlan', 'segmentation_id': 215, 'physical_network': 'physnet1', 'mtu': 1500, 'fixed_ips': [{'subnet_id': '0fc00258-c9cb-40af-84cb-94aaf4a37952', 'ip_address': '172.20.0.3'}], 'device_owner': 'compute:nova', 'allowed_address_pairs': [], 'port_security_enabled': True, 'qos_policy_id': None, 'network_qos_policy_id': None, 'profile': {}, 'propagate_uplink_status': False} {{(pid=93330) _get_device_details /opt/stack/neutron/neutron/plugins/ml2/rpc.py:184}}
Aug 03 10:28:19.896905 dv-cinder-802653-2-smb neutron-server[93330]: DEBUG neutron_lib.callbacks.manager [None req-9a4bf26c-a911-4878-8160-ecfb45a802ee None None] Notify callbacks ['neutron.plugins.ml2.plugin.SecurityGroupDbMixin._ensure_default_security_group_handler-1574798'] for port, before_update {{(pid=93330) _notify_loop /usr/local/lib/python3.8/dist-packages/neutron_lib/callbacks/manager.py:192}}
Aug 03 10:28:19.912314 dv-cinder-802653-2-smb neutron-server[93330]: DEBUG neutron.notifiers.nova [None req-9a4bf26c-a911-4878-8160-ecfb45a802ee None None] Ignoring state change previous_port_status: DOWN current_port_status: BUILD port_id a85807d6-8c77-451c-9773-c02903d08ba2 {{(pid=93330) record_port_status_changed /opt/stack/neutron/neutron/notifiers/nova.py:224}}
Aug 03 10:28:19.938211 dv-cinder-802653-2-smb neutron-server[93330]: DEBUG neutron.plugins.ml2.db [None req-9a4bf26c-a911-4878-8160-ecfb45a802ee None None] For port a85807d6-8c77-451c-9773-c02903d08ba2, host hv-cinder-80265, got binding levels [PortBindingLevel(driver='hyperv',host='hv-cinder-80265',level=0,port_id=a85807d6-8c77-451c-9773-c02903d08ba2,segment=NetworkSegment(70ec35b7-255b-463c-8c61-0806c9dfe846),segment_id=70ec35b7-255b-463c-8c61-0806c9dfe846)] {{(pid=93330) get_binding_level_objs /opt/stack/neutron/neutron/plugins/ml2/db.py:74}}
Aug 03 10:28:19.943851 dv-cinder-802653-2-smb neutron-server[93330]: DEBUG neutron_lib.callbacks.manager [None req-9a4bf26c-a911-4878-8160-ecfb45a802ee None None] Notify callbacks ['neutron.plugins.ml2.plugin.SecurityGroupServerNotifierRpcMixin._notify_sg_on_port_change-1576153', 'neutron.plugins.ml2.ovo_rpc._ObjectChangeHandler.handle_event-171578', 'neutron.api.rpc.agentnotifiers.dhcp_rpc_agent_api.DhcpAgentNotifyAPI._native_event_send_dhcp_notification-598083', 'neutron.db.l3_db.L3RpcNotifierMixin._notify_gateway_port_ip_changed-8754226144431', 'neutron.db.l3_dvrscheduler_db._notify_l3_agent_port_update-8754225654703', 'neutron.db.l3_hascheduler_db._notify_l3_agent_ha_port_update-8754225654721'] for port, after_update {{(pid=93330) _notify_loop /usr/local/lib/python3.8/dist-packages/neutron_lib/callbacks/manager.py:192}}
Aug 03 10:28:19.985755 dv-cinder-802653-2-smb neutron-server[93328]: DEBUG neutron.pecan_wsgi.hooks.policy_enforcement [req-559e9d48-ed7c-4ccc-896d-cbb5903a9b3c req-519198f6-09f1-4ed8-874b-fbf8baaba6be tempest-AttachVolumeNegativeTest-341757146 tempest-AttachVolumeNegativeTest-341757146-project] Attributes excluded by policy engine: ['standard_attr_id', 'binding:profile', 'binding:host_id', 'binding:vif_type', 'binding:vif_details'] {{(pid=93328) _exclude_attributes_by_policy /opt/stack/neutron/neutron/pecan_wsgi/hooks/policy_enforcement.py:255}}
Aug 03 10:28:19.987267 dv-cinder-802653-2-smb neutron-server[93328]: INFO neutron.wsgi [req-559e9d48-ed7c-4ccc-896d-cbb5903a9b3c req-519198f6-09f1-4ed8-874b-fbf8baaba6be tempest-AttachVolumeNegativeTest-341757146 tempest-AttachVolumeNegativeTest-341757146-project] 10.222.0.10 "GET /v2.0/ports?device_id=891795a8-deec-4022-9247-299573e20378 HTTP/1.1" status: 200 len: 944 time: 0.0540862
Aug 03 10:28:20.005634 dv-cinder-802653-2-smb neutron-server[93330]: DEBUG neutron.api.rpc.handlers.resources_rpc [None req-9a4bf26c-a911-4878-8160-ecfb45a802ee None None] Pushing event updated for resources: {'Port': ['ID=a85807d6-8c77-451c-9773-c02903d08ba2,revision_number=4']} {{(pid=93330) push /opt/stack/neutron/neutron/api/rpc/handlers/resources_rpc.py:237}}
Aug 03 10:28:20.030097 dv-cinder-802653-2-smb neutron-server[93328]: INFO neutron.wsgi [req-559e9d48-ed7c-4ccc-896d-cbb5903a9b3c req-1eea6575-fc36-4fd2-8168-08b3bea0e247 tempest-AttachVolumeNegativeTest-341757146 tempest-AttachVolumeNegativeTest-341757146-project] 10.222.0.10 "GET /v2.0/security-groups?id=7e2fa48c-f43c-4567-8f6e-d6fb2e6b70f9&fields=id&fields=name HTTP/1.1" status: 200 len: 286 time: 0.0359287
Aug 03 10:28:20.700708 dv-cinder-802653-2-smb neutron-server[93329]: DEBUG neutron.pecan_wsgi.hooks.policy_enforcement [req-9879cb25-e3ba-4b6e-9369-7bc08834b9f8 req-fbef8ce9-a810-4ec3-aedf-b812ca80f66a tempest-ServerRescueNegativeTestJSON-1361398496 tempest-ServerRescueNegativeTestJSON-1361398496-project] Attributes excluded by policy engine: ['standard_attr_id', 'binding:profile', 'binding:host_id', 'binding:vif_type', 'binding:vif_details'] {{(pid=93329) _exclude_attributes_by_policy /opt/stack/neutron/neutron/pecan_wsgi/hooks/policy_enforcement.py:255}}
Aug 03 10:28:20.703024 dv-cinder-802653-2-smb neutron-server[93329]: INFO neutron.wsgi [req-9879cb25-e3ba-4b6e-9369-7bc08834b9f8 req-fbef8ce9-a810-4ec3-aedf-b812ca80f66a tempest-ServerRescueNegativeTestJSON-1361398496 tempest-ServerRescueNegativeTestJSON-1361398496-project] 10.222.0.10 "GET /v2.0/ports?device_id=282c73bc-ead1-46ae-9abf-e373ae1285ba HTTP/1.1" status: 200 len: 944 time: 0.0600507
Aug 03 10:28:20.777147 dv-cinder-802653-2-smb neutron-server[93329]: INFO neutron.wsgi [req-9879cb25-e3ba-4b6e-9369-7bc08834b9f8 req-04548677-065b-413b-8895-ce78333ef2fc tempest-ServerRescueNegativeTestJSON-1361398496 tempest-ServerRescueNegativeTestJSON-1361398496-project] 10.222.0.10 "GET /v2.0/security-groups?id=447dd848-29bc-4907-a1de-3babb0415475&fields=id&fields=name HTTP/1.1" status: 200 len: 286 time: 0.0622885
Aug 03 10:28:20.968325 dv-cinder-802653-2-smb neutron-server[93328]: DEBUG neutron.wsgi [-] (93328) accepted ('10.222.0.10', 47930) {{(pid=93328) server /usr/local/lib/python3.8/dist-packages/eventlet/wsgi.py:982}}
Aug 03 10:28:21.091808 dv-cinder-802653-2-smb neutron-server[93330]: DEBUG neutron.plugins.ml2.db [None req-9a4bf26c-a911-4878-8160-ecfb45a802ee None None] get_ports_and_sgs() called for port_ids ['a85807d6-8c77-451c-9773-c02903d08ba2'] {{(pid=93330) get_ports_and_sgs /opt/stack/neutron/neutron/plugins/ml2/db.py:156}}
Aug 03 10:28:21.096637 dv-cinder-802653-2-smb neutron-server[93328]: DEBUG neutron_lib.callbacks.manager [None req-21edb8f5-6fb3-4475-8cb0-f6f9b9910ed0 admin admin] Notify callbacks [] for security_group, before_create {{(pid=93328) _notify_loop /usr/local/lib/python3.8/dist-packages/neutron_lib/callbacks/manager.py:192}}
Aug 03 10:28:21.185613 dv-cinder-802653-2-smb neutron-server[93328]: DEBUG neutron.pecan_wsgi.hooks.policy_enforcement [req-66c23efb-7214-47c7-8a37-fafdc724603f req-c72bdefb-6091-4be9-a1f8-827a32a9e066 tempest-AttachVolumeNegativeTest-341757146 tempest-AttachVolumeNegativeTest-341757146-project] Attributes excluded by policy engine: ['standard_attr_id', 'binding:profile', 'binding:host_id', 'binding:vif_type', 'binding:vif_details'] {{(pid=93328) _exclude_attributes_by_policy /opt/stack/neutron/neutron/pecan_wsgi/hooks/policy_enforcement.py:255}}
Aug 03 10:28:21.187452 dv-cinder-802653-2-smb neutron-server[93328]: INFO neutron.wsgi [req-66c23efb-7214-47c7-8a37-fafdc724603f req-c72bdefb-6091-4be9-a1f8-827a32a9e066 tempest-AttachVolumeNegativeTest-341757146 tempest-AttachVolumeNegativeTest-341757146-project] 10.222.0.10 "GET /v2.0/ports?device_id=891795a8-deec-4022-9247-299573e20378 HTTP/1.1" status: 200 len: 944 time: 0.0773871
Aug 03 10:28:21.258494 dv-cinder-802653-2-smb neutron-server[93328]: INFO neutron.wsgi [req-66c23efb-7214-47c7-8a37-fafdc724603f req-99ca15c4-344e-48a8-957a-2f28836ee722 tempest-AttachVolumeNegativeTest-341757146 tempest-AttachVolumeNegativeTest-341757146-project] 10.222.0.10 "GET /v2.0/security-groups?id=7e2fa48c-f43c-4567-8f6e-d6fb2e6b70f9&fields=id&fields=name HTTP/1.1" status: 200 len: 286 time: 0.0571301
Aug 03 10:28:21.321358 dv-cinder-802653-2-smb neutron-server[93328]: DEBUG neutron_lib.callbacks.manager [None req-21edb8f5-6fb3-4475-8cb0-f6f9b9910ed0 admin admin] Notify callbacks [] for security_group, precommit_create {{(pid=93328) _notify_loop /usr/local/lib/python3.8/dist-packages/neutron_lib/callbacks/manager.py:192}}
Aug 03 10:28:21.327849 dv-cinder-802653-2-smb neutron-server[93328]: DEBUG neutron_lib.callbacks.manager [None req-21edb8f5-6fb3-4475-8cb0-f6f9b9910ed0 admin admin] Notify callbacks ['neutron.plugins.ml2.ovo_rpc._ObjectChangeHandler.handle_event-590906'] for security_group, after_create {{(pid=93328) _notify_loop /usr/local/lib/python3.8/dist-packages/neutron_lib/callbacks/manager.py:192}}
Aug 03 10:28:21.371395 dv-cinder-802653-2-smb neutron-server[93328]: INFO neutron.wsgi [None req-21edb8f5-6fb3-4475-8cb0-f6f9b9910ed0 admin admin] 10.222.0.10 "GET /v2.0/security-groups?tenant_id=ff2e60ebbd234da8945de25e22b7c2e3&name=default HTTP/1.1" status: 200 len: 2979 time: 0.4017611
Aug 03 10:28:21.372263 dv-cinder-802653-2-smb neutron-server[93328]: DEBUG neutron.api.rpc.handlers.resources_rpc [None req-21edb8f5-6fb3-4475-8cb0-f6f9b9910ed0 admin admin] Pushing event updated for resources: {'SecurityGroup': ['ID=17f302fb-7174-4121-abd1-b72c64e0e335,revision_number=1']} {{(pid=93328) push /opt/stack/neutron/neutron/api/rpc/handlers/resources_rpc.py:237}}
Aug 03 10:28:21.374489 dv-cinder-802653-2-smb neutron-server[93329]: DEBUG neutron.wsgi [-] (93329) accepted ('10.222.0.10', 47954) {{(pid=93329) server /usr/local/lib/python3.8/dist-packages/eventlet/wsgi.py:982}}
Aug 03 10:28:21.457719 dv-cinder-802653-2-smb neutron-server[93329]: DEBUG neutron_lib.callbacks.manager [None req-6254d315-f2a3-4a4d-956f-2569d609ffd3 admin admin] Notify callbacks [] for security_group, before_delete {{(pid=93329) _notify_loop /usr/local/lib/python3.8/dist-packages/neutron_lib/callbacks/manager.py:192}}
Aug 03 10:28:21.489720 dv-cinder-802653-2-smb neutron-server[93329]: DEBUG neutron_lib.callbacks.manager [None req-6254d315-f2a3-4a4d-956f-2569d609ffd3 admin admin] Notify callbacks [] for security_group, precommit_delete {{(pid=93329) _notify_loop /usr/local/lib/python3.8/dist-packages/neutron_lib/callbacks/manager.py:192}}
Aug 03 10:28:21.547391 dv-cinder-802653-2-smb neutron-server[93329]: DEBUG neutron_lib.callbacks.manager [None req-6254d315-f2a3-4a4d-956f-2569d609ffd3 admin admin] Notify callbacks ['neutron.plugins.ml2.ovo_rpc._ObjectChangeHandler.handle_event-590906'] for security_group, after_delete {{(pid=93329) _notify_loop /usr/local/lib/python3.8/dist-packages/neutron_lib/callbacks/manager.py:192}}
Aug 03 10:28:21.553427 dv-cinder-802653-2-smb neutron-server[93329]: DEBUG neutron_lib.callbacks.manager [None req-6254d315-f2a3-4a4d-956f-2569d609ffd3 admin admin] Notify callbacks [] for security_group, before_response {{(pid=93329) _notify_loop /usr/local/lib/python3.8/dist-packages/neutron_lib/callbacks/manager.py:192}}
Aug 03 10:28:21.560602 dv-cinder-802653-2-smb neutron-server[93329]: INFO neutron.wsgi [None req-6254d315-f2a3-4a4d-956f-2569d609ffd3 admin admin] 10.222.0.10 "DELETE /v2.0/security-groups/17f302fb-7174-4121-abd1-b72c64e0e335 HTTP/1.1" status: 204 len: 168 time: 0.1843407
Aug 03 10:28:21.581664 dv-cinder-802653-2-smb neutron-server[93329]: DEBUG neutron.api.rpc.handlers.resources_rpc [None req-6254d315-f2a3-4a4d-956f-2569d609ffd3 admin admin] Pushing event deleted for resources: {'SecurityGroup': ['ID=17f302fb-7174-4121-abd1-b72c64e0e335,revision_number=None']} {{(pid=93329) push /opt/stack/neutron/neutron/api/rpc/handlers/resources_rpc.py:237}}
Aug 03 10:28:21.734769 dv-cinder-802653-2-smb neutron-server[93330]: DEBUG neutron.plugins.ml2.rpc [None req-9a4bf26c-a911-4878-8160-ecfb45a802ee None None] Device cc0c5c0b-cb72-4a5e-a8c9-7a6c67041590 up at agent hyperv_hv-cinder-80265 {{(pid=93330) update_device_up /opt/stack/neutron/neutron/plugins/ml2/rpc.py:296}}
Aug 03 10:28:21.804409 dv-cinder-802653-2-smb neutron-server[93330]: DEBUG neutron.db.provisioning_blocks [None req-9a4bf26c-a911-4878-8160-ecfb45a802ee None None] Provisioning for port cc0c5c0b-cb72-4a5e-a8c9-7a6c67041590 completed by entity L2. {{(pid=93330) provisioning_complete /opt/stack/neutron/neutron/db/provisioning_blocks.py:133}}
Aug 03 10:28:21.809284 dv-cinder-802653-2-smb neutron-server[93330]: DEBUG neutron.db.provisioning_blocks [None req-9a4bf26c-a911-4878-8160-ecfb45a802ee None None] Provisioning complete for port cc0c5c0b-cb72-4a5e-a8c9-7a6c67041590 triggered by entity L2. {{(pid=93330) provisioning_complete /opt/stack/neutron/neutron/db/provisioning_blocks.py:139}}
Aug 03 10:28:21.809721 dv-cinder-802653-2-smb neutron-server[93330]: DEBUG neutron_lib.callbacks.manager [None req-9a4bf26c-a911-4878-8160-ecfb45a802ee None None] Notify callbacks ['neutron.plugins.ml2.plugin.Ml2Plugin._port_provisioned-1713809'] for port, provisioning_complete {{(pid=93330) _notify_loop /usr/local/lib/python3.8/dist-packages/neutron_lib/callbacks/manager.py:192}}
Aug 03 10:28:21.927142 dv-cinder-802653-2-smb neutron-server[93330]: DEBUG neutron_lib.callbacks.manager [None req-9a4bf26c-a911-4878-8160-ecfb45a802ee None None] Notify callbacks ['neutron.plugins.ml2.plugin.SecurityGroupDbMixin._ensure_default_security_group_handler-1574798'] for port, before_update {{(pid=93330) _notify_loop /usr/local/lib/python3.8/dist-packages/neutron_lib/callbacks/manager.py:192}}
Aug 03 10:28:21.931770 dv-cinder-802653-2-smb neutron-server[93329]: DEBUG neutron.pecan_wsgi.hooks.policy_enforcement [req-2ec9a649-ce80-4015-8e35-625989f09ef7 req-4c041b56-2ed4-47c5-93a8-90e5136347d6 tempest-ServerRescueNegativeTestJSON-1361398496 tempest-ServerRescueNegativeTestJSON-1361398496-project] Attributes excluded by policy engine: ['standard_attr_id', 'binding:profile', 'binding:host_id', 'binding:vif_type', 'binding:vif_details'] {{(pid=93329) _exclude_attributes_by_policy /opt/stack/neutron/neutron/pecan_wsgi/hooks/policy_enforcement.py:255}}
Aug 03 10:28:21.933360 dv-cinder-802653-2-smb neutron-server[93329]: INFO neutron.wsgi [req-2ec9a649-ce80-4015-8e35-625989f09ef7 req-4c041b56-2ed4-47c5-93a8-90e5136347d6 tempest-ServerRescueNegativeTestJSON-1361398496 tempest-ServerRescueNegativeTestJSON-1361398496-project] 10.222.0.10 "GET /v2.0/ports?device_id=282c73bc-ead1-46ae-9abf-e373ae1285ba HTTP/1.1" status: 200 len: 944 time: 0.0555565
