Jul 28 18:47:13.738151 dv-cinder-802653-1-smb devstack@n-api.service[118866]: DEBUG nova.api.openstack.wsgi_app [-] oslo_messaging_rabbit.heartbeat_in_pthread = True {{(pid=118866) log_opt_values /usr/local/lib/python3.8/dist-packages/oslo_config/cfg.py:2609}}
Jul 28 18:47:13.738650 dv-cinder-802653-1-smb devstack@n-api.service[118866]: DEBUG nova.api.openstack.wsgi_app [-] oslo_messaging_rabbit.heartbeat_rate = 3 {{(pid=118866) log_opt_values /usr/local/lib/python3.8/dist-packages/oslo_config/cfg.py:2609}}
Jul 28 18:47:13.738992 dv-cinder-802653-1-smb devstack@n-api.service[118866]: DEBUG nova.api.openstack.wsgi_app [-] oslo_messaging_rabbit.heartbeat_timeout_threshold = 600 {{(pid=118866) log_opt_values /usr/local/lib/python3.8/dist-packages/oslo_config/cfg.py:2609}}
Jul 28 18:47:13.739308 dv-cinder-802653-1-smb devstack@n-api.service[118866]: DEBUG nova.api.openstack.wsgi_app [-] oslo_messaging_rabbit.kombu_compression = None {{(pid=118866) log_opt_values /usr/local/lib/python3.8/dist-packages/oslo_config/cfg.py:2609}}
Jul 28 18:47:13.739645 dv-cinder-802653-1-smb devstack@n-api.service[118866]: DEBUG nova.api.openstack.wsgi_app [-] oslo_messaging_rabbit.kombu_failover_strategy = round-robin {{(pid=118866) log_opt_values /usr/local/lib/python3.8/dist-packages/oslo_config/cfg.py:2609}}
Jul 28 18:47:13.739974 dv-cinder-802653-1-smb devstack@n-api.service[118866]: DEBUG nova.api.openstack.wsgi_app [-] oslo_messaging_rabbit.kombu_missing_consumer_retry_timeout = 60 {{(pid=118866) log_opt_values /usr/local/lib/python3.8/dist-packages/oslo_config/cfg.py:2609}}
Jul 28 18:47:13.740311 dv-cinder-802653-1-smb devstack@n-api.service[118866]: DEBUG nova.api.openstack.wsgi_app [-] oslo_messaging_rabbit.kombu_reconnect_delay = 1.0 {{(pid=118866) log_opt_values /usr/local/lib/python3.8/dist-packages/oslo_config/cfg.py:2609}}
Jul 28 18:47:13.740634 dv-cinder-802653-1-smb devstack@n-api.service[118866]: DEBUG nova.api.openstack.wsgi_app [-] oslo_messaging_rabbit.rabbit_ha_queues = False {{(pid=118866) log_opt_values /usr/local/lib/python3.8/dist-packages/oslo_config/cfg.py:2609}}
Jul 28 18:47:13.740953 dv-cinder-802653-1-smb devstack@n-api.service[118866]: DEBUG nova.api.openstack.wsgi_app [-] oslo_messaging_rabbit.rabbit_interval_max = 30 {{(pid=118866) log_opt_values /usr/local/lib/python3.8/dist-packages/oslo_config/cfg.py:2609}}
Jul 28 18:47:13.741306 dv-cinder-802653-1-smb devstack@n-api.service[118866]: DEBUG nova.api.openstack.wsgi_app [-] oslo_messaging_rabbit.rabbit_login_method = AMQPLAIN {{(pid=118866) log_opt_values /usr/local/lib/python3.8/dist-packages/oslo_config/cfg.py:2609}}
Jul 28 18:47:13.742222 dv-cinder-802653-1-smb devstack@n-api.service[118866]: DEBUG nova.api.openstack.wsgi_app [-] oslo_messaging_rabbit.rabbit_qos_prefetch_count = 0 {{(pid=118866) log_opt_values /usr/local/lib/python3.8/dist-packages/oslo_config/cfg.py:2609}}
Jul 28 18:47:13.742551 dv-cinder-802653-1-smb devstack@n-api.service[118866]: DEBUG nova.api.openstack.wsgi_app [-] oslo_messaging_rabbit.rabbit_retry_backoff = 2 {{(pid=118866) log_opt_values /usr/local/lib/python3.8/dist-packages/oslo_config/cfg.py:2609}}
Jul 28 18:47:13.742871 dv-cinder-802653-1-smb devstack@n-api.service[118866]: DEBUG nova.api.openstack.wsgi_app [-] oslo_messaging_rabbit.rabbit_retry_interval = 1 {{(pid=118866) log_opt_values /usr/local/lib/python3.8/dist-packages/oslo_config/cfg.py:2609}}
Jul 28 18:47:13.743190 dv-cinder-802653-1-smb devstack@n-api.service[118866]: DEBUG nova.api.openstack.wsgi_app [-] oslo_messaging_rabbit.rabbit_transient_queues_ttl = 1800 {{(pid=118866) log_opt_values /usr/local/lib/python3.8/dist-packages/oslo_config/cfg.py:2609}}
Jul 28 18:47:13.743315 dv-cinder-802653-1-smb devstack@n-api.service[118867]: DEBUG oslo_db.sqlalchemy.engines [None req-0254b2ee-9881-4d8b-a251-02e1d93a7776 None None] MySQL server mode set to STRICT_TRANS_TABLES,STRICT_ALL_TABLES,NO_ZERO_IN_DATE,NO_ZERO_DATE,ERROR_FOR_DIVISION_BY_ZERO,TRADITIONAL,NO_ENGINE_SUBSTITUTION {{(pid=118867) _check_effective_sql_mode /usr/local/lib/python3.8/dist-packages/oslo_db/sqlalchemy/engines.py:314}}
Jul 28 18:47:13.743510 dv-cinder-802653-1-smb devstack@n-api.service[118866]: DEBUG nova.api.openstack.wsgi_app [-] oslo_messaging_rabbit.rpc_conn_pool_size = 30 {{(pid=118866) log_opt_values /usr/local/lib/python3.8/dist-packages/oslo_config/cfg.py:2609}}
Jul 28 18:47:13.743833 dv-cinder-802653-1-smb devstack@n-api.service[118866]: DEBUG nova.api.openstack.wsgi_app [-] oslo_messaging_rabbit.ssl = False {{(pid=118866) log_opt_values /usr/local/lib/python3.8/dist-packages/oslo_config/cfg.py:2609}}
Jul 28 18:47:13.744165 dv-cinder-802653-1-smb devstack@n-api.service[118866]: DEBUG nova.api.openstack.wsgi_app [-] oslo_messaging_rabbit.ssl_ca_file = {{(pid=118866) log_opt_values /usr/local/lib/python3.8/dist-packages/oslo_config/cfg.py:2609}}
Jul 28 18:47:13.744496 dv-cinder-802653-1-smb devstack@n-api.service[118866]: DEBUG nova.api.openstack.wsgi_app [-] oslo_messaging_rabbit.ssl_cert_file = {{(pid=118866) log_opt_values /usr/local/lib/python3.8/dist-packages/oslo_config/cfg.py:2609}}
Jul 28 18:47:13.744829 dv-cinder-802653-1-smb devstack@n-api.service[118866]: DEBUG nova.api.openstack.wsgi_app [-] oslo_messaging_rabbit.ssl_key_file = {{(pid=118866) log_opt_values /usr/local/lib/python3.8/dist-packages/oslo_config/cfg.py:2609}}
Jul 28 18:47:13.745160 dv-cinder-802653-1-smb devstack@n-api.service[118866]: DEBUG nova.api.openstack.wsgi_app [-] oslo_messaging_rabbit.ssl_version = {{(pid=118866) log_opt_values /usr/local/lib/python3.8/dist-packages/oslo_config/cfg.py:2609}}
Jul 28 18:47:13.745515 dv-cinder-802653-1-smb devstack@n-api.service[118866]: DEBUG nova.api.openstack.wsgi_app [-] oslo_messaging_notifications.driver = ['messagingv2'] {{(pid=118866) log_opt_values /usr/local/lib/python3.8/dist-packages/oslo_config/cfg.py:2609}}
Jul 28 18:47:13.745833 dv-cinder-802653-1-smb devstack@n-api.service[118866]: DEBUG nova.api.openstack.wsgi_app [-] oslo_messaging_notifications.retry = -1 {{(pid=118866) log_opt_values /usr/local/lib/python3.8/dist-packages/oslo_config/cfg.py:2609}}
Jul 28 18:47:13.746217 dv-cinder-802653-1-smb devstack@n-api.service[118866]: DEBUG nova.api.openstack.wsgi_app [-] oslo_messaging_notifications.topics = ['notifications'] {{(pid=118866) log_opt_values /usr/local/lib/python3.8/dist-packages/oslo_config/cfg.py:2609}}
Jul 28 18:47:13.746552 dv-cinder-802653-1-smb devstack@n-api.service[118866]: DEBUG nova.api.openstack.wsgi_app [-] oslo_messaging_notifications.transport_url = **** {{(pid=118866) log_opt_values /usr/local/lib/python3.8/dist-packages/oslo_config/cfg.py:2609}}
Jul 28 18:47:13.746803 dv-cinder-802653-1-smb devstack@n-api.service[118866]: DEBUG nova.api.openstack.wsgi_app [-] ******************************************************************************** {{(pid=118866) log_opt_values /usr/local/lib/python3.8/dist-packages/oslo_config/cfg.py:2613}}
Jul 28 18:47:13.770473 dv-cinder-802653-1-smb devstack@n-api.service[118866]: DEBUG oslo_db.sqlalchemy.engines [None req-963f50ee-3a77-4560-8a59-47de16c012ad None None] MySQL server mode set to STRICT_TRANS_TABLES,STRICT_ALL_TABLES,NO_ZERO_IN_DATE,NO_ZERO_DATE,ERROR_FOR_DIVISION_BY_ZERO,TRADITIONAL,NO_ENGINE_SUBSTITUTION {{(pid=118866) _check_effective_sql_mode /usr/local/lib/python3.8/dist-packages/oslo_db/sqlalchemy/engines.py:314}}
Jul 28 18:47:13.911656 dv-cinder-802653-1-smb devstack@n-api.service[118867]: DEBUG nova.context [None req-0254b2ee-9881-4d8b-a251-02e1d93a7776 None None] Found 2 cells: 00000000-0000-0000-0000-000000000000(cell0),96060782-4ca1-44ba-8970-a9013481a0fb(cell1) {{(pid=118867) load_cells /opt/stack/nova/nova/context.py:464}}
Jul 28 18:47:13.916458 dv-cinder-802653-1-smb devstack@n-api.service[118867]: DEBUG oslo_concurrency.lockutils [None req-0254b2ee-9881-4d8b-a251-02e1d93a7776 None None] Lock "00000000-0000-0000-0000-000000000000" acquired by "nova.context.set_target_cell..get_or_set_cached_cell_and_set_connections" :: waited 0.000s {{(pid=118867) inner /usr/local/lib/python3.8/dist-packages/oslo_concurrency/lockutils.py:355}}
Jul 28 18:47:13.918067 dv-cinder-802653-1-smb devstack@n-api.service[118867]: DEBUG oslo_concurrency.lockutils [None req-0254b2ee-9881-4d8b-a251-02e1d93a7776 None None] Lock "00000000-0000-0000-0000-000000000000" released by "nova.context.set_target_cell..get_or_set_cached_cell_and_set_connections" :: held 0.002s {{(pid=118867) inner /usr/local/lib/python3.8/dist-packages/oslo_concurrency/lockutils.py:367}}
Jul 28 18:47:13.918873 dv-cinder-802653-1-smb devstack@n-api.service[118867]: DEBUG oslo_concurrency.lockutils [None req-0254b2ee-9881-4d8b-a251-02e1d93a7776 None None] Lock "96060782-4ca1-44ba-8970-a9013481a0fb" acquired by "nova.context.set_target_cell..get_or_set_cached_cell_and_set_connections" :: waited 0.000s {{(pid=118867) inner /usr/local/lib/python3.8/dist-packages/oslo_concurrency/lockutils.py:355}}
Jul 28 18:47:13.920811 dv-cinder-802653-1-smb devstack@n-api.service[118867]: DEBUG oslo_concurrency.lockutils [None req-0254b2ee-9881-4d8b-a251-02e1d93a7776 None None] Lock "96060782-4ca1-44ba-8970-a9013481a0fb" released by "nova.context.set_target_cell..get_or_set_cached_cell_and_set_connections" :: held 0.002s {{(pid=118867) inner /usr/local/lib/python3.8/dist-packages/oslo_concurrency/lockutils.py:367}}
Jul 28 18:47:13.931618 dv-cinder-802653-1-smb devstack@n-api.service[118867]: DEBUG oslo_db.sqlalchemy.engines [None req-0254b2ee-9881-4d8b-a251-02e1d93a7776 None None] MySQL server mode set to STRICT_TRANS_TABLES,STRICT_ALL_TABLES,NO_ZERO_IN_DATE,NO_ZERO_DATE,ERROR_FOR_DIVISION_BY_ZERO,TRADITIONAL,NO_ENGINE_SUBSTITUTION {{(pid=118867) _check_effective_sql_mode /usr/local/lib/python3.8/dist-packages/oslo_db/sqlalchemy/engines.py:314}}
Jul 28 18:47:13.932449 dv-cinder-802653-1-smb devstack@n-api.service[118867]: DEBUG oslo_db.sqlalchemy.engines [None req-0254b2ee-9881-4d8b-a251-02e1d93a7776 None None] MySQL server mode set to STRICT_TRANS_TABLES,STRICT_ALL_TABLES,NO_ZERO_IN_DATE,NO_ZERO_DATE,ERROR_FOR_DIVISION_BY_ZERO,TRADITIONAL,NO_ENGINE_SUBSTITUTION {{(pid=118867) _check_effective_sql_mode /usr/local/lib/python3.8/dist-packages/oslo_db/sqlalchemy/engines.py:314}}
Jul 28 18:47:13.940048 dv-cinder-802653-1-smb devstack@n-api.service[118866]: DEBUG nova.context [None req-963f50ee-3a77-4560-8a59-47de16c012ad None None] Found 2 cells: 00000000-0000-0000-0000-000000000000(cell0),96060782-4ca1-44ba-8970-a9013481a0fb(cell1) {{(pid=118866) load_cells /opt/stack/nova/nova/context.py:464}}
Jul 28 18:47:13.944377 dv-cinder-802653-1-smb devstack@n-api.service[118866]: DEBUG oslo_concurrency.lockutils [None req-963f50ee-3a77-4560-8a59-47de16c012ad None None] Lock "00000000-0000-0000-0000-000000000000" acquired by "nova.context.set_target_cell..get_or_set_cached_cell_and_set_connections" :: waited 0.000s {{(pid=118866) inner /usr/local/lib/python3.8/dist-packages/oslo_concurrency/lockutils.py:355}}
Jul 28 18:47:13.946009 dv-cinder-802653-1-smb devstack@n-api.service[118866]: DEBUG oslo_concurrency.lockutils [None req-963f50ee-3a77-4560-8a59-47de16c012ad None None] Lock "00000000-0000-0000-0000-000000000000" released by "nova.context.set_target_cell..get_or_set_cached_cell_and_set_connections" :: held 0.002s {{(pid=118866) inner /usr/local/lib/python3.8/dist-packages/oslo_concurrency/lockutils.py:367}}
Jul 28 18:47:13.946809 dv-cinder-802653-1-smb devstack@n-api.service[118866]: DEBUG oslo_concurrency.lockutils [None req-963f50ee-3a77-4560-8a59-47de16c012ad None None] Lock "96060782-4ca1-44ba-8970-a9013481a0fb" acquired by "nova.context.set_target_cell..get_or_set_cached_cell_and_set_connections" :: waited 0.000s {{(pid=118866) inner /usr/local/lib/python3.8/dist-packages/oslo_concurrency/lockutils.py:355}}
Jul 28 18:47:13.948765 dv-cinder-802653-1-smb devstack@n-api.service[118866]: DEBUG oslo_concurrency.lockutils [None req-963f50ee-3a77-4560-8a59-47de16c012ad None None] Lock "96060782-4ca1-44ba-8970-a9013481a0fb" released by "nova.context.set_target_cell..get_or_set_cached_cell_and_set_connections" :: held 0.002s {{(pid=118866) inner /usr/local/lib/python3.8/dist-packages/oslo_concurrency/lockutils.py:367}}
Jul 28 18:47:13.959577 dv-cinder-802653-1-smb devstack@n-api.service[118866]: DEBUG oslo_db.sqlalchemy.engines [None req-963f50ee-3a77-4560-8a59-47de16c012ad None None] MySQL server mode set to STRICT_TRANS_TABLES,STRICT_ALL_TABLES,NO_ZERO_IN_DATE,NO_ZERO_DATE,ERROR_FOR_DIVISION_BY_ZERO,TRADITIONAL,NO_ENGINE_SUBSTITUTION {{(pid=118866) _check_effective_sql_mode /usr/local/lib/python3.8/dist-packages/oslo_db/sqlalchemy/engines.py:314}}
Jul 28 18:47:13.960817 dv-cinder-802653-1-smb devstack@n-api.service[118866]: DEBUG oslo_db.sqlalchemy.engines [None req-963f50ee-3a77-4560-8a59-47de16c012ad None None] MySQL server mode set to STRICT_TRANS_TABLES,STRICT_ALL_TABLES,NO_ZERO_IN_DATE,NO_ZERO_DATE,ERROR_FOR_DIVISION_BY_ZERO,TRADITIONAL,NO_ENGINE_SUBSTITUTION {{(pid=118866) _check_effective_sql_mode /usr/local/lib/python3.8/dist-packages/oslo_db/sqlalchemy/engines.py:314}}
Jul 28 18:47:14.196665 dv-cinder-802653-1-smb devstack@n-api.service[118867]: DEBUG oslo_db.sqlalchemy.engines [None req-0254b2ee-9881-4d8b-a251-02e1d93a7776 None None] MySQL server mode set to STRICT_TRANS_TABLES,STRICT_ALL_TABLES,NO_ZERO_IN_DATE,NO_ZERO_DATE,ERROR_FOR_DIVISION_BY_ZERO,TRADITIONAL,NO_ENGINE_SUBSTITUTION {{(pid=118867) _check_effective_sql_mode /usr/local/lib/python3.8/dist-packages/oslo_db/sqlalchemy/engines.py:314}}
Jul 28 18:47:14.223428 dv-cinder-802653-1-smb devstack@n-api.service[118866]: DEBUG oslo_db.sqlalchemy.engines [None req-963f50ee-3a77-4560-8a59-47de16c012ad None None] MySQL server mode set to STRICT_TRANS_TABLES,STRICT_ALL_TABLES,NO_ZERO_IN_DATE,NO_ZERO_DATE,ERROR_FOR_DIVISION_BY_ZERO,TRADITIONAL,NO_ENGINE_SUBSTITUTION {{(pid=118866) _check_effective_sql_mode /usr/local/lib/python3.8/dist-packages/oslo_db/sqlalchemy/engines.py:314}}
Jul 28 18:47:14.520430 dv-cinder-802653-1-smb devstack@n-api.service[118867]: WARNING keystonemiddleware.auth_token [None req-0254b2ee-9881-4d8b-a251-02e1d93a7776 None None] AuthToken middleware is set with keystone_authtoken.service_token_roles_required set to False. This is backwards compatible but deprecated behaviour. Please set this to True.
Jul 28 18:47:14.530162 dv-cinder-802653-1-smb devstack@n-api.service[118867]: WARNING keystonemiddleware.auth_token [None req-0254b2ee-9881-4d8b-a251-02e1d93a7776 None None] Configuring www_authenticate_uri to point to the public identity endpoint is required; clients may not be able to authenticate against an admin endpoint
Jul 28 18:47:14.551113 dv-cinder-802653-1-smb devstack@n-api.service[118866]: WARNING keystonemiddleware.auth_token [None req-963f50ee-3a77-4560-8a59-47de16c012ad None None] AuthToken middleware is set with keystone_authtoken.service_token_roles_required set to False. This is backwards compatible but deprecated behaviour. Please set this to True.
Jul 28 18:47:14.557650 dv-cinder-802653-1-smb devstack@n-api.service[118866]: WARNING keystonemiddleware.auth_token [None req-963f50ee-3a77-4560-8a59-47de16c012ad None None] Configuring www_authenticate_uri to point to the public identity endpoint is required; clients may not be able to authenticate against an admin endpoint
Jul 28 18:47:14.875990 dv-cinder-802653-1-smb devstack@n-api.service[118867]: WARNING keystonemiddleware.auth_token [None req-0254b2ee-9881-4d8b-a251-02e1d93a7776 None None] AuthToken middleware is set with keystone_authtoken.service_token_roles_required set to False. This is backwards compatible but deprecated behaviour. Please set this to True.
Jul 28 18:47:14.881149 dv-cinder-802653-1-smb devstack@n-api.service[118867]: WARNING keystonemiddleware.auth_token [None req-0254b2ee-9881-4d8b-a251-02e1d93a7776 None None] Configuring www_authenticate_uri to point to the public identity endpoint is required; clients may not be able to authenticate against an admin endpoint
Jul 28 18:47:14.887078 dv-cinder-802653-1-smb devstack@n-api.service[118867]: WSGI app 0 (mountpoint='') ready in 5 seconds on interpreter 0x55dbf44e59c0 pid: 118867 (default app)
Jul 28 18:47:14.905509 dv-cinder-802653-1-smb devstack@n-api.service[118866]: WARNING keystonemiddleware.auth_token [None req-963f50ee-3a77-4560-8a59-47de16c012ad None None] AuthToken middleware is set with keystone_authtoken.service_token_roles_required set to False. This is backwards compatible but deprecated behaviour. Please set this to True.
Jul 28 18:47:14.910729 dv-cinder-802653-1-smb devstack@n-api.service[118866]: WARNING keystonemiddleware.auth_token [None req-963f50ee-3a77-4560-8a59-47de16c012ad None None] Configuring www_authenticate_uri to point to the public identity endpoint is required; clients may not be able to authenticate against an admin endpoint
Jul 28 18:47:14.916081 dv-cinder-802653-1-smb devstack@n-api.service[118866]: WSGI app 0 (mountpoint='') ready in 5 seconds on interpreter 0x55dbf44e59c0 pid: 118866 (default app)
Jul 28 18:47:48.157600 dv-cinder-802653-1-smb devstack@n-api.service[118867]: DEBUG nova.api.openstack.wsgi [None req-5f5cd494-5e2c-4cdc-b1d2-403d393f04d5 tempest-VolumesGetTestJSON-463896074 tempest-VolumesGetTestJSON-463896074-project] Action: 'create', calling method: .version_select at 0x7f2f8b185160>, body: {"volume": {"size": 1, "display_name": "tempest-VolumesGetTestJSON-Volume-251005394", "metadata": {"Type": "work"}}} {{(pid=118867) _process_stack /opt/stack/nova/nova/api/openstack/wsgi.py:511}}
Jul 28 18:47:48.398105 dv-cinder-802653-1-smb devstack@n-api.service[118866]: DEBUG nova.api.openstack.wsgi [None req-d95b828d-df49-42f3-959b-5b2e365265b2 tempest-DeleteServersTestJSON-157927621 tempest-DeleteServersTestJSON-157927621-project] Action: 'create', calling method: >, body: {"server": {"name": "tempest-DeleteServersTestJSON-server-1862388622", "imageRef": "631dbdc6-1c64-4c50-969a-e592ec47325d", "flavorRef": "452", "networks": [{"uuid": "a87d1078-7fd9-45f7-af5a-468fbbbb39ba"}]}} {{(pid=118866) _process_stack /opt/stack/nova/nova/api/openstack/wsgi.py:511}}
Jul 28 18:47:49.242444 dv-cinder-802653-1-smb devstack@n-api.service[118866]: DEBUG nova.network.neutron [None req-d95b828d-df49-42f3-959b-5b2e365265b2 tempest-DeleteServersTestJSON-157927621 tempest-DeleteServersTestJSON-157927621-project] validate_networks() for [('a87d1078-7fd9-45f7-af5a-468fbbbb39ba', None, None, None)] {{(pid=118866) validate_networks /opt/stack/nova/nova/network/neutron.py:2255}}
Jul 28 18:47:49.357053 dv-cinder-802653-1-smb devstack@n-api.service[118867]: INFO nova.api.openstack.requestlog [None req-5f5cd494-5e2c-4cdc-b1d2-403d393f04d5 tempest-VolumesGetTestJSON-463896074 tempest-VolumesGetTestJSON-463896074-project] 10.222.0.24 "POST /compute/v2.1/os-volumes" status: 200 len: 352 microversion: 2.1 time: 2.530277
Jul 28 18:47:49.358630 dv-cinder-802653-1-smb devstack@n-api.service[118867]: [pid: 118867|app: 0|req: 1/1] 10.222.0.24 () {60 vars in 1156 bytes} [Wed Jul 28 18:47:46 2021] POST /compute/v2.1/os-volumes => generated 352 bytes in 2535 msecs (HTTP/1.1 200) 10 headers in 448 bytes (1 switches on core 0)
Jul 28 18:47:49.579828 dv-cinder-802653-1-smb devstack@n-api.service[118867]: DEBUG nova.api.openstack.wsgi [None req-5b6253b4-51f2-4a76-adda-35ce59e2eeec tempest-AttachVolumeNegativeTest-1590184824 tempest-AttachVolumeNegativeTest-1590184824-project] Action: 'create', calling method: >, body: {"server": {"name": "tempest-AttachVolumeNegativeTest-server-623819215", "imageRef": "631dbdc6-1c64-4c50-969a-e592ec47325d", "flavorRef": "452", "networks": [{"uuid": "d7e84019-0036-4f73-80cd-9ac0b1eccef6"}]}} {{(pid=118867) _process_stack /opt/stack/nova/nova/api/openstack/wsgi.py:511}}
Jul 28 18:47:49.710006 dv-cinder-802653-1-smb devstack@n-api.service[118867]: DEBUG nova.network.neutron [None req-5b6253b4-51f2-4a76-adda-35ce59e2eeec tempest-AttachVolumeNegativeTest-1590184824 tempest-AttachVolumeNegativeTest-1590184824-project] validate_networks() for [('d7e84019-0036-4f73-80cd-9ac0b1eccef6', None, None, None)] {{(pid=118867) validate_networks /opt/stack/nova/nova/network/neutron.py:2255}}
Jul 28 18:47:50.313742 dv-cinder-802653-1-smb devstack@n-api.service[118866]: DEBUG nova.virt.hardware [None req-d95b828d-df49-42f3-959b-5b2e365265b2 tempest-DeleteServersTestJSON-157927621 tempest-DeleteServersTestJSON-157927621-project] Flavor limits 0:0:0 {{(pid=118866) get_cpu_topology_constraints /opt/stack/nova/nova/virt/hardware.py:343}}
Jul 28 18:47:50.314249 dv-cinder-802653-1-smb devstack@n-api.service[118866]: DEBUG nova.virt.hardware [None req-d95b828d-df49-42f3-959b-5b2e365265b2 tempest-DeleteServersTestJSON-157927621 tempest-DeleteServersTestJSON-157927621-project] Image limits 0:0:0 {{(pid=118866) get_cpu_topology_constraints /opt/stack/nova/nova/virt/hardware.py:347}}
Jul 28 18:47:50.314650 dv-cinder-802653-1-smb devstack@n-api.service[118866]: DEBUG nova.virt.hardware [None req-d95b828d-df49-42f3-959b-5b2e365265b2 tempest-DeleteServersTestJSON-157927621 tempest-DeleteServersTestJSON-157927621-project] Flavor pref 0:0:0 {{(pid=118866) get_cpu_topology_constraints /opt/stack/nova/nova/virt/hardware.py:383}}
Jul 28 18:47:50.315046 dv-cinder-802653-1-smb devstack@n-api.service[118866]: DEBUG nova.virt.hardware [None req-d95b828d-df49-42f3-959b-5b2e365265b2 tempest-DeleteServersTestJSON-157927621 tempest-DeleteServersTestJSON-157927621-project] Image pref 0:0:0 {{(pid=118866) get_cpu_topology_constraints /opt/stack/nova/nova/virt/hardware.py:387}}
Jul 28 18:47:50.315915 dv-cinder-802653-1-smb devstack@n-api.service[118866]: DEBUG nova.virt.hardware [None req-d95b828d-df49-42f3-959b-5b2e365265b2 tempest-DeleteServersTestJSON-157927621 tempest-DeleteServersTestJSON-157927621-project] Chose sockets=0, cores=0, threads=0; limits were sockets=65536, cores=65536, threads=65536 {{(pid=118866) get_cpu_topology_constraints /opt/stack/nova/nova/virt/hardware.py:425}}
Jul 28 18:47:50.343712 dv-cinder-802653-1-smb devstack@n-api.service[118866]: DEBUG oslo_concurrency.lockutils [None req-d95b828d-df49-42f3-959b-5b2e365265b2 tempest-DeleteServersTestJSON-157927621 tempest-DeleteServersTestJSON-157927621-project] Lock "00000000-0000-0000-0000-000000000000" acquired by "nova.context.set_target_cell..get_or_set_cached_cell_and_set_connections" :: waited 0.000s {{(pid=118866) inner /usr/local/lib/python3.8/dist-packages/oslo_concurrency/lockutils.py:355}}
Jul 28 18:47:50.345062 dv-cinder-802653-1-smb devstack@n-api.service[118866]: DEBUG oslo_concurrency.lockutils [None req-d95b828d-df49-42f3-959b-5b2e365265b2 tempest-DeleteServersTestJSON-157927621 tempest-DeleteServersTestJSON-157927621-project] Lock "00000000-0000-0000-0000-000000000000" released by "nova.context.set_target_cell..get_or_set_cached_cell_and_set_connections" :: held 0.001s {{(pid=118866) inner /usr/local/lib/python3.8/dist-packages/oslo_concurrency/lockutils.py:367}}
Jul 28 18:47:50.346057 dv-cinder-802653-1-smb devstack@n-api.service[118866]: DEBUG oslo_concurrency.lockutils [None req-d95b828d-df49-42f3-959b-5b2e365265b2 tempest-DeleteServersTestJSON-157927621 tempest-DeleteServersTestJSON-157927621-project] Lock "96060782-4ca1-44ba-8970-a9013481a0fb" acquired by "nova.context.set_target_cell..get_or_set_cached_cell_and_set_connections" :: waited 0.000s {{(pid=118866) inner /usr/local/lib/python3.8/dist-packages/oslo_concurrency/lockutils.py:355}}
Jul 28 18:47:50.346659 dv-cinder-802653-1-smb devstack@n-api.service[118866]: DEBUG oslo_concurrency.lockutils [None req-d95b828d-df49-42f3-959b-5b2e365265b2 tempest-DeleteServersTestJSON-157927621 tempest-DeleteServersTestJSON-157927621-project] Lock "96060782-4ca1-44ba-8970-a9013481a0fb" released by "nova.context.set_target_cell..get_or_set_cached_cell_and_set_connections" :: held 0.001s {{(pid=118866) inner /usr/local/lib/python3.8/dist-packages/oslo_concurrency/lockutils.py:367}}
Jul 28 18:47:50.403853 dv-cinder-802653-1-smb devstack@n-api.service[118866]: DEBUG nova.quota [None req-d95b828d-df49-42f3-959b-5b2e365265b2 tempest-DeleteServersTestJSON-157927621 tempest-DeleteServersTestJSON-157927621-project] Getting quotas for project 9416136531054dfa87c49ededa1500fd. Resources: {'instances', 'cores', 'ram'} {{(pid=118866) _get_quotas /opt/stack/nova/nova/quota.py:387}}
Jul 28 18:47:50.417830 dv-cinder-802653-1-smb devstack@n-api.service[118866]: DEBUG nova.quota [None req-d95b828d-df49-42f3-959b-5b2e365265b2 tempest-DeleteServersTestJSON-157927621 tempest-DeleteServersTestJSON-157927621-project] Getting quotas for user 6171cf3d60fa42fe8d1b0cdfc324437f and project 9416136531054dfa87c49ededa1500fd. Resources: {'instances', 'cores', 'ram'} {{(pid=118866) _get_quotas /opt/stack/nova/nova/quota.py:377}}
Jul 28 18:47:50.433324 dv-cinder-802653-1-smb devstack@n-api.service[118866]: DEBUG nova.compute.api [None req-d95b828d-df49-42f3-959b-5b2e365265b2 tempest-DeleteServersTestJSON-157927621 tempest-DeleteServersTestJSON-157927621-project] Going to run 1 instances... {{(pid=118866) _provision_instances /opt/stack/nova/nova/compute/api.py:1280}}
Jul 28 18:47:50.437164 dv-cinder-802653-1-smb devstack@n-api.service[118866]: DEBUG nova.compute.api [None req-d95b828d-df49-42f3-959b-5b2e365265b2 tempest-DeleteServersTestJSON-157927621 tempest-DeleteServersTestJSON-157927621-project] [instance: 0ccc0144-bf7b-4e80-9759-24323907b5f7] block_device_mapping [BlockDeviceMapping(attachment_id=,boot_index=0,connection_info=None,created_at=,delete_on_termination=True,deleted=,deleted_at=,destination_type='local',device_name=None,device_type='disk',disk_bus=None,guest_format=None,id=,image_id='631dbdc6-1c64-4c50-969a-e592ec47325d',instance=,instance_uuid=,no_device=False,snapshot_id=None,source_type='image',tag=None,updated_at=,uuid=,volume_id=None,volume_size=None,volume_type=None)] {{(pid=118866) _bdm_validate_set_size_and_instance /opt/stack/nova/nova/compute/api.py:1685}}
Jul 28 18:47:50.566569 dv-cinder-802653-1-smb devstack@n-api.service[118866]: INFO nova.api.openstack.requestlog [None req-d95b828d-df49-42f3-959b-5b2e365265b2 tempest-DeleteServersTestJSON-157927621 tempest-DeleteServersTestJSON-157927621-project] 10.222.0.24 "POST /compute/v2.1/servers" status: 202 len: 380 microversion: 2.1 time: 3.241048
Jul 28 18:47:50.574760 dv-cinder-802653-1-smb devstack@n-api.service[118866]: [pid: 118866|app: 0|req: 1/2] 10.222.0.24 () {60 vars in 1147 bytes} [Wed Jul 28 18:47:47 2021] POST /compute/v2.1/servers => generated 380 bytes in 3255 msecs (HTTP/1.1 202) 10 headers in 451 bytes (1 switches on core 0)
Jul 28 18:47:50.589806 dv-cinder-802653-1-smb devstack@n-api.service[118866]: DEBUG nova.api.openstack.wsgi [None req-a4ec66ea-71e6-4661-ad84-8619418d4257 tempest-VolumesTestJSON-1559542725 tempest-VolumesTestJSON-1559542725-project] Calling method '.version_select at 0x7f2f8af74af0>' {{(pid=118866) _process_stack /opt/stack/nova/nova/api/openstack/wsgi.py:513}}
Jul 28 18:47:50.719971 dv-cinder-802653-1-smb devstack@n-api.service[118867]: DEBUG nova.virt.hardware [None req-5b6253b4-51f2-4a76-adda-35ce59e2eeec tempest-AttachVolumeNegativeTest-1590184824 tempest-AttachVolumeNegativeTest-1590184824-project] Flavor limits 0:0:0 {{(pid=118867) get_cpu_topology_constraints /opt/stack/nova/nova/virt/hardware.py:343}}
Jul 28 18:47:50.720428 dv-cinder-802653-1-smb devstack@n-api.service[118867]: DEBUG nova.virt.hardware [None req-5b6253b4-51f2-4a76-adda-35ce59e2eeec tempest-AttachVolumeNegativeTest-1590184824 tempest-AttachVolumeNegativeTest-1590184824-project] Image limits 0:0:0 {{(pid=118867) get_cpu_topology_constraints /opt/stack/nova/nova/virt/hardware.py:347}}
Jul 28 18:47:50.720845 dv-cinder-802653-1-smb devstack@n-api.service[118867]: DEBUG nova.virt.hardware [None req-5b6253b4-51f2-4a76-adda-35ce59e2eeec tempest-AttachVolumeNegativeTest-1590184824 tempest-AttachVolumeNegativeTest-1590184824-project] Flavor pref 0:0:0 {{(pid=118867) get_cpu_topology_constraints /opt/stack/nova/nova/virt/hardware.py:383}}
Jul 28 18:47:50.721244 dv-cinder-802653-1-smb devstack@n-api.service[118867]: DEBUG nova.virt.hardware [None req-5b6253b4-51f2-4a76-adda-35ce59e2eeec tempest-AttachVolumeNegativeTest-1590184824 tempest-AttachVolumeNegativeTest-1590184824-project] Image pref 0:0:0 {{(pid=118867) get_cpu_topology_constraints /opt/stack/nova/nova/virt/hardware.py:387}}
Jul 28 18:47:50.721643 dv-cinder-802653-1-smb devstack@n-api.service[118867]: DEBUG nova.virt.hardware [None req-5b6253b4-51f2-4a76-adda-35ce59e2eeec tempest-AttachVolumeNegativeTest-1590184824 tempest-AttachVolumeNegativeTest-1590184824-project] Chose sockets=0, cores=0, threads=0; limits were sockets=65536, cores=65536, threads=65536 {{(pid=118867) get_cpu_topology_constraints /opt/stack/nova/nova/virt/hardware.py:425}}
Jul 28 18:47:50.762038 dv-cinder-802653-1-smb devstack@n-api.service[118867]: DEBUG oslo_concurrency.lockutils [None req-5b6253b4-51f2-4a76-adda-35ce59e2eeec tempest-AttachVolumeNegativeTest-1590184824 tempest-AttachVolumeNegativeTest-1590184824-project] Lock "00000000-0000-0000-0000-000000000000" acquired by "nova.context.set_target_cell..get_or_set_cached_cell_and_set_connections" :: waited 0.000s {{(pid=118867) inner /usr/local/lib/python3.8/dist-packages/oslo_concurrency/lockutils.py:355}}
Jul 28 18:47:50.762318 dv-cinder-802653-1-smb devstack@n-api.service[118867]: DEBUG oslo_concurrency.lockutils [None req-5b6253b4-51f2-4a76-adda-35ce59e2eeec tempest-AttachVolumeNegativeTest-1590184824 tempest-AttachVolumeNegativeTest-1590184824-project] Lock "00000000-0000-0000-0000-000000000000" released by "nova.context.set_target_cell..get_or_set_cached_cell_and_set_connections" :: held 0.002s {{(pid=118867) inner /usr/local/lib/python3.8/dist-packages/oslo_concurrency/lockutils.py:367}}
Jul 28 18:47:50.763337 dv-cinder-802653-1-smb devstack@n-api.service[118867]: DEBUG oslo_concurrency.lockutils [None req-5b6253b4-51f2-4a76-adda-35ce59e2eeec tempest-AttachVolumeNegativeTest-1590184824 tempest-AttachVolumeNegativeTest-1590184824-project] Lock "96060782-4ca1-44ba-8970-a9013481a0fb" acquired by "nova.context.set_target_cell..get_or_set_cached_cell_and_set_connections" :: waited 0.000s {{(pid=118867) inner /usr/local/lib/python3.8/dist-packages/oslo_concurrency/lockutils.py:355}}
Jul 28 18:47:50.765043 dv-cinder-802653-1-smb devstack@n-api.service[118867]: DEBUG oslo_concurrency.lockutils [None req-5b6253b4-51f2-4a76-adda-35ce59e2eeec tempest-AttachVolumeNegativeTest-1590184824 tempest-AttachVolumeNegativeTest-1590184824-project] Lock "96060782-4ca1-44ba-8970-a9013481a0fb" released by "nova.context.set_target_cell..get_or_set_cached_cell_and_set_connections" :: held 0.002s {{(pid=118867) inner /usr/local/lib/python3.8/dist-packages/oslo_concurrency/lockutils.py:367}}
Jul 28 18:47:50.786446 dv-cinder-802653-1-smb devstack@n-api.service[118866]: INFO nova.api.openstack.requestlog [None req-a4ec66ea-71e6-4661-ad84-8619418d4257 tempest-VolumesTestJSON-1559542725 tempest-VolumesTestJSON-1559542725-project] 10.222.0.24 "GET /compute/v2.1/os-volumes/d05dc5cd-2cce-4d10-b452-9238c95a2d20" status: 200 len: 350 microversion: 2.1 time: 0.210078
Jul 28 18:47:50.787022 dv-cinder-802653-1-smb devstack@n-api.service[118866]: [pid: 118866|app: 0|req: 2/3] 10.222.0.24 () {58 vars in 1245 bytes} [Wed Jul 28 18:47:50 2021] GET /compute/v2.1/os-volumes/d05dc5cd-2cce-4d10-b452-9238c95a2d20 => generated 350 bytes in 212 msecs (HTTP/1.1 200) 9 headers in 357 bytes (1 switches on core 0)
Jul 28 18:47:50.792489 dv-cinder-802653-1-smb devstack@n-api.service[118866]: DEBUG nova.api.openstack.wsgi [None req-c4f4c4b1-babf-476d-bc7e-7a117693ad8a tempest-VolumesGetTestJSON-463896074 tempest-VolumesGetTestJSON-463896074-project] Calling method '.version_select at 0x7f2f8a714820>' {{(pid=118866) _process_stack /opt/stack/nova/nova/api/openstack/wsgi.py:513}}
Jul 28 18:47:50.863183 dv-cinder-802653-1-smb devstack@n-api.service[118867]: DEBUG nova.quota [None req-5b6253b4-51f2-4a76-adda-35ce59e2eeec tempest-AttachVolumeNegativeTest-1590184824 tempest-AttachVolumeNegativeTest-1590184824-project] Getting quotas for project c739db7ea3d84397a02973f67b3ca08a. Resources: {'instances', 'cores', 'ram'} {{(pid=118867) _get_quotas /opt/stack/nova/nova/quota.py:387}}
Jul 28 18:47:50.888803 dv-cinder-802653-1-smb devstack@n-api.service[118867]: DEBUG nova.quota [None req-5b6253b4-51f2-4a76-adda-35ce59e2eeec tempest-AttachVolumeNegativeTest-1590184824 tempest-AttachVolumeNegativeTest-1590184824-project] Getting quotas for user a1e77a66b16a42d58d3ffbfe61b1d588 and project c739db7ea3d84397a02973f67b3ca08a. Resources: {'instances', 'cores', 'ram'} {{(pid=118867) _get_quotas /opt/stack/nova/nova/quota.py:377}}
Jul 28 18:47:50.928085 dv-cinder-802653-1-smb devstack@n-api.service[118867]: DEBUG nova.compute.api [None req-5b6253b4-51f2-4a76-adda-35ce59e2eeec tempest-AttachVolumeNegativeTest-1590184824 tempest-AttachVolumeNegativeTest-1590184824-project] Going to run 1 instances... {{(pid=118867) _provision_instances /opt/stack/nova/nova/compute/api.py:1280}}
Jul 28 18:47:50.935234 dv-cinder-802653-1-smb devstack@n-api.service[118867]: DEBUG nova.compute.api [None req-5b6253b4-51f2-4a76-adda-35ce59e2eeec tempest-AttachVolumeNegativeTest-1590184824 tempest-AttachVolumeNegativeTest-1590184824-project] [instance: 283d6ce8-7889-463c-b109-e561c4f8cc97] block_device_mapping [BlockDeviceMapping(attachment_id=,boot_index=0,connection_info=None,created_at=,delete_on_termination=True,deleted=,deleted_at=,destination_type='local',device_name=None,device_type='disk',disk_bus=None,guest_format=None,id=,image_id='631dbdc6-1c64-4c50-969a-e592ec47325d',instance=,instance_uuid=,no_device=False,snapshot_id=None,source_type='image',tag=None,updated_at=,uuid=,volume_id=None,volume_size=None,volume_type=None)] {{(pid=118867) _bdm_validate_set_size_and_instance /opt/stack/nova/nova/compute/api.py:1685}}
Jul 28 18:47:50.994983 dv-cinder-802653-1-smb devstack@n-api.service[118866]: INFO nova.api.openstack.requestlog [None req-c4f4c4b1-babf-476d-bc7e-7a117693ad8a tempest-VolumesGetTestJSON-463896074 tempest-VolumesGetTestJSON-463896074-project] 10.222.0.24 "GET /compute/v2.1/os-volumes/68b10c44-41ce-4fea-9e57-11d982bc6a92" status: 200 len: 353 microversion: 2.1 time: 0.206121
Jul 28 18:47:51.002511 dv-cinder-802653-1-smb devstack@n-api.service[118866]: [pid: 118866|app: 0|req: 3/4] 10.222.0.24 () {58 vars in 1245 bytes} [Wed Jul 28 18:47:50 2021] GET /compute/v2.1/os-volumes/68b10c44-41ce-4fea-9e57-11d982bc6a92 => generated 353 bytes in 214 msecs (HTTP/1.1 200) 9 headers in 357 bytes (1 switches on core 0)
Jul 28 18:47:51.009003 dv-cinder-802653-1-smb devstack@n-api.service[118866]: DEBUG nova.api.openstack.wsgi [None req-d2e65fe2-04ff-44e6-b093-e2f323787b18 tempest-DeleteServersTestJSON-157927621 tempest-DeleteServersTestJSON-157927621-project] Calling method '>' {{(pid=118866) _process_stack /opt/stack/nova/nova/api/openstack/wsgi.py:513}}
Jul 28 18:47:51.009632 dv-cinder-802653-1-smb devstack@n-api.service[118866]: DEBUG nova.compute.api [None req-d2e65fe2-04ff-44e6-b093-e2f323787b18 tempest-DeleteServersTestJSON-157927621 tempest-DeleteServersTestJSON-157927621-project] [instance: 0ccc0144-bf7b-4e80-9759-24323907b5f7] Fetching instance by UUID {{(pid=118866) get /opt/stack/nova/nova/compute/api.py:2791}}
Jul 28 18:47:51.133130 dv-cinder-802653-1-smb devstack@n-api.service[118867]: INFO nova.api.openstack.requestlog [None req-5b6253b4-51f2-4a76-adda-35ce59e2eeec tempest-AttachVolumeNegativeTest-1590184824 tempest-AttachVolumeNegativeTest-1590184824-project] 10.222.0.24 "POST /compute/v2.1/servers" status: 202 len: 380 microversion: 2.1 time: 1.772971
Jul 28 18:47:51.133803 dv-cinder-802653-1-smb devstack@n-api.service[118867]: [pid: 118867|app: 0|req: 2/5] 10.222.0.24 () {60 vars in 1147 bytes} [Wed Jul 28 18:47:49 2021] POST /compute/v2.1/servers => generated 380 bytes in 1775 msecs (HTTP/1.1 202) 10 headers in 451 bytes (1 switches on core 0)
Jul 28 18:47:51.145257 dv-cinder-802653-1-smb devstack@n-api.service[118867]: DEBUG nova.api.openstack.wsgi [None req-7c21b420-2070-4c71-b9be-c8ed278ea7fb tempest-VolumesGetTestJSON-463896074 tempest-VolumesGetTestJSON-463896074-project] Calling method '.version_select at 0x7f2f8aedc430>' {{(pid=118867) _process_stack /opt/stack/nova/nova/api/openstack/wsgi.py:513}}
Jul 28 18:47:51.219005 dv-cinder-802653-1-smb devstack@n-api.service[118866]: DEBUG nova.policy [None req-d2e65fe2-04ff-44e6-b093-e2f323787b18 tempest-DeleteServersTestJSON-157927621 tempest-DeleteServersTestJSON-157927621-project] Policy check for os_compute_api:os-extended-server-attributes failed with credentials {'is_admin': False, 'user_id': '6171cf3d60fa42fe8d1b0cdfc324437f', 'user_domain_id': 'default', 'system_scope': None, 'domain_id': None, 'project_id': '9416136531054dfa87c49ededa1500fd', 'project_domain_id': 'default', 'roles': ['reader', 'member'], 'is_admin_project': True, 'service_user_id': None, 'service_user_domain_id': None, 'service_project_id': None, 'service_project_domain_id': None, 'service_roles': []} {{(pid=118866) authorize /opt/stack/nova/nova/policy.py:199}}
Jul 28 18:47:51.268881 dv-cinder-802653-1-smb devstack@n-api.service[118866]: INFO nova.api.openstack.requestlog [None req-d2e65fe2-04ff-44e6-b093-e2f323787b18 tempest-DeleteServersTestJSON-157927621 tempest-DeleteServersTestJSON-157927621-project] 10.222.0.24 "GET /compute/v2.1/servers/0ccc0144-bf7b-4e80-9759-24323907b5f7" status: 200 len: 1215 microversion: 2.1 time: 0.265131
Jul 28 18:47:51.271035 dv-cinder-802653-1-smb devstack@n-api.service[118866]: [pid: 118866|app: 0|req: 4/6] 10.222.0.24 () {58 vars in 1236 bytes} [Wed Jul 28 18:47:51 2021] GET /compute/v2.1/servers/0ccc0144-bf7b-4e80-9759-24323907b5f7 => generated 1215 bytes in 268 msecs (HTTP/1.1 200) 9 headers in 358 bytes (1 switches on core 0)
Jul 28 18:47:51.301481 dv-cinder-802653-1-smb devstack@n-api.service[118866]: DEBUG nova.api.openstack.wsgi [None req-a15b8739-6954-4d9d-ab40-bc55f0403039 tempest-AttachVolumeNegativeTest-1590184824 tempest-AttachVolumeNegativeTest-1590184824-project] Calling method '>' {{(pid=118866) _process_stack /opt/stack/nova/nova/api/openstack/wsgi.py:513}}
Jul 28 18:47:51.309061 dv-cinder-802653-1-smb devstack@n-api.service[118866]: DEBUG nova.compute.api [None req-a15b8739-6954-4d9d-ab40-bc55f0403039 tempest-AttachVolumeNegativeTest-1590184824 tempest-AttachVolumeNegativeTest-1590184824-project] [instance: 283d6ce8-7889-463c-b109-e561c4f8cc97] Fetching instance by UUID {{(pid=118866) get /opt/stack/nova/nova/compute/api.py:2791}}
Jul 28 18:47:51.340163 dv-cinder-802653-1-smb devstack@n-api.service[118867]: INFO nova.api.openstack.requestlog [None req-7c21b420-2070-4c71-b9be-c8ed278ea7fb tempest-VolumesGetTestJSON-463896074 tempest-VolumesGetTestJSON-463896074-project] 10.222.0.24 "GET /compute/v2.1/os-volumes/68b10c44-41ce-4fea-9e57-11d982bc6a92" status: 200 len: 353 microversion: 2.1 time: 0.205135
Jul 28 18:47:51.340885 dv-cinder-802653-1-smb devstack@n-api.service[118867]: [pid: 118867|app: 0|req: 3/7] 10.222.0.24 () {58 vars in 1245 bytes} [Wed Jul 28 18:47:51 2021] GET /compute/v2.1/os-volumes/68b10c44-41ce-4fea-9e57-11d982bc6a92 => generated 353 bytes in 207 msecs (HTTP/1.1 200) 9 headers in 357 bytes (1 switches on core 0)
Jul 28 18:47:51.357022 dv-cinder-802653-1-smb devstack@n-api.service[118867]: DEBUG nova.api.openstack.wsgi [None req-a8ed8a61-b0fd-4e7e-860b-046ff493654d tempest-VolumesGetTestJSON-463896074 tempest-VolumesGetTestJSON-463896074-project] Calling method '.version_select at 0x7f2f8aef10d0>' {{(pid=118867) _process_stack /opt/stack/nova/nova/api/openstack/wsgi.py:513}}
Jul 28 18:47:51.452838 dv-cinder-802653-1-smb devstack@n-api.service[118866]: DEBUG nova.policy [None req-a15b8739-6954-4d9d-ab40-bc55f0403039 tempest-AttachVolumeNegativeTest-1590184824 tempest-AttachVolumeNegativeTest-1590184824-project] Policy check for os_compute_api:os-extended-server-attributes failed with credentials {'is_admin': False, 'user_id': 'a1e77a66b16a42d58d3ffbfe61b1d588', 'user_domain_id': 'default', 'system_scope': None, 'domain_id': None, 'project_id': 'c739db7ea3d84397a02973f67b3ca08a', 'project_domain_id': 'default', 'roles': ['reader', 'member'], 'is_admin_project': True, 'service_user_id': None, 'service_user_domain_id': None, 'service_project_id': None, 'service_project_domain_id': None, 'service_roles': []} {{(pid=118866) authorize /opt/stack/nova/nova/policy.py:199}}
Jul 28 18:47:51.467029 dv-cinder-802653-1-smb devstack@n-api.service[118866]: INFO nova.api.openstack.requestlog [None req-a15b8739-6954-4d9d-ab40-bc55f0403039 tempest-AttachVolumeNegativeTest-1590184824 tempest-AttachVolumeNegativeTest-1590184824-project] 10.222.0.24 "GET /compute/v2.1/servers/283d6ce8-7889-463c-b109-e561c4f8cc97" status: 200 len: 1217 microversion: 2.1 time: 0.180687
Jul 28 18:47:51.471777 dv-cinder-802653-1-smb devstack@n-api.service[118866]: [pid: 118866|app: 0|req: 5/8] 10.222.0.24 () {58 vars in 1236 bytes} [Wed Jul 28 18:47:51 2021] GET /compute/v2.1/servers/283d6ce8-7889-463c-b109-e561c4f8cc97 => generated 1217 bytes in 200 msecs (HTTP/1.1 200) 9 headers in 358 bytes (1 switches on core 0)
Jul 28 18:47:51.593718 dv-cinder-802653-1-smb devstack@n-api.service[118867]: INFO nova.api.openstack.requestlog [None req-a8ed8a61-b0fd-4e7e-860b-046ff493654d tempest-VolumesGetTestJSON-463896074 tempest-VolumesGetTestJSON-463896074-project] 10.222.0.24 "DELETE /compute/v2.1/os-volumes/68b10c44-41ce-4fea-9e57-11d982bc6a92" status: 202 len: 0 microversion: 2.1 time: 0.240325
Jul 28 18:47:51.594325 dv-cinder-802653-1-smb devstack@n-api.service[118867]: [pid: 118867|app: 0|req: 4/9] 10.222.0.24 () {58 vars in 1248 bytes} [Wed Jul 28 18:47:51 2021] DELETE /compute/v2.1/os-volumes/68b10c44-41ce-4fea-9e57-11d982bc6a92 => generated 0 bytes in 242 msecs (HTTP/1.1 202) 9 headers in 361 bytes (2 switches on core 0)
Jul 28 18:47:51.602258 dv-cinder-802653-1-smb devstack@n-api.service[118866]: DEBUG nova.api.openstack.wsgi [None req-692691f1-1f21-47a7-8c1a-df538ee95e28 tempest-VolumesGetTestJSON-463896074 tempest-VolumesGetTestJSON-463896074-project] Calling method '.version_select at 0x7f2f8b0d9280>' {{(pid=118866) _process_stack /opt/stack/nova/nova/api/openstack/wsgi.py:513}}
Jul 28 18:47:51.704006 dv-cinder-802653-1-smb devstack@n-api.service[118866]: INFO nova.api.openstack.requestlog [None req-692691f1-1f21-47a7-8c1a-df538ee95e28 tempest-VolumesGetTestJSON-463896074 tempest-VolumesGetTestJSON-463896074-project] 10.222.0.24 "GET /compute/v2.1/os-volumes/68b10c44-41ce-4fea-9e57-11d982bc6a92" status: 200 len: 352 microversion: 2.1 time: 0.105250
Jul 28 18:47:51.704706 dv-cinder-802653-1-smb devstack@n-api.service[118866]: [pid: 118866|app: 0|req: 6/10] 10.222.0.24 () {58 vars in 1245 bytes} [Wed Jul 28 18:47:51 2021] GET /compute/v2.1/os-volumes/68b10c44-41ce-4fea-9e57-11d982bc6a92 => generated 352 bytes in 107 msecs (HTTP/1.1 200) 9 headers in 357 bytes (1 switches on core 0)
Jul 28 18:47:52.300199 dv-cinder-802653-1-smb devstack@n-api.service[118867]: DEBUG nova.api.openstack.wsgi [None req-09e21456-2d0d-4baf-b300-5c92dddfc055 tempest-DeleteServersTestJSON-157927621 tempest-DeleteServersTestJSON-157927621-project] Calling method '>' {{(pid=118867) _process_stack /opt/stack/nova/nova/api/openstack/wsgi.py:513}}
Jul 28 18:47:52.304119 dv-cinder-802653-1-smb devstack@n-api.service[118867]: DEBUG nova.compute.api [None req-09e21456-2d0d-4baf-b300-5c92dddfc055 tempest-DeleteServersTestJSON-157927621 tempest-DeleteServersTestJSON-157927621-project] [instance: 0ccc0144-bf7b-4e80-9759-24323907b5f7] Fetching instance by UUID {{(pid=118867) get /opt/stack/nova/nova/compute/api.py:2791}}
Jul 28 18:47:52.492492 dv-cinder-802653-1-smb devstack@n-api.service[118866]: DEBUG nova.api.openstack.wsgi [None req-91cd3425-ebc1-4c72-b455-6a28712fde61 tempest-AttachVolumeNegativeTest-1590184824 tempest-AttachVolumeNegativeTest-1590184824-project] Calling method '>' {{(pid=118866) _process_stack /opt/stack/nova/nova/api/openstack/wsgi.py:513}}
Jul 28 18:47:52.493108 dv-cinder-802653-1-smb devstack@n-api.service[118866]: DEBUG nova.compute.api [None req-91cd3425-ebc1-4c72-b455-6a28712fde61 tempest-AttachVolumeNegativeTest-1590184824 tempest-AttachVolumeNegativeTest-1590184824-project] [instance: 283d6ce8-7889-463c-b109-e561c4f8cc97] Fetching instance by UUID {{(pid=118866) get /opt/stack/nova/nova/compute/api.py:2791}}
Jul 28 18:47:52.782616 dv-cinder-802653-1-smb devstack@n-api.service[118867]: DEBUG nova.policy [None req-09e21456-2d0d-4baf-b300-5c92dddfc055 tempest-DeleteServersTestJSON-157927621 tempest-DeleteServersTestJSON-157927621-project] Policy check for os_compute_api:os-extended-server-attributes failed with credentials {'is_admin': False, 'user_id': '6171cf3d60fa42fe8d1b0cdfc324437f', 'user_domain_id': 'default', 'system_scope': None, 'domain_id': None, 'project_id': '9416136531054dfa87c49ededa1500fd', 'project_domain_id': 'default', 'roles': ['reader', 'member'], 'is_admin_project': True, 'service_user_id': None, 'service_user_domain_id': None, 'service_project_id': None, 'service_project_domain_id': None, 'service_roles': []} {{(pid=118867) authorize /opt/stack/nova/nova/policy.py:199}}
Jul 28 18:47:52.820940 dv-cinder-802653-1-smb devstack@n-api.service[118867]: INFO nova.api.openstack.requestlog [None req-09e21456-2d0d-4baf-b300-5c92dddfc055 tempest-DeleteServersTestJSON-157927621 tempest-DeleteServersTestJSON-157927621-project] 10.222.0.24 "GET /compute/v2.1/servers/0ccc0144-bf7b-4e80-9759-24323907b5f7" status: 200 len: 1215 microversion: 2.1 time: 0.534339
Jul 28 18:47:52.822433 dv-cinder-802653-1-smb devstack@n-api.service[118867]: [pid: 118867|app: 0|req: 5/11] 10.222.0.24 () {58 vars in 1236 bytes} [Wed Jul 28 18:47:52 2021] GET /compute/v2.1/servers/0ccc0144-bf7b-4e80-9759-24323907b5f7 => generated 1215 bytes in 539 msecs (HTTP/1.1 200) 9 headers in 358 bytes (1 switches on core 0)
Jul 28 18:47:52.828106 dv-cinder-802653-1-smb devstack@n-api.service[118867]: DEBUG nova.api.openstack.wsgi [None req-ac88f7e9-41ae-4ee1-a4a5-685373dce71d tempest-VolumesTestJSON-1559542725 tempest-VolumesTestJSON-1559542725-project] Calling method '.version_select at 0x7f2f8aedcaf0>' {{(pid=118867) _process_stack /opt/stack/nova/nova/api/openstack/wsgi.py:513}}
Jul 28 18:47:52.893008 dv-cinder-802653-1-smb devstack@n-api.service[118866]: DEBUG nova.policy [None req-91cd3425-ebc1-4c72-b455-6a28712fde61 tempest-AttachVolumeNegativeTest-1590184824 tempest-AttachVolumeNegativeTest-1590184824-project] Policy check for os_compute_api:os-extended-server-attributes failed with credentials {'is_admin': False, 'user_id': 'a1e77a66b16a42d58d3ffbfe61b1d588', 'user_domain_id': 'default', 'system_scope': None, 'domain_id': None, 'project_id': 'c739db7ea3d84397a02973f67b3ca08a', 'project_domain_id': 'default', 'roles': ['reader', 'member'], 'is_admin_project': True, 'service_user_id': None, 'service_user_domain_id': None, 'service_project_id': None, 'service_project_domain_id': None, 'service_roles': []} {{(pid=118866) authorize /opt/stack/nova/nova/policy.py:199}}
Jul 28 18:47:52.902492 dv-cinder-802653-1-smb devstack@n-api.service[118866]: INFO nova.api.openstack.requestlog [None req-91cd3425-ebc1-4c72-b455-6a28712fde61 tempest-AttachVolumeNegativeTest-1590184824 tempest-AttachVolumeNegativeTest-1590184824-project] 10.222.0.24 "GET /compute/v2.1/servers/283d6ce8-7889-463c-b109-e561c4f8cc97" status: 200 len: 1217 microversion: 2.1 time: 0.418958
Jul 28 18:47:52.906018 dv-cinder-802653-1-smb devstack@n-api.service[118866]: [pid: 118866|app: 0|req: 7/12] 10.222.0.24 () {58 vars in 1236 bytes} [Wed Jul 28 18:47:52 2021] GET /compute/v2.1/servers/283d6ce8-7889-463c-b109-e561c4f8cc97 => generated 1217 bytes in 423 msecs (HTTP/1.1 200) 9 headers in 358 bytes (1 switches on core 0)
Jul 28 18:47:52.919529 dv-cinder-802653-1-smb devstack@n-api.service[118866]: DEBUG nova.api.openstack.wsgi [None req-0b6a3b34-87da-43b3-9252-3b20e0b56b4a tempest-VolumesGetTestJSON-463896074 tempest-VolumesGetTestJSON-463896074-project] Calling method '.version_select at 0x7f2f8a701f70>' {{(pid=118866) _process_stack /opt/stack/nova/nova/api/openstack/wsgi.py:513}}
Jul 28 18:47:53.003035 dv-cinder-802653-1-smb devstack@n-api.service[118867]: INFO nova.api.openstack.requestlog [None req-ac88f7e9-41ae-4ee1-a4a5-685373dce71d tempest-VolumesTestJSON-1559542725 tempest-VolumesTestJSON-1559542725-project] 10.222.0.24 "GET /compute/v2.1/os-volumes/98a9ee35-2a75-4e4c-a6cd-7a687d25c694" status: 200 len: 350 microversion: 2.1 time: 0.176678
Jul 28 18:47:53.004170 dv-cinder-802653-1-smb devstack@n-api.service[118867]: [pid: 118867|app: 0|req: 6/13] 10.222.0.24 () {58 vars in 1245 bytes} [Wed Jul 28 18:47:52 2021] GET /compute/v2.1/os-volumes/98a9ee35-2a75-4e4c-a6cd-7a687d25c694 => generated 350 bytes in 181 msecs (HTTP/1.1 200) 9 headers in 357 bytes (1 switches on core 0)
Jul 28 18:47:53.023723 dv-cinder-802653-1-smb devstack@n-api.service[118866]: INFO nova.api.openstack.wsgi [None req-0b6a3b34-87da-43b3-9252-3b20e0b56b4a tempest-VolumesGetTestJSON-463896074 tempest-VolumesGetTestJSON-463896074-project] HTTP exception thrown: Volume 68b10c44-41ce-4fea-9e57-11d982bc6a92 could not be found.
Jul 28 18:47:53.024567 dv-cinder-802653-1-smb devstack@n-api.service[118866]: DEBUG nova.api.openstack.wsgi [None req-0b6a3b34-87da-43b3-9252-3b20e0b56b4a tempest-VolumesGetTestJSON-463896074 tempest-VolumesGetTestJSON-463896074-project] Returning 404 to user: Volume 68b10c44-41ce-4fea-9e57-11d982bc6a92 could not be found. {{(pid=118866) __call__ /opt/stack/nova/nova/api/openstack/wsgi.py:927}}
