Jul 28 18:47:53.025507 dv-cinder-802653-1-smb devstack@n-api.service[118866]: INFO nova.api.openstack.requestlog [None req-0b6a3b34-87da-43b3-9252-3b20e0b56b4a tempest-VolumesGetTestJSON-463896074 tempest-VolumesGetTestJSON-463896074-project] 10.222.0.24 "GET /compute/v2.1/os-volumes/68b10c44-41ce-4fea-9e57-11d982bc6a92" status: 404 len: 109 microversion: 2.1 time: 0.118327
Jul 28 18:47:53.026182 dv-cinder-802653-1-smb devstack@n-api.service[118866]: [pid: 118866|app: 0|req: 8/14] 10.222.0.24 () {58 vars in 1245 bytes} [Wed Jul 28 18:47:52 2021] GET /compute/v2.1/os-volumes/68b10c44-41ce-4fea-9e57-11d982bc6a92 => generated 109 bytes in 119 msecs (HTTP/1.1 404) 9 headers in 379 bytes (1 switches on core 0)
Jul 28 18:47:53.839167 dv-cinder-802653-1-smb devstack@n-api.service[118867]: DEBUG nova.api.openstack.wsgi [None req-fa651f00-5ff2-4307-ba4e-2fa4c89ba95a tempest-DeleteServersTestJSON-157927621 tempest-DeleteServersTestJSON-157927621-project] Calling method '>' {{(pid=118867) _process_stack /opt/stack/nova/nova/api/openstack/wsgi.py:513}}
Jul 28 18:47:53.839777 dv-cinder-802653-1-smb devstack@n-api.service[118867]: DEBUG nova.compute.api [None req-fa651f00-5ff2-4307-ba4e-2fa4c89ba95a tempest-DeleteServersTestJSON-157927621 tempest-DeleteServersTestJSON-157927621-project] [instance: 0ccc0144-bf7b-4e80-9759-24323907b5f7] Fetching instance by UUID {{(pid=118867) get /opt/stack/nova/nova/compute/api.py:2791}}
Jul 28 18:47:53.848873 dv-cinder-802653-1-smb devstack@n-api.service[118867]: DEBUG oslo_concurrency.lockutils [None req-fa651f00-5ff2-4307-ba4e-2fa4c89ba95a tempest-DeleteServersTestJSON-157927621 tempest-DeleteServersTestJSON-157927621-project] Lock "96060782-4ca1-44ba-8970-a9013481a0fb" acquired by "nova.context.set_target_cell..get_or_set_cached_cell_and_set_connections" :: waited 0.000s {{(pid=118867) inner /usr/local/lib/python3.8/dist-packages/oslo_concurrency/lockutils.py:355}}
Jul 28 18:47:53.849329 dv-cinder-802653-1-smb devstack@n-api.service[118867]: DEBUG oslo_concurrency.lockutils [None req-fa651f00-5ff2-4307-ba4e-2fa4c89ba95a tempest-DeleteServersTestJSON-157927621 tempest-DeleteServersTestJSON-157927621-project] Lock "96060782-4ca1-44ba-8970-a9013481a0fb" released by "nova.context.set_target_cell..get_or_set_cached_cell_and_set_connections" :: held 0.001s {{(pid=118867) inner /usr/local/lib/python3.8/dist-packages/oslo_concurrency/lockutils.py:367}}
Jul 28 18:47:53.850703 dv-cinder-802653-1-smb devstack@n-api.service[118867]: DEBUG oslo_concurrency.lockutils [None req-fa651f00-5ff2-4307-ba4e-2fa4c89ba95a tempest-DeleteServersTestJSON-157927621 tempest-DeleteServersTestJSON-157927621-project] Lock "96060782-4ca1-44ba-8970-a9013481a0fb" acquired by "nova.context.set_target_cell..get_or_set_cached_cell_and_set_connections" :: waited 0.000s {{(pid=118867) inner /usr/local/lib/python3.8/dist-packages/oslo_concurrency/lockutils.py:355}}
Jul 28 18:47:53.851198 dv-cinder-802653-1-smb devstack@n-api.service[118867]: DEBUG oslo_concurrency.lockutils [None req-fa651f00-5ff2-4307-ba4e-2fa4c89ba95a tempest-DeleteServersTestJSON-157927621 tempest-DeleteServersTestJSON-157927621-project] Lock "96060782-4ca1-44ba-8970-a9013481a0fb" released by "nova.context.set_target_cell..get_or_set_cached_cell_and_set_connections" :: held 0.000s {{(pid=118867) inner /usr/local/lib/python3.8/dist-packages/oslo_concurrency/lockutils.py:367}}
Jul 28 18:47:53.919827 dv-cinder-802653-1-smb devstack@n-api.service[118866]: DEBUG nova.api.openstack.wsgi [None req-fa796458-3a8b-42b5-9083-36fb3574e22d tempest-AttachVolumeNegativeTest-1590184824 tempest-AttachVolumeNegativeTest-1590184824-project] Calling method '>' {{(pid=118866) _process_stack /opt/stack/nova/nova/api/openstack/wsgi.py:513}}
Jul 28 18:47:53.926336 dv-cinder-802653-1-smb devstack@n-api.service[118866]: DEBUG nova.compute.api [None req-fa796458-3a8b-42b5-9083-36fb3574e22d tempest-AttachVolumeNegativeTest-1590184824 tempest-AttachVolumeNegativeTest-1590184824-project] [instance: 283d6ce8-7889-463c-b109-e561c4f8cc97] Fetching instance by UUID {{(pid=118866) get /opt/stack/nova/nova/compute/api.py:2791}}
Jul 28 18:47:53.938669 dv-cinder-802653-1-smb devstack@n-api.service[118866]: DEBUG oslo_concurrency.lockutils [None req-fa796458-3a8b-42b5-9083-36fb3574e22d tempest-AttachVolumeNegativeTest-1590184824 tempest-AttachVolumeNegativeTest-1590184824-project] Lock "96060782-4ca1-44ba-8970-a9013481a0fb" acquired by "nova.context.set_target_cell..get_or_set_cached_cell_and_set_connections" :: waited 0.000s {{(pid=118866) inner /usr/local/lib/python3.8/dist-packages/oslo_concurrency/lockutils.py:355}}
Jul 28 18:47:53.939150 dv-cinder-802653-1-smb devstack@n-api.service[118866]: DEBUG oslo_concurrency.lockutils [None req-fa796458-3a8b-42b5-9083-36fb3574e22d tempest-AttachVolumeNegativeTest-1590184824 tempest-AttachVolumeNegativeTest-1590184824-project] Lock "96060782-4ca1-44ba-8970-a9013481a0fb" released by "nova.context.set_target_cell..get_or_set_cached_cell_and_set_connections" :: held 0.001s {{(pid=118866) inner /usr/local/lib/python3.8/dist-packages/oslo_concurrency/lockutils.py:367}}
Jul 28 18:47:53.945011 dv-cinder-802653-1-smb devstack@n-api.service[118866]: DEBUG oslo_concurrency.lockutils [None req-fa796458-3a8b-42b5-9083-36fb3574e22d tempest-AttachVolumeNegativeTest-1590184824 tempest-AttachVolumeNegativeTest-1590184824-project] Lock "96060782-4ca1-44ba-8970-a9013481a0fb" acquired by "nova.context.set_target_cell..get_or_set_cached_cell_and_set_connections" :: waited 0.000s {{(pid=118866) inner /usr/local/lib/python3.8/dist-packages/oslo_concurrency/lockutils.py:355}}
Jul 28 18:47:53.945465 dv-cinder-802653-1-smb devstack@n-api.service[118866]: DEBUG oslo_concurrency.lockutils [None req-fa796458-3a8b-42b5-9083-36fb3574e22d tempest-AttachVolumeNegativeTest-1590184824 tempest-AttachVolumeNegativeTest-1590184824-project] Lock "96060782-4ca1-44ba-8970-a9013481a0fb" released by "nova.context.set_target_cell..get_or_set_cached_cell_and_set_connections" :: held 0.001s {{(pid=118866) inner /usr/local/lib/python3.8/dist-packages/oslo_concurrency/lockutils.py:367}}
Jul 28 18:47:54.388915 dv-cinder-802653-1-smb devstack@n-api.service[118867]: DEBUG nova.policy [None req-fa651f00-5ff2-4307-ba4e-2fa4c89ba95a tempest-DeleteServersTestJSON-157927621 tempest-DeleteServersTestJSON-157927621-project] Policy check for os_compute_api:os-extended-server-attributes failed with credentials {'is_admin': False, 'user_id': '6171cf3d60fa42fe8d1b0cdfc324437f', 'user_domain_id': 'default', 'system_scope': None, 'domain_id': None, 'project_id': '9416136531054dfa87c49ededa1500fd', 'project_domain_id': 'default', 'roles': ['reader', 'member'], 'is_admin_project': True, 'service_user_id': None, 'service_user_domain_id': None, 'service_project_id': None, 'service_project_domain_id': None, 'service_roles': []} {{(pid=118867) authorize /opt/stack/nova/nova/policy.py:199}}
Jul 28 18:47:54.393625 dv-cinder-802653-1-smb devstack@n-api.service[118866]: DEBUG nova.policy [None req-fa796458-3a8b-42b5-9083-36fb3574e22d tempest-AttachVolumeNegativeTest-1590184824 tempest-AttachVolumeNegativeTest-1590184824-project] Policy check for os_compute_api:os-extended-server-attributes failed with credentials {'is_admin': False, 'user_id': 'a1e77a66b16a42d58d3ffbfe61b1d588', 'user_domain_id': 'default', 'system_scope': None, 'domain_id': None, 'project_id': 'c739db7ea3d84397a02973f67b3ca08a', 'project_domain_id': 'default', 'roles': ['reader', 'member'], 'is_admin_project': True, 'service_user_id': None, 'service_user_domain_id': None, 'service_project_id': None, 'service_project_domain_id': None, 'service_roles': []} {{(pid=118866) authorize /opt/stack/nova/nova/policy.py:199}}
Jul 28 18:47:54.408398 dv-cinder-802653-1-smb devstack@n-api.service[118867]: INFO nova.api.openstack.requestlog [None req-fa651f00-5ff2-4307-ba4e-2fa4c89ba95a tempest-DeleteServersTestJSON-157927621 tempest-DeleteServersTestJSON-157927621-project] 10.222.0.24 "GET /compute/v2.1/servers/0ccc0144-bf7b-4e80-9759-24323907b5f7" status: 200 len: 1267 microversion: 2.1 time: 0.573025
Jul 28 18:47:54.410131 dv-cinder-802653-1-smb devstack@n-api.service[118867]: [pid: 118867|app: 0|req: 7/15] 10.222.0.24 () {58 vars in 1236 bytes} [Wed Jul 28 18:47:53 2021] GET /compute/v2.1/servers/0ccc0144-bf7b-4e80-9759-24323907b5f7 => generated 1267 bytes in 576 msecs (HTTP/1.1 200) 9 headers in 358 bytes (1 switches on core 0)
Jul 28 18:47:54.418035 dv-cinder-802653-1-smb devstack@n-api.service[118866]: INFO nova.api.openstack.requestlog [None req-fa796458-3a8b-42b5-9083-36fb3574e22d tempest-AttachVolumeNegativeTest-1590184824 tempest-AttachVolumeNegativeTest-1590184824-project] 10.222.0.24 "GET /compute/v2.1/servers/283d6ce8-7889-463c-b109-e561c4f8cc97" status: 200 len: 1213 microversion: 2.1 time: 0.502625
Jul 28 18:47:54.418957 dv-cinder-802653-1-smb devstack@n-api.service[118866]: [pid: 118866|app: 0|req: 9/16] 10.222.0.24 () {58 vars in 1236 bytes} [Wed Jul 28 18:47:53 2021] GET /compute/v2.1/servers/283d6ce8-7889-463c-b109-e561c4f8cc97 => generated 1213 bytes in 504 msecs (HTTP/1.1 200) 9 headers in 358 bytes (1 switches on core 0)
Jul 28 18:47:54.890669 dv-cinder-802653-1-smb devstack@n-api.service[118867]: DEBUG nova.api.openstack.wsgi [None req-7fd84c46-e27e-497d-9adf-a04f11f4f5a0 tempest-VolumesTestJSON-1559542725 tempest-VolumesTestJSON-1559542725-project] Calling method '.version_select at 0x7f2f8a62d670>' {{(pid=118867) _process_stack /opt/stack/nova/nova/api/openstack/wsgi.py:513}}
Jul 28 18:47:55.030110 dv-cinder-802653-1-smb devstack@n-api.service[118867]: INFO nova.api.openstack.requestlog [None req-7fd84c46-e27e-497d-9adf-a04f11f4f5a0 tempest-VolumesTestJSON-1559542725 tempest-VolumesTestJSON-1559542725-project] 10.222.0.24 "GET /compute/v2.1/os-volumes/3aa68fec-3486-4276-bdcc-c2489537af07" status: 200 len: 350 microversion: 2.1 time: 0.152484
Jul 28 18:47:55.031716 dv-cinder-802653-1-smb devstack@n-api.service[118867]: [pid: 118867|app: 0|req: 8/17] 10.222.0.24 () {58 vars in 1245 bytes} [Wed Jul 28 18:47:54 2021] GET /compute/v2.1/os-volumes/3aa68fec-3486-4276-bdcc-c2489537af07 => generated 350 bytes in 155 msecs (HTTP/1.1 200) 9 headers in 357 bytes (1 switches on core 0)
Jul 28 18:47:55.043408 dv-cinder-802653-1-smb devstack@n-api.service[118866]: DEBUG nova.api.openstack.wsgi [None req-f486b125-34b9-4be0-bfea-ef4877e300da tempest-VolumesTestJSON-1559542725 tempest-VolumesTestJSON-1559542725-project] Calling method '.version_select at 0x7f2f8a701670>' {{(pid=118866) _process_stack /opt/stack/nova/nova/api/openstack/wsgi.py:513}}
Jul 28 18:47:55.300220 dv-cinder-802653-1-smb devstack@n-api.service[118866]: INFO nova.api.openstack.requestlog [None req-f486b125-34b9-4be0-bfea-ef4877e300da tempest-VolumesTestJSON-1559542725 tempest-VolumesTestJSON-1559542725-project] 10.222.0.24 "GET /compute/v2.1/os-volumes" status: 200 len: 1033 microversion: 2.1 time: 0.260933
Jul 28 18:47:55.301425 dv-cinder-802653-1-smb devstack@n-api.service[118866]: [pid: 118866|app: 0|req: 10/18] 10.222.0.24 () {58 vars in 1134 bytes} [Wed Jul 28 18:47:55 2021] GET /compute/v2.1/os-volumes => generated 1033 bytes in 263 msecs (HTTP/1.1 200) 9 headers in 358 bytes (1 switches on core 0)
Jul 28 18:47:55.314068 dv-cinder-802653-1-smb devstack@n-api.service[118867]: DEBUG nova.api.openstack.wsgi [None req-9ddca350-135e-445d-abd4-522e234c73cd tempest-VolumesTestJSON-1559542725 tempest-VolumesTestJSON-1559542725-project] Calling method '.version_select at 0x7f2f8a68a310>' {{(pid=118867) _process_stack /opt/stack/nova/nova/api/openstack/wsgi.py:513}}
Jul 28 18:47:55.425907 dv-cinder-802653-1-smb devstack@n-api.service[118866]: DEBUG nova.api.openstack.wsgi [None req-a14ea57b-034d-4110-813f-4c1ba89fbc3e tempest-DeleteServersTestJSON-157927621 tempest-DeleteServersTestJSON-157927621-project] Calling method '>' {{(pid=118866) _process_stack /opt/stack/nova/nova/api/openstack/wsgi.py:513}}
Jul 28 18:47:55.426772 dv-cinder-802653-1-smb devstack@n-api.service[118866]: DEBUG nova.compute.api [None req-a14ea57b-034d-4110-813f-4c1ba89fbc3e tempest-DeleteServersTestJSON-157927621 tempest-DeleteServersTestJSON-157927621-project] [instance: 0ccc0144-bf7b-4e80-9759-24323907b5f7] Fetching instance by UUID {{(pid=118866) get /opt/stack/nova/nova/compute/api.py:2791}}
Jul 28 18:47:55.435582 dv-cinder-802653-1-smb devstack@n-api.service[118866]: DEBUG oslo_concurrency.lockutils [None req-a14ea57b-034d-4110-813f-4c1ba89fbc3e tempest-DeleteServersTestJSON-157927621 tempest-DeleteServersTestJSON-157927621-project] Lock "96060782-4ca1-44ba-8970-a9013481a0fb" acquired by "nova.context.set_target_cell..get_or_set_cached_cell_and_set_connections" :: waited 0.000s {{(pid=118866) inner /usr/local/lib/python3.8/dist-packages/oslo_concurrency/lockutils.py:355}}
Jul 28 18:47:55.439397 dv-cinder-802653-1-smb devstack@n-api.service[118866]: DEBUG oslo_concurrency.lockutils [None req-a14ea57b-034d-4110-813f-4c1ba89fbc3e tempest-DeleteServersTestJSON-157927621 tempest-DeleteServersTestJSON-157927621-project] Lock "96060782-4ca1-44ba-8970-a9013481a0fb" released by "nova.context.set_target_cell..get_or_set_cached_cell_and_set_connections" :: held 0.004s {{(pid=118866) inner /usr/local/lib/python3.8/dist-packages/oslo_concurrency/lockutils.py:367}}
Jul 28 18:47:55.440456 dv-cinder-802653-1-smb devstack@n-api.service[118866]: DEBUG oslo_concurrency.lockutils [None req-a14ea57b-034d-4110-813f-4c1ba89fbc3e tempest-DeleteServersTestJSON-157927621 tempest-DeleteServersTestJSON-157927621-project] Lock "96060782-4ca1-44ba-8970-a9013481a0fb" acquired by "nova.context.set_target_cell..get_or_set_cached_cell_and_set_connections" :: waited 0.000s {{(pid=118866) inner /usr/local/lib/python3.8/dist-packages/oslo_concurrency/lockutils.py:355}}
Jul 28 18:47:55.442489 dv-cinder-802653-1-smb devstack@n-api.service[118866]: DEBUG oslo_concurrency.lockutils [None req-a14ea57b-034d-4110-813f-4c1ba89fbc3e tempest-DeleteServersTestJSON-157927621 tempest-DeleteServersTestJSON-157927621-project] Lock "96060782-4ca1-44ba-8970-a9013481a0fb" released by "nova.context.set_target_cell..get_or_set_cached_cell_and_set_connections" :: held 0.002s {{(pid=118866) inner /usr/local/lib/python3.8/dist-packages/oslo_concurrency/lockutils.py:367}}
Jul 28 18:47:55.524453 dv-cinder-802653-1-smb devstack@n-api.service[118867]: INFO nova.api.openstack.requestlog [None req-9ddca350-135e-445d-abd4-522e234c73cd tempest-VolumesTestJSON-1559542725 tempest-VolumesTestJSON-1559542725-project] 10.222.0.24 "GET /compute/v2.1/os-volumes?limit=2" status: 200 len: 693 microversion: 2.1 time: 0.214771
Jul 28 18:47:55.525989 dv-cinder-802653-1-smb devstack@n-api.service[118867]: [pid: 118867|app: 0|req: 9/19] 10.222.0.24 () {58 vars in 1149 bytes} [Wed Jul 28 18:47:55 2021] GET /compute/v2.1/os-volumes?limit=2 => generated 693 bytes in 217 msecs (HTTP/1.1 200) 9 headers in 357 bytes (1 switches on core 0)
Jul 28 18:47:55.532443 dv-cinder-802653-1-smb devstack@n-api.service[118867]: DEBUG nova.api.openstack.wsgi [None req-679688e9-4684-4005-9e8a-bad8d41d0587 tempest-AttachVolumeNegativeTest-1590184824 tempest-AttachVolumeNegativeTest-1590184824-project] Calling method '>' {{(pid=118867) _process_stack /opt/stack/nova/nova/api/openstack/wsgi.py:513}}
Jul 28 18:47:55.534534 dv-cinder-802653-1-smb devstack@n-api.service[118867]: DEBUG nova.compute.api [None req-679688e9-4684-4005-9e8a-bad8d41d0587 tempest-AttachVolumeNegativeTest-1590184824 tempest-AttachVolumeNegativeTest-1590184824-project] [instance: 283d6ce8-7889-463c-b109-e561c4f8cc97] Fetching instance by UUID {{(pid=118867) get /opt/stack/nova/nova/compute/api.py:2791}}
Jul 28 18:47:55.555154 dv-cinder-802653-1-smb devstack@n-api.service[118867]: DEBUG oslo_concurrency.lockutils [None req-679688e9-4684-4005-9e8a-bad8d41d0587 tempest-AttachVolumeNegativeTest-1590184824 tempest-AttachVolumeNegativeTest-1590184824-project] Lock "96060782-4ca1-44ba-8970-a9013481a0fb" acquired by "nova.context.set_target_cell..get_or_set_cached_cell_and_set_connections" :: waited 0.000s {{(pid=118867) inner /usr/local/lib/python3.8/dist-packages/oslo_concurrency/lockutils.py:355}}
Jul 28 18:47:55.559900 dv-cinder-802653-1-smb devstack@n-api.service[118867]: DEBUG oslo_concurrency.lockutils [None req-679688e9-4684-4005-9e8a-bad8d41d0587 tempest-AttachVolumeNegativeTest-1590184824 tempest-AttachVolumeNegativeTest-1590184824-project] Lock "96060782-4ca1-44ba-8970-a9013481a0fb" released by "nova.context.set_target_cell..get_or_set_cached_cell_and_set_connections" :: held 0.005s {{(pid=118867) inner /usr/local/lib/python3.8/dist-packages/oslo_concurrency/lockutils.py:367}}
Jul 28 18:47:55.562591 dv-cinder-802653-1-smb devstack@n-api.service[118867]: DEBUG oslo_concurrency.lockutils [None req-679688e9-4684-4005-9e8a-bad8d41d0587 tempest-AttachVolumeNegativeTest-1590184824 tempest-AttachVolumeNegativeTest-1590184824-project] Lock "96060782-4ca1-44ba-8970-a9013481a0fb" acquired by "nova.context.set_target_cell..get_or_set_cached_cell_and_set_connections" :: waited 0.000s {{(pid=118867) inner /usr/local/lib/python3.8/dist-packages/oslo_concurrency/lockutils.py:355}}
Jul 28 18:47:55.566120 dv-cinder-802653-1-smb devstack@n-api.service[118867]: DEBUG oslo_concurrency.lockutils [None req-679688e9-4684-4005-9e8a-bad8d41d0587 tempest-AttachVolumeNegativeTest-1590184824 tempest-AttachVolumeNegativeTest-1590184824-project] Lock "96060782-4ca1-44ba-8970-a9013481a0fb" released by "nova.context.set_target_cell..get_or_set_cached_cell_and_set_connections" :: held 0.000s {{(pid=118867) inner /usr/local/lib/python3.8/dist-packages/oslo_concurrency/lockutils.py:367}}
Jul 28 18:47:55.750653 dv-cinder-802653-1-smb devstack@n-api.service[118866]: DEBUG nova.policy [None req-a14ea57b-034d-4110-813f-4c1ba89fbc3e tempest-DeleteServersTestJSON-157927621 tempest-DeleteServersTestJSON-157927621-project] Policy check for os_compute_api:os-extended-server-attributes failed with credentials {'is_admin': False, 'user_id': '6171cf3d60fa42fe8d1b0cdfc324437f', 'user_domain_id': 'default', 'system_scope': None, 'domain_id': None, 'project_id': '9416136531054dfa87c49ededa1500fd', 'project_domain_id': 'default', 'roles': ['reader', 'member'], 'is_admin_project': True, 'service_user_id': None, 'service_user_domain_id': None, 'service_project_id': None, 'service_project_domain_id': None, 'service_roles': []} {{(pid=118866) authorize /opt/stack/nova/nova/policy.py:199}}
Jul 28 18:47:55.761992 dv-cinder-802653-1-smb devstack@n-api.service[118866]: INFO nova.api.openstack.requestlog [None req-a14ea57b-034d-4110-813f-4c1ba89fbc3e tempest-DeleteServersTestJSON-157927621 tempest-DeleteServersTestJSON-157927621-project] 10.222.0.24 "GET /compute/v2.1/servers/0ccc0144-bf7b-4e80-9759-24323907b5f7" status: 200 len: 1273 microversion: 2.1 time: 0.339490
Jul 28 18:47:55.762823 dv-cinder-802653-1-smb devstack@n-api.service[118866]: [pid: 118866|app: 0|req: 11/20] 10.222.0.24 () {58 vars in 1236 bytes} [Wed Jul 28 18:47:55 2021] GET /compute/v2.1/servers/0ccc0144-bf7b-4e80-9759-24323907b5f7 => generated 1273 bytes in 341 msecs (HTTP/1.1 200) 9 headers in 358 bytes (2 switches on core 0)
Jul 28 18:47:55.773725 dv-cinder-802653-1-smb devstack@n-api.service[118866]: DEBUG nova.api.openstack.wsgi [None req-a947e716-e42e-4b51-9ef9-0a8067501c73 tempest-VolumesTestJSON-1559542725 tempest-VolumesTestJSON-1559542725-project] Calling method '.version_select at 0x7f2f8a61a0d0>' {{(pid=118866) _process_stack /opt/stack/nova/nova/api/openstack/wsgi.py:513}}
Jul 28 18:47:55.845249 dv-cinder-802653-1-smb devstack@n-api.service[118867]: DEBUG nova.policy [None req-679688e9-4684-4005-9e8a-bad8d41d0587 tempest-AttachVolumeNegativeTest-1590184824 tempest-AttachVolumeNegativeTest-1590184824-project] Policy check for os_compute_api:os-extended-server-attributes failed with credentials {'is_admin': False, 'user_id': 'a1e77a66b16a42d58d3ffbfe61b1d588', 'user_domain_id': 'default', 'system_scope': None, 'domain_id': None, 'project_id': 'c739db7ea3d84397a02973f67b3ca08a', 'project_domain_id': 'default', 'roles': ['reader', 'member'], 'is_admin_project': True, 'service_user_id': None, 'service_user_domain_id': None, 'service_project_id': None, 'service_project_domain_id': None, 'service_roles': []} {{(pid=118867) authorize /opt/stack/nova/nova/policy.py:199}}
Jul 28 18:47:55.860005 dv-cinder-802653-1-smb devstack@n-api.service[118867]: INFO nova.api.openstack.requestlog [None req-679688e9-4684-4005-9e8a-bad8d41d0587 tempest-AttachVolumeNegativeTest-1590184824 tempest-AttachVolumeNegativeTest-1590184824-project] 10.222.0.24 "GET /compute/v2.1/servers/283d6ce8-7889-463c-b109-e561c4f8cc97" status: 200 len: 1275 microversion: 2.1 time: 0.332145
Jul 28 18:47:55.892155 dv-cinder-802653-1-smb devstack@n-api.service[118867]: [pid: 118867|app: 0|req: 10/21] 10.222.0.24 () {58 vars in 1236 bytes} [Wed Jul 28 18:47:55 2021] GET /compute/v2.1/servers/283d6ce8-7889-463c-b109-e561c4f8cc97 => generated 1275 bytes in 366 msecs (HTTP/1.1 200) 9 headers in 358 bytes (1 switches on core 0)
Jul 28 18:47:56.038325 dv-cinder-802653-1-smb devstack@n-api.service[118866]: INFO nova.api.openstack.requestlog [None req-a947e716-e42e-4b51-9ef9-0a8067501c73 tempest-VolumesTestJSON-1559542725 tempest-VolumesTestJSON-1559542725-project] 10.222.0.24 "GET /compute/v2.1/os-volumes" status: 200 len: 1033 microversion: 2.1 time: 0.269218
Jul 28 18:47:56.039701 dv-cinder-802653-1-smb devstack@n-api.service[118866]: [pid: 118866|app: 0|req: 12/22] 10.222.0.24 () {58 vars in 1134 bytes} [Wed Jul 28 18:47:55 2021] GET /compute/v2.1/os-volumes => generated 1033 bytes in 275 msecs (HTTP/1.1 200) 9 headers in 358 bytes (1 switches on core 0)
Jul 28 18:47:56.059360 dv-cinder-802653-1-smb devstack@n-api.service[118867]: DEBUG nova.api.openstack.wsgi [None req-207eac06-59f4-4f01-9fee-f1c272b9d1a8 tempest-VolumesTestJSON-1559542725 tempest-VolumesTestJSON-1559542725-project] Calling method '.version_select at 0x7f2f8a62d040>' {{(pid=118867) _process_stack /opt/stack/nova/nova/api/openstack/wsgi.py:513}}
Jul 28 18:47:56.293523 dv-cinder-802653-1-smb devstack@n-api.service[118867]: INFO nova.api.openstack.requestlog [None req-207eac06-59f4-4f01-9fee-f1c272b9d1a8 tempest-VolumesTestJSON-1559542725 tempest-VolumesTestJSON-1559542725-project] 10.222.0.24 "GET /compute/v2.1/os-volumes?offset=1&limit=1" status: 200 len: 353 microversion: 2.1 time: 0.239223
Jul 28 18:47:56.301715 dv-cinder-802653-1-smb devstack@n-api.service[118867]: [pid: 118867|app: 0|req: 11/23] 10.222.0.24 () {58 vars in 1167 bytes} [Wed Jul 28 18:47:56 2021] GET /compute/v2.1/os-volumes?offset=1&limit=1 => generated 353 bytes in 249 msecs (HTTP/1.1 200) 9 headers in 357 bytes (1 switches on core 0)
Jul 28 18:47:56.307909 dv-cinder-802653-1-smb devstack@n-api.service[118866]: DEBUG nova.api.openstack.wsgi [None req-35d35bd4-d32c-4e87-b063-1f3240ca1143 tempest-VolumesTestJSON-1559542725 tempest-VolumesTestJSON-1559542725-project] Calling method '.version_select at 0x7f2f8a5ce280>' {{(pid=118866) _process_stack /opt/stack/nova/nova/api/openstack/wsgi.py:513}}
Jul 28 18:47:56.504122 dv-cinder-802653-1-smb devstack@n-api.service[118866]: INFO nova.api.openstack.requestlog [None req-35d35bd4-d32c-4e87-b063-1f3240ca1143 tempest-VolumesTestJSON-1559542725 tempest-VolumesTestJSON-1559542725-project] 10.222.0.24 "GET /compute/v2.1/os-volumes/detail?limit=2" status: 200 len: 693 microversion: 2.1 time: 0.200364
Jul 28 18:47:56.504897 dv-cinder-802653-1-smb devstack@n-api.service[118866]: [pid: 118866|app: 0|req: 13/24] 10.222.0.24 () {58 vars in 1170 bytes} [Wed Jul 28 18:47:56 2021] GET /compute/v2.1/os-volumes/detail?limit=2 => generated 693 bytes in 203 msecs (HTTP/1.1 200) 9 headers in 357 bytes (2 switches on core 0)
Jul 28 18:47:56.519478 dv-cinder-802653-1-smb devstack@n-api.service[118867]: DEBUG nova.api.openstack.wsgi [None req-009d2b5b-cda4-455d-9fea-1c4b27467e34 tempest-VolumesTestJSON-1559542725 tempest-VolumesTestJSON-1559542725-project] Calling method '.version_select at 0x7f2f8a5cbdc0>' {{(pid=118867) _process_stack /opt/stack/nova/nova/api/openstack/wsgi.py:513}}
Jul 28 18:47:56.780453 dv-cinder-802653-1-smb devstack@n-api.service[118866]: DEBUG nova.api.openstack.wsgi [None req-8c5f18f8-06a2-4d5d-8feb-f06738cf3531 tempest-DeleteServersTestJSON-157927621 tempest-DeleteServersTestJSON-157927621-project] Calling method '>' {{(pid=118866) _process_stack /opt/stack/nova/nova/api/openstack/wsgi.py:513}}
Jul 28 18:47:56.781058 dv-cinder-802653-1-smb devstack@n-api.service[118866]: DEBUG nova.compute.api [None req-8c5f18f8-06a2-4d5d-8feb-f06738cf3531 tempest-DeleteServersTestJSON-157927621 tempest-DeleteServersTestJSON-157927621-project] [instance: 0ccc0144-bf7b-4e80-9759-24323907b5f7] Fetching instance by UUID {{(pid=118866) get /opt/stack/nova/nova/compute/api.py:2791}}
Jul 28 18:47:56.793389 dv-cinder-802653-1-smb devstack@n-api.service[118866]: DEBUG oslo_concurrency.lockutils [None req-8c5f18f8-06a2-4d5d-8feb-f06738cf3531 tempest-DeleteServersTestJSON-157927621 tempest-DeleteServersTestJSON-157927621-project] Lock "96060782-4ca1-44ba-8970-a9013481a0fb" acquired by "nova.context.set_target_cell..get_or_set_cached_cell_and_set_connections" :: waited 0.000s {{(pid=118866) inner /usr/local/lib/python3.8/dist-packages/oslo_concurrency/lockutils.py:355}}
Jul 28 18:47:56.793902 dv-cinder-802653-1-smb devstack@n-api.service[118866]: DEBUG oslo_concurrency.lockutils [None req-8c5f18f8-06a2-4d5d-8feb-f06738cf3531 tempest-DeleteServersTestJSON-157927621 tempest-DeleteServersTestJSON-157927621-project] Lock "96060782-4ca1-44ba-8970-a9013481a0fb" released by "nova.context.set_target_cell..get_or_set_cached_cell_and_set_connections" :: held 0.001s {{(pid=118866) inner /usr/local/lib/python3.8/dist-packages/oslo_concurrency/lockutils.py:367}}
Jul 28 18:47:56.794635 dv-cinder-802653-1-smb devstack@n-api.service[118866]: DEBUG oslo_concurrency.lockutils [None req-8c5f18f8-06a2-4d5d-8feb-f06738cf3531 tempest-DeleteServersTestJSON-157927621 tempest-DeleteServersTestJSON-157927621-project] Lock "96060782-4ca1-44ba-8970-a9013481a0fb" acquired by "nova.context.set_target_cell..get_or_set_cached_cell_and_set_connections" :: waited 0.000s {{(pid=118866) inner /usr/local/lib/python3.8/dist-packages/oslo_concurrency/lockutils.py:355}}
Jul 28 18:47:56.799776 dv-cinder-802653-1-smb devstack@n-api.service[118866]: DEBUG oslo_concurrency.lockutils [None req-8c5f18f8-06a2-4d5d-8feb-f06738cf3531 tempest-DeleteServersTestJSON-157927621 tempest-DeleteServersTestJSON-157927621-project] Lock "96060782-4ca1-44ba-8970-a9013481a0fb" released by "nova.context.set_target_cell..get_or_set_cached_cell_and_set_connections" :: held 0.005s {{(pid=118866) inner /usr/local/lib/python3.8/dist-packages/oslo_concurrency/lockutils.py:367}}
Jul 28 18:47:56.912868 dv-cinder-802653-1-smb devstack@n-api.service[118867]: INFO nova.api.openstack.requestlog [None req-009d2b5b-cda4-455d-9fea-1c4b27467e34 tempest-VolumesTestJSON-1559542725 tempest-VolumesTestJSON-1559542725-project] 10.222.0.24 "GET /compute/v2.1/os-volumes/detail" status: 200 len: 1033 microversion: 2.1 time: 0.397514
Jul 28 18:47:56.913377 dv-cinder-802653-1-smb devstack@n-api.service[118867]: [pid: 118867|app: 0|req: 12/25] 10.222.0.24 () {58 vars in 1155 bytes} [Wed Jul 28 18:47:56 2021] GET /compute/v2.1/os-volumes/detail => generated 1033 bytes in 400 msecs (HTTP/1.1 200) 9 headers in 358 bytes (1 switches on core 0)
Jul 28 18:47:56.919388 dv-cinder-802653-1-smb devstack@n-api.service[118867]: DEBUG nova.api.openstack.wsgi [None req-ca459aee-4fb3-46d8-91b5-11068ed0670f tempest-AttachVolumeNegativeTest-1590184824 tempest-AttachVolumeNegativeTest-1590184824-project] Calling method '>' {{(pid=118867) _process_stack /opt/stack/nova/nova/api/openstack/wsgi.py:513}}
Jul 28 18:47:56.919951 dv-cinder-802653-1-smb devstack@n-api.service[118867]: DEBUG nova.compute.api [None req-ca459aee-4fb3-46d8-91b5-11068ed0670f tempest-AttachVolumeNegativeTest-1590184824 tempest-AttachVolumeNegativeTest-1590184824-project] [instance: 283d6ce8-7889-463c-b109-e561c4f8cc97] Fetching instance by UUID {{(pid=118867) get /opt/stack/nova/nova/compute/api.py:2791}}
Jul 28 18:47:56.941014 dv-cinder-802653-1-smb devstack@n-api.service[118867]: DEBUG oslo_concurrency.lockutils [None req-ca459aee-4fb3-46d8-91b5-11068ed0670f tempest-AttachVolumeNegativeTest-1590184824 tempest-AttachVolumeNegativeTest-1590184824-project] Lock "96060782-4ca1-44ba-8970-a9013481a0fb" acquired by "nova.context.set_target_cell..get_or_set_cached_cell_and_set_connections" :: waited 0.000s {{(pid=118867) inner /usr/local/lib/python3.8/dist-packages/oslo_concurrency/lockutils.py:355}}
Jul 28 18:47:56.955848 dv-cinder-802653-1-smb devstack@n-api.service[118867]: DEBUG oslo_concurrency.lockutils [None req-ca459aee-4fb3-46d8-91b5-11068ed0670f tempest-AttachVolumeNegativeTest-1590184824 tempest-AttachVolumeNegativeTest-1590184824-project] Lock "96060782-4ca1-44ba-8970-a9013481a0fb" released by "nova.context.set_target_cell..get_or_set_cached_cell_and_set_connections" :: held 0.015s {{(pid=118867) inner /usr/local/lib/python3.8/dist-packages/oslo_concurrency/lockutils.py:367}}
Jul 28 18:47:56.956756 dv-cinder-802653-1-smb devstack@n-api.service[118867]: DEBUG oslo_concurrency.lockutils [None req-ca459aee-4fb3-46d8-91b5-11068ed0670f tempest-AttachVolumeNegativeTest-1590184824 tempest-AttachVolumeNegativeTest-1590184824-project] Lock "96060782-4ca1-44ba-8970-a9013481a0fb" acquired by "nova.context.set_target_cell..get_or_set_cached_cell_and_set_connections" :: waited 0.000s {{(pid=118867) inner /usr/local/lib/python3.8/dist-packages/oslo_concurrency/lockutils.py:355}}
Jul 28 18:47:56.957199 dv-cinder-802653-1-smb devstack@n-api.service[118867]: DEBUG oslo_concurrency.lockutils [None req-ca459aee-4fb3-46d8-91b5-11068ed0670f tempest-AttachVolumeNegativeTest-1590184824 tempest-AttachVolumeNegativeTest-1590184824-project] Lock "96060782-4ca1-44ba-8970-a9013481a0fb" released by "nova.context.set_target_cell..get_or_set_cached_cell_and_set_connections" :: held 0.000s {{(pid=118867) inner /usr/local/lib/python3.8/dist-packages/oslo_concurrency/lockutils.py:367}}
Jul 28 18:47:57.259980 dv-cinder-802653-1-smb devstack@n-api.service[118866]: DEBUG nova.policy [None req-8c5f18f8-06a2-4d5d-8feb-f06738cf3531 tempest-DeleteServersTestJSON-157927621 tempest-DeleteServersTestJSON-157927621-project] Policy check for os_compute_api:os-extended-server-attributes failed with credentials {'is_admin': False, 'user_id': '6171cf3d60fa42fe8d1b0cdfc324437f', 'user_domain_id': 'default', 'system_scope': None, 'domain_id': None, 'project_id': '9416136531054dfa87c49ededa1500fd', 'project_domain_id': 'default', 'roles': ['reader', 'member'], 'is_admin_project': True, 'service_user_id': None, 'service_user_domain_id': None, 'service_project_id': None, 'service_project_domain_id': None, 'service_roles': []} {{(pid=118866) authorize /opt/stack/nova/nova/policy.py:199}}
Jul 28 18:47:57.290643 dv-cinder-802653-1-smb devstack@n-api.service[118866]: INFO nova.api.openstack.requestlog [None req-8c5f18f8-06a2-4d5d-8feb-f06738cf3531 tempest-DeleteServersTestJSON-157927621 tempest-DeleteServersTestJSON-157927621-project] 10.222.0.24 "GET /compute/v2.1/servers/0ccc0144-bf7b-4e80-9759-24323907b5f7" status: 200 len: 1273 microversion: 2.1 time: 0.508211
Jul 28 18:47:57.293619 dv-cinder-802653-1-smb devstack@n-api.service[118866]: [pid: 118866|app: 0|req: 14/26] 10.222.0.24 () {58 vars in 1236 bytes} [Wed Jul 28 18:47:56 2021] GET /compute/v2.1/servers/0ccc0144-bf7b-4e80-9759-24323907b5f7 => generated 1273 bytes in 517 msecs (HTTP/1.1 200) 9 headers in 358 bytes (1 switches on core 0)
Jul 28 18:47:57.318609 dv-cinder-802653-1-smb devstack@n-api.service[118866]: DEBUG nova.api.openstack.wsgi [None req-fc3d6dc9-1b1b-4b51-a155-f65b13365ad7 tempest-VolumesTestJSON-1559542725 tempest-VolumesTestJSON-1559542725-project] Calling method '.version_select at 0x7f2f8a61a3a0>' {{(pid=118866) _process_stack /opt/stack/nova/nova/api/openstack/wsgi.py:513}}
Jul 28 18:47:57.555181 dv-cinder-802653-1-smb devstack@n-api.service[118866]: INFO nova.api.openstack.requestlog [None req-fc3d6dc9-1b1b-4b51-a155-f65b13365ad7 tempest-VolumesTestJSON-1559542725 tempest-VolumesTestJSON-1559542725-project] 10.222.0.24 "GET /compute/v2.1/os-volumes/detail?offset=1&limit=1" status: 200 len: 353 microversion: 2.1 time: 0.260358
Jul 28 18:47:57.564636 dv-cinder-802653-1-smb devstack@n-api.service[118866]: [pid: 118866|app: 0|req: 15/27] 10.222.0.24 () {58 vars in 1188 bytes} [Wed Jul 28 18:47:57 2021] GET /compute/v2.1/os-volumes/detail?offset=1&limit=1 => generated 353 bytes in 262 msecs (HTTP/1.1 200) 9 headers in 357 bytes (1 switches on core 0)
Jul 28 18:47:57.568453 dv-cinder-802653-1-smb devstack@n-api.service[118866]: DEBUG nova.api.openstack.wsgi [None req-9929d2d6-ced9-462d-8f1c-61d1fe237222 tempest-VolumesTestJSON-1559542725 tempest-VolumesTestJSON-1559542725-project] Calling method '.version_select at 0x7f2f8a5ced30>' {{(pid=118866) _process_stack /opt/stack/nova/nova/api/openstack/wsgi.py:513}}
Jul 28 18:47:57.735707 dv-cinder-802653-1-smb devstack@n-api.service[118867]: DEBUG nova.policy [None req-ca459aee-4fb3-46d8-91b5-11068ed0670f tempest-AttachVolumeNegativeTest-1590184824 tempest-AttachVolumeNegativeTest-1590184824-project] Policy check for os_compute_api:os-extended-server-attributes failed with credentials {'is_admin': False, 'user_id': 'a1e77a66b16a42d58d3ffbfe61b1d588', 'user_domain_id': 'default', 'system_scope': None, 'domain_id': None, 'project_id': 'c739db7ea3d84397a02973f67b3ca08a', 'project_domain_id': 'default', 'roles': ['reader', 'member'], 'is_admin_project': True, 'service_user_id': None, 'service_user_domain_id': None, 'service_project_id': None, 'service_project_domain_id': None, 'service_roles': []} {{(pid=118867) authorize /opt/stack/nova/nova/policy.py:199}}
Jul 28 18:47:57.747872 dv-cinder-802653-1-smb devstack@n-api.service[118867]: INFO nova.api.openstack.requestlog [None req-ca459aee-4fb3-46d8-91b5-11068ed0670f tempest-AttachVolumeNegativeTest-1590184824 tempest-AttachVolumeNegativeTest-1590184824-project] 10.222.0.24 "GET /compute/v2.1/servers/283d6ce8-7889-463c-b109-e561c4f8cc97" status: 200 len: 1275 microversion: 2.1 time: 0.833330
Jul 28 18:47:57.749364 dv-cinder-802653-1-smb devstack@n-api.service[118867]: [pid: 118867|app: 0|req: 13/28] 10.222.0.24 () {58 vars in 1236 bytes} [Wed Jul 28 18:47:56 2021] GET /compute/v2.1/servers/283d6ce8-7889-463c-b109-e561c4f8cc97 => generated 1275 bytes in 835 msecs (HTTP/1.1 200) 9 headers in 358 bytes (1 switches on core 0)
Jul 28 18:47:58.017426 dv-cinder-802653-1-smb devstack@n-api.service[118866]: INFO nova.api.openstack.requestlog [None req-9929d2d6-ced9-462d-8f1c-61d1fe237222 tempest-VolumesTestJSON-1559542725 tempest-VolumesTestJSON-1559542725-project] 10.222.0.24 "GET /compute/v2.1/os-volumes/detail" status: 200 len: 1033 microversion: 2.1 time: 0.452282
Jul 28 18:47:58.028987 dv-cinder-802653-1-smb devstack@n-api.service[118866]: [pid: 118866|app: 0|req: 16/29] 10.222.0.24 () {58 vars in 1155 bytes} [Wed Jul 28 18:47:57 2021] GET /compute/v2.1/os-volumes/detail => generated 1033 bytes in 465 msecs (HTTP/1.1 200) 9 headers in 358 bytes (2 switches on core 0)
Jul 28 18:47:58.291693 dv-cinder-802653-1-smb devstack@n-api.service[118867]: DEBUG nova.api.openstack.wsgi [None req-6a58b3f3-1669-4543-a9a7-99512073ced7 tempest-ServerRescueNegativeTestJSON-1906830985 tempest-ServerRescueNegativeTestJSON-1906830985-project] Action: 'create', calling method: >, body: {"server": {"name": "tempest-ServerRescueNegativeTestJSON-server-785471674", "imageRef": "631dbdc6-1c64-4c50-969a-e592ec47325d", "flavorRef": "452", "adminPass": "***", "networks": [{"uuid": "fa3607c6-2570-4938-9981-4b343ffac33b"}]}} {{(pid=118867) _process_stack /opt/stack/nova/nova/api/openstack/wsgi.py:511}}
Jul 28 18:47:58.312156 dv-cinder-802653-1-smb devstack@n-api.service[118866]: DEBUG nova.api.openstack.wsgi [None req-703e47f8-c8d5-4274-a65e-17fabf8d1e3a tempest-DeleteServersTestJSON-157927621 tempest-DeleteServersTestJSON-157927621-project] Calling method '>' {{(pid=118866) _process_stack /opt/stack/nova/nova/api/openstack/wsgi.py:513}}
Jul 28 18:47:58.314566 dv-cinder-802653-1-smb devstack@n-api.service[118866]: DEBUG nova.compute.api [None req-703e47f8-c8d5-4274-a65e-17fabf8d1e3a tempest-DeleteServersTestJSON-157927621 tempest-DeleteServersTestJSON-157927621-project] [instance: 0ccc0144-bf7b-4e80-9759-24323907b5f7] Fetching instance by UUID {{(pid=118866) get /opt/stack/nova/nova/compute/api.py:2791}}
Jul 28 18:47:58.339253 dv-cinder-802653-1-smb devstack@n-api.service[118866]: DEBUG oslo_concurrency.lockutils [None req-703e47f8-c8d5-4274-a65e-17fabf8d1e3a tempest-DeleteServersTestJSON-157927621 tempest-DeleteServersTestJSON-157927621-project] Lock "96060782-4ca1-44ba-8970-a9013481a0fb" acquired by "nova.context.set_target_cell..get_or_set_cached_cell_and_set_connections" :: waited 0.000s {{(pid=118866) inner /usr/local/lib/python3.8/dist-packages/oslo_concurrency/lockutils.py:355}}
Jul 28 18:47:58.343361 dv-cinder-802653-1-smb devstack@n-api.service[118866]: DEBUG oslo_concurrency.lockutils [None req-703e47f8-c8d5-4274-a65e-17fabf8d1e3a tempest-DeleteServersTestJSON-157927621 tempest-DeleteServersTestJSON-157927621-project] Lock "96060782-4ca1-44ba-8970-a9013481a0fb" released by "nova.context.set_target_cell..get_or_set_cached_cell_and_set_connections" :: held 0.004s {{(pid=118866) inner /usr/local/lib/python3.8/dist-packages/oslo_concurrency/lockutils.py:367}}
Jul 28 18:47:58.350179 dv-cinder-802653-1-smb devstack@n-api.service[118866]: DEBUG oslo_concurrency.lockutils [None req-703e47f8-c8d5-4274-a65e-17fabf8d1e3a tempest-DeleteServersTestJSON-157927621 tempest-DeleteServersTestJSON-157927621-project] Lock "96060782-4ca1-44ba-8970-a9013481a0fb" acquired by "nova.context.set_target_cell..get_or_set_cached_cell_and_set_connections" :: waited 0.002s {{(pid=118866) inner /usr/local/lib/python3.8/dist-packages/oslo_concurrency/lockutils.py:355}}
Jul 28 18:47:58.352121 dv-cinder-802653-1-smb devstack@n-api.service[118866]: DEBUG oslo_concurrency.lockutils [None req-703e47f8-c8d5-4274-a65e-17fabf8d1e3a tempest-DeleteServersTestJSON-157927621 tempest-DeleteServersTestJSON-157927621-project] Lock "96060782-4ca1-44ba-8970-a9013481a0fb" released by "nova.context.set_target_cell..get_or_set_cached_cell_and_set_connections" :: held 0.002s {{(pid=118866) inner /usr/local/lib/python3.8/dist-packages/oslo_concurrency/lockutils.py:367}}
Jul 28 18:47:58.475213 dv-cinder-802653-1-smb devstack@n-api.service[118867]: DEBUG nova.network.neutron [None req-6a58b3f3-1669-4543-a9a7-99512073ced7 tempest-ServerRescueNegativeTestJSON-1906830985 tempest-ServerRescueNegativeTestJSON-1906830985-project] validate_networks() for [('fa3607c6-2570-4938-9981-4b343ffac33b', None, None, None)] {{(pid=118867) validate_networks /opt/stack/nova/nova/network/neutron.py:2255}}
Jul 28 18:47:58.650525 dv-cinder-802653-1-smb devstack@n-api.service[118866]: DEBUG nova.policy [None req-703e47f8-c8d5-4274-a65e-17fabf8d1e3a tempest-DeleteServersTestJSON-157927621 tempest-DeleteServersTestJSON-157927621-project] Policy check for os_compute_api:os-extended-server-attributes failed with credentials {'is_admin': False, 'user_id': '6171cf3d60fa42fe8d1b0cdfc324437f', 'user_domain_id': 'default', 'system_scope': None, 'domain_id': None, 'project_id': '9416136531054dfa87c49ededa1500fd', 'project_domain_id': 'default', 'roles': ['reader', 'member'], 'is_admin_project': True, 'service_user_id': None, 'service_user_domain_id': None, 'service_project_id': None, 'service_project_domain_id': None, 'service_roles': []} {{(pid=118866) authorize /opt/stack/nova/nova/policy.py:199}}
Jul 28 18:47:58.663189 dv-cinder-802653-1-smb devstack@n-api.service[118866]: INFO nova.api.openstack.requestlog [None req-703e47f8-c8d5-4274-a65e-17fabf8d1e3a tempest-DeleteServersTestJSON-157927621 tempest-DeleteServersTestJSON-157927621-project] 10.222.0.24 "GET /compute/v2.1/servers/0ccc0144-bf7b-4e80-9759-24323907b5f7" status: 200 len: 1273 microversion: 2.1 time: 0.356574
Jul 28 18:47:58.670214 dv-cinder-802653-1-smb devstack@n-api.service[118866]: [pid: 118866|app: 0|req: 17/30] 10.222.0.24 () {58 vars in 1236 bytes} [Wed Jul 28 18:47:58 2021] GET /compute/v2.1/servers/0ccc0144-bf7b-4e80-9759-24323907b5f7 => generated 1273 bytes in 365 msecs (HTTP/1.1 200) 9 headers in 358 bytes (1 switches on core 0)
Jul 28 18:47:58.769091 dv-cinder-802653-1-smb devstack@n-api.service[118866]: DEBUG nova.api.openstack.wsgi [None req-2650c547-b3d8-4e13-913f-3496d283e775 tempest-AttachVolumeNegativeTest-1590184824 tempest-AttachVolumeNegativeTest-1590184824-project] Calling method '>' {{(pid=118866) _process_stack /opt/stack/nova/nova/api/openstack/wsgi.py:513}}
Jul 28 18:47:58.770139 dv-cinder-802653-1-smb devstack@n-api.service[118866]: DEBUG nova.compute.api [None req-2650c547-b3d8-4e13-913f-3496d283e775 tempest-AttachVolumeNegativeTest-1590184824 tempest-AttachVolumeNegativeTest-1590184824-project] [instance: 283d6ce8-7889-463c-b109-e561c4f8cc97] Fetching instance by UUID {{(pid=118866) get /opt/stack/nova/nova/compute/api.py:2791}}
Jul 28 18:47:58.784670 dv-cinder-802653-1-smb devstack@n-api.service[118866]: DEBUG oslo_concurrency.lockutils [None req-2650c547-b3d8-4e13-913f-3496d283e775 tempest-AttachVolumeNegativeTest-1590184824 tempest-AttachVolumeNegativeTest-1590184824-project] Lock "96060782-4ca1-44ba-8970-a9013481a0fb" acquired by "nova.context.set_target_cell..get_or_set_cached_cell_and_set_connections" :: waited 0.000s {{(pid=118866) inner /usr/local/lib/python3.8/dist-packages/oslo_concurrency/lockutils.py:355}}
Jul 28 18:47:58.787724 dv-cinder-802653-1-smb devstack@n-api.service[118866]: DEBUG oslo_concurrency.lockutils [None req-2650c547-b3d8-4e13-913f-3496d283e775 tempest-AttachVolumeNegativeTest-1590184824 tempest-AttachVolumeNegativeTest-1590184824-project] Lock "96060782-4ca1-44ba-8970-a9013481a0fb" released by "nova.context.set_target_cell..get_or_set_cached_cell_and_set_connections" :: held 0.002s {{(pid=118866) inner /usr/local/lib/python3.8/dist-packages/oslo_concurrency/lockutils.py:367}}
Jul 28 18:47:58.789549 dv-cinder-802653-1-smb devstack@n-api.service[118866]: DEBUG oslo_concurrency.lockutils [None req-2650c547-b3d8-4e13-913f-3496d283e775 tempest-AttachVolumeNegativeTest-1590184824 tempest-AttachVolumeNegativeTest-1590184824-project] Lock "96060782-4ca1-44ba-8970-a9013481a0fb" acquired by "nova.context.set_target_cell..get_or_set_cached_cell_and_set_connections" :: waited 0.000s {{(pid=118866) inner /usr/local/lib/python3.8/dist-packages/oslo_concurrency/lockutils.py:355}}
Jul 28 18:47:58.790773 dv-cinder-802653-1-smb devstack@n-api.service[118866]: DEBUG oslo_concurrency.lockutils [None req-2650c547-b3d8-4e13-913f-3496d283e775 tempest-AttachVolumeNegativeTest-1590184824 tempest-AttachVolumeNegativeTest-1590184824-project] Lock "96060782-4ca1-44ba-8970-a9013481a0fb" released by "nova.context.set_target_cell..get_or_set_cached_cell_and_set_connections" :: held 0.001s {{(pid=118866) inner /usr/local/lib/python3.8/dist-packages/oslo_concurrency/lockutils.py:367}}
Jul 28 18:47:58.985222 dv-cinder-802653-1-smb devstack@n-api.service[118866]: DEBUG nova.policy [None req-2650c547-b3d8-4e13-913f-3496d283e775 tempest-AttachVolumeNegativeTest-1590184824 tempest-AttachVolumeNegativeTest-1590184824-project] Policy check for os_compute_api:os-extended-server-attributes failed with credentials {'is_admin': False, 'user_id': 'a1e77a66b16a42d58d3ffbfe61b1d588', 'user_domain_id': 'default', 'system_scope': None, 'domain_id': None, 'project_id': 'c739db7ea3d84397a02973f67b3ca08a', 'project_domain_id': 'default', 'roles': ['reader', 'member'], 'is_admin_project': True, 'service_user_id': None, 'service_user_domain_id': None, 'service_project_id': None, 'service_project_domain_id': None, 'service_roles': []} {{(pid=118866) authorize /opt/stack/nova/nova/policy.py:199}}
Jul 28 18:47:59.002021 dv-cinder-802653-1-smb devstack@n-api.service[118866]: INFO nova.api.openstack.requestlog [None req-2650c547-b3d8-4e13-913f-3496d283e775 tempest-AttachVolumeNegativeTest-1590184824 tempest-AttachVolumeNegativeTest-1590184824-project] 10.222.0.24 "GET /compute/v2.1/servers/283d6ce8-7889-463c-b109-e561c4f8cc97" status: 200 len: 1275 microversion: 2.1 time: 0.238318
Jul 28 18:47:59.005779 dv-cinder-802653-1-smb devstack@n-api.service[118866]: [pid: 118866|app: 0|req: 18/31] 10.222.0.24 () {58 vars in 1236 bytes} [Wed Jul 28 18:47:58 2021] GET /compute/v2.1/servers/283d6ce8-7889-463c-b109-e561c4f8cc97 => generated 1275 bytes in 245 msecs (HTTP/1.1 200) 9 headers in 358 bytes (2 switches on core 0)
Jul 28 18:47:59.681547 dv-cinder-802653-1-smb devstack@n-api.service[118866]: DEBUG nova.api.openstack.wsgi [None req-b809e941-1eaf-4ab5-9d6b-49a3d55e0629 tempest-DeleteServersTestJSON-157927621 tempest-DeleteServersTestJSON-157927621-project] Calling method '>' {{(pid=118866) _process_stack /opt/stack/nova/nova/api/openstack/wsgi.py:513}}
Jul 28 18:47:59.682412 dv-cinder-802653-1-smb devstack@n-api.service[118866]: DEBUG nova.compute.api [None req-b809e941-1eaf-4ab5-9d6b-49a3d55e0629 tempest-DeleteServersTestJSON-157927621 tempest-DeleteServersTestJSON-157927621-project] [instance: 0ccc0144-bf7b-4e80-9759-24323907b5f7] Fetching instance by UUID {{(pid=118866) get /opt/stack/nova/nova/compute/api.py:2791}}
Jul 28 18:47:59.691975 dv-cinder-802653-1-smb devstack@n-api.service[118866]: DEBUG oslo_concurrency.lockutils [None req-b809e941-1eaf-4ab5-9d6b-49a3d55e0629 tempest-DeleteServersTestJSON-157927621 tempest-DeleteServersTestJSON-157927621-project] Lock "96060782-4ca1-44ba-8970-a9013481a0fb" acquired by "nova.context.set_target_cell..get_or_set_cached_cell_and_set_connections" :: waited 0.000s {{(pid=118866) inner /usr/local/lib/python3.8/dist-packages/oslo_concurrency/lockutils.py:355}}
Jul 28 18:47:59.706109 dv-cinder-802653-1-smb devstack@n-api.service[118866]: DEBUG oslo_concurrency.lockutils [None req-b809e941-1eaf-4ab5-9d6b-49a3d55e0629 tempest-DeleteServersTestJSON-157927621 tempest-DeleteServersTestJSON-157927621-project] Lock "96060782-4ca1-44ba-8970-a9013481a0fb" released by "nova.context.set_target_cell..get_or_set_cached_cell_and_set_connections" :: held 0.014s {{(pid=118866) inner /usr/local/lib/python3.8/dist-packages/oslo_concurrency/lockutils.py:367}}
Jul 28 18:47:59.708733 dv-cinder-802653-1-smb devstack@n-api.service[118866]: DEBUG oslo_concurrency.lockutils [None req-b809e941-1eaf-4ab5-9d6b-49a3d55e0629 tempest-DeleteServersTestJSON-157927621 tempest-DeleteServersTestJSON-157927621-project] Lock "96060782-4ca1-44ba-8970-a9013481a0fb" acquired by "nova.context.set_target_cell..get_or_set_cached_cell_and_set_connections" :: waited 0.000s {{(pid=118866) inner /usr/local/lib/python3.8/dist-packages/oslo_concurrency/lockutils.py:355}}
Jul 28 18:47:59.710783 dv-cinder-802653-1-smb devstack@n-api.service[118866]: DEBUG oslo_concurrency.lockutils [None req-b809e941-1eaf-4ab5-9d6b-49a3d55e0629 tempest-DeleteServersTestJSON-157927621 tempest-DeleteServersTestJSON-157927621-project] Lock "96060782-4ca1-44ba-8970-a9013481a0fb" released by "nova.context.set_target_cell..get_or_set_cached_cell_and_set_connections" :: held 0.002s {{(pid=118866) inner /usr/local/lib/python3.8/dist-packages/oslo_concurrency/lockutils.py:367}}
Jul 28 18:48:00.477640 dv-cinder-802653-1-smb devstack@n-api.service[118867]: DEBUG nova.virt.hardware [None req-6a58b3f3-1669-4543-a9a7-99512073ced7 tempest-ServerRescueNegativeTestJSON-1906830985 tempest-ServerRescueNegativeTestJSON-1906830985-project] Flavor limits 0:0:0 {{(pid=118867) get_cpu_topology_constraints /opt/stack/nova/nova/virt/hardware.py:343}}
Jul 28 18:48:00.479025 dv-cinder-802653-1-smb devstack@n-api.service[118867]: DEBUG nova.virt.hardware [None req-6a58b3f3-1669-4543-a9a7-99512073ced7 tempest-ServerRescueNegativeTestJSON-1906830985 tempest-ServerRescueNegativeTestJSON-1906830985-project] Image limits 0:0:0 {{(pid=118867) get_cpu_topology_constraints /opt/stack/nova/nova/virt/hardware.py:347}}
Jul 28 18:48:00.479704 dv-cinder-802653-1-smb devstack@n-api.service[118867]: DEBUG nova.virt.hardware [None req-6a58b3f3-1669-4543-a9a7-99512073ced7 tempest-ServerRescueNegativeTestJSON-1906830985 tempest-ServerRescueNegativeTestJSON-1906830985-project] Flavor pref 0:0:0 {{(pid=118867) get_cpu_topology_constraints /opt/stack/nova/nova/virt/hardware.py:383}}
Jul 28 18:48:00.480275 dv-cinder-802653-1-smb devstack@n-api.service[118867]: DEBUG nova.virt.hardware [None req-6a58b3f3-1669-4543-a9a7-99512073ced7 tempest-ServerRescueNegativeTestJSON-1906830985 tempest-ServerRescueNegativeTestJSON-1906830985-project] Image pref 0:0:0 {{(pid=118867) get_cpu_topology_constraints /opt/stack/nova/nova/virt/hardware.py:387}}
Jul 28 18:48:00.484100 dv-cinder-802653-1-smb devstack@n-api.service[118867]: DEBUG nova.virt.hardware [None req-6a58b3f3-1669-4543-a9a7-99512073ced7 tempest-ServerRescueNegativeTestJSON-1906830985 tempest-ServerRescueNegativeTestJSON-1906830985-project] Chose sockets=0, cores=0, threads=0; limits were sockets=65536, cores=65536, threads=65536 {{(pid=118867) get_cpu_topology_constraints /opt/stack/nova/nova/virt/hardware.py:425}}
Jul 28 18:48:00.514270 dv-cinder-802653-1-smb devstack@n-api.service[118867]: DEBUG oslo_concurrency.lockutils [None req-6a58b3f3-1669-4543-a9a7-99512073ced7 tempest-ServerRescueNegativeTestJSON-1906830985 tempest-ServerRescueNegativeTestJSON-1906830985-project] Lock "00000000-0000-0000-0000-000000000000" acquired by "nova.context.set_target_cell..get_or_set_cached_cell_and_set_connections" :: waited 0.000s {{(pid=118867) inner /usr/local/lib/python3.8/dist-packages/oslo_concurrency/lockutils.py:355}}
