Jul 23 16:15:50.588650 dv-cinder-802036-1-smb neutron-server[78584]: DEBUG neutron_lib.callbacks.manager [req-058a8612-a04d-4621-ac58-27c74d53d294 req-41abf746-51c1-4800-bfe4-f522cd930665 service neutron] Notify callbacks ['neutron.plugins.ml2.plugin.SecurityGroupServerNotifierRpcMixin.notify_sg_on_port_change-1852877', 'neutron.plugins.ml2.ovo_rpc._ObjectChangeHandler.handle_event-1006779', 'neutron.api.rpc.agentnotifiers.dhcp_rpc_agent_api.DhcpAgentNotifyAPI._native_event_send_dhcp_notification-543998', 'neutron.db.l3_db.L3RpcNotifierMixin._notify_gateway_port_ip_changed-8776707533635', 'neutron.db.l3_dvrscheduler_db._notify_l3_agent_port_update-8776707068474', 'neutron.db.l3_hascheduler_db._notify_l3_agent_ha_port_update-8776707068519'] for port, after_update {{(pid=78584) _notify_loop /usr/local/lib/python3.8/dist-packages/neutron_lib/callbacks/manager.py:192}}
Jul 23 16:15:50.594219 dv-cinder-802036-1-smb neutron-server[78584]: INFO neutron.wsgi [None req-672aeee4-4f0b-470a-8970-563d6091acaa admin admin] 10.222.0.76 "GET /v2.0/security-groups?tenant_id=1d90c1d49f184ce28effa841a2346042&name=default HTTP/1.1" status: 200 len: 2979 time: 3.4267981
Jul 23 16:15:50.603496 dv-cinder-802036-1-smb neutron-server[78583]: DEBUG neutron.pecan_wsgi.hooks.policy_enforcement [req-f97be7f5-8fb0-47b2-afd2-424916f45655 req-ec404fbc-9dd3-4a75-951e-3feebfafdda5 tempest-DeleteServersTestJSON-595346591 tempest-DeleteServersTestJSON-595346591-project] Attributes excluded by policy engine: ['standard_attr_id', 'binding:profile', 'binding:host_id', 'binding:vif_type', 'binding:vif_details'] {{(pid=78583) _exclude_attributes_by_policy /opt/stack/neutron/neutron/pecan_wsgi/hooks/policy_enforcement.py:255}}
Jul 23 16:15:50.605716 dv-cinder-802036-1-smb neutron-server[78584]: DEBUG neutron.wsgi [-] (78584) accepted ('10.222.0.76', 54442) {{(pid=78584) server /usr/local/lib/python3.8/dist-packages/eventlet/wsgi.py:992}}
Jul 23 16:15:50.628227 dv-cinder-802036-1-smb neutron-server[78583]: INFO neutron.wsgi [req-f97be7f5-8fb0-47b2-afd2-424916f45655 req-ec404fbc-9dd3-4a75-951e-3feebfafdda5 tempest-DeleteServersTestJSON-595346591 tempest-DeleteServersTestJSON-595346591-project] 10.222.0.76 "GET /v2.0/ports?device_id=75c0b3a6-775b-4971-9d6d-164181c4f177 HTTP/1.1" status: 200 len: 944 time: 0.6047003
Jul 23 16:15:50.662545 dv-cinder-802036-1-smb neutron-server[78584]: DEBUG oslo_concurrency.lockutils [None req-bd66a871-50d0-4dd7-a535-2ae4a94ea8ac admin admin] Lock "event-dispatch" acquired by "neutron.plugins.ml2.ovo_rpc._ObjectChangeHandler.dispatch_events" :: waited 0.000s {{(pid=78584) inner /usr/local/lib/python3.8/dist-packages/oslo_concurrency/lockutils.py:355}}
Jul 23 16:15:50.736786 dv-cinder-802036-1-smb neutron-server[78583]: DEBUG neutron.api.v2.base [None req-07e3a68e-f413-4eb4-82e1-52dd26d91bda tempest-AttachVolumeTestJSON-1187093085 tempest-AttachVolumeTestJSON-1187093085-project] Request body: {'security_group': {'name': 'tempest-securitygroup--1298898438', 'description': 'tempest-description--812298605'}} {{(pid=78583) prepare_request_body /opt/stack/neutron/neutron/api/v2/base.py:729}}
Jul 23 16:15:50.749796 dv-cinder-802036-1-smb neutron-server[78583]: DEBUG neutron_lib.callbacks.manager [None req-ab52865f-082a-46d2-bc5a-8c72a6078f9b admin admin] Notify callbacks [] for security_group, before_create {{(pid=78583) _notify_loop /usr/local/lib/python3.8/dist-packages/neutron_lib/callbacks/manager.py:192}}
Jul 23 16:15:50.754438 dv-cinder-802036-1-smb neutron-server[78585]: DEBUG neutron.db.provisioning_blocks [None req-83582c17-1d7e-4efa-acbe-954b007d0841 None None] Provisioning complete for port 87e50287-bf66-49fb-9c4d-0ecff9d57b64 triggered by entity L2. {{(pid=78585) provisioning_complete /opt/stack/neutron/neutron/db/provisioning_blocks.py:139}}
Jul 23 16:15:50.760076 dv-cinder-802036-1-smb neutron-server[78585]: DEBUG neutron_lib.callbacks.manager [None req-83582c17-1d7e-4efa-acbe-954b007d0841 None None] Notify callbacks ['neutron.plugins.ml2.plugin.Ml2Plugin._port_provisioned-1182164'] for port, provisioning_complete {{(pid=78585) _notify_loop /usr/local/lib/python3.8/dist-packages/neutron_lib/callbacks/manager.py:192}}
Jul 23 16:15:50.824201 dv-cinder-802036-1-smb neutron-server[78583]: DEBUG neutron.db.quota.driver [None req-ab52865f-082a-46d2-bc5a-8c72a6078f9b admin admin] Resources subnetpool have unlimited quota limit. It is not required to calculate headroom {{(pid=78583) make_reservation /opt/stack/neutron/neutron/db/quota/driver.py:219}}
Jul 23 16:15:50.830067 dv-cinder-802036-1-smb neutron-server[78583]: DEBUG neutron.db.quota.driver [None req-07e3a68e-f413-4eb4-82e1-52dd26d91bda tempest-AttachVolumeTestJSON-1187093085 tempest-AttachVolumeTestJSON-1187093085-project] Resources subnetpool have unlimited quota limit. It is not required to calculate headroom {{(pid=78583) make_reservation /opt/stack/neutron/neutron/db/quota/driver.py:219}}
Jul 23 16:15:50.854891 dv-cinder-802036-1-smb neutron-server[78583]: DEBUG neutron.quota.resource [None req-07e3a68e-f413-4eb4-82e1-52dd26d91bda tempest-AttachVolumeTestJSON-1187093085 tempest-AttachVolumeTestJSON-1187093085-project] Usage tracker for resource:security_group and tenant:473f4fc062fd4dcaac5767370944c4de is out of sync, need to count used quota {{(pid=78583) count_used /opt/stack/neutron/neutron/quota/resource.py:270}}
Jul 23 16:15:50.860368 dv-cinder-802036-1-smb neutron-server[78583]: DEBUG neutron.quota.resource [None req-07e3a68e-f413-4eb4-82e1-52dd26d91bda tempest-AttachVolumeTestJSON-1187093085 tempest-AttachVolumeTestJSON-1187093085-project] Quota usage for security_group was recalculated. Used quota:1. {{(pid=78583) count_used /opt/stack/neutron/neutron/quota/resource.py:290}}
Jul 23 16:15:50.863790 dv-cinder-802036-1-smb neutron-server[78584]: DEBUG neutron.pecan_wsgi.hooks.policy_enforcement [req-058a8612-a04d-4621-ac58-27c74d53d294 req-41abf746-51c1-4800-bfe4-f522cd930665 service neutron] Attributes excluded by policy engine: ['standard_attr_id'] {{(pid=78584) _exclude_attributes_by_policy /opt/stack/neutron/neutron/pecan_wsgi/hooks/policy_enforcement.py:255}}
Jul 23 16:15:50.864500 dv-cinder-802036-1-smb neutron-server[78584]: DEBUG neutron_lib.callbacks.manager [req-058a8612-a04d-4621-ac58-27c74d53d294 req-41abf746-51c1-4800-bfe4-f522cd930665 service neutron] Notify callbacks ['neutron.notifiers.nova.Notifier._send_nova_notification-991832', 'neutron.api.rpc.agentnotifiers.dhcp_rpc_agent_api.DhcpAgentNotifyAPI._send_dhcp_notification-543976'] for port, before_response {{(pid=78584) _notify_loop /usr/local/lib/python3.8/dist-packages/neutron_lib/callbacks/manager.py:192}}
Jul 23 16:15:50.865590 dv-cinder-802036-1-smb neutron-server[78583]: DEBUG neutron.quota.resource [None req-ab52865f-082a-46d2-bc5a-8c72a6078f9b admin admin] Usage tracker for resource:security_group_rule and tenant:4d24cc7d527d4b5c8a74b7c99a671d4e is out of sync, need to count used quota {{(pid=78583) count_used /opt/stack/neutron/neutron/quota/resource.py:270}}
Jul 23 16:15:50.866456 dv-cinder-802036-1-smb neutron-server[78584]: INFO neutron.wsgi [req-058a8612-a04d-4621-ac58-27c74d53d294 req-41abf746-51c1-4800-bfe4-f522cd930665 service neutron] 10.222.0.88 "PUT /v2.0/ports/501dd7ad-bc76-4713-9a5e-8662c43fddf6 HTTP/1.1" status: 200 len: 1094 time: 8.6938713
Jul 23 16:15:50.902237 dv-cinder-802036-1-smb neutron-server[78584]: DEBUG neutron.notifiers.nova [-] Sending events: [{'name': 'network-changed', 'server_uuid': '75c0b3a6-775b-4971-9d6d-164181c4f177', 'tag': '501dd7ad-bc76-4713-9a5e-8662c43fddf6'}] {{(pid=78584) send_events /opt/stack/neutron/neutron/notifiers/nova.py:262}}
Jul 23 16:15:50.956183 dv-cinder-802036-1-smb neutron-server[78583]: DEBUG neutron.db.quota.driver [None req-07e3a68e-f413-4eb4-82e1-52dd26d91bda tempest-AttachVolumeTestJSON-1187093085 tempest-AttachVolumeTestJSON-1187093085-project] Attempting to reserve 1 items for resource security_group. Total usage: 1; quota limit: 100; headroom:99 {{(pid=78583) make_reservation /opt/stack/neutron/neutron/db/quota/driver.py:246}}
Jul 23 16:15:50.958248 dv-cinder-802036-1-smb neutron-server[78583]: DEBUG neutron.quota.resource [None req-ab52865f-082a-46d2-bc5a-8c72a6078f9b admin admin] Quota usage for security_group_rule was recalculated. Used quota:0. {{(pid=78583) count_used /opt/stack/neutron/neutron/quota/resource.py:290}}
Jul 23 16:15:50.963577 dv-cinder-802036-1-smb neutron-server[78583]: INFO neutron.wsgi [req-f97be7f5-8fb0-47b2-afd2-424916f45655 req-0a37d5ef-6e3c-4994-8d8e-6cbb144baa70 tempest-DeleteServersTestJSON-595346591 tempest-DeleteServersTestJSON-595346591-project] 10.222.0.76 "GET /v2.0/security-groups?id=52a5f39d-4fc2-4b8c-b8e1-cdab22b41a24&fields=id&fields=name HTTP/1.1" status: 200 len: 286 time: 0.3344977
Jul 23 16:15:50.991438 dv-cinder-802036-1-smb neutron-server[78583]: DEBUG neutron_lib.callbacks.manager [None req-c6411980-e065-4309-82bc-91be1dc85d29 tempest-AttachVolumeShelveTestJSON-756870928 tempest-AttachVolumeShelveTestJSON-756870928-project] Notify callbacks [] for security_group_rule, precommit_create {{(pid=78583) _notify_loop /usr/local/lib/python3.8/dist-packages/neutron_lib/callbacks/manager.py:192}}
Jul 23 16:15:51.017651 dv-cinder-802036-1-smb neutron-server[78583]: DEBUG neutron.db.quota.driver [None req-ab52865f-082a-46d2-bc5a-8c72a6078f9b admin admin] Attempting to reserve 4 items for resource security_group_rule. Total usage: 0; quota limit: 100; headroom:100 {{(pid=78583) make_reservation /opt/stack/neutron/neutron/db/quota/driver.py:246}}
Jul 23 16:15:51.018157 dv-cinder-802036-1-smb neutron-server[78586]: DEBUG neutron.db.l3_hamode_db [None req-095c48ad-8fbc-468f-9faa-4c8c0f7823f2 None None] neutron.services.l3_router.l3_router_plugin.L3RouterPlugin method _process_sync_ha_data called with arguments (, [{'id': '65130463-6cd9-4a3b-977e-a9af59d939b1', 'name': 'tempest-AttachVolumeTestJSON-45576485-router', 'tenant_id': '473f4fc062fd4dcaac5767370944c4de', 'admin_state_up': True, 'status': 'ACTIVE', 'external_gateway_info': {'network_id': '80087887-44f3-4740-b360-651004434b14', 'external_fixed_ips': [{'subnet_id': '9af2dd9d-0a00-4642-9a8e-0ded0632b4d2', 'ip_address': '172.28.2.241'}], 'enable_snat': True}, 'gw_port_id': '87e50287-bf66-49fb-9c4d-0ecff9d57b64', 'description': '', 'availability_zones': ['nova'], 'distributed': False, 'ha': False, 'ha_vr_id': 0, 'availability_zone_hints': [], 'routes': [], 'flavor_id': None, 'tags': [], 'created_at': '2021-07-23T16:15:27Z', 'updated_at': '2021-07-23T16:15:44Z', 'revision_number': 4, 'project_id': '473f4fc062fd4dcaac5767370944c4de', 'gw_port': {'id': '87e50287-bf66-49fb-9c4d-0ecff9d57b64', 'name': '', 'network_id': '80087887-44f3-4740-b360-651004434b14', 'tenant_id': '', 'mac_address': 'fa:16:3e:36:5d:4a', 'admin_state_up': True, 'status': 'ACTIVE', 'device_id': '65130463-6cd9-4a3b-977e-a9af59d939b1', 'device_owner': 'network:router_gateway', 'standard_attr_id': 79, 'fixed_ips': [{'subnet_id': '9af2dd9d-0a00-4642-9a8e-0ded0632b4d2', 'ip_address': '172.28.2.241', 'prefixlen': 24}], 'allowed_address_pairs': [], 'extra_dhcp_opts': [], 'security_groups': [], 'description': '', 'binding:vnic_type': 'normal', 'binding:profile': {}, 'binding:host_id': 'dv-cinder-802036-1-smb', 'binding:vif_type': 'ovs', 'binding:vif_details': {'connectivity': 'l2', 'port_filter': True, 'ovs_hybrid_plug': False, 'datapath_type': 'system', 'bridge_name': 'br-int'}, 'port_security_enabled': False, 'tags': [], 'created_at': '2021-07-23T16:15:31Z', 'updated_at': '2021-07-23T16:15:46Z', 'revision_number': 4, 'project_id': '', 'subnets': [{'id': '9af2dd9d-0a00-4642-9a8e-0ded0632b4d2', 'cidr': '172.28.2.0/24', 'gateway_ip': '172.28.2.1', 'dns_nameservers': [], 'ipv6_ra_mode': None, 'subnetpool_id': None}], 'extra_subnets': [], 'address_scopes': {4: None, 6: None}, 'mtu': 1500}, 'enable_snat': True, 'gw_port_host': 'dv-cinder-802036-1-smb', '_interfaces': [{'id': '41805152-bbb3-458d-9669-4a24c8147da0', 'name': '', 'network_id': 'e1ca1912-5243-42a2-8607-b50e9ed457ff', 'tenant_id': '473f4fc062fd4dcaac5767370944c4de', 'mac_address': 'fa:16:3e:3e:59:b7', 'admin_state_up': True, 'status': 'DOWN', 'device_id': '65130463-6cd9-4a3b-977e-a9af59d939b1', 'device_owner': 'network:router_interface', 'standard_attr_id': 98, 'fixed_ips': [{'subnet_id': '24b5cb7a-e833-4ed0-a85a-2d7a2c2e6f1c', 'ip_address': '172.20.0.1', 'prefixlen': 28}], 'allowed_address_pairs': [], 'extra_dhcp_opts': [], 'security_groups': [], 'description': '', 'binding:vnic_type': 'normal', 'binding:profile': {}, 'binding:host_id': '', 'binding:vif_type': 'unbound', 'binding:vif_details': {}, 'port_security_enabled': False, 'tags': [], 'created_at': '2021-07-23T16:15:40Z', 'updated_at': '2021-07-23T16:15:44Z', 'revision_number': 2, 'project_id': '473f4fc062fd4dcaac5767370944c4de', 'subnets': [{'id': '24b5cb7a-e833-4ed0-a85a-2d7a2c2e6f1c', 'cidr': '172.20.0.0/28', 'gateway_ip': '172.20.0.1', 'dns_nameservers': [], 'ipv6_ra_mode': None, 'subnetpool_id': None}], 'extra_subnets': [], 'address_scopes': {4: None, 6: None}, 'mtu': 1500}]}], 'dv-cinder-802036-1-smb', False) {} {{(pid=78586) wrapper /usr/local/lib/python3.8/dist-packages/oslo_log/helpers.py:65}}
Jul 23 16:15:51.023752 dv-cinder-802036-1-smb neutron-server[78583]: DEBUG neutron_lib.callbacks.manager [None req-c6411980-e065-4309-82bc-91be1dc85d29 tempest-AttachVolumeShelveTestJSON-756870928 tempest-AttachVolumeShelveTestJSON-756870928-project] Notify callbacks ['neutron.plugins.ml2.ovo_rpc._ObjectChangeHandler.handle_event-336698'] for security_group_rule, after_create {{(pid=78583) _notify_loop /usr/local/lib/python3.8/dist-packages/neutron_lib/callbacks/manager.py:192}}
Jul 23 16:15:51.031456 dv-cinder-802036-1-smb neutron-server[78583]: DEBUG oslo_concurrency.lockutils [-] Lock "event-dispatch" acquired by "neutron.plugins.ml2.ovo_rpc._ObjectChangeHandler.dispatch_events" :: waited 0.000s {{(pid=78583) inner /usr/local/lib/python3.8/dist-packages/oslo_concurrency/lockutils.py:355}}
Jul 23 16:15:51.046941 dv-cinder-802036-1-smb neutron-server[78586]: DEBUG neutron.api.rpc.handlers.l3_rpc [None req-095c48ad-8fbc-468f-9faa-4c8c0f7823f2 None None] Checking router: 65130463-6cd9-4a3b-977e-a9af59d939b1 for host: dv-cinder-802036-1-smb {{(pid=78586) _ensure_host_set_on_ports /opt/stack/neutron/neutron/api/rpc/handlers/l3_rpc.py:155}}
Jul 23 16:15:51.047323 dv-cinder-802036-1-smb neutron-server[78586]: DEBUG neutron.api.rpc.handlers.l3_rpc [None req-095c48ad-8fbc-468f-9faa-4c8c0f7823f2 None None] Updating router 65130463-6cd9-4a3b-977e-a9af59d939b1 port 41805152-bbb3-458d-9669-4a24c8147da0 binding host dv-cinder-802036-1-smb {{(pid=78586) _ensure_host_set_on_port /opt/stack/neutron/neutron/api/rpc/handlers/l3_rpc.py:205}}
Jul 23 16:15:51.070084 dv-cinder-802036-1-smb neutron-server[78583]: DEBUG neutron_lib.callbacks.manager [None req-07e3a68e-f413-4eb4-82e1-52dd26d91bda tempest-AttachVolumeTestJSON-1187093085 tempest-AttachVolumeTestJSON-1187093085-project] Notify callbacks [] for security_group, before_create {{(pid=78583) _notify_loop /usr/local/lib/python3.8/dist-packages/neutron_lib/callbacks/manager.py:192}}
Jul 23 16:15:51.089181 dv-cinder-802036-1-smb neutron-server[78583]: DEBUG neutron_lib.callbacks.manager [None req-c6411980-e065-4309-82bc-91be1dc85d29 tempest-AttachVolumeShelveTestJSON-756870928 tempest-AttachVolumeShelveTestJSON-756870928-project] Notify callbacks [] for security_group_rule, before_response {{(pid=78583) _notify_loop /usr/local/lib/python3.8/dist-packages/neutron_lib/callbacks/manager.py:192}}
Jul 23 16:15:51.090769 dv-cinder-802036-1-smb neutron-server[78583]: INFO neutron.wsgi [None req-c6411980-e065-4309-82bc-91be1dc85d29 tempest-AttachVolumeShelveTestJSON-756870928 tempest-AttachVolumeShelveTestJSON-756870928-project] 10.222.0.76 "POST /v2.0/security-group-rules HTTP/1.1" status: 201 len: 769 time: 1.1310730
Jul 23 16:15:51.101472 dv-cinder-802036-1-smb neutron-server[78583]: DEBUG neutron.api.rpc.handlers.resources_rpc [None req-c6411980-e065-4309-82bc-91be1dc85d29 tempest-AttachVolumeShelveTestJSON-756870928 tempest-AttachVolumeShelveTestJSON-756870928-project] Pushing event updated for resources: {'SecurityGroupRule': ['ID=b723390d-3f67-4424-a5f7-e27fbeacf5d8,revision_number=0']} {{(pid=78583) push /opt/stack/neutron/neutron/api/rpc/handlers/resources_rpc.py:237}}
Jul 23 16:15:51.103731 dv-cinder-802036-1-smb neutron-server[78583]: DEBUG neutron.wsgi [-] (78583) accepted ('10.222.0.76', 54452) {{(pid=78583) server /usr/local/lib/python3.8/dist-packages/eventlet/wsgi.py:992}}
Jul 23 16:15:51.115538 dv-cinder-802036-1-smb neutron-server[78583]: DEBUG oslo_concurrency.lockutils [None req-c6411980-e065-4309-82bc-91be1dc85d29 tempest-AttachVolumeShelveTestJSON-756870928 tempest-AttachVolumeShelveTestJSON-756870928-project] Lock "event-dispatch" released by "neutron.plugins.ml2.ovo_rpc._ObjectChangeHandler.dispatch_events" :: held 0.084s {{(pid=78583) inner /usr/local/lib/python3.8/dist-packages/oslo_concurrency/lockutils.py:367}}
Jul 23 16:15:51.121581 dv-cinder-802036-1-smb neutron-server[78583]: DEBUG neutron.api.v2.base [None req-30823de6-b707-491b-9bb9-13f8271f6f7e tempest-AttachVolumeShelveTestJSON-756870928 tempest-AttachVolumeShelveTestJSON-756870928-project] Request body: {'floatingip': {'floating_network_id': '80087887-44f3-4740-b360-651004434b14'}} {{(pid=78583) prepare_request_body /opt/stack/neutron/neutron/api/v2/base.py:729}}
Jul 23 16:15:51.137392 dv-cinder-802036-1-smb neutron-server[78583]: DEBUG neutron.db.quota.driver [None req-07e3a68e-f413-4eb4-82e1-52dd26d91bda tempest-AttachVolumeTestJSON-1187093085 tempest-AttachVolumeTestJSON-1187093085-project] Resources subnetpool have unlimited quota limit. It is not required to calculate headroom {{(pid=78583) make_reservation /opt/stack/neutron/neutron/db/quota/driver.py:219}}
Jul 23 16:15:51.147793 dv-cinder-802036-1-smb neutron-server[78583]: DEBUG neutron.quota.resource [None req-07e3a68e-f413-4eb4-82e1-52dd26d91bda tempest-AttachVolumeTestJSON-1187093085 tempest-AttachVolumeTestJSON-1187093085-project] Usage tracker for resource:security_group_rule and tenant:473f4fc062fd4dcaac5767370944c4de is out of sync, need to count used quota {{(pid=78583) count_used /opt/stack/neutron/neutron/quota/resource.py:270}}
Jul 23 16:15:51.151374 dv-cinder-802036-1-smb neutron-server[78583]: DEBUG neutron.quota.resource [None req-07e3a68e-f413-4eb4-82e1-52dd26d91bda tempest-AttachVolumeTestJSON-1187093085 tempest-AttachVolumeTestJSON-1187093085-project] Quota usage for security_group_rule was recalculated. Used quota:4. {{(pid=78583) count_used /opt/stack/neutron/neutron/quota/resource.py:290}}
Jul 23 16:15:51.158984 dv-cinder-802036-1-smb neutron-server[78583]: DEBUG neutron.db.quota.driver [None req-07e3a68e-f413-4eb4-82e1-52dd26d91bda tempest-AttachVolumeTestJSON-1187093085 tempest-AttachVolumeTestJSON-1187093085-project] Attempting to reserve 2 items for resource security_group_rule. Total usage: 4; quota limit: 100; headroom:96 {{(pid=78583) make_reservation /opt/stack/neutron/neutron/db/quota/driver.py:246}}
Jul 23 16:15:51.214778 dv-cinder-802036-1-smb neutron-server[78586]: DEBUG neutron_lib.callbacks.manager [None req-095c48ad-8fbc-468f-9faa-4c8c0f7823f2 None None] Notify callbacks ['neutron.plugins.ml2.plugin.SecurityGroupDbMixin._ensure_default_security_group_handler-1851904'] for port, before_update {{(pid=78586) _notify_loop /usr/local/lib/python3.8/dist-packages/neutron_lib/callbacks/manager.py:192}}
Jul 23 16:15:51.254101 dv-cinder-802036-1-smb neutron-server[78583]: DEBUG neutron.db.quota.driver [None req-30823de6-b707-491b-9bb9-13f8271f6f7e tempest-AttachVolumeShelveTestJSON-756870928 tempest-AttachVolumeShelveTestJSON-756870928-project] Resources subnetpool have unlimited quota limit. It is not required to calculate headroom {{(pid=78583) make_reservation /opt/stack/neutron/neutron/db/quota/driver.py:219}}
Jul 23 16:15:51.288401 dv-cinder-802036-1-smb neutron-server[78583]: DEBUG neutron.quota.resource [None req-30823de6-b707-491b-9bb9-13f8271f6f7e tempest-AttachVolumeShelveTestJSON-756870928 tempest-AttachVolumeShelveTestJSON-756870928-project] Usage tracker for resource:floatingip and tenant:26d377ae61f143c882e045e5132dd3f4 is out of sync, need to count used quota {{(pid=78583) count_used /opt/stack/neutron/neutron/quota/resource.py:270}}
Jul 23 16:15:51.303528 dv-cinder-802036-1-smb neutron-server[78583]: DEBUG neutron.quota.resource [None req-30823de6-b707-491b-9bb9-13f8271f6f7e tempest-AttachVolumeShelveTestJSON-756870928 tempest-AttachVolumeShelveTestJSON-756870928-project] Quota usage for floatingip was recalculated. Used quota:0. {{(pid=78583) count_used /opt/stack/neutron/neutron/quota/resource.py:290}}
Jul 23 16:15:51.322051 dv-cinder-802036-1-smb neutron-server[78583]: DEBUG neutron.db.quota.driver [None req-30823de6-b707-491b-9bb9-13f8271f6f7e tempest-AttachVolumeShelveTestJSON-756870928 tempest-AttachVolumeShelveTestJSON-756870928-project] Attempting to reserve 1 items for resource floatingip. Total usage: 0; quota limit: 50; headroom:50 {{(pid=78583) make_reservation /opt/stack/neutron/neutron/db/quota/driver.py:246}}
Jul 23 16:15:51.410950 dv-cinder-802036-1-smb neutron-server[78583]: DEBUG neutron_lib.callbacks.manager [None req-07e3a68e-f413-4eb4-82e1-52dd26d91bda tempest-AttachVolumeTestJSON-1187093085 tempest-AttachVolumeTestJSON-1187093085-project] Notify callbacks [] for security_group, precommit_create {{(pid=78583) _notify_loop /usr/local/lib/python3.8/dist-packages/neutron_lib/callbacks/manager.py:192}}
Jul 23 16:15:51.450002 dv-cinder-802036-1-smb neutron-server[78583]: DEBUG neutron_lib.callbacks.manager [None req-07e3a68e-f413-4eb4-82e1-52dd26d91bda tempest-AttachVolumeTestJSON-1187093085 tempest-AttachVolumeTestJSON-1187093085-project] Notify callbacks ['neutron.plugins.ml2.ovo_rpc._ObjectChangeHandler.handle_event-336721'] for security_group, after_create {{(pid=78583) _notify_loop /usr/local/lib/python3.8/dist-packages/neutron_lib/callbacks/manager.py:192}}
Jul 23 16:15:51.465470 dv-cinder-802036-1-smb neutron-server[78583]: DEBUG oslo_concurrency.lockutils [None req-654279d6-40aa-4fad-9bc9-08bc7afe7acc admin admin] Lock "event-dispatch" acquired by "neutron.plugins.ml2.ovo_rpc._ObjectChangeHandler.dispatch_events" :: waited 0.000s {{(pid=78583) inner /usr/local/lib/python3.8/dist-packages/oslo_concurrency/lockutils.py:355}}
Jul 23 16:15:51.515349 dv-cinder-802036-1-smb neutron-server[78583]: DEBUG neutron_lib.callbacks.manager [None req-30823de6-b707-491b-9bb9-13f8271f6f7e tempest-AttachVolumeShelveTestJSON-756870928 tempest-AttachVolumeShelveTestJSON-756870928-project] Notify callbacks [] for floatingip, before_create {{(pid=78583) _notify_loop /usr/local/lib/python3.8/dist-packages/neutron_lib/callbacks/manager.py:192}}
Jul 23 16:15:51.566055 dv-cinder-802036-1-smb neutron-server[78585]: DEBUG neutron.db.l3_hamode_db [None req-2af523f7-1a9b-4d47-8bfb-04cd5518a3df None None] neutron.services.l3_router.l3_router_plugin.L3RouterPlugin method _process_sync_ha_data called with arguments (, [{'id': 'fda23af2-3d7f-4647-8dd2-e0b27f3cdb45', 'name': 'tempest-ServerRescueNegativeTestJSON-1743970749-router', 'tenant_id': 'f1e1a896ab074baa9ec90756d52a58fb', 'admin_state_up': True, 'status': 'ACTIVE', 'external_gateway_info': {'network_id': '80087887-44f3-4740-b360-651004434b14', 'external_fixed_ips': [{'subnet_id': '9af2dd9d-0a00-4642-9a8e-0ded0632b4d2', 'ip_address': '172.28.2.82'}], 'enable_snat': True}, 'gw_port_id': '74ba0b4e-2848-409d-8db4-01d81d04ec02', 'description': '', 'availability_zones': ['nova'], 'distributed': False, 'ha': False, 'ha_vr_id': 0, 'availability_zone_hints': [], 'routes': [], 'flavor_id': None, 'tags': [], 'created_at': '2021-07-23T16:15:29Z', 'updated_at': '2021-07-23T16:15:37Z', 'revision_number': 3, 'project_id': 'f1e1a896ab074baa9ec90756d52a58fb', 'gw_port': {'id': '74ba0b4e-2848-409d-8db4-01d81d04ec02', 'name': '', 'network_id': '80087887-44f3-4740-b360-651004434b14', 'tenant_id': '', 'mac_address': 'fa:16:3e:cd:6f:d8', 'admin_state_up': True, 'status': 'DOWN', 'device_id': 'fda23af2-3d7f-4647-8dd2-e0b27f3cdb45', 'device_owner': 'network:router_gateway', 'standard_attr_id': 85, 'fixed_ips': [{'subnet_id': '9af2dd9d-0a00-4642-9a8e-0ded0632b4d2', 'ip_address': '172.28.2.82', 'prefixlen': 24}], 'allowed_address_pairs': [], 'extra_dhcp_opts': [], 'security_groups': [], 'description': '', 'binding:vnic_type': 'normal', 'binding:profile': {}, 'binding:host_id': 'dv-cinder-802036-1-smb', 'binding:vif_type': 'ovs', 'binding:vif_details': {'connectivity': 'l2', 'port_filter': True, 'ovs_hybrid_plug': False, 'datapath_type': 'system', 'bridge_name': 'br-int'}, 'port_security_enabled': False, 'tags': [], 'created_at': '2021-07-23T16:15:33Z', 'updated_at': '2021-07-23T16:15:48Z', 'revision_number': 3, 'project_id': '', 'subnets': [{'id': '9af2dd9d-0a00-4642-9a8e-0ded0632b4d2', 'cidr': '172.28.2.0/24', 'gateway_ip': '172.28.2.1', 'dns_nameservers': [], 'ipv6_ra_mode': None, 'subnetpool_id': None}], 'extra_subnets': [], 'address_scopes': {4: None, 6: None}, 'mtu': 1500}, 'enable_snat': True, 'gw_port_host': 'dv-cinder-802036-1-smb'}], 'dv-cinder-802036-1-smb', False) {} {{(pid=78585) wrapper /usr/local/lib/python3.8/dist-packages/oslo_log/helpers.py:65}}
Jul 23 16:15:51.605881 dv-cinder-802036-1-smb neutron-server[78585]: DEBUG neutron.api.rpc.handlers.l3_rpc [None req-2af523f7-1a9b-4d47-8bfb-04cd5518a3df None None] The sync data for ids ['fda23af2-3d7f-4647-8dd2-e0b27f3cdb45'] in dv-cinder-802036-1-smb is: [{'id': 'fda23af2-3d7f-4647-8dd2-e0b27f3cdb45', 'name': 'tempest-ServerRescueNegativeTestJSON-1743970749-router', 'tenant_id': 'f1e1a896ab074baa9ec90756d52a58fb', 'admin_state_up': True, 'status': 'ACTIVE', 'external_gateway_info': {'network_id': '80087887-44f3-4740-b360-651004434b14', 'external_fixed_ips': [{'subnet_id': '9af2dd9d-0a00-4642-9a8e-0ded0632b4d2', 'ip_address': '172.28.2.82'}], 'enable_snat': True}, 'gw_port_id': '74ba0b4e-2848-409d-8db4-01d81d04ec02', 'description': '', 'availability_zones': ['nova'], 'distributed': False, 'ha': False, 'ha_vr_id': 0, 'availability_zone_hints': [], 'routes': [], 'flavor_id': None, 'tags': [], 'created_at': '2021-07-23T16:15:29Z', 'updated_at': '2021-07-23T16:15:37Z', 'revision_number': 3, 'project_id': 'f1e1a896ab074baa9ec90756d52a58fb', 'gw_port': {'id': '74ba0b4e-2848-409d-8db4-01d81d04ec02', 'name': '', 'network_id': '80087887-44f3-4740-b360-651004434b14', 'tenant_id': '', 'mac_address': 'fa:16:3e:cd:6f:d8', 'admin_state_up': True, 'status': 'DOWN', 'device_id': 'fda23af2-3d7f-4647-8dd2-e0b27f3cdb45', 'device_owner': 'network:router_gateway', 'standard_attr_id': 85, 'fixed_ips': [{'subnet_id': '9af2dd9d-0a00-4642-9a8e-0ded0632b4d2', 'ip_address': '172.28.2.82', 'prefixlen': 24}], 'allowed_address_pairs': [], 'extra_dhcp_opts': [], 'security_groups': [], 'description': '', 'binding:vnic_type': 'normal', 'binding:profile': {}, 'binding:host_id': 'dv-cinder-802036-1-smb', 'binding:vif_type': 'ovs', 'binding:vif_details': {'connectivity': 'l2', 'port_filter': True, 'ovs_hybrid_plug': False, 'datapath_type': 'system', 'bridge_name': 'br-int'}, 'port_security_enabled': False, 'tags': [], 'created_at': '2021-07-23T16:15:33Z', 'updated_at': '2021-07-23T16:15:48Z', 'revision_number': 3, 'project_id': '', 'subnets': [{'id': '9af2dd9d-0a00-4642-9a8e-0ded0632b4d2', 'cidr': '172.28.2.0/24', 'gateway_ip': '172.28.2.1', 'dns_nameservers': [], 'ipv6_ra_mode': None, 'subnetpool_id': None}], 'extra_subnets': [], 'address_scopes': {4: None, 6: None}, 'mtu': 1500}, 'enable_snat': True, 'gw_port_host': 'dv-cinder-802036-1-smb'}] {{(pid=78585) sync_routers /opt/stack/neutron/neutron/api/rpc/handlers/l3_rpc.py:137}}
Jul 23 16:15:51.717842 dv-cinder-802036-1-smb neutron-server[78584]: DEBUG neutron_lib.callbacks.manager [None req-76132ac5-a30e-45bc-b5b6-46acded43ab2 admin admin] Notify callbacks [] for security_group, before_delete {{(pid=78584) _notify_loop /usr/local/lib/python3.8/dist-packages/neutron_lib/callbacks/manager.py:192}}
Jul 23 16:15:51.719639 dv-cinder-802036-1-smb neutron-server[78584]: DEBUG neutron.api.rpc.handlers.resources_rpc [None req-41abf746-51c1-4800-bfe4-f522cd930665 service neutron] Pushing event updated for resources: {'Port': ['ID=501dd7ad-bc76-4713-9a5e-8662c43fddf6,revision_number=3']} {{(pid=78584) push /opt/stack/neutron/neutron/api/rpc/handlers/resources_rpc.py:237}}
Jul 23 16:15:51.723886 dv-cinder-802036-1-smb neutron-server[78584]: DEBUG oslo_concurrency.lockutils [None req-41abf746-51c1-4800-bfe4-f522cd930665 service neutron] Lock "event-dispatch" released by "neutron.plugins.ml2.ovo_rpc._ObjectChangeHandler.dispatch_events" :: held 1.061s {{(pid=78584) inner /usr/local/lib/python3.8/dist-packages/oslo_concurrency/lockutils.py:367}}
Jul 23 16:15:51.762905 dv-cinder-802036-1-smb neutron-server[78584]: DEBUG neutron_lib.callbacks.manager [None req-7b8b0964-2770-48ed-b0ba-f48bc1758656 admin admin] Notify callbacks ['neutron.plugins.ml2.plugin.SecurityGroupDbMixin._ensure_default_security_group_handler-1851904'] for port, before_create {{(pid=78584) _notify_loop /usr/local/lib/python3.8/dist-packages/neutron_lib/callbacks/manager.py:192}}
Jul 23 16:15:51.846862 dv-cinder-802036-1-smb neutron-server[78583]: DEBUG neutron_lib.callbacks.manager [None req-ab52865f-082a-46d2-bc5a-8c72a6078f9b admin admin] Notify callbacks [] for security_group, precommit_create {{(pid=78583) _notify_loop /usr/local/lib/python3.8/dist-packages/neutron_lib/callbacks/manager.py:192}}
Jul 23 16:15:51.882338 dv-cinder-802036-1-smb neutron-server[78583]: DEBUG neutron.api.rpc.handlers.resources_rpc [None req-07e3a68e-f413-4eb4-82e1-52dd26d91bda tempest-AttachVolumeTestJSON-1187093085 tempest-AttachVolumeTestJSON-1187093085-project] Pushing event updated for resources: {'SecurityGroup': ['ID=05e15108-afff-4fca-ab40-c1590371b2a4,revision_number=1']} {{(pid=78583) push /opt/stack/neutron/neutron/api/rpc/handlers/resources_rpc.py:237}}
Jul 23 16:15:51.893471 dv-cinder-802036-1-smb neutron-server[78583]: DEBUG neutron_lib.callbacks.manager [None req-ab52865f-082a-46d2-bc5a-8c72a6078f9b admin admin] Notify callbacks ['neutron.plugins.ml2.ovo_rpc._ObjectChangeHandler.handle_event-336721'] for security_group, after_create {{(pid=78583) _notify_loop /usr/local/lib/python3.8/dist-packages/neutron_lib/callbacks/manager.py:192}}
Jul 23 16:15:51.916737 dv-cinder-802036-1-smb neutron-server[78583]: DEBUG oslo_concurrency.lockutils [None req-07e3a68e-f413-4eb4-82e1-52dd26d91bda tempest-AttachVolumeTestJSON-1187093085 tempest-AttachVolumeTestJSON-1187093085-project] Lock "event-dispatch" released by "neutron.plugins.ml2.ovo_rpc._ObjectChangeHandler.dispatch_events" :: held 0.451s {{(pid=78583) inner /usr/local/lib/python3.8/dist-packages/oslo_concurrency/lockutils.py:367}}
Jul 23 16:15:51.920810 dv-cinder-802036-1-smb neutron-server[78583]: DEBUG oslo_concurrency.lockutils [None req-07e3a68e-f413-4eb4-82e1-52dd26d91bda tempest-AttachVolumeTestJSON-1187093085 tempest-AttachVolumeTestJSON-1187093085-project] Lock "event-dispatch" acquired by "neutron.plugins.ml2.ovo_rpc._ObjectChangeHandler.dispatch_events" :: waited 0.000s {{(pid=78583) inner /usr/local/lib/python3.8/dist-packages/oslo_concurrency/lockutils.py:355}}
Jul 23 16:15:51.959631 dv-cinder-802036-1-smb neutron-server[78584]: DEBUG neutron_lib.callbacks.manager [None req-76132ac5-a30e-45bc-b5b6-46acded43ab2 admin admin] Notify callbacks [] for security_group, precommit_delete {{(pid=78584) _notify_loop /usr/local/lib/python3.8/dist-packages/neutron_lib/callbacks/manager.py:192}}
Jul 23 16:15:51.970684 dv-cinder-802036-1-smb neutron-server[78583]: DEBUG neutron_lib.callbacks.manager [None req-07e3a68e-f413-4eb4-82e1-52dd26d91bda tempest-AttachVolumeTestJSON-1187093085 tempest-AttachVolumeTestJSON-1187093085-project] Notify callbacks [] for security_group, before_response {{(pid=78583) _notify_loop /usr/local/lib/python3.8/dist-packages/neutron_lib/callbacks/manager.py:192}}
Jul 23 16:15:51.976641 dv-cinder-802036-1-smb neutron-server[78583]: INFO neutron.wsgi [None req-07e3a68e-f413-4eb4-82e1-52dd26d91bda tempest-AttachVolumeTestJSON-1187093085 tempest-AttachVolumeTestJSON-1187093085-project] 10.222.0.76 "POST /v2.0/security-groups HTTP/1.1" status: 201 len: 1779 time: 1.4233029
Jul 23 16:15:52.015165 dv-cinder-802036-1-smb neutron-server[78584]: DEBUG neutron.wsgi [-] (78584) accepted ('10.222.0.76', 54474) {{(pid=78584) server /usr/local/lib/python3.8/dist-packages/eventlet/wsgi.py:992}}
Jul 23 16:15:52.025628 dv-cinder-802036-1-smb neutron-server[78584]: DEBUG neutron.pecan_wsgi.hooks.policy_enforcement [req-058a8612-a04d-4621-ac58-27c74d53d294 req-fca6ca73-a180-444d-b8bd-010704ab5ae2 service neutron] Attributes excluded by policy engine: ['standard_attr_id'] {{(pid=78584) _exclude_attributes_by_policy /opt/stack/neutron/neutron/pecan_wsgi/hooks/policy_enforcement.py:255}}
Jul 23 16:15:52.027758 dv-cinder-802036-1-smb neutron-server[78584]: INFO neutron.wsgi [req-058a8612-a04d-4621-ac58-27c74d53d294 req-fca6ca73-a180-444d-b8bd-010704ab5ae2 service neutron] 10.222.0.88 "GET /v2.0/ports?tenant_id=f85be0045bcf4d088778f012b8c0a9b4&device_id=75c0b3a6-775b-4971-9d6d-164181c4f177 HTTP/1.1" status: 200 len: 1097 time: 0.8447073
Jul 23 16:15:52.048406 dv-cinder-802036-1-smb neutron-server[78585]: DEBUG neutron.plugins.ml2.rpc [None req-83582c17-1d7e-4efa-acbe-954b007d0841 None None] Device 540f0e4c-7b4b-467e-b58a-75e4990321c5 up at agent ovs-agent-dv-cinder-802036-1-smb {{(pid=78585) update_device_up /opt/stack/neutron/neutron/plugins/ml2/rpc.py:278}}
Jul 23 16:15:52.070216 dv-cinder-802036-1-smb neutron-server[78584]: DEBUG neutron.api.v2.base [None req-f515ed5d-c5e3-4d1a-a3bf-9b80b4e4d812 tempest-AttachVolumeTestJSON-1187093085 tempest-AttachVolumeTestJSON-1187093085-project] Request body: {'security_group_rule': {'security_group_id': '05e15108-afff-4fca-ab40-c1590371b2a4', 'protocol': 'tcp', 'ethertype': 'IPv4', 'port_range_min': 22, 'port_range_max': 22, 'direction': 'ingress'}} {{(pid=78584) prepare_request_body /opt/stack/neutron/neutron/api/v2/base.py:729}}
Jul 23 16:15:52.190475 dv-cinder-802036-1-smb neutron-server[78583]: INFO neutron.wsgi [None req-ab52865f-082a-46d2-bc5a-8c72a6078f9b admin admin] 10.222.0.76 "GET /v2.0/security-groups?tenant_id=4d24cc7d527d4b5c8a74b7c99a671d4e&name=default HTTP/1.1" status: 200 len: 2979 time: 1.6171901
Jul 23 16:15:52.193726 dv-cinder-802036-1-smb neutron-server[78583]: DEBUG neutron.api.rpc.handlers.resources_rpc [None req-ab52865f-082a-46d2-bc5a-8c72a6078f9b admin admin] Pushing event updated for resources: {'SecurityGroup': ['ID=aab0b791-cd49-4ea0-a189-989fd0e23e33,revision_number=1']} {{(pid=78583) push /opt/stack/neutron/neutron/api/rpc/handlers/resources_rpc.py:237}}
Jul 23 16:15:52.204739 dv-cinder-802036-1-smb neutron-server[78583]: DEBUG oslo_concurrency.lockutils [None req-ab52865f-082a-46d2-bc5a-8c72a6078f9b admin admin] Lock "event-dispatch" released by "neutron.plugins.ml2.ovo_rpc._ObjectChangeHandler.dispatch_events" :: held 0.287s {{(pid=78583) inner /usr/local/lib/python3.8/dist-packages/oslo_concurrency/lockutils.py:367}}
Jul 23 16:15:52.206254 dv-cinder-802036-1-smb neutron-server[78583]: DEBUG neutron.wsgi [-] (78583) accepted ('10.222.0.76', 54480) {{(pid=78583) server /usr/local/lib/python3.8/dist-packages/eventlet/wsgi.py:992}}
Jul 23 16:15:52.368173 dv-cinder-802036-1-smb neutron-server[78584]: DEBUG neutron.db.quota.driver [None req-f515ed5d-c5e3-4d1a-a3bf-9b80b4e4d812 tempest-AttachVolumeTestJSON-1187093085 tempest-AttachVolumeTestJSON-1187093085-project] Resources subnetpool have unlimited quota limit. It is not required to calculate headroom {{(pid=78584) make_reservation /opt/stack/neutron/neutron/db/quota/driver.py:219}}
Jul 23 16:15:52.399203 dv-cinder-802036-1-smb neutron-server[78585]: DEBUG neutron.db.provisioning_blocks [None req-83582c17-1d7e-4efa-acbe-954b007d0841 None None] Provisioning for port 540f0e4c-7b4b-467e-b58a-75e4990321c5 completed by entity L2. {{(pid=78585) provisioning_complete /opt/stack/neutron/neutron/db/provisioning_blocks.py:133}}
Jul 23 16:15:52.400583 dv-cinder-802036-1-smb neutron-server[78584]: DEBUG neutron.quota.resource [None req-f515ed5d-c5e3-4d1a-a3bf-9b80b4e4d812 tempest-AttachVolumeTestJSON-1187093085 tempest-AttachVolumeTestJSON-1187093085-project] Usage tracker for resource:security_group_rule and tenant:473f4fc062fd4dcaac5767370944c4de is out of sync, need to count used quota {{(pid=78584) count_used /opt/stack/neutron/neutron/quota/resource.py:270}}
Jul 23 16:15:52.407141 dv-cinder-802036-1-smb neutron-server[78584]: DEBUG neutron.quota.resource [None req-f515ed5d-c5e3-4d1a-a3bf-9b80b4e4d812 tempest-AttachVolumeTestJSON-1187093085 tempest-AttachVolumeTestJSON-1187093085-project] Quota usage for security_group_rule was recalculated. Used quota:6. {{(pid=78584) count_used /opt/stack/neutron/neutron/quota/resource.py:290}}
Jul 23 16:15:52.414057 dv-cinder-802036-1-smb neutron-server[78585]: DEBUG neutron.db.provisioning_blocks [None req-83582c17-1d7e-4efa-acbe-954b007d0841 None None] Provisioning complete for port 540f0e4c-7b4b-467e-b58a-75e4990321c5 triggered by entity L2. {{(pid=78585) provisioning_complete /opt/stack/neutron/neutron/db/provisioning_blocks.py:139}}
Jul 23 16:15:52.414901 dv-cinder-802036-1-smb neutron-server[78585]: DEBUG neutron_lib.callbacks.manager [None req-83582c17-1d7e-4efa-acbe-954b007d0841 None None] Notify callbacks ['neutron.plugins.ml2.plugin.Ml2Plugin._port_provisioned-1182164'] for port, provisioning_complete {{(pid=78585) _notify_loop /usr/local/lib/python3.8/dist-packages/neutron_lib/callbacks/manager.py:192}}
Jul 23 16:15:52.433006 dv-cinder-802036-1-smb neutron-server[78584]: DEBUG neutron.db.quota.driver [None req-f515ed5d-c5e3-4d1a-a3bf-9b80b4e4d812 tempest-AttachVolumeTestJSON-1187093085 tempest-AttachVolumeTestJSON-1187093085-project] Attempting to reserve 1 items for resource security_group_rule. Total usage: 6; quota limit: 100; headroom:94 {{(pid=78584) make_reservation /opt/stack/neutron/neutron/db/quota/driver.py:246}}
Jul 23 16:15:52.716237 dv-cinder-802036-1-smb neutron-server[78586]: DEBUG neutron_lib.callbacks.manager [None req-095c48ad-8fbc-468f-9faa-4c8c0f7823f2 None None] Notify callbacks [] for port, precommit_update {{(pid=78586) _notify_loop /usr/local/lib/python3.8/dist-packages/neutron_lib/callbacks/manager.py:192}}
Jul 23 16:15:52.750916 dv-cinder-802036-1-smb neutron-server[78586]: DEBUG neutron.db.provisioning_blocks [None req-095c48ad-8fbc-468f-9faa-4c8c0f7823f2 None None] Transition to ACTIVE for port object 41805152-bbb3-458d-9669-4a24c8147da0 will not be triggered until provisioned by entity L2. {{(pid=78586) add_provisioning_component /opt/stack/neutron/neutron/db/provisioning_blocks.py:73}}
Jul 23 16:15:52.772719 dv-cinder-802036-1-smb neutron-server[78586]: DEBUG neutron_lib.callbacks.manager [None req-095c48ad-8fbc-468f-9faa-4c8c0f7823f2 None None] Notify callbacks ['neutron.plugins.ml2.plugin.SecurityGroupServerNotifierRpcMixin.notify_sg_on_port_change-1852877', 'neutron.plugins.ml2.ovo_rpc._ObjectChangeHandler.handle_event-1006779', 'neutron.api.rpc.agentnotifiers.dhcp_rpc_agent_api.DhcpAgentNotifyAPI._native_event_send_dhcp_notification-543998', 'neutron.db.l3_db.L3RpcNotifierMixin._notify_gateway_port_ip_changed-8776707533635', 'neutron.db.l3_dvrscheduler_db._notify_l3_agent_port_update-8776707068474', 'neutron.db.l3_hascheduler_db._notify_l3_agent_ha_port_update-8776707068519'] for port, after_update {{(pid=78586) _notify_loop /usr/local/lib/python3.8/dist-packages/neutron_lib/callbacks/manager.py:192}}
Jul 23 16:15:52.782983 dv-cinder-802036-1-smb neutron-server[78586]: DEBUG oslo_concurrency.lockutils [None req-a46a157f-a0d7-4e4e-8e1d-d5cd3af1b5b9 None None] Lock "event-dispatch" acquired by "neutron.plugins.ml2.ovo_rpc._ObjectChangeHandler.dispatch_events" :: waited 0.000s {{(pid=78586) inner /usr/local/lib/python3.8/dist-packages/oslo_concurrency/lockutils.py:355}}
Jul 23 16:15:52.809218 dv-cinder-802036-1-smb neutron-server[78585]: DEBUG neutron_lib.callbacks.manager [None req-83582c17-1d7e-4efa-acbe-954b007d0841 None None] Notify callbacks ['neutron.plugins.ml2.plugin.SecurityGroupDbMixin._ensure_default_security_group_handler-1851904'] for port, before_update {{(pid=78585) _notify_loop /usr/local/lib/python3.8/dist-packages/neutron_lib/callbacks/manager.py:192}}
Jul 23 16:15:52.814846 dv-cinder-802036-1-smb neutron-server[78583]: DEBUG neutron_lib.callbacks.manager [None req-f24f35fb-f330-4312-96c2-c3e166b98ef4 admin admin] Notify callbacks [] for security_group, before_delete {{(pid=78583) _notify_loop /usr/local/lib/python3.8/dist-packages/neutron_lib/callbacks/manager.py:192}}
Jul 23 16:15:52.864497 dv-cinder-802036-1-smb neutron-server[78585]: DEBUG neutron.plugins.ml2.db [None req-83582c17-1d7e-4efa-acbe-954b007d0841 None None] For port 540f0e4c-7b4b-467e-b58a-75e4990321c5, host dv-cinder-802036-1-smb, got binding levels [PortBindingLevel(driver='openvswitch',host='dv-cinder-802036-1-smb',level=0,port_id=540f0e4c-7b4b-467e-b58a-75e4990321c5,segment=NetworkSegment(1f1a0f47-f314-44ec-8685-7675ac2a8f68),segment_id=1f1a0f47-f314-44ec-8685-7675ac2a8f68)] {{(pid=78585) get_binding_level_objs /opt/stack/neutron/neutron/plugins/ml2/db.py:75}}
Jul 23 16:15:52.875446 dv-cinder-802036-1-smb neutron-server[78585]: DEBUG neutron_lib.callbacks.manager [None req-83582c17-1d7e-4efa-acbe-954b007d0841 None None] Notify callbacks ['neutron.plugins.ml2.plugin.SecurityGroupServerNotifierRpcMixin.notify_sg_on_port_change-1852877', 'neutron.plugins.ml2.ovo_rpc._ObjectChangeHandler.handle_event-1006779', 'neutron.api.rpc.agentnotifiers.dhcp_rpc_agent_api.DhcpAgentNotifyAPI._native_event_send_dhcp_notification-543998', 'neutron.db.l3_db.L3RpcNotifierMixin._notify_gateway_port_ip_changed-8776707533635', 'neutron.db.l3_dvrscheduler_db._notify_l3_agent_port_update-8776707068474', 'neutron.db.l3_hascheduler_db._notify_l3_agent_ha_port_update-8776707068519'] for port, after_update {{(pid=78585) _notify_loop /usr/local/lib/python3.8/dist-packages/neutron_lib/callbacks/manager.py:192}}
Jul 23 16:15:52.878774 dv-cinder-802036-1-smb neutron-server[78585]: DEBUG oslo_concurrency.lockutils [-] Lock "event-dispatch" acquired by "neutron.plugins.ml2.ovo_rpc._ObjectChangeHandler.dispatch_events" :: waited 0.000s {{(pid=78585) inner /usr/local/lib/python3.8/dist-packages/oslo_concurrency/lockutils.py:355}}
Jul 23 16:15:52.916336 dv-cinder-802036-1-smb neutron-server[78583]: DEBUG neutron_lib.callbacks.manager [None req-f24f35fb-f330-4312-96c2-c3e166b98ef4 admin admin] Notify callbacks [] for security_group, precommit_delete {{(pid=78583) _notify_loop /usr/local/lib/python3.8/dist-packages/neutron_lib/callbacks/manager.py:192}}
Jul 23 16:15:52.948919 dv-cinder-802036-1-smb neutron-server[78583]: DEBUG neutron.pecan_wsgi.hooks.policy_enforcement [req-a719ec9b-ac87-4a6b-aeeb-2ec5a7c4db7f req-bb576904-fa0c-4e5f-93a9-dc4f8929722c tempest-DeleteServersTestJSON-595346591 tempest-DeleteServersTestJSON-595346591-project] Attributes excluded by policy engine: ['standard_attr_id', 'binding:profile', 'binding:host_id', 'binding:vif_type', 'binding:vif_details'] {{(pid=78583) _exclude_attributes_by_policy /opt/stack/neutron/neutron/pecan_wsgi/hooks/policy_enforcement.py:255}}
Jul 23 16:15:52.968977 dv-cinder-802036-1-smb neutron-server[78583]: INFO neutron.wsgi [req-a719ec9b-ac87-4a6b-aeeb-2ec5a7c4db7f req-bb576904-fa0c-4e5f-93a9-dc4f8929722c tempest-DeleteServersTestJSON-595346591 tempest-DeleteServersTestJSON-595346591-project] 10.222.0.76 "GET /v2.0/ports?device_id=75c0b3a6-775b-4971-9d6d-164181c4f177 HTTP/1.1" status: 200 len: 944 time: 0.5665925
Jul 23 16:15:53.024232 dv-cinder-802036-1-smb neutron-server[78585]: DEBUG neutron.api.rpc.handlers.resources_rpc [None req-83582c17-1d7e-4efa-acbe-954b007d0841 None None] Pushing event updated for resources: {'Port': ['ID=540f0e4c-7b4b-467e-b58a-75e4990321c5,revision_number=5']} {{(pid=78585) push /opt/stack/neutron/neutron/api/rpc/handlers/resources_rpc.py:237}}
Jul 23 16:15:53.028999 dv-cinder-802036-1-smb neutron-server[78585]: DEBUG oslo_concurrency.lockutils [None req-83582c17-1d7e-4efa-acbe-954b007d0841 None None] Lock "event-dispatch" released by "neutron.plugins.ml2.ovo_rpc._ObjectChangeHandler.dispatch_events" :: held 0.150s {{(pid=78585) inner /usr/local/lib/python3.8/dist-packages/oslo_concurrency/lockutils.py:367}}
Jul 23 16:15:53.072270 dv-cinder-802036-1-smb neutron-server[78584]: INFO neutron.wsgi [req-058a8612-a04d-4621-ac58-27c74d53d294 req-7212eb86-c64a-4d38-976b-04b4a2b54bfa service neutron] 10.222.0.88 "GET /v2.0/floatingips?fixed_ip_address=172.20.0.14&port_id=501dd7ad-bc76-4713-9a5e-8662c43fddf6 HTTP/1.1" status: 200 len: 217 time: 0.9734471
Jul 23 16:15:53.075193 dv-cinder-802036-1-smb neutron-server[78583]: DEBUG neutron_lib.callbacks.manager [None req-30823de6-b707-491b-9bb9-13f8271f6f7e tempest-AttachVolumeShelveTestJSON-756870928 tempest-AttachVolumeShelveTestJSON-756870928-project] Notify callbacks ['neutron.plugins.ml2.plugin.SecurityGroupDbMixin._ensure_default_security_group_handler-1851904'] for port, before_create {{(pid=78583) _notify_loop /usr/local/lib/python3.8/dist-packages/neutron_lib/callbacks/manager.py:192}}
Jul 23 16:15:53.077059 dv-cinder-802036-1-smb neutron-server[78584]: INFO neutron.notifiers.nova [-] Nova event response: {'name': 'network-changed', 'server_uuid': '75c0b3a6-775b-4971-9d6d-164181c4f177', 'tag': '501dd7ad-bc76-4713-9a5e-8662c43fddf6', 'status': 'completed', 'code': 200}
Jul 23 16:15:53.091945 dv-cinder-802036-1-smb neutron-server[78586]: DEBUG neutron.api.rpc.handlers.resources_rpc [None req-c78a079c-2738-4a41-9ace-3106c4674123 None None] Pushing event updated for resources: {'Port': ['ID=41805152-bbb3-458d-9669-4a24c8147da0,revision_number=3']} {{(pid=78586) push /opt/stack/neutron/neutron/api/rpc/handlers/resources_rpc.py:237}}
Jul 23 16:15:53.163454 dv-cinder-802036-1-smb neutron-server[78586]: DEBUG oslo_concurrency.lockutils [None req-c78a079c-2738-4a41-9ace-3106c4674123 None None] Lock "event-dispatch" released by "neutron.plugins.ml2.ovo_rpc._ObjectChangeHandler.dispatch_events" :: held 0.377s {{(pid=78586) inner /usr/local/lib/python3.8/dist-packages/oslo_concurrency/lockutils.py:367}}
Jul 23 16:15:53.199935 dv-cinder-802036-1-smb neutron-server[78583]: INFO neutron.wsgi [req-a719ec9b-ac87-4a6b-aeeb-2ec5a7c4db7f req-1ae5d9b2-3cc7-4d8a-8278-0568f6b2572c tempest-DeleteServersTestJSON-595346591 tempest-DeleteServersTestJSON-595346591-project] 10.222.0.76 "GET /v2.0/security-groups?id=52a5f39d-4fc2-4b8c-b8e1-cdab22b41a24&fields=id&fields=name HTTP/1.1" status: 200 len: 286 time: 0.2307537
Jul 23 16:15:53.237534 dv-cinder-802036-1-smb neutron-server[78586]: DEBUG neutron.plugins.ml2.managers [None req-095c48ad-8fbc-468f-9faa-4c8c0f7823f2 None None] Attempting to bind port 41805152-bbb3-458d-9669-4a24c8147da0 on host dv-cinder-802036-1-smb for vnic_type normal with profile {{(pid=78586) bind_port /opt/stack/neutron/neutron/plugins/ml2/managers.py:790}}
Jul 23 16:15:53.237956 dv-cinder-802036-1-smb neutron-server[78586]: DEBUG neutron.plugins.ml2.managers [None req-095c48ad-8fbc-468f-9faa-4c8c0f7823f2 None None] Attempting to bind port 41805152-bbb3-458d-9669-4a24c8147da0 by drivers openvswitch,hyperv on host dv-cinder-802036-1-smb at level 0 using segments [{'id': 'a55310dc-b27e-44d4-a5ac-28b86a319743', 'network_type': 'vlan', 'physical_network': 'physnet1', 'segmentation_id': 920, 'network_id': 'e1ca1912-5243-42a2-8607-b50e9ed457ff'}] {{(pid=78586) _bind_port_level /opt/stack/neutron/neutron/plugins/ml2/managers.py:815}}
Jul 23 16:15:53.238333 dv-cinder-802036-1-smb neutron-server[78586]: DEBUG neutron.plugins.ml2.drivers.mech_agent [None req-095c48ad-8fbc-468f-9faa-4c8c0f7823f2 None None] Attempting to bind port 41805152-bbb3-458d-9669-4a24c8147da0 on network e1ca1912-5243-42a2-8607-b50e9ed457ff {{(pid=78586) bind_port /opt/stack/neutron/neutron/plugins/ml2/drivers/mech_agent.py:86}}
