Jul 23 10:52:50.559510 dv-cinder-801989-3-smb devstack@c-api.service[99823]: DEBUG oslo_db.sqlalchemy.engines [req-13d620a6-3de1-4b02-9be7-b9769946cbc9 req-fa8ba0ea-bb73-4ea0-a901-43330892fca1 admin admin] MySQL server mode set to STRICT_TRANS_TABLES,STRICT_ALL_TABLES,NO_ZERO_IN_DATE,NO_ZERO_DATE,ERROR_FOR_DIVISION_BY_ZERO,TRADITIONAL,NO_ENGINE_SUBSTITUTION {{(pid=99823) _check_effective_sql_mode /usr/local/lib/python3.8/dist-packages/oslo_db/sqlalchemy/engines.py:314}}
Jul 23 10:52:50.688597 dv-cinder-801989-3-smb devstack@c-api.service[99823]: INFO cinder.api.openstack.wsgi [req-13d620a6-3de1-4b02-9be7-b9769946cbc9 req-fa8ba0ea-bb73-4ea0-a901-43330892fca1 admin admin] http://10.222.0.10/volume/v3/723949e057484ee5b8f8786acf81789d/types/6dc61898-22f8-4fd3-ab46-9548626bb90e/extra_specs returned with HTTP 200
Jul 23 10:52:50.689771 dv-cinder-801989-3-smb devstack@c-api.service[99823]: [pid: 99823|app: 0|req: 1/3] 10.222.0.10 () {62 vars in 1455 bytes} [Fri Jul 23 10:52:50 2021] POST /volume/v3/723949e057484ee5b8f8786acf81789d/types/6dc61898-22f8-4fd3-ab46-9548626bb90e/extra_specs => generated 55 bytes in 565 msecs (HTTP/1.1 200) 7 headers in 284 bytes (1 switches on core 0)
Jul 23 10:53:44.584911 dv-cinder-801989-3-smb devstack@c-api.service[99824]: INFO cinder.api.openstack.wsgi [None req-13d620a6-3de1-4b02-9be7-b9769946cbc9 admin admin] GET http://10.222.0.10/volume//
Jul 23 10:53:44.585422 dv-cinder-801989-3-smb devstack@c-api.service[99824]: DEBUG cinder.api.openstack.wsgi [None req-13d620a6-3de1-4b02-9be7-b9769946cbc9 admin admin] Empty body provided in request {{(pid=99824) get_body /opt/stack/cinder/cinder/api/openstack/wsgi.py:703}}
Jul 23 10:53:44.585779 dv-cinder-801989-3-smb devstack@c-api.service[99824]: DEBUG cinder.api.openstack.wsgi [None req-13d620a6-3de1-4b02-9be7-b9769946cbc9 admin admin] Calling method 'all' {{(pid=99824) _process_stack /opt/stack/cinder/cinder/api/openstack/wsgi.py:856}}
Jul 23 10:53:44.586921 dv-cinder-801989-3-smb devstack@c-api.service[99824]: INFO cinder.api.openstack.wsgi [None req-13d620a6-3de1-4b02-9be7-b9769946cbc9 admin admin] http://10.222.0.10/volume// returned with HTTP 300
Jul 23 10:53:44.587454 dv-cinder-801989-3-smb devstack@c-api.service[99824]: [pid: 99824|app: 0|req: 3/4] 10.222.0.10 () {56 vars in 1099 bytes} [Fri Jul 23 10:53:44 2021] GET /volume/ => generated 386 bytes in 4 msecs (HTTP/1.1 300) 5 headers in 169 bytes (1 switches on core 0)
Jul 23 10:56:14.240754 dv-cinder-801989-3-smb devstack@c-api.service[99823]: INFO cinder.api.openstack.wsgi [None req-606d2f09-fd42-48c4-b217-586aacd7fa6c tempest-verify_tempest_config-583778413 tempest-verify_tempest_config-583778413-project] GET http://10.222.0.10/volume/v3/61e9b0a9360a4f97993cac203079ce50/extensions
Jul 23 10:56:14.241683 dv-cinder-801989-3-smb devstack@c-api.service[99823]: DEBUG cinder.api.openstack.wsgi [None req-606d2f09-fd42-48c4-b217-586aacd7fa6c tempest-verify_tempest_config-583778413 tempest-verify_tempest_config-583778413-project] Empty body provided in request {{(pid=99823) get_body /opt/stack/cinder/cinder/api/openstack/wsgi.py:703}}
Jul 23 10:56:14.242173 dv-cinder-801989-3-smb devstack@c-api.service[99823]: DEBUG cinder.api.openstack.wsgi [None req-606d2f09-fd42-48c4-b217-586aacd7fa6c tempest-verify_tempest_config-583778413 tempest-verify_tempest_config-583778413-project] Calling method 'index' {{(pid=99823) _process_stack /opt/stack/cinder/cinder/api/openstack/wsgi.py:856}}
Jul 23 10:56:14.243849 dv-cinder-801989-3-smb devstack@c-api.service[99823]: INFO cinder.api.openstack.wsgi [None req-606d2f09-fd42-48c4-b217-586aacd7fa6c tempest-verify_tempest_config-583778413 tempest-verify_tempest_config-583778413-project] http://10.222.0.10/volume/v3/61e9b0a9360a4f97993cac203079ce50/extensions returned with HTTP 200
Jul 23 10:56:14.245319 dv-cinder-801989-3-smb devstack@c-api.service[99823]: [pid: 99823|app: 0|req: 2/5] 10.222.0.10 () {58 vars in 1223 bytes} [Fri Jul 23 10:56:14 2021] GET /volume/v3/61e9b0a9360a4f97993cac203079ce50/extensions => generated 5245 bytes in 14 msecs (HTTP/1.1 200) 7 headers in 286 bytes (1 switches on core 0)
Jul 23 10:58:09.736970 dv-cinder-801989-3-smb devstack@c-api.service[99824]: INFO cinder.api.openstack.wsgi [None req-d2421c28-2108-4293-98ef-2633a2dfc775 admin admin] GET http://10.222.0.10/volume/v3/723949e057484ee5b8f8786acf81789d/os-services
Jul 23 10:58:09.737495 dv-cinder-801989-3-smb devstack@c-api.service[99824]: DEBUG cinder.api.openstack.wsgi [None req-d2421c28-2108-4293-98ef-2633a2dfc775 admin admin] Empty body provided in request {{(pid=99824) get_body /opt/stack/cinder/cinder/api/openstack/wsgi.py:703}}
Jul 23 10:58:09.737839 dv-cinder-801989-3-smb devstack@c-api.service[99824]: DEBUG cinder.api.openstack.wsgi [None req-d2421c28-2108-4293-98ef-2633a2dfc775 admin admin] Calling method 'index' {{(pid=99824) _process_stack /opt/stack/cinder/cinder/api/openstack/wsgi.py:856}}
Jul 23 10:58:09.746992 dv-cinder-801989-3-smb devstack@c-api.service[99824]: INFO cinder.api.openstack.wsgi [None req-d2421c28-2108-4293-98ef-2633a2dfc775 admin admin] http://10.222.0.10/volume/v3/723949e057484ee5b8f8786acf81789d/os-services returned with HTTP 200
Jul 23 10:58:09.747723 dv-cinder-801989-3-smb devstack@c-api.service[99824]: [pid: 99824|app: 0|req: 4/6] 10.222.0.10 () {56 vars in 1202 bytes} [Fri Jul 23 10:58:09 2021] GET /volume/v3/723949e057484ee5b8f8786acf81789d/os-services => generated 640 bytes in 117 msecs (HTTP/1.1 200) 7 headers in 285 bytes (1 switches on core 0)
Jul 23 10:58:12.238582 dv-cinder-801989-3-smb devstack@c-api.service[99823]: INFO cinder.api.openstack.wsgi [None req-8d79a679-8624-40bf-804e-89d61c126265 admin admin] GET http://10.222.0.10/volume/v3/723949e057484ee5b8f8786acf81789d/os-services
Jul 23 10:58:12.239206 dv-cinder-801989-3-smb devstack@c-api.service[99823]: DEBUG cinder.api.openstack.wsgi [None req-8d79a679-8624-40bf-804e-89d61c126265 admin admin] Empty body provided in request {{(pid=99823) get_body /opt/stack/cinder/cinder/api/openstack/wsgi.py:703}}
Jul 23 10:58:12.239467 dv-cinder-801989-3-smb devstack@c-api.service[99823]: DEBUG cinder.api.openstack.wsgi [None req-8d79a679-8624-40bf-804e-89d61c126265 admin admin] Calling method 'index' {{(pid=99823) _process_stack /opt/stack/cinder/cinder/api/openstack/wsgi.py:856}}
Jul 23 10:58:12.249444 dv-cinder-801989-3-smb devstack@c-api.service[99823]: INFO cinder.api.openstack.wsgi [None req-8d79a679-8624-40bf-804e-89d61c126265 admin admin] http://10.222.0.10/volume/v3/723949e057484ee5b8f8786acf81789d/os-services returned with HTTP 200
Jul 23 10:58:12.250221 dv-cinder-801989-3-smb devstack@c-api.service[99823]: [pid: 99823|app: 0|req: 3/7] 10.222.0.10 () {56 vars in 1202 bytes} [Fri Jul 23 10:58:12 2021] GET /volume/v3/723949e057484ee5b8f8786acf81789d/os-services => generated 640 bytes in 110 msecs (HTTP/1.1 200) 7 headers in 285 bytes (1 switches on core 0)
Jul 23 10:59:41.113827 dv-cinder-801989-3-smb devstack@c-api.service[99824]: WARNING keystonemiddleware.auth_token [None req-d2421c28-2108-4293-98ef-2633a2dfc775 admin admin] A valid token was submitted as a service token, but it was not a valid service token. This is incorrect but backwards compatible behaviour. This will be removed in future releases.
Jul 23 10:59:41.118450 dv-cinder-801989-3-smb devstack@c-api.service[99824]: INFO cinder.api.openstack.wsgi [req-1571a277-191e-4134-8a9c-b2ca9b1209dd req-2d1c9c69-3753-4c27-837a-863fdc9d73a6 tempest-VolumesGetTestJSON-2001221769 tempest-VolumesGetTestJSON-2001221769-project] POST http://10.222.0.10/volume/v3/04abd8e028f24287b265d1ef9b299569/volumes
Jul 23 10:59:41.119224 dv-cinder-801989-3-smb devstack@c-api.service[99824]: DEBUG cinder.api.openstack.wsgi [req-1571a277-191e-4134-8a9c-b2ca9b1209dd req-2d1c9c69-3753-4c27-837a-863fdc9d73a6 tempest-VolumesGetTestJSON-2001221769 tempest-VolumesGetTestJSON-2001221769-project] Action: 'create', calling method: create, body: {"volume": {"size": 1, "consistencygroup_id": null, "snapshot_id": null, "name": "tempest-VolumesGetTestJSON-Volume-737883311", "description": null, "volume_type": null, "availability_zone": null, "metadata": {"Type": "work"}, "imageRef": null, "source_volid": null, "backup_id": null}} {{(pid=99824) _process_stack /opt/stack/cinder/cinder/api/openstack/wsgi.py:854}}
Jul 23 10:59:41.121142 dv-cinder-801989-3-smb devstack@c-api.service[99824]: DEBUG cinder.api.v3.volumes [req-1571a277-191e-4134-8a9c-b2ca9b1209dd req-2d1c9c69-3753-4c27-837a-863fdc9d73a6 tempest-VolumesGetTestJSON-2001221769 tempest-VolumesGetTestJSON-2001221769-project] Create volume request body: {'volume': {'size': 1, 'consistencygroup_id': None, 'snapshot_id': None, 'name': 'tempest-VolumesGetTestJSON-Volume-737883311', 'description': None, 'volume_type': None, 'availability_zone': None, 'metadata': {'Type': 'work'}, 'imageRef': None, 'source_volid': None, 'backup_id': None}} {{(pid=99824) create /opt/stack/cinder/cinder/api/v3/volumes.py:290}}
Jul 23 10:59:41.121736 dv-cinder-801989-3-smb devstack@c-api.service[99824]: INFO cinder.api.v3.volumes [req-1571a277-191e-4134-8a9c-b2ca9b1209dd req-2d1c9c69-3753-4c27-837a-863fdc9d73a6 tempest-VolumesGetTestJSON-2001221769 tempest-VolumesGetTestJSON-2001221769-project] Create volume of 1 GB
Jul 23 10:59:41.137451 dv-cinder-801989-3-smb devstack@c-api.service[99824]: DEBUG cinder.volume.api [req-1571a277-191e-4134-8a9c-b2ca9b1209dd req-2d1c9c69-3753-4c27-837a-863fdc9d73a6 tempest-VolumesGetTestJSON-2001221769 tempest-VolumesGetTestJSON-2001221769-project] Availability zone cache updated, next update will occur around 2021-07-23 11:59:41.136535. {{(pid=99824) list_availability_zones /opt/stack/cinder/cinder/volume/api.py:148}}
Jul 23 10:59:41.137975 dv-cinder-801989-3-smb devstack@c-api.service[99824]: INFO cinder.volume.api [req-1571a277-191e-4134-8a9c-b2ca9b1209dd req-2d1c9c69-3753-4c27-837a-863fdc9d73a6 tempest-VolumesGetTestJSON-2001221769 tempest-VolumesGetTestJSON-2001221769-project] Availability Zones retrieved successfully.
Jul 23 10:59:41.180625 dv-cinder-801989-3-smb devstack@c-api.service[99824]: DEBUG cinder.volume.api [req-1571a277-191e-4134-8a9c-b2ca9b1209dd req-2d1c9c69-3753-4c27-837a-863fdc9d73a6 tempest-VolumesGetTestJSON-2001221769 tempest-VolumesGetTestJSON-2001221769-project] Flow 'volume_create_api' (7491bfec-0518-47ab-a4b3-0350d3404429) transitioned into state 'RUNNING' from state 'PENDING' {{(pid=99824) _flow_receiver /usr/local/lib/python3.8/dist-packages/taskflow/listeners/logging.py:141}}
Jul 23 10:59:41.184698 dv-cinder-801989-3-smb devstack@c-api.service[99824]: DEBUG cinder.volume.api [req-1571a277-191e-4134-8a9c-b2ca9b1209dd req-2d1c9c69-3753-4c27-837a-863fdc9d73a6 tempest-VolumesGetTestJSON-2001221769 tempest-VolumesGetTestJSON-2001221769-project] Task 'cinder.volume.flows.api.create_volume.ExtractVolumeRequestTask;volume:create' (c6c4a4eb-bd42-45bb-a091-eca0a3c475f2) transitioned into state 'RUNNING' from state 'PENDING' {{(pid=99824) _task_receiver /usr/local/lib/python3.8/dist-packages/taskflow/listeners/logging.py:190}}
Jul 23 10:59:41.187295 dv-cinder-801989-3-smb devstack@c-api.service[99824]: DEBUG cinder.volume.flows.api.create_volume [req-1571a277-191e-4134-8a9c-b2ca9b1209dd req-2d1c9c69-3753-4c27-837a-863fdc9d73a6 tempest-VolumesGetTestJSON-2001221769 tempest-VolumesGetTestJSON-2001221769-project] Validating volume size '1' using validate_int {{(pid=99824) _extract_size /opt/stack/cinder/cinder/volume/flows/api/create_volume.py:201}}
Jul 23 10:59:41.279225 dv-cinder-801989-3-smb devstack@c-api.service[99824]: DEBUG cinder.volume.api [req-1571a277-191e-4134-8a9c-b2ca9b1209dd req-2d1c9c69-3753-4c27-837a-863fdc9d73a6 tempest-VolumesGetTestJSON-2001221769 tempest-VolumesGetTestJSON-2001221769-project] Task 'cinder.volume.flows.api.create_volume.ExtractVolumeRequestTask;volume:create' (c6c4a4eb-bd42-45bb-a091-eca0a3c475f2) transitioned into state 'SUCCESS' from state 'RUNNING' with result '{'size': 1, 'snapshot_id': None, 'source_volid': None, 'volume_type': VolumeType(created_at=2021-07-23T10:50:12Z,deleted=False,deleted_at=None,description='Default Volume Type',extra_specs={},id=8b595b80-44d2-49db-8155-f8ac2e0c2a31,is_public=True,name='__DEFAULT__',projects=[],qos_specs=,qos_specs_id=None,updated_at=2021-07-23T10:50:12Z), 'volume_type_id': '8b595b80-44d2-49db-8155-f8ac2e0c2a31', 'encryption_key_id': None, 'qos_specs': None, 'consistencygroup_id': None, 'cgsnapshot_id': None, 'group_id': None, 'replication_status': 'disabled', 'refresh_az': False, 'backup_id': None, 'multiattach': False, 'availability_zones': ['nova']}' {{(pid=99824) _task_receiver /usr/local/lib/python3.8/dist-packages/taskflow/listeners/logging.py:178}}
Jul 23 10:59:41.286685 dv-cinder-801989-3-smb devstack@c-api.service[99824]: DEBUG cinder.volume.api [req-1571a277-191e-4134-8a9c-b2ca9b1209dd req-2d1c9c69-3753-4c27-837a-863fdc9d73a6 tempest-VolumesGetTestJSON-2001221769 tempest-VolumesGetTestJSON-2001221769-project] Task 'cinder.volume.flows.api.create_volume.QuotaReserveTask;volume:create' (ee29090b-9aad-4cb9-ad6e-c71c9858157d) transitioned into state 'RUNNING' from state 'PENDING' {{(pid=99824) _task_receiver /usr/local/lib/python3.8/dist-packages/taskflow/listeners/logging.py:190}}
Jul 23 10:59:41.403988 dv-cinder-801989-3-smb devstack@c-api.service[99824]: WARNING cinder.quota [req-1571a277-191e-4134-8a9c-b2ca9b1209dd req-2d1c9c69-3753-4c27-837a-863fdc9d73a6 tempest-VolumesGetTestJSON-2001221769 tempest-VolumesGetTestJSON-2001221769-project] Deprecated: Default quota for resource: volumes___DEFAULT__ is set by the default quota flag: quota_volumes___DEFAULT__, it is now deprecated. Please use the default quota class for default quota.
Jul 23 10:59:41.404953 dv-cinder-801989-3-smb devstack@c-api.service[99824]: WARNING cinder.quota [req-1571a277-191e-4134-8a9c-b2ca9b1209dd req-2d1c9c69-3753-4c27-837a-863fdc9d73a6 tempest-VolumesGetTestJSON-2001221769 tempest-VolumesGetTestJSON-2001221769-project] Deprecated: Default quota for resource: gigabytes___DEFAULT__ is set by the default quota flag: quota_gigabytes___DEFAULT__, it is now deprecated. Please use the default quota class for default quota.
Jul 23 10:59:41.552744 dv-cinder-801989-3-smb devstack@c-api.service[99824]: DEBUG cinder.quota [req-1571a277-191e-4134-8a9c-b2ca9b1209dd req-2d1c9c69-3753-4c27-837a-863fdc9d73a6 tempest-VolumesGetTestJSON-2001221769 tempest-VolumesGetTestJSON-2001221769-project] Created reservations ['6e175a54-f560-47c3-b539-93ff71cf239e', 'fe2b7de4-d8ff-429f-9bc5-6dd843eb6fb1', 'fd9b665e-ca6d-4d03-adc3-8b29a4f41a70', 'c71ca31b-c827-4c01-954e-45aacce98b5e'] {{(pid=99824) reserve /opt/stack/cinder/cinder/quota.py:755}}
Jul 23 10:59:41.555806 dv-cinder-801989-3-smb devstack@c-api.service[99824]: DEBUG cinder.volume.api [req-1571a277-191e-4134-8a9c-b2ca9b1209dd req-2d1c9c69-3753-4c27-837a-863fdc9d73a6 tempest-VolumesGetTestJSON-2001221769 tempest-VolumesGetTestJSON-2001221769-project] Task 'cinder.volume.flows.api.create_volume.QuotaReserveTask;volume:create' (ee29090b-9aad-4cb9-ad6e-c71c9858157d) transitioned into state 'SUCCESS' from state 'RUNNING' with result '{'reservations': ['6e175a54-f560-47c3-b539-93ff71cf239e', 'fe2b7de4-d8ff-429f-9bc5-6dd843eb6fb1', 'fd9b665e-ca6d-4d03-adc3-8b29a4f41a70', 'c71ca31b-c827-4c01-954e-45aacce98b5e']}' {{(pid=99824) _task_receiver /usr/local/lib/python3.8/dist-packages/taskflow/listeners/logging.py:178}}
Jul 23 10:59:41.570837 dv-cinder-801989-3-smb devstack@c-api.service[99824]: DEBUG cinder.volume.api [req-1571a277-191e-4134-8a9c-b2ca9b1209dd req-2d1c9c69-3753-4c27-837a-863fdc9d73a6 tempest-VolumesGetTestJSON-2001221769 tempest-VolumesGetTestJSON-2001221769-project] Task 'cinder.volume.flows.api.create_volume.EntryCreateTask;volume:create' (4dab61a3-2f9f-4721-b94d-50a05e3555a7) transitioned into state 'RUNNING' from state 'PENDING' {{(pid=99824) _task_receiver /usr/local/lib/python3.8/dist-packages/taskflow/listeners/logging.py:190}}
Jul 23 10:59:41.753477 dv-cinder-801989-3-smb devstack@c-api.service[99824]: DEBUG cinder.volume.api [req-1571a277-191e-4134-8a9c-b2ca9b1209dd req-2d1c9c69-3753-4c27-837a-863fdc9d73a6 tempest-VolumesGetTestJSON-2001221769 tempest-VolumesGetTestJSON-2001221769-project] Task 'cinder.volume.flows.api.create_volume.EntryCreateTask;volume:create' (4dab61a3-2f9f-4721-b94d-50a05e3555a7) transitioned into state 'SUCCESS' from state 'RUNNING' with result '{'volume_id': '8cefb5a4-e387-4817-bfbf-0ca13f90de6c', 'volume_properties': VolumeProperties(attach_status='detached',availability_zone='nova',cgsnapshot_id=None,consistencygroup_id=None,display_description=None,display_name='tempest-VolumesGetTestJSON-Volume-737883311',encryption_key_id=None,group_id=None,group_type_id=,metadata={Type='work'},multiattach=False,project_id='04abd8e028f24287b265d1ef9b299569',qos_specs=None,replication_status=,reservations=['6e175a54-f560-47c3-b539-93ff71cf239e','fe2b7de4-d8ff-429f-9bc5-6dd843eb6fb1','fd9b665e-ca6d-4d03-adc3-8b29a4f41a70','c71ca31b-c827-4c01-954e-45aacce98b5e'],size=1,snapshot_id=None,source_replicaid=,source_volid=None,status='creating',user_id='98c585b78a044d5ca476b7a4de0ed953',volume_type_id=8b595b80-44d2-49db-8155-f8ac2e0c2a31), 'volume': Volume(_name_id=None,admin_metadata=,attach_status='detached',availability_zone='nova',bootable=False,cluster=,cluster_name=None,consistencygroup=,consistencygroup_id=None,created_at=2021-07-23T10:59:41Z,deleted=False,deleted_at=None,display_description=None,display_name='tempest-VolumesGetTestJSON-Volume-737883311',ec2_id=None,encryption_key_id=None,glance_metadata=,group=,group_id=None,host=None,id=8cefb5a4-e387-4817-bfbf-0ca13f90de6c,launched_at=None,metadata={Type='work'},migration_status=None,multiattach=False,previous_status=None,project_id='04abd8e028f24287b265d1ef9b299569',provider_auth=None,provider_geometry=None,provider_id=None,provider_location=None,replication_driver_data=None,replication_extended_status=None,replication_status=None,scheduled_at=None,service_uuid=None,shared_targets=True,size=1,snapshot_id=None,snapshots=,source_volid=None,status='creating',terminated_at=None,updated_at=None,user_id='98c585b78a044d5ca476b7a4de0ed953',volume_attachment=,volume_type=VolumeType(8b595b80-44d2-49db-8155-f8ac2e0c2a31),volume_type_id=8b595b80-44d2-49db-8155-f8ac2e0c2a31)}' {{(pid=99824) _task_receiver /usr/local/lib/python3.8/dist-packages/taskflow/listeners/logging.py:178}}
Jul 23 10:59:41.755577 dv-cinder-801989-3-smb devstack@c-api.service[99824]: DEBUG cinder.volume.api [req-1571a277-191e-4134-8a9c-b2ca9b1209dd req-2d1c9c69-3753-4c27-837a-863fdc9d73a6 tempest-VolumesGetTestJSON-2001221769 tempest-VolumesGetTestJSON-2001221769-project] Task 'cinder.volume.flows.api.create_volume.QuotaCommitTask;volume:create' (a04dacd5-fd00-42df-ba6f-60dd6e31078d) transitioned into state 'RUNNING' from state 'PENDING' {{(pid=99824) _task_receiver /usr/local/lib/python3.8/dist-packages/taskflow/listeners/logging.py:190}}
Jul 23 10:59:41.816798 dv-cinder-801989-3-smb devstack@c-api.service[99824]: DEBUG cinder.volume.api [req-1571a277-191e-4134-8a9c-b2ca9b1209dd req-2d1c9c69-3753-4c27-837a-863fdc9d73a6 tempest-VolumesGetTestJSON-2001221769 tempest-VolumesGetTestJSON-2001221769-project] Task 'cinder.volume.flows.api.create_volume.QuotaCommitTask;volume:create' (a04dacd5-fd00-42df-ba6f-60dd6e31078d) transitioned into state 'SUCCESS' from state 'RUNNING' with result '{'volume_properties': VolumeProperties(attach_status='detached',availability_zone='nova',cgsnapshot_id=None,consistencygroup_id=None,display_description=None,display_name='tempest-VolumesGetTestJSON-Volume-737883311',encryption_key_id=None,group_id=None,group_type_id=,metadata={Type='work'},multiattach=False,project_id='04abd8e028f24287b265d1ef9b299569',qos_specs=None,replication_status=,reservations=['6e175a54-f560-47c3-b539-93ff71cf239e','fe2b7de4-d8ff-429f-9bc5-6dd843eb6fb1','fd9b665e-ca6d-4d03-adc3-8b29a4f41a70','c71ca31b-c827-4c01-954e-45aacce98b5e'],size=1,snapshot_id=None,source_replicaid=,source_volid=None,status='creating',user_id='98c585b78a044d5ca476b7a4de0ed953',volume_type_id=8b595b80-44d2-49db-8155-f8ac2e0c2a31)}' {{(pid=99824) _task_receiver /usr/local/lib/python3.8/dist-packages/taskflow/listeners/logging.py:178}}
Jul 23 10:59:41.822033 dv-cinder-801989-3-smb devstack@c-api.service[99824]: DEBUG cinder.volume.api [req-1571a277-191e-4134-8a9c-b2ca9b1209dd req-2d1c9c69-3753-4c27-837a-863fdc9d73a6 tempest-VolumesGetTestJSON-2001221769 tempest-VolumesGetTestJSON-2001221769-project] Task 'cinder.volume.flows.api.create_volume.VolumeCastTask;volume:create' (325f468a-cfc2-47a3-9020-152ac048964e) transitioned into state 'RUNNING' from state 'PENDING' {{(pid=99824) _task_receiver /usr/local/lib/python3.8/dist-packages/taskflow/listeners/logging.py:190}}
Jul 23 10:59:41.829264 dv-cinder-801989-3-smb devstack@c-api.service[99823]: INFO cinder.api.openstack.wsgi [None req-158b2672-e4e8-4285-a442-9edf1db71775 tempest-GroupSnapshotsTest-1392509440 tempest-GroupSnapshotsTest-1392509440-project-admin] POST http://10.222.0.10/volume/v3/b27f95146c594d75a8a929ece7bcaf2e/types
Jul 23 10:59:41.830246 dv-cinder-801989-3-smb devstack@c-api.service[99823]: DEBUG cinder.api.openstack.wsgi [None req-158b2672-e4e8-4285-a442-9edf1db71775 tempest-GroupSnapshotsTest-1392509440 tempest-GroupSnapshotsTest-1392509440-project-admin] Action: 'create', calling method: _create, body: {"volume_type": {"name": "tempest-GroupSnapshotsTest-volume-type-1997066301"}} {{(pid=99823) _process_stack /opt/stack/cinder/cinder/api/openstack/wsgi.py:854}}
Jul 23 10:59:41.910886 dv-cinder-801989-3-smb devstack@c-api.service[99823]: INFO cinder.api.openstack.wsgi [None req-158b2672-e4e8-4285-a442-9edf1db71775 tempest-GroupSnapshotsTest-1392509440 tempest-GroupSnapshotsTest-1392509440-project-admin] http://10.222.0.10/volume/v3/b27f95146c594d75a8a929ece7bcaf2e/types returned with HTTP 200
Jul 23 10:59:41.916686 dv-cinder-801989-3-smb devstack@c-api.service[99824]: DEBUG cinder.volume.api [req-1571a277-191e-4134-8a9c-b2ca9b1209dd req-2d1c9c69-3753-4c27-837a-863fdc9d73a6 tempest-VolumesGetTestJSON-2001221769 tempest-VolumesGetTestJSON-2001221769-project] Task 'cinder.volume.flows.api.create_volume.VolumeCastTask;volume:create' (325f468a-cfc2-47a3-9020-152ac048964e) transitioned into state 'SUCCESS' from state 'RUNNING' with result 'None' {{(pid=99824) _task_receiver /usr/local/lib/python3.8/dist-packages/taskflow/listeners/logging.py:178}}
Jul 23 10:59:41.918379 dv-cinder-801989-3-smb devstack@c-api.service[99823]: [pid: 99823|app: 0|req: 4/8] 10.222.0.10 () {60 vars in 1229 bytes} [Fri Jul 23 10:59:41 2021] POST /volume/v3/b27f95146c594d75a8a929ece7bcaf2e/types => generated 224 bytes in 203 msecs (HTTP/1.1 200) 7 headers in 285 bytes (1 switches on core 0)
Jul 23 10:59:41.925699 dv-cinder-801989-3-smb devstack@c-api.service[99824]: DEBUG cinder.volume.api [req-1571a277-191e-4134-8a9c-b2ca9b1209dd req-2d1c9c69-3753-4c27-837a-863fdc9d73a6 tempest-VolumesGetTestJSON-2001221769 tempest-VolumesGetTestJSON-2001221769-project] Flow 'volume_create_api' (7491bfec-0518-47ab-a4b3-0350d3404429) transitioned into state 'SUCCESS' from state 'RUNNING' {{(pid=99824) _flow_receiver /usr/local/lib/python3.8/dist-packages/taskflow/listeners/logging.py:141}}
Jul 23 10:59:41.926723 dv-cinder-801989-3-smb devstack@c-api.service[99824]: INFO cinder.volume.api [req-1571a277-191e-4134-8a9c-b2ca9b1209dd req-2d1c9c69-3753-4c27-837a-863fdc9d73a6 tempest-VolumesGetTestJSON-2001221769 tempest-VolumesGetTestJSON-2001221769-project] Create volume request issued successfully.
Jul 23 10:59:41.934860 dv-cinder-801989-3-smb devstack@c-api.service[99823]: INFO cinder.api.openstack.wsgi [None req-26f5b31b-408d-46f6-ad62-166ead7523b0 tempest-GroupSnapshotsTest-1392509440 tempest-GroupSnapshotsTest-1392509440-project-admin] POST http://10.222.0.10/volume/v3/b27f95146c594d75a8a929ece7bcaf2e/group_types
Jul 23 10:59:41.937575 dv-cinder-801989-3-smb devstack@c-api.service[99823]: DEBUG cinder.api.openstack.wsgi [None req-26f5b31b-408d-46f6-ad62-166ead7523b0 tempest-GroupSnapshotsTest-1392509440 tempest-GroupSnapshotsTest-1392509440-project-admin] Action: 'create', calling method: version_select, body: {"group_type": {"name": "tempest-GroupSnapshotsTest-group-type-723337223"}} {{(pid=99823) _process_stack /opt/stack/cinder/cinder/api/openstack/wsgi.py:854}}
Jul 23 10:59:41.991226 dv-cinder-801989-3-smb devstack@c-api.service[99824]: INFO cinder.api.openstack.wsgi [req-1571a277-191e-4134-8a9c-b2ca9b1209dd req-2d1c9c69-3753-4c27-837a-863fdc9d73a6 tempest-VolumesGetTestJSON-2001221769 tempest-VolumesGetTestJSON-2001221769-project] http://10.222.0.10/volume/v3/04abd8e028f24287b265d1ef9b299569/volumes returned with HTTP 202
Jul 23 10:59:41.993232 dv-cinder-801989-3-smb devstack@c-api.service[99824]: [pid: 99824|app: 0|req: 5/9] 10.222.0.10 () {64 vars in 1522 bytes} [Fri Jul 23 10:59:40 2021] POST /volume/v3/04abd8e028f24287b265d1ef9b299569/volumes => generated 831 bytes in 1077 msecs (HTTP/1.1 202) 7 headers in 291 bytes (1 switches on core 0)
Jul 23 10:59:42.004510 dv-cinder-801989-3-smb devstack@c-api.service[99824]: INFO cinder.api.openstack.wsgi [req-1571a277-191e-4134-8a9c-b2ca9b1209dd req-395210d0-1108-444d-807b-0f78de8e2670 tempest-VolumesGetTestJSON-2001221769 tempest-VolumesGetTestJSON-2001221769-project] GET http://10.222.0.10/volume/v3/04abd8e028f24287b265d1ef9b299569/volumes/8cefb5a4-e387-4817-bfbf-0ca13f90de6c
Jul 23 10:59:42.007191 dv-cinder-801989-3-smb devstack@c-api.service[99824]: DEBUG cinder.api.openstack.wsgi [req-1571a277-191e-4134-8a9c-b2ca9b1209dd req-395210d0-1108-444d-807b-0f78de8e2670 tempest-VolumesGetTestJSON-2001221769 tempest-VolumesGetTestJSON-2001221769-project] Empty body provided in request {{(pid=99824) get_body /opt/stack/cinder/cinder/api/openstack/wsgi.py:703}}
Jul 23 10:59:42.009781 dv-cinder-801989-3-smb devstack@c-api.service[99824]: /usr/local/lib/python3.8/dist-packages/webob/acceptparse.py:1047: DeprecationWarning: The behavior of AcceptValidHeader.best_match is currently being maintained for backward compatibility, but it will be deprecated in the future, as it does not conform to the RFC.
Jul 23 10:59:42.009781 dv-cinder-801989-3-smb devstack@c-api.service[99824]: warnings.warn(
Jul 23 10:59:42.011262 dv-cinder-801989-3-smb devstack@c-api.service[99824]: DEBUG cinder.api.openstack.wsgi [req-1571a277-191e-4134-8a9c-b2ca9b1209dd req-395210d0-1108-444d-807b-0f78de8e2670 tempest-VolumesGetTestJSON-2001221769 tempest-VolumesGetTestJSON-2001221769-project] Calling method 'show' {{(pid=99824) _process_stack /opt/stack/cinder/cinder/api/openstack/wsgi.py:856}}
Jul 23 10:59:42.041188 dv-cinder-801989-3-smb devstack@c-api.service[99824]: /usr/local/lib/python3.8/dist-packages/oslo_context/context.py:105: DeprecationWarning: Policy enforcement is depending on the value of is_admin. This key is deprecated. Please update your policy file to use the standard policy values.
Jul 23 10:59:42.041188 dv-cinder-801989-3-smb devstack@c-api.service[99824]: warnings.warn('Policy enforcement is depending on the value of '
Jul 23 10:59:42.071486 dv-cinder-801989-3-smb devstack@c-api.service[99823]: INFO cinder.api.openstack.wsgi [None req-26f5b31b-408d-46f6-ad62-166ead7523b0 tempest-GroupSnapshotsTest-1392509440 tempest-GroupSnapshotsTest-1392509440-project-admin] http://10.222.0.10/volume/v3/b27f95146c594d75a8a929ece7bcaf2e/group_types returned with HTTP 202
Jul 23 10:59:42.073031 dv-cinder-801989-3-smb devstack@c-api.service[99823]: [pid: 99823|app: 0|req: 5/10] 10.222.0.10 () {62 vars in 1288 bytes} [Fri Jul 23 10:59:41 2021] POST /volume/v3/b27f95146c594d75a8a929ece7bcaf2e/group_types => generated 180 bytes in 147 msecs (HTTP/1.1 202) 7 headers in 292 bytes (1 switches on core 0)
Jul 23 10:59:42.082853 dv-cinder-801989-3-smb devstack@c-api.service[99824]: INFO cinder.volume.api [req-1571a277-191e-4134-8a9c-b2ca9b1209dd req-395210d0-1108-444d-807b-0f78de8e2670 tempest-VolumesGetTestJSON-2001221769 tempest-VolumesGetTestJSON-2001221769-project] Volume info retrieved successfully.
Jul 23 10:59:42.140499 dv-cinder-801989-3-smb devstack@c-api.service[99824]: INFO cinder.api.openstack.wsgi [req-1571a277-191e-4134-8a9c-b2ca9b1209dd req-395210d0-1108-444d-807b-0f78de8e2670 tempest-VolumesGetTestJSON-2001221769 tempest-VolumesGetTestJSON-2001221769-project] http://10.222.0.10/volume/v3/04abd8e028f24287b265d1ef9b299569/volumes/8cefb5a4-e387-4817-bfbf-0ca13f90de6c returned with HTTP 200
Jul 23 10:59:42.141159 dv-cinder-801989-3-smb devstack@c-api.service[99824]: [pid: 99824|app: 0|req: 6/11] 10.222.0.10 () {60 vars in 1579 bytes} [Fri Jul 23 10:59:41 2021] GET /volume/v3/04abd8e028f24287b265d1ef9b299569/volumes/8cefb5a4-e387-4817-bfbf-0ca13f90de6c => generated 899 bytes in 141 msecs (HTTP/1.1 200) 7 headers in 285 bytes (1 switches on core 0)
Jul 23 10:59:42.298717 dv-cinder-801989-3-smb devstack@c-api.service[99824]: INFO cinder.api.openstack.wsgi [req-318fc624-e594-45cd-ad72-f662fc7f9c38 req-8c0d4e98-6e5d-459f-a0e5-bd2dc993ffa2 tempest-VolumesSnapshotsTestJSON-1450112642 tempest-VolumesSnapshotsTestJSON-1450112642-project] POST http://10.222.0.10/volume/v3/7d338e31749343dbbf339839f9c68034/volumes
Jul 23 10:59:42.299110 dv-cinder-801989-3-smb devstack@c-api.service[99824]: /usr/local/lib/python3.8/dist-packages/webob/acceptparse.py:1047: DeprecationWarning: The behavior of AcceptValidHeader.best_match is currently being maintained for backward compatibility, but it will be deprecated in the future, as it does not conform to the RFC.
Jul 23 10:59:42.299110 dv-cinder-801989-3-smb devstack@c-api.service[99824]: warnings.warn(
Jul 23 10:59:42.299734 dv-cinder-801989-3-smb devstack@c-api.service[99824]: DEBUG cinder.api.openstack.wsgi [req-318fc624-e594-45cd-ad72-f662fc7f9c38 req-8c0d4e98-6e5d-459f-a0e5-bd2dc993ffa2 tempest-VolumesSnapshotsTestJSON-1450112642 tempest-VolumesSnapshotsTestJSON-1450112642-project] Action: 'create', calling method: create, body: {"volume": {"size": 1, "consistencygroup_id": null, "snapshot_id": null, "name": "tempest-VolumesSnapshotsTestJSON-volume-785839994", "description": null, "volume_type": null, "availability_zone": null, "metadata": {}, "imageRef": null, "source_volid": null, "backup_id": null}} {{(pid=99824) _process_stack /opt/stack/cinder/cinder/api/openstack/wsgi.py:854}}
Jul 23 10:59:42.301623 dv-cinder-801989-3-smb devstack@c-api.service[99824]: DEBUG cinder.api.v3.volumes [req-318fc624-e594-45cd-ad72-f662fc7f9c38 req-8c0d4e98-6e5d-459f-a0e5-bd2dc993ffa2 tempest-VolumesSnapshotsTestJSON-1450112642 tempest-VolumesSnapshotsTestJSON-1450112642-project] Create volume request body: {'volume': {'size': 1, 'consistencygroup_id': None, 'snapshot_id': None, 'name': 'tempest-VolumesSnapshotsTestJSON-volume-785839994', 'description': None, 'volume_type': None, 'availability_zone': None, 'metadata': {}, 'imageRef': None, 'source_volid': None, 'backup_id': None}} {{(pid=99824) create /opt/stack/cinder/cinder/api/v3/volumes.py:290}}
Jul 23 10:59:42.302150 dv-cinder-801989-3-smb devstack@c-api.service[99824]: INFO cinder.api.v3.volumes [req-318fc624-e594-45cd-ad72-f662fc7f9c38 req-8c0d4e98-6e5d-459f-a0e5-bd2dc993ffa2 tempest-VolumesSnapshotsTestJSON-1450112642 tempest-VolumesSnapshotsTestJSON-1450112642-project] Create volume of 1 GB
Jul 23 10:59:42.314856 dv-cinder-801989-3-smb devstack@c-api.service[99824]: INFO cinder.volume.api [req-318fc624-e594-45cd-ad72-f662fc7f9c38 req-8c0d4e98-6e5d-459f-a0e5-bd2dc993ffa2 tempest-VolumesSnapshotsTestJSON-1450112642 tempest-VolumesSnapshotsTestJSON-1450112642-project] Availability Zones retrieved successfully.
Jul 23 10:59:42.339638 dv-cinder-801989-3-smb devstack@c-api.service[99823]: INFO cinder.api.openstack.wsgi [None req-73a0bf81-8b17-4f81-a3cc-96bc776c52bb tempest-GroupSnapshotsTest-876076316 tempest-GroupSnapshotsTest-876076316-project] POST http://10.222.0.10/volume/v3/772a9cc08a174363a65061655d7c4772/groups
Jul 23 10:59:42.340417 dv-cinder-801989-3-smb devstack@c-api.service[99823]: DEBUG cinder.api.openstack.wsgi [None req-73a0bf81-8b17-4f81-a3cc-96bc776c52bb tempest-GroupSnapshotsTest-876076316 tempest-GroupSnapshotsTest-876076316-project] Action: 'create', calling method: version_select, body: {"group": {"group_type": "32d2cf69-fcf6-4928-b8e9-cf533f8f60c6", "volume_types": ["51b0196a-3f5a-4d0e-968e-e421fc0a415e"], "name": "tempest-GroupSnapshotsTest-Group-1252213472"}} {{(pid=99823) _process_stack /opt/stack/cinder/cinder/api/openstack/wsgi.py:854}}
Jul 23 10:59:42.342278 dv-cinder-801989-3-smb devstack@c-api.service[99823]: DEBUG cinder.api.v3.groups [None req-73a0bf81-8b17-4f81-a3cc-96bc776c52bb tempest-GroupSnapshotsTest-876076316 tempest-GroupSnapshotsTest-876076316-project] Creating new group {'group': {'group_type': '32d2cf69-fcf6-4928-b8e9-cf533f8f60c6', 'volume_types': ['51b0196a-3f5a-4d0e-968e-e421fc0a415e'], 'name': 'tempest-GroupSnapshotsTest-Group-1252213472'}} {{(pid=99823) create /opt/stack/cinder/cinder/api/v3/groups.py:190}}
Jul 23 10:59:42.344837 dv-cinder-801989-3-smb devstack@c-api.service[99824]: DEBUG cinder.volume.api [req-318fc624-e594-45cd-ad72-f662fc7f9c38 req-8c0d4e98-6e5d-459f-a0e5-bd2dc993ffa2 tempest-VolumesSnapshotsTestJSON-1450112642 tempest-VolumesSnapshotsTestJSON-1450112642-project] Flow 'volume_create_api' (bee3e531-4234-45f9-b752-e230e68418b8) transitioned into state 'RUNNING' from state 'PENDING' {{(pid=99824) _flow_receiver /usr/local/lib/python3.8/dist-packages/taskflow/listeners/logging.py:141}}
Jul 23 10:59:42.348359 dv-cinder-801989-3-smb devstack@c-api.service[99824]: DEBUG cinder.volume.api [req-318fc624-e594-45cd-ad72-f662fc7f9c38 req-8c0d4e98-6e5d-459f-a0e5-bd2dc993ffa2 tempest-VolumesSnapshotsTestJSON-1450112642 tempest-VolumesSnapshotsTestJSON-1450112642-project] Task 'cinder.volume.flows.api.create_volume.ExtractVolumeRequestTask;volume:create' (13f7fda4-5dab-4a39-ad51-9f763ac6b1bb) transitioned into state 'RUNNING' from state 'PENDING' {{(pid=99824) _task_receiver /usr/local/lib/python3.8/dist-packages/taskflow/listeners/logging.py:190}}
Jul 23 10:59:42.351105 dv-cinder-801989-3-smb devstack@c-api.service[99824]: DEBUG cinder.volume.flows.api.create_volume [req-318fc624-e594-45cd-ad72-f662fc7f9c38 req-8c0d4e98-6e5d-459f-a0e5-bd2dc993ffa2 tempest-VolumesSnapshotsTestJSON-1450112642 tempest-VolumesSnapshotsTestJSON-1450112642-project] Validating volume size '1' using validate_int {{(pid=99824) _extract_size /opt/stack/cinder/cinder/volume/flows/api/create_volume.py:201}}
Jul 23 10:59:42.353439 dv-cinder-801989-3-smb devstack@c-api.service[99823]: INFO cinder.api.v3.groups [None req-73a0bf81-8b17-4f81-a3cc-96bc776c52bb tempest-GroupSnapshotsTest-876076316 tempest-GroupSnapshotsTest-876076316-project] Creating group tempest-GroupSnapshotsTest-Group-1252213472.
Jul 23 10:59:42.389881 dv-cinder-801989-3-smb devstack@c-api.service[99824]: DEBUG cinder.volume.api [req-318fc624-e594-45cd-ad72-f662fc7f9c38 req-8c0d4e98-6e5d-459f-a0e5-bd2dc993ffa2 tempest-VolumesSnapshotsTestJSON-1450112642 tempest-VolumesSnapshotsTestJSON-1450112642-project] Task 'cinder.volume.flows.api.create_volume.ExtractVolumeRequestTask;volume:create' (13f7fda4-5dab-4a39-ad51-9f763ac6b1bb) transitioned into state 'SUCCESS' from state 'RUNNING' with result '{'size': 1, 'snapshot_id': None, 'source_volid': None, 'volume_type': VolumeType(created_at=2021-07-23T10:50:12Z,deleted=False,deleted_at=None,description='Default Volume Type',extra_specs={},id=8b595b80-44d2-49db-8155-f8ac2e0c2a31,is_public=True,name='__DEFAULT__',projects=[],qos_specs=,qos_specs_id=None,updated_at=2021-07-23T10:50:12Z), 'volume_type_id': '8b595b80-44d2-49db-8155-f8ac2e0c2a31', 'encryption_key_id': None, 'qos_specs': None, 'consistencygroup_id': None, 'cgsnapshot_id': None, 'group_id': None, 'replication_status': 'disabled', 'refresh_az': False, 'backup_id': None, 'multiattach': False, 'availability_zones': ['nova']}' {{(pid=99824) _task_receiver /usr/local/lib/python3.8/dist-packages/taskflow/listeners/logging.py:178}}
Jul 23 10:59:42.393111 dv-cinder-801989-3-smb devstack@c-api.service[99824]: DEBUG cinder.volume.api [req-318fc624-e594-45cd-ad72-f662fc7f9c38 req-8c0d4e98-6e5d-459f-a0e5-bd2dc993ffa2 tempest-VolumesSnapshotsTestJSON-1450112642 tempest-VolumesSnapshotsTestJSON-1450112642-project] Task 'cinder.volume.flows.api.create_volume.QuotaReserveTask;volume:create' (0831a698-5900-48fd-bf4a-b527920bac6a) transitioned into state 'RUNNING' from state 'PENDING' {{(pid=99824) _task_receiver /usr/local/lib/python3.8/dist-packages/taskflow/listeners/logging.py:190}}
Jul 23 10:59:42.420678 dv-cinder-801989-3-smb devstack@c-api.service[99823]: DEBUG cinder.volume.api [None req-73a0bf81-8b17-4f81-a3cc-96bc776c52bb tempest-GroupSnapshotsTest-876076316 tempest-GroupSnapshotsTest-876076316-project] Availability zone cache updated, next update will occur around 2021-07-23 11:59:42.419619. {{(pid=99823) list_availability_zones /opt/stack/cinder/cinder/volume/api.py:148}}
Jul 23 10:59:42.421266 dv-cinder-801989-3-smb devstack@c-api.service[99823]: INFO cinder.volume.api [None req-73a0bf81-8b17-4f81-a3cc-96bc776c52bb tempest-GroupSnapshotsTest-876076316 tempest-GroupSnapshotsTest-876076316-project] Availability Zones retrieved successfully.
Jul 23 10:59:42.468952 dv-cinder-801989-3-smb devstack@c-api.service[99823]: DEBUG oslo_db.api [None req-73a0bf81-8b17-4f81-a3cc-96bc776c52bb tempest-GroupSnapshotsTest-876076316 tempest-GroupSnapshotsTest-876076316-project] DB error: (pymysql.err.OperationalError) (1213, 'Deadlock found when trying to get lock; try restarting transaction')
Jul 23 10:59:42.468952 dv-cinder-801989-3-smb devstack@c-api.service[99823]: [SQL: INSERT INTO quota_usages (created_at, updated_at, deleted_at, deleted, project_id, resource, in_use, reserved, until_refresh, race_preventer) VALUES (%(created_at)s, %(updated_at)s, %(deleted_at)s, %(deleted)s, %(project_id)s, %(resource)s, %(in_use)s, %(reserved)s, %(until_refresh)s, %(race_preventer)s)]
Jul 23 10:59:42.468952 dv-cinder-801989-3-smb devstack@c-api.service[99823]: [parameters: {'created_at': datetime.datetime(2021, 7, 23, 10, 59, 42, 464263), 'updated_at': None, 'deleted_at': None, 'deleted': 0, 'project_id': '772a9cc08a174363a65061655d7c4772', 'resource': 'groups', 'in_use': 0, 'reserved': 0, 'until_refresh': None, 'race_preventer': 1}]
Jul 23 10:59:42.468952 dv-cinder-801989-3-smb devstack@c-api.service[99823]: (Background on this error at: http://sqlalche.me/e/14/e3q8) {{(pid=99823) _is_exception_expected /usr/local/lib/python3.8/dist-packages/oslo_db/api.py:184}}
Jul 23 10:59:42.469503 dv-cinder-801989-3-smb devstack@c-api.service[99823]: DEBUG oslo_db.api [None req-73a0bf81-8b17-4f81-a3cc-96bc776c52bb tempest-GroupSnapshotsTest-876076316 tempest-GroupSnapshotsTest-876076316-project] Performing DB retry for function cinder.db.sqlalchemy.api.quota_reserve {{(pid=99823) wrapper /usr/local/lib/python3.8/dist-packages/oslo_db/api.py:155}}
Jul 23 10:59:42.552116 dv-cinder-801989-3-smb devstack@c-api.service[99824]: DEBUG cinder.quota [req-318fc624-e594-45cd-ad72-f662fc7f9c38 req-8c0d4e98-6e5d-459f-a0e5-bd2dc993ffa2 tempest-VolumesSnapshotsTestJSON-1450112642 tempest-VolumesSnapshotsTestJSON-1450112642-project] Created reservations ['26af34d5-8f6b-494b-aa6d-1442ca542afe', '617854c0-17a7-4ee5-8951-80d4a315cc73', '0cb9c32d-0d68-45ac-80f4-9ae087999e29', '95f715f0-ecba-47c5-8314-76f5fb8a56b8'] {{(pid=99824) reserve /opt/stack/cinder/cinder/quota.py:755}}
Jul 23 10:59:42.554669 dv-cinder-801989-3-smb devstack@c-api.service[99824]: DEBUG cinder.volume.api [req-318fc624-e594-45cd-ad72-f662fc7f9c38 req-8c0d4e98-6e5d-459f-a0e5-bd2dc993ffa2 tempest-VolumesSnapshotsTestJSON-1450112642 tempest-VolumesSnapshotsTestJSON-1450112642-project] Task 'cinder.volume.flows.api.create_volume.QuotaReserveTask;volume:create' (0831a698-5900-48fd-bf4a-b527920bac6a) transitioned into state 'SUCCESS' from state 'RUNNING' with result '{'reservations': ['26af34d5-8f6b-494b-aa6d-1442ca542afe', '617854c0-17a7-4ee5-8951-80d4a315cc73', '0cb9c32d-0d68-45ac-80f4-9ae087999e29', '95f715f0-ecba-47c5-8314-76f5fb8a56b8']}' {{(pid=99824) _task_receiver /usr/local/lib/python3.8/dist-packages/taskflow/listeners/logging.py:178}}
Jul 23 10:59:42.560925 dv-cinder-801989-3-smb devstack@c-api.service[99824]: DEBUG cinder.volume.api [req-318fc624-e594-45cd-ad72-f662fc7f9c38 req-8c0d4e98-6e5d-459f-a0e5-bd2dc993ffa2 tempest-VolumesSnapshotsTestJSON-1450112642 tempest-VolumesSnapshotsTestJSON-1450112642-project] Task 'cinder.volume.flows.api.create_volume.EntryCreateTask;volume:create' (892d8124-3dd7-428b-9fcd-5a53e36a0454) transitioned into state 'RUNNING' from state 'PENDING' {{(pid=99824) _task_receiver /usr/local/lib/python3.8/dist-packages/taskflow/listeners/logging.py:190}}
Jul 23 10:59:42.623746 dv-cinder-801989-3-smb devstack@c-api.service[99824]: DEBUG cinder.volume.api [req-318fc624-e594-45cd-ad72-f662fc7f9c38 req-8c0d4e98-6e5d-459f-a0e5-bd2dc993ffa2 tempest-VolumesSnapshotsTestJSON-1450112642 tempest-VolumesSnapshotsTestJSON-1450112642-project] Task 'cinder.volume.flows.api.create_volume.EntryCreateTask;volume:create' (892d8124-3dd7-428b-9fcd-5a53e36a0454) transitioned into state 'SUCCESS' from state 'RUNNING' with result '{'volume_id': '8fac2590-b012-490a-931f-8317defa0d32', 'volume_properties': VolumeProperties(attach_status='detached',availability_zone='nova',cgsnapshot_id=None,consistencygroup_id=None,display_description=None,display_name='tempest-VolumesSnapshotsTestJSON-volume-785839994',encryption_key_id=None,group_id=None,group_type_id=,metadata={},multiattach=False,project_id='7d338e31749343dbbf339839f9c68034',qos_specs=None,replication_status=,reservations=['26af34d5-8f6b-494b-aa6d-1442ca542afe','617854c0-17a7-4ee5-8951-80d4a315cc73','0cb9c32d-0d68-45ac-80f4-9ae087999e29','95f715f0-ecba-47c5-8314-76f5fb8a56b8'],size=1,snapshot_id=None,source_replicaid=,source_volid=None,status='creating',user_id='82c73ebadfe243ceb3190565d377ccf3',volume_type_id=8b595b80-44d2-49db-8155-f8ac2e0c2a31), 'volume': Volume(_name_id=None,admin_metadata=,attach_status='detached',availability_zone='nova',bootable=False,cluster=,cluster_name=None,consistencygroup=,consistencygroup_id=None,created_at=2021-07-23T10:59:42Z,deleted=False,deleted_at=None,display_description=None,display_name='tempest-VolumesSnapshotsTestJSON-volume-785839994',ec2_id=None,encryption_key_id=None,glance_metadata=,group=,group_id=None,host=None,id=8fac2590-b012-490a-931f-8317defa0d32,launched_at=None,metadata={},migration_status=None,multiattach=False,previous_status=None,project_id='7d338e31749343dbbf339839f9c68034',provider_auth=None,provider_geometry=None,provider_id=None,provider_location=None,replication_driver_data=None,replication_extended_status=None,replication_status=None,scheduled_at=None,service_uuid=None,shared_targets=True,size=1,snapshot_id=None,snapshots=,source_volid=None,status='creating',terminated_at=None,updated_at=None,user_id='82c73ebadfe243ceb3190565d377ccf3',volume_attachment=,volume_type=VolumeType(8b595b80-44d2-49db-8155-f8ac2e0c2a31),volume_type_id=8b595b80-44d2-49db-8155-f8ac2e0c2a31)}' {{(pid=99824) _task_receiver /usr/local/lib/python3.8/dist-packages/taskflow/listeners/logging.py:178}}
Jul 23 10:59:42.631284 dv-cinder-801989-3-smb devstack@c-api.service[99824]: DEBUG cinder.volume.api [req-318fc624-e594-45cd-ad72-f662fc7f9c38 req-8c0d4e98-6e5d-459f-a0e5-bd2dc993ffa2 tempest-VolumesSnapshotsTestJSON-1450112642 tempest-VolumesSnapshotsTestJSON-1450112642-project] Task 'cinder.volume.flows.api.create_volume.QuotaCommitTask;volume:create' (cdc63694-08bb-4a2a-a1c7-26401d10ca07) transitioned into state 'RUNNING' from state 'PENDING' {{(pid=99824) _task_receiver /usr/local/lib/python3.8/dist-packages/taskflow/listeners/logging.py:190}}
Jul 23 10:59:42.682264 dv-cinder-801989-3-smb devstack@c-api.service[99824]: DEBUG cinder.volume.api [req-318fc624-e594-45cd-ad72-f662fc7f9c38 req-8c0d4e98-6e5d-459f-a0e5-bd2dc993ffa2 tempest-VolumesSnapshotsTestJSON-1450112642 tempest-VolumesSnapshotsTestJSON-1450112642-project] Task 'cinder.volume.flows.api.create_volume.QuotaCommitTask;volume:create' (cdc63694-08bb-4a2a-a1c7-26401d10ca07) transitioned into state 'SUCCESS' from state 'RUNNING' with result '{'volume_properties': VolumeProperties(attach_status='detached',availability_zone='nova',cgsnapshot_id=None,consistencygroup_id=None,display_description=None,display_name='tempest-VolumesSnapshotsTestJSON-volume-785839994',encryption_key_id=None,group_id=None,group_type_id=,metadata={},multiattach=False,project_id='7d338e31749343dbbf339839f9c68034',qos_specs=None,replication_status=,reservations=['26af34d5-8f6b-494b-aa6d-1442ca542afe','617854c0-17a7-4ee5-8951-80d4a315cc73','0cb9c32d-0d68-45ac-80f4-9ae087999e29','95f715f0-ecba-47c5-8314-76f5fb8a56b8'],size=1,snapshot_id=None,source_replicaid=,source_volid=None,status='creating',user_id='82c73ebadfe243ceb3190565d377ccf3',volume_type_id=8b595b80-44d2-49db-8155-f8ac2e0c2a31)}' {{(pid=99824) _task_receiver /usr/local/lib/python3.8/dist-packages/taskflow/listeners/logging.py:178}}
Jul 23 10:59:42.684772 dv-cinder-801989-3-smb devstack@c-api.service[99824]: DEBUG cinder.volume.api [req-318fc624-e594-45cd-ad72-f662fc7f9c38 req-8c0d4e98-6e5d-459f-a0e5-bd2dc993ffa2 tempest-VolumesSnapshotsTestJSON-1450112642 tempest-VolumesSnapshotsTestJSON-1450112642-project] Task 'cinder.volume.flows.api.create_volume.VolumeCastTask;volume:create' (4623e28f-3df4-4f9b-8d8a-bc1220aef15a) transitioned into state 'RUNNING' from state 'PENDING' {{(pid=99824) _task_receiver /usr/local/lib/python3.8/dist-packages/taskflow/listeners/logging.py:190}}
Jul 23 10:59:42.708010 dv-cinder-801989-3-smb devstack@c-api.service[99824]: DEBUG cinder.volume.api [req-318fc624-e594-45cd-ad72-f662fc7f9c38 req-8c0d4e98-6e5d-459f-a0e5-bd2dc993ffa2 tempest-VolumesSnapshotsTestJSON-1450112642 tempest-VolumesSnapshotsTestJSON-1450112642-project] Task 'cinder.volume.flows.api.create_volume.VolumeCastTask;volume:create' (4623e28f-3df4-4f9b-8d8a-bc1220aef15a) transitioned into state 'SUCCESS' from state 'RUNNING' with result 'None' {{(pid=99824) _task_receiver /usr/local/lib/python3.8/dist-packages/taskflow/listeners/logging.py:178}}
Jul 23 10:59:42.712105 dv-cinder-801989-3-smb devstack@c-api.service[99824]: DEBUG cinder.volume.api [req-318fc624-e594-45cd-ad72-f662fc7f9c38 req-8c0d4e98-6e5d-459f-a0e5-bd2dc993ffa2 tempest-VolumesSnapshotsTestJSON-1450112642 tempest-VolumesSnapshotsTestJSON-1450112642-project] Flow 'volume_create_api' (bee3e531-4234-45f9-b752-e230e68418b8) transitioned into state 'SUCCESS' from state 'RUNNING' {{(pid=99824) _flow_receiver /usr/local/lib/python3.8/dist-packages/taskflow/listeners/logging.py:141}}
Jul 23 10:59:42.713103 dv-cinder-801989-3-smb devstack@c-api.service[99824]: INFO cinder.volume.api [req-318fc624-e594-45cd-ad72-f662fc7f9c38 req-8c0d4e98-6e5d-459f-a0e5-bd2dc993ffa2 tempest-VolumesSnapshotsTestJSON-1450112642 tempest-VolumesSnapshotsTestJSON-1450112642-project] Create volume request issued successfully.
Jul 23 10:59:42.722972 dv-cinder-801989-3-smb devstack@c-api.service[99824]: INFO cinder.api.openstack.wsgi [req-318fc624-e594-45cd-ad72-f662fc7f9c38 req-8c0d4e98-6e5d-459f-a0e5-bd2dc993ffa2 tempest-VolumesSnapshotsTestJSON-1450112642 tempest-VolumesSnapshotsTestJSON-1450112642-project] http://10.222.0.10/volume/v3/7d338e31749343dbbf339839f9c68034/volumes returned with HTTP 202
Jul 23 10:59:42.724957 dv-cinder-801989-3-smb devstack@c-api.service[99824]: [pid: 99824|app: 0|req: 7/12] 10.222.0.10 () {64 vars in 1522 bytes} [Fri Jul 23 10:59:42 2021] POST /volume/v3/7d338e31749343dbbf339839f9c68034/volumes => generated 823 bytes in 583 msecs (HTTP/1.1 202) 7 headers in 291 bytes (1 switches on core 0)
Jul 23 10:59:42.799344 dv-cinder-801989-3-smb devstack@c-api.service[99824]: INFO cinder.api.openstack.wsgi [None req-c381687a-ba47-41ed-ac32-107c22c1f4f1 tempest-GroupsV314Test-311053364 tempest-GroupsV314Test-311053364-project-admin] POST http://10.222.0.10/volume/v3/bffe9cc9d3d246ccabe229bdca1e1050/types
Jul 23 10:59:42.799953 dv-cinder-801989-3-smb devstack@c-api.service[99824]: /usr/local/lib/python3.8/dist-packages/webob/acceptparse.py:1047: DeprecationWarning: The behavior of AcceptValidHeader.best_match is currently being maintained for backward compatibility, but it will be deprecated in the future, as it does not conform to the RFC.
Jul 23 10:59:42.799953 dv-cinder-801989-3-smb devstack@c-api.service[99824]: warnings.warn(
Jul 23 10:59:42.800789 dv-cinder-801989-3-smb devstack@c-api.service[99824]: DEBUG cinder.api.openstack.wsgi [None req-c381687a-ba47-41ed-ac32-107c22c1f4f1 tempest-GroupsV314Test-311053364 tempest-GroupsV314Test-311053364-project-admin] Action: 'create', calling method: _create, body: {"volume_type": {"name": "tempest-GroupsV314Test-volume-type-1137056630"}} {{(pid=99824) _process_stack /opt/stack/cinder/cinder/api/openstack/wsgi.py:854}}
Jul 23 10:59:42.802142 dv-cinder-801989-3-smb devstack@c-api.service[99824]: /usr/local/lib/python3.8/dist-packages/oslo_context/context.py:105: DeprecationWarning: Policy enforcement is depending on the value of is_admin. This key is deprecated. Please update your policy file to use the standard policy values.
Jul 23 10:59:42.802142 dv-cinder-801989-3-smb devstack@c-api.service[99824]: warnings.warn('Policy enforcement is depending on the value of '
Jul 23 10:59:42.856860 dv-cinder-801989-3-smb devstack@c-api.service[99824]: INFO cinder.api.openstack.wsgi [None req-c381687a-ba47-41ed-ac32-107c22c1f4f1 tempest-GroupsV314Test-311053364 tempest-GroupsV314Test-311053364-project-admin] http://10.222.0.10/volume/v3/bffe9cc9d3d246ccabe229bdca1e1050/types returned with HTTP 200
