Aug 18 16:15:10.409163 dv-cinder-801912-3-smb neutron-server[94591]: DEBUG neutron.db.l3_hamode_db [None req-00e32b3a-14fa-464e-8d0a-af2bd5a38ae7 None None] neutron.services.l3_router.l3_router_plugin.L3RouterPlugin method get_ha_sync_data_for_host called with arguments (, 'dv-cinder-801912-3-smb', Agent(admin_state_up=True,agent_type='L3 agent',availability_zone='nova',binary='neutron-l3-agent',configurations={"agent_mode": "legacy", "ex_gw_ports": 1, "extensions": [], "floating_ips": 0, "handle_internal_only_routers": true, "interface_driver": "openvswitch", "interfaces": 1, "log_agent_heartbeats": false, "routers": 1},created_at=2021-08-18T16:06:24Z,description=,heartbeat_timestamp=2021-08-18T16:14:54Z,host='dv-cinder-801912-3-smb',id=6c6247ac-c33d-4289-9270-f9302f8c4b30,load=0,resource_versions=,resources_synced=,started_at=2021-08-18T16:06:25Z,topic='l3_agent')) {'router_ids': ['87b7fdb0-4766-419a-8342-5a81712b73ae'], 'active': True} {{(pid=94591) wrapper /usr/local/lib/python3.8/dist-packages/oslo_log/helpers.py:65}}
Aug 18 16:15:10.424135 dv-cinder-801912-3-smb neutron-server[94591]: DEBUG neutron.db.provisioning_blocks [None req-caf49a7a-36d1-4ebb-834c-c7d332cf5f15 None None] Provisioning complete for port c97d1a2b-2b7d-4112-9092-b41b0c7ba3de triggered by entity L2. {{(pid=94591) provisioning_complete /opt/stack/neutron/neutron/db/provisioning_blocks.py:139}}
Aug 18 16:15:10.426798 dv-cinder-801912-3-smb neutron-server[94591]: DEBUG neutron_lib.callbacks.manager [None req-caf49a7a-36d1-4ebb-834c-c7d332cf5f15 None None] Notify callbacks ['neutron.plugins.ml2.plugin.Ml2Plugin._port_provisioned-3624419'] for port, provisioning_complete {{(pid=94591) _notify_loop /usr/local/lib/python3.8/dist-packages/neutron_lib/callbacks/manager.py:192}}
Aug 18 16:15:10.472107 dv-cinder-801912-3-smb neutron-server[94589]: DEBUG neutron_lib.callbacks.manager [req-7b94d707-bc4a-460e-9ac1-5520faddadf8 req-915e0a38-c86c-4887-805a-58441827793b service neutron] Notify callbacks ['neutron.plugins.ml2.plugin.SecurityGroupDbMixin._ensure_default_security_group_handler-3560004'] for port, before_update {{(pid=94589) _notify_loop /usr/local/lib/python3.8/dist-packages/neutron_lib/callbacks/manager.py:192}}
Aug 18 16:15:10.618264 dv-cinder-801912-3-smb neutron-server[94590]: INFO neutron.wsgi [req-ad983830-5eea-431a-8355-20de4e702dbc req-fea572a5-9f1f-4749-b863-3b7bb789daaa tempest-DeleteServersTestJSON-1729990555 tempest-DeleteServersTestJSON-1729990555-project] 10.222.0.61 "GET /v2.0/ports?device_id=8f335cfd-1b81-47bc-a48e-3be7f602f232 HTTP/1.1" status: 200 len: 210 time: 0.1113119
Aug 18 16:15:10.644295 dv-cinder-801912-3-smb neutron-server[94590]: DEBUG neutron.db.provisioning_blocks [None req-60555c95-d8db-4706-9777-8b0deab146ad admin admin] Transition to ACTIVE for port object d071e3ec-6795-4bfd-b304-6b81225fbe70 will not be triggered until provisioned by entity DHCP. {{(pid=94590) add_provisioning_component /opt/stack/neutron/neutron/db/provisioning_blocks.py:73}}
Aug 18 16:15:10.647715 dv-cinder-801912-3-smb neutron-server[94589]: DEBUG neutron_lib.callbacks.manager [None req-4a15cc7d-9a9e-411f-901e-ad8ae331508e admin admin] Notify callbacks ['neutron.plugins.ml2.plugin.Ml2Plugin._subnet_delete_after_delete_handler-3629704', 'neutron.plugins.ml2.ovo_rpc._ObjectChangeHandler.handle_event-3740055', 'neutron.api.rpc.agentnotifiers.dhcp_rpc_agent_api.DhcpAgentNotifyAPI._native_event_send_dhcp_notification-3682503'] for subnet, after_delete {{(pid=94589) _notify_loop /usr/local/lib/python3.8/dist-packages/neutron_lib/callbacks/manager.py:192}}
Aug 18 16:15:10.720673 dv-cinder-801912-3-smb neutron-server[94589]: DEBUG neutron.api.rpc.handlers.resources_rpc [None req-4a15cc7d-9a9e-411f-901e-ad8ae331508e admin admin] Pushing event deleted for resources: {'Subnet': ['ID=bf8afcb1-a978-4d92-8ae6-bd7ebd7cd473,revision_number=None']} {{(pid=94589) push /opt/stack/neutron/neutron/api/rpc/handlers/resources_rpc.py:237}}
Aug 18 16:15:10.740742 dv-cinder-801912-3-smb neutron-server[94589]: DEBUG neutron_lib.callbacks.manager [None req-4a15cc7d-9a9e-411f-901e-ad8ae331508e admin admin] Notify callbacks [] for subnet, before_response {{(pid=94589) _notify_loop /usr/local/lib/python3.8/dist-packages/neutron_lib/callbacks/manager.py:192}}
Aug 18 16:15:10.744639 dv-cinder-801912-3-smb neutron-server[94589]: INFO neutron.wsgi [None req-4a15cc7d-9a9e-411f-901e-ad8ae331508e admin admin] 10.222.0.61 "DELETE /v2.0/subnets/bf8afcb1-a978-4d92-8ae6-bd7ebd7cd473 HTTP/1.1" status: 204 len: 168 time: 0.8171420
Aug 18 16:15:10.750755 dv-cinder-801912-3-smb neutron-server[94589]: DEBUG neutron.wsgi [-] (94589) accepted ('10.222.0.61', 59390) {{(pid=94589) server /usr/local/lib/python3.8/dist-packages/eventlet/wsgi.py:982}}
Aug 18 16:15:10.781601 dv-cinder-801912-3-smb neutron-server[94591]: DEBUG neutron.db.l3_dvr_db [None req-00e32b3a-14fa-464e-8d0a-af2bd5a38ae7 None None] Set router 87b7fdb0-4766-419a-8342-5a81712b73ae gateway port host: dv-cinder-801912-3-smb {{(pid=94591) _build_routers_list /opt/stack/neutron/neutron/db/l3_dvr_db.py:906}}
Aug 18 16:15:10.852883 dv-cinder-801912-3-smb neutron-server[94589]: DEBUG neutron_lib.callbacks.manager [None req-89722674-a6ae-491c-a4a5-740cde216463 admin admin] Notify callbacks ['neutron.plugins.ml2.plugin.External_net_db_mixin._before_network_delete_handler-584840'] for network, before_delete {{(pid=94589) _notify_loop /usr/local/lib/python3.8/dist-packages/neutron_lib/callbacks/manager.py:192}}
Aug 18 16:15:10.854565 dv-cinder-801912-3-smb neutron-server[94590]: DEBUG neutron.db.db_base_plugin_common [req-443c32c8-c497-4636-8e5e-2e6c47c16353 req-b3fbc97a-fc2b-480b-868a-3c2ebf255c46 tempest-ServerRescueNegativeTestJSON-2116798894 tempest-ServerRescueNegativeTestJSON-2116798894-project] Allocated IP 172.20.0.5 (fc1b10a5-5e67-4e33-96da-177c84dc6097/b59120c4-a3ac-4456-a7ad-069ed96d1d48/eff91ae1-9a6d-423e-8bc7-c1dd7def2375) {{(pid=94590) _store_ip_allocation /opt/stack/neutron/neutron/db/db_base_plugin_common.py:131}}
Aug 18 16:15:10.982213 dv-cinder-801912-3-smb neutron-server[94591]: DEBUG neutron.plugins.ml2.rpc [None req-caf49a7a-36d1-4ebb-834c-c7d332cf5f15 None None] Device 9c7110c0-3c08-4162-858f-1d6c023fd449 up at agent ovs-agent-dv-cinder-801912-3-smb {{(pid=94591) update_device_up /opt/stack/neutron/neutron/plugins/ml2/rpc.py:296}}
Aug 18 16:15:11.253314 dv-cinder-801912-3-smb neutron-server[94591]: DEBUG neutron.db.l3_hamode_db [None req-00e32b3a-14fa-464e-8d0a-af2bd5a38ae7 None None] neutron.services.l3_router.l3_router_plugin.L3RouterPlugin method _process_sync_ha_data called with arguments (, [{'id': '87b7fdb0-4766-419a-8342-5a81712b73ae', 'name': 'tempest-AttachVolumeShelveTestJSON-1610639212-router', 'tenant_id': '713c69add40e4768b4dc1d484479f843', 'admin_state_up': True, 'status': 'ACTIVE', 'external_gateway_info': {'network_id': '0313e890-4dd9-4494-a498-148219a8495f', 'external_fixed_ips': [{'subnet_id': 'c91f1c3c-0ad4-4f3b-a132-ef6a765c0cd1', 'ip_address': '172.28.2.48'}], 'enable_snat': True}, 'gw_port_id': '8eba1111-b633-4df7-816c-ad54ea06d1ef', 'description': '', 'availability_zones': ['nova'], 'distributed': False, 'ha': False, 'ha_vr_id': 0, 'availability_zone_hints': [], 'routes': [], 'flavor_id': None, 'tags': [], 'created_at': '2021-08-18T16:14:59Z', 'updated_at': '2021-08-18T16:15:02Z', 'revision_number': 3, 'project_id': '713c69add40e4768b4dc1d484479f843', 'gw_port': {'id': '8eba1111-b633-4df7-816c-ad54ea06d1ef', 'name': '', 'network_id': '0313e890-4dd9-4494-a498-148219a8495f', 'tenant_id': '', 'mac_address': 'fa:16:3e:c0:db:56', 'admin_state_up': True, 'status': 'DOWN', 'device_id': '87b7fdb0-4766-419a-8342-5a81712b73ae', 'device_owner': 'network:router_gateway', 'standard_attr_id': 97, 'fixed_ips': [{'subnet_id': 'c91f1c3c-0ad4-4f3b-a132-ef6a765c0cd1', 'ip_address': '172.28.2.48', 'prefixlen': 24}], 'allowed_address_pairs': [], 'extra_dhcp_opts': [], 'security_groups': [], 'description': '', 'binding:vnic_type': 'normal', 'binding:profile': {}, 'binding:host_id': 'dv-cinder-801912-3-smb', 'binding:vif_type': 'ovs', 'binding:vif_details': {'connectivity': 'l2', 'port_filter': True, 'ovs_hybrid_plug': False, 'datapath_type': 'system', 'bridge_name': 'br-int'}, 'port_security_enabled': False, 'tags': [], 'created_at': '2021-08-18T16:15:01Z', 'updated_at': '2021-08-18T16:15:09Z', 'revision_number': 3, 'project_id': '', 'subnets': [{'id': 'c91f1c3c-0ad4-4f3b-a132-ef6a765c0cd1', 'cidr': '172.28.2.0/24', 'gateway_ip': '172.28.2.1', 'dns_nameservers': [], 'ipv6_ra_mode': None, 'subnetpool_id': None}], 'extra_subnets': [], 'address_scopes': {4: None, 6: None}, 'mtu': 1500}, 'enable_snat': True, 'gw_port_host': 'dv-cinder-801912-3-smb'}], 'dv-cinder-801912-3-smb', False) {} {{(pid=94591) wrapper /usr/local/lib/python3.8/dist-packages/oslo_log/helpers.py:65}}
Aug 18 16:15:11.307472 dv-cinder-801912-3-smb neutron-server[94591]: DEBUG neutron.db.provisioning_blocks [None req-caf49a7a-36d1-4ebb-834c-c7d332cf5f15 None None] Provisioning for port 9c7110c0-3c08-4162-858f-1d6c023fd449 completed by entity L2. {{(pid=94591) provisioning_complete /opt/stack/neutron/neutron/db/provisioning_blocks.py:133}}
Aug 18 16:15:11.309983 dv-cinder-801912-3-smb neutron-server[94591]: DEBUG neutron.api.rpc.handlers.l3_rpc [None req-00e32b3a-14fa-464e-8d0a-af2bd5a38ae7 None None] The sync data for ids ['87b7fdb0-4766-419a-8342-5a81712b73ae'] in dv-cinder-801912-3-smb is: [{'id': '87b7fdb0-4766-419a-8342-5a81712b73ae', 'name': 'tempest-AttachVolumeShelveTestJSON-1610639212-router', 'tenant_id': '713c69add40e4768b4dc1d484479f843', 'admin_state_up': True, 'status': 'ACTIVE', 'external_gateway_info': {'network_id': '0313e890-4dd9-4494-a498-148219a8495f', 'external_fixed_ips': [{'subnet_id': 'c91f1c3c-0ad4-4f3b-a132-ef6a765c0cd1', 'ip_address': '172.28.2.48'}], 'enable_snat': True}, 'gw_port_id': '8eba1111-b633-4df7-816c-ad54ea06d1ef', 'description': '', 'availability_zones': ['nova'], 'distributed': False, 'ha': False, 'ha_vr_id': 0, 'availability_zone_hints': [], 'routes': [], 'flavor_id': None, 'tags': [], 'created_at': '2021-08-18T16:14:59Z', 'updated_at': '2021-08-18T16:15:02Z', 'revision_number': 3, 'project_id': '713c69add40e4768b4dc1d484479f843', 'gw_port': {'id': '8eba1111-b633-4df7-816c-ad54ea06d1ef', 'name': '', 'network_id': '0313e890-4dd9-4494-a498-148219a8495f', 'tenant_id': '', 'mac_address': 'fa:16:3e:c0:db:56', 'admin_state_up': True, 'status': 'DOWN', 'device_id': '87b7fdb0-4766-419a-8342-5a81712b73ae', 'device_owner': 'network:router_gateway', 'standard_attr_id': 97, 'fixed_ips': [{'subnet_id': 'c91f1c3c-0ad4-4f3b-a132-ef6a765c0cd1', 'ip_address': '172.28.2.48', 'prefixlen': 24}], 'allowed_address_pairs': [], 'extra_dhcp_opts': [], 'security_groups': [], 'description': '', 'binding:vnic_type': 'normal', 'binding:profile': {}, 'binding:host_id': 'dv-cinder-801912-3-smb', 'binding:vif_type': 'ovs', 'binding:vif_details': {'connectivity': 'l2', 'port_filter': True, 'ovs_hybrid_plug': False, 'datapath_type': 'system', 'bridge_name': 'br-int'}, 'port_security_enabled': False, 'tags': [], 'created_at': '2021-08-18T16:15:01Z', 'updated_at': '2021-08-18T16:15:09Z', 'revision_number': 3, 'project_id': '', 'subnets': [{'id': 'c91f1c3c-0ad4-4f3b-a132-ef6a765c0cd1', 'cidr': '172.28.2.0/24', 'gateway_ip': '172.28.2.1', 'dns_nameservers': [], 'ipv6_ra_mode': None, 'subnetpool_id': None}], 'extra_subnets': [], 'address_scopes': {4: None, 6: None}, 'mtu': 1500}, 'enable_snat': True, 'gw_port_host': 'dv-cinder-801912-3-smb'}] {{(pid=94591) sync_routers /opt/stack/neutron/neutron/api/rpc/handlers/l3_rpc.py:137}}
Aug 18 16:15:11.312896 dv-cinder-801912-3-smb neutron-server[94589]: DEBUG neutron_lib.callbacks.manager [None req-89722674-a6ae-491c-a4a5-740cde216463 admin admin] Notify callbacks ['neutron.plugins.ml2.plugin.Ml2Plugin._network_delete_precommit_handler-3635736', 'neutron.services.segments.db._delete_segments_for_network-8764977655745'] for network, precommit_delete {{(pid=94589) _notify_loop /usr/local/lib/python3.8/dist-packages/neutron_lib/callbacks/manager.py:192}}
Aug 18 16:15:11.314315 dv-cinder-801912-3-smb neutron-server[94591]: DEBUG neutron.db.provisioning_blocks [None req-caf49a7a-36d1-4ebb-834c-c7d332cf5f15 None None] Provisioning complete for port 9c7110c0-3c08-4162-858f-1d6c023fd449 triggered by entity L2. {{(pid=94591) provisioning_complete /opt/stack/neutron/neutron/db/provisioning_blocks.py:139}}
Aug 18 16:15:11.315211 dv-cinder-801912-3-smb neutron-server[94591]: DEBUG neutron_lib.callbacks.manager [None req-caf49a7a-36d1-4ebb-834c-c7d332cf5f15 None None] Notify callbacks ['neutron.plugins.ml2.plugin.Ml2Plugin._port_provisioned-3624419'] for port, provisioning_complete {{(pid=94591) _notify_loop /usr/local/lib/python3.8/dist-packages/neutron_lib/callbacks/manager.py:192}}
Aug 18 16:15:11.345858 dv-cinder-801912-3-smb neutron-server[94589]: DEBUG neutron_lib.callbacks.manager [None req-89722674-a6ae-491c-a4a5-740cde216463 admin admin] Subscribe: > segment before_delete 55550000 {{(pid=94589) subscribe /usr/local/lib/python3.8/dist-packages/neutron_lib/callbacks/manager.py:45}}
Aug 18 16:15:11.346486 dv-cinder-801912-3-smb neutron-server[94589]: DEBUG neutron_lib.callbacks.manager [None req-89722674-a6ae-491c-a4a5-740cde216463 admin admin] Subscribe: > subnet precommit_delete_associations 55550000 {{(pid=94589) subscribe /usr/local/lib/python3.8/dist-packages/neutron_lib/callbacks/manager.py:45}}
Aug 18 16:15:11.347588 dv-cinder-801912-3-smb neutron-server[94589]: DEBUG neutron_lib.callbacks.manager [None req-89722674-a6ae-491c-a4a5-740cde216463 admin admin] Subscribe: > segment_host_mapping after_create 55550000 {{(pid=94589) subscribe /usr/local/lib/python3.8/dist-packages/neutron_lib/callbacks/manager.py:45}}
Aug 18 16:15:11.348098 dv-cinder-801912-3-smb neutron-server[94589]: DEBUG neutron_lib.callbacks.manager [None req-89722674-a6ae-491c-a4a5-740cde216463 admin admin] Subscribe: > port after_create 55550000 {{(pid=94589) subscribe /usr/local/lib/python3.8/dist-packages/neutron_lib/callbacks/manager.py:45}}
Aug 18 16:15:11.348627 dv-cinder-801912-3-smb neutron-server[94589]: DEBUG neutron_lib.callbacks.manager [None req-89722674-a6ae-491c-a4a5-740cde216463 admin admin] Subscribe: > port after_delete 55550000 {{(pid=94589) subscribe /usr/local/lib/python3.8/dist-packages/neutron_lib/callbacks/manager.py:45}}
Aug 18 16:15:11.349179 dv-cinder-801912-3-smb neutron-server[94589]: DEBUG neutron_lib.callbacks.manager [None req-89722674-a6ae-491c-a4a5-740cde216463 admin admin] Subscribe: > port after_update 55550000 {{(pid=94589) subscribe /usr/local/lib/python3.8/dist-packages/neutron_lib/callbacks/manager.py:45}}
Aug 18 16:15:11.349748 dv-cinder-801912-3-smb neutron-server[94589]: DEBUG neutron_lib.callbacks.manager [None req-89722674-a6ae-491c-a4a5-740cde216463 admin admin] Subscribe: > segment after_delete 55550000 {{(pid=94589) subscribe /usr/local/lib/python3.8/dist-packages/neutron_lib/callbacks/manager.py:45}}
Aug 18 16:15:11.350542 dv-cinder-801912-3-smb neutron-server[94590]: DEBUG neutron_lib.callbacks.manager [None req-60555c95-d8db-4706-9777-8b0deab146ad admin admin] Notify callbacks ['neutron.plugins.ml2.plugin.SecurityGroupServerNotifierRpcMixin._notify_sg_on_port_change-3559941', 'neutron.plugins.ml2.ovo_rpc._ObjectChangeHandler.handle_event-69839', 'neutron.api.rpc.agentnotifiers.dhcp_rpc_agent_api.DhcpAgentNotifyAPI._native_event_send_dhcp_notification-3682503', 'neutron.db.l3_dvrscheduler_db._notify_l3_agent_new_port-8764977118275'] for port, after_create {{(pid=94590) _notify_loop /usr/local/lib/python3.8/dist-packages/neutron_lib/callbacks/manager.py:192}}
Aug 18 16:15:11.351913 dv-cinder-801912-3-smb neutron-server[94589]: DEBUG neutron_lib.callbacks.manager [None req-89722674-a6ae-491c-a4a5-740cde216463 admin admin] Subscribe: > subnet after_create 55550000 {{(pid=94589) subscribe /usr/local/lib/python3.8/dist-packages/neutron_lib/callbacks/manager.py:45}}
Aug 18 16:15:11.352696 dv-cinder-801912-3-smb neutron-server[94589]: DEBUG neutron_lib.callbacks.manager [None req-89722674-a6ae-491c-a4a5-740cde216463 admin admin] Subscribe: > subnet after_delete 55550000 {{(pid=94589) subscribe /usr/local/lib/python3.8/dist-packages/neutron_lib/callbacks/manager.py:45}}
Aug 18 16:15:11.353429 dv-cinder-801912-3-smb neutron-server[94589]: DEBUG neutron_lib.callbacks.manager [None req-89722674-a6ae-491c-a4a5-740cde216463 admin admin] Subscribe: > subnet after_update 55550000 {{(pid=94589) subscribe /usr/local/lib/python3.8/dist-packages/neutron_lib/callbacks/manager.py:45}}
Aug 18 16:15:11.468425 dv-cinder-801912-3-smb neutron-server[94590]: DEBUG neutron_lib.callbacks.manager [req-6db0a039-50af-4672-b42b-9af8526cf008 req-922fee3d-2cf1-4fb8-9ee4-d7ed83f08d65 tempest-DeleteServersTestJSON-1729990555 tempest-DeleteServersTestJSON-1729990555-project] Notify callbacks [] for port, precommit_create {{(pid=94590) _notify_loop /usr/local/lib/python3.8/dist-packages/neutron_lib/callbacks/manager.py:192}}
Aug 18 16:15:11.559366 dv-cinder-801912-3-smb neutron-server[94591]: DEBUG neutron_lib.callbacks.manager [None req-caf49a7a-36d1-4ebb-834c-c7d332cf5f15 None None] Notify callbacks ['neutron.plugins.ml2.plugin.SecurityGroupDbMixin._ensure_default_security_group_handler-3560004'] for port, before_update {{(pid=94591) _notify_loop /usr/local/lib/python3.8/dist-packages/neutron_lib/callbacks/manager.py:192}}
Aug 18 16:15:11.595640 dv-cinder-801912-3-smb neutron-server[94590]: DEBUG neutron_lib.callbacks.manager [req-443c32c8-c497-4636-8e5e-2e6c47c16353 req-b3fbc97a-fc2b-480b-868a-3c2ebf255c46 tempest-ServerRescueNegativeTestJSON-2116798894 tempest-ServerRescueNegativeTestJSON-2116798894-project] Notify callbacks [] for port, precommit_create {{(pid=94590) _notify_loop /usr/local/lib/python3.8/dist-packages/neutron_lib/callbacks/manager.py:192}}
Aug 18 16:15:11.630840 dv-cinder-801912-3-smb neutron-server[94591]: DEBUG neutron.plugins.ml2.db [None req-caf49a7a-36d1-4ebb-834c-c7d332cf5f15 None None] For port 9c7110c0-3c08-4162-858f-1d6c023fd449, host dv-cinder-801912-3-smb, got binding levels [PortBindingLevel(driver='openvswitch',host='dv-cinder-801912-3-smb',level=0,port_id=9c7110c0-3c08-4162-858f-1d6c023fd449,segment=NetworkSegment(62a3247e-ab29-4097-a4f6-51f97ded4b26),segment_id=62a3247e-ab29-4097-a4f6-51f97ded4b26)] {{(pid=94591) get_binding_level_objs /opt/stack/neutron/neutron/plugins/ml2/db.py:74}}
Aug 18 16:15:11.674724 dv-cinder-801912-3-smb neutron-server[94590]: DEBUG neutron.scheduler.dhcp_agent_scheduler [None req-60555c95-d8db-4706-9777-8b0deab146ad admin admin] Network 7df122a4-f6f5-4700-9469-8968fbe630ca is already hosted by enough agents. {{(pid=94590) _get_dhcp_agents_hosting_network /opt/stack/neutron/neutron/scheduler/dhcp_agent_scheduler.py:275}}
Aug 18 16:15:11.697286 dv-cinder-801912-3-smb neutron-server[94590]: INFO neutron.wsgi [req-4bb6d618-e229-430b-bc17-0a2870c639e6 req-35b3c9d5-2996-495f-8278-b4f9113651bd tempest-ServerRescueNegativeTestJSON-2116798894 tempest-ServerRescueNegativeTestJSON-2116798894-project] 10.222.0.61 "GET /v2.0/ports?device_id=f5077023-1e0b-4f3c-ad77-5d091e2771fa HTTP/1.1" status: 200 len: 210 time: 0.1656680
Aug 18 16:15:11.713497 dv-cinder-801912-3-smb neutron-server[94590]: DEBUG neutron.scheduler.base_scheduler [None req-60555c95-d8db-4706-9777-8b0deab146ad admin admin] Resources bound (agent type, host, resource id): {{(pid=94590) schedule /opt/stack/neutron/neutron/scheduler/base_scheduler.py:57}}
Aug 18 16:15:11.725435 dv-cinder-801912-3-smb neutron-server[94591]: DEBUG neutron_lib.callbacks.manager [None req-caf49a7a-36d1-4ebb-834c-c7d332cf5f15 None None] Notify callbacks ['neutron.plugins.ml2.plugin.SecurityGroupServerNotifierRpcMixin._notify_sg_on_port_change-3559941', 'neutron.plugins.ml2.ovo_rpc._ObjectChangeHandler.handle_event-69839', 'neutron.api.rpc.agentnotifiers.dhcp_rpc_agent_api.DhcpAgentNotifyAPI._native_event_send_dhcp_notification-3682503', 'neutron.db.l3_db.L3RpcNotifierMixin._notify_gateway_port_ip_changed-8764977625456', 'neutron.db.l3_dvrscheduler_db._notify_l3_agent_port_update-8764977118293', 'neutron.db.l3_hascheduler_db._notify_l3_agent_ha_port_update-8764977118311'] for port, after_update {{(pid=94591) _notify_loop /usr/local/lib/python3.8/dist-packages/neutron_lib/callbacks/manager.py:192}}
Aug 18 16:15:11.743756 dv-cinder-801912-3-smb neutron-server[94590]: DEBUG neutron.db.l3_dvrscheduler_db [None req-60555c95-d8db-4706-9777-8b0deab146ad admin admin] Received port after_create {{(pid=94590) _notify_l3_agent_new_port /opt/stack/neutron/neutron/db/l3_dvrscheduler_db.py:535}}
Aug 18 16:15:11.744571 dv-cinder-801912-3-smb neutron-server[94590]: DEBUG neutron_lib.callbacks.manager [None req-60555c95-d8db-4706-9777-8b0deab146ad admin admin] Notify callbacks ['neutron.services.l3_router.l3_router_plugin.DVRResourceOperationHandler._add_csnat_on_interface_create-3756910'] for router_interface, before_create {{(pid=94590) _notify_loop /usr/local/lib/python3.8/dist-packages/neutron_lib/callbacks/manager.py:192}}
Aug 18 16:15:11.859991 dv-cinder-801912-3-smb neutron-server[94590]: DEBUG neutron.api.rpc.handlers.resources_rpc [None req-60555c95-d8db-4706-9777-8b0deab146ad admin admin] Pushing event updated for resources: {'Port': ['ID=d071e3ec-6795-4bfd-b304-6b81225fbe70,revision_number=1']} {{(pid=94590) push /opt/stack/neutron/neutron/api/rpc/handlers/resources_rpc.py:237}}
Aug 18 16:15:11.876613 dv-cinder-801912-3-smb neutron-server[94590]: DEBUG neutron.db.db_base_plugin_common [None req-db7a8ec8-ae88-4d38-91ae-a921107c25ff admin admin] Allocated IP 172.20.0.1 (3b7d4b56-341f-47cf-8868-efd026c1b6d6/678b3089-7341-4234-9c24-94226f12d1de/a4cd2023-c1a9-4480-83f7-228d14ae6638) {{(pid=94590) _store_ip_allocation /opt/stack/neutron/neutron/db/db_base_plugin_common.py:131}}
Aug 18 16:15:11.909718 dv-cinder-801912-3-smb neutron-server[94591]: DEBUG neutron.api.rpc.handlers.resources_rpc [None req-caf49a7a-36d1-4ebb-834c-c7d332cf5f15 None None] Pushing event updated for resources: {'Port': ['ID=9c7110c0-3c08-4162-858f-1d6c023fd449,revision_number=5']} {{(pid=94591) push /opt/stack/neutron/neutron/api/rpc/handlers/resources_rpc.py:237}}
Aug 18 16:15:12.087236 dv-cinder-801912-3-smb neutron-server[94591]: DEBUG neutron.plugins.ml2.rpc [None req-caf49a7a-36d1-4ebb-834c-c7d332cf5f15 None None] Device 34db147c-68d6-4386-bd17-fdacf931e4f7 up at agent ovs-agent-dv-cinder-801912-3-smb {{(pid=94591) update_device_up /opt/stack/neutron/neutron/plugins/ml2/rpc.py:296}}
Aug 18 16:15:12.122289 dv-cinder-801912-3-smb neutron-server[94589]: DEBUG neutron_lib.callbacks.manager [None req-89722674-a6ae-491c-a4a5-740cde216463 admin admin] Subscribe: > subnet after_create 55550000 {{(pid=94589) subscribe /usr/local/lib/python3.8/dist-packages/neutron_lib/callbacks/manager.py:45}}
Aug 18 16:15:12.126176 dv-cinder-801912-3-smb neutron-server[94589]: DEBUG neutron_lib.callbacks.manager [None req-89722674-a6ae-491c-a4a5-740cde216463 admin admin] Subscribe: > subnet after_delete 55550000 {{(pid=94589) subscribe /usr/local/lib/python3.8/dist-packages/neutron_lib/callbacks/manager.py:45}}
Aug 18 16:15:12.126176 dv-cinder-801912-3-smb neutron-server[94589]: DEBUG neutron_lib.callbacks.manager [None req-89722674-a6ae-491c-a4a5-740cde216463 admin admin] Subscribe: > subnet before_create 55550000 {{(pid=94589) subscribe /usr/local/lib/python3.8/dist-packages/neutron_lib/callbacks/manager.py:45}}
Aug 18 16:15:12.126176 dv-cinder-801912-3-smb neutron-server[94589]: DEBUG neutron_lib.callbacks.manager [None req-89722674-a6ae-491c-a4a5-740cde216463 admin admin] Subscribe: > subnet before_update 55550000 {{(pid=94589) subscribe /usr/local/lib/python3.8/dist-packages/neutron_lib/callbacks/manager.py:45}}
Aug 18 16:15:12.126176 dv-cinder-801912-3-smb neutron-server[94589]: DEBUG neutron.services.segments.db [None req-89722674-a6ae-491c-a4a5-740cde216463 admin admin] neutron.services.segments.plugin.Plugin method get_segments called with arguments (,) {'filters': {'network_id': ['9ea56d8d-dbf8-4992-8d8f-7fb3bead543c']}} {{(pid=94589) wrapper /usr/local/lib/python3.8/dist-packages/oslo_log/helpers.py:65}}
Aug 18 16:15:12.230652 dv-cinder-801912-3-smb neutron-server[94591]: DEBUG neutron.db.provisioning_blocks [None req-caf49a7a-36d1-4ebb-834c-c7d332cf5f15 None None] Provisioning complete for port 34db147c-68d6-4386-bd17-fdacf931e4f7 triggered by entity L2. {{(pid=94591) provisioning_complete /opt/stack/neutron/neutron/db/provisioning_blocks.py:139}}
Aug 18 16:15:12.231777 dv-cinder-801912-3-smb neutron-server[94591]: DEBUG neutron_lib.callbacks.manager [None req-caf49a7a-36d1-4ebb-834c-c7d332cf5f15 None None] Notify callbacks ['neutron.plugins.ml2.plugin.Ml2Plugin._port_provisioned-3624419'] for port, provisioning_complete {{(pid=94591) _notify_loop /usr/local/lib/python3.8/dist-packages/neutron_lib/callbacks/manager.py:192}}
Aug 18 16:15:12.238117 dv-cinder-801912-3-smb neutron-server[94590]: INFO neutron.wsgi [req-f33bc752-2e89-43ad-868e-9c7559f1c971 req-9e4ed2f8-2d65-449b-bb67-35f15c3113bf tempest-DeleteServersTestJSON-1729990555 tempest-DeleteServersTestJSON-1729990555-project] 10.222.0.61 "GET /v2.0/ports?device_id=8f335cfd-1b81-47bc-a48e-3be7f602f232 HTTP/1.1" status: 200 len: 210 time: 0.2604084
Aug 18 16:15:12.273865 dv-cinder-801912-3-smb neutron-server[94589]: DEBUG neutron.notifiers.nova [req-7b94d707-bc4a-460e-9ac1-5520faddadf8 req-915e0a38-c86c-4887-805a-58441827793b service neutron] Ignoring state change previous_port_status: DOWN current_port_status: DOWN port_id 285be750-df6c-4b0d-8343-bdce86160a60 {{(pid=94589) record_port_status_changed /opt/stack/neutron/neutron/notifiers/nova.py:224}}
Aug 18 16:15:12.289801 dv-cinder-801912-3-smb neutron-server[94589]: DEBUG neutron_lib.callbacks.manager [req-7b94d707-bc4a-460e-9ac1-5520faddadf8 req-915e0a38-c86c-4887-805a-58441827793b service neutron] Notify callbacks [] for port, precommit_update {{(pid=94589) _notify_loop /usr/local/lib/python3.8/dist-packages/neutron_lib/callbacks/manager.py:192}}
Aug 18 16:15:12.353916 dv-cinder-801912-3-smb neutron-server[94589]: DEBUG neutron.services.segments.db [None req-89722674-a6ae-491c-a4a5-740cde216463 admin admin] neutron.services.segments.plugin.Plugin method delete_segment called with arguments (, '8d03452c-ba4c-4efe-b36e-6095732ffd08') {'for_net_delete': True} {{(pid=94589) wrapper /usr/local/lib/python3.8/dist-packages/oslo_log/helpers.py:65}}
Aug 18 16:15:12.354656 dv-cinder-801912-3-smb neutron-server[94589]: DEBUG neutron.services.segments.db [None req-89722674-a6ae-491c-a4a5-740cde216463 admin admin] neutron.services.segments.plugin.Plugin method get_segment called with arguments (, '8d03452c-ba4c-4efe-b36e-6095732ffd08') {} {{(pid=94589) wrapper /usr/local/lib/python3.8/dist-packages/oslo_log/helpers.py:65}}
Aug 18 16:15:12.390566 dv-cinder-801912-3-smb neutron-server[94589]: DEBUG neutron.pecan_wsgi.hooks.policy_enforcement [req-07976f4b-f28f-480c-9a6b-6b442a6f1db4 req-af94a9df-379c-4c73-beee-abb143c87276 tempest-AttachVolumeNegativeTest-1848473561 tempest-AttachVolumeNegativeTest-1848473561-project] Attributes excluded by policy engine: ['standard_attr_id', 'binding:profile', 'binding:host_id', 'binding:vif_type', 'binding:vif_details'] {{(pid=94589) _exclude_attributes_by_policy /opt/stack/neutron/neutron/pecan_wsgi/hooks/policy_enforcement.py:255}}
Aug 18 16:15:12.394335 dv-cinder-801912-3-smb neutron-server[94589]: INFO neutron.wsgi [req-07976f4b-f28f-480c-9a6b-6b442a6f1db4 req-af94a9df-379c-4c73-beee-abb143c87276 tempest-AttachVolumeNegativeTest-1848473561 tempest-AttachVolumeNegativeTest-1848473561-project] 10.222.0.61 "GET /v2.0/ports?device_id=4288f9bd-b61e-4a30-8f8e-e9f584f435bd HTTP/1.1" status: 200 len: 932 time: 1.2773943
Aug 18 16:15:12.450781 dv-cinder-801912-3-smb neutron-server[94589]: DEBUG neutron_lib.callbacks.manager [None req-89722674-a6ae-491c-a4a5-740cde216463 admin admin] Notify callbacks ['neutron.plugins.ml2.db._prevent_segment_delete_with_port_bound-8764977423270', 'neutron.services.segments.plugin.Plugin._prevent_segment_delete_with_subnet_associated-28650664'] for segment, before_delete {{(pid=94589) _notify_loop /usr/local/lib/python3.8/dist-packages/neutron_lib/callbacks/manager.py:192}}
Aug 18 16:15:12.457412 dv-cinder-801912-3-smb neutron-server[94589]: DEBUG neutron.db.provisioning_blocks [req-7b94d707-bc4a-460e-9ac1-5520faddadf8 req-915e0a38-c86c-4887-805a-58441827793b service neutron] Transition to ACTIVE for port object 285be750-df6c-4b0d-8343-bdce86160a60 will not be triggered until provisioned by entity L2. {{(pid=94589) add_provisioning_component /opt/stack/neutron/neutron/db/provisioning_blocks.py:73}}
Aug 18 16:15:12.467294 dv-cinder-801912-3-smb neutron-server[94591]: DEBUG neutron.db.provisioning_blocks [None req-e148d44c-12e4-4e2b-a4c2-bd0ce3a87166 None None] Provisioning for port d071e3ec-6795-4bfd-b304-6b81225fbe70 completed by entity DHCP. {{(pid=94591) provisioning_complete /opt/stack/neutron/neutron/db/provisioning_blocks.py:133}}
Aug 18 16:15:12.473179 dv-cinder-801912-3-smb neutron-server[94591]: DEBUG neutron.db.provisioning_blocks [None req-e148d44c-12e4-4e2b-a4c2-bd0ce3a87166 None None] Provisioning complete for port d071e3ec-6795-4bfd-b304-6b81225fbe70 triggered by entity DHCP. {{(pid=94591) provisioning_complete /opt/stack/neutron/neutron/db/provisioning_blocks.py:139}}
Aug 18 16:15:12.473895 dv-cinder-801912-3-smb neutron-server[94591]: DEBUG neutron_lib.callbacks.manager [None req-e148d44c-12e4-4e2b-a4c2-bd0ce3a87166 None None] Notify callbacks ['neutron.plugins.ml2.plugin.Ml2Plugin._port_provisioned-3624419'] for port, provisioning_complete {{(pid=94591) _notify_loop /usr/local/lib/python3.8/dist-packages/neutron_lib/callbacks/manager.py:192}}
Aug 18 16:15:12.488735 dv-cinder-801912-3-smb neutron-server[94590]: DEBUG neutron_lib.callbacks.manager [req-6db0a039-50af-4672-b42b-9af8526cf008 req-922fee3d-2cf1-4fb8-9ee4-d7ed83f08d65 tempest-DeleteServersTestJSON-1729990555 tempest-DeleteServersTestJSON-1729990555-project] Notify callbacks ['neutron.plugins.ml2.plugin.SecurityGroupServerNotifierRpcMixin._notify_sg_on_port_change-3559941', 'neutron.plugins.ml2.ovo_rpc._ObjectChangeHandler.handle_event-69839', 'neutron.api.rpc.agentnotifiers.dhcp_rpc_agent_api.DhcpAgentNotifyAPI._native_event_send_dhcp_notification-3682503', 'neutron.db.l3_dvrscheduler_db._notify_l3_agent_new_port-8764977118275'] for port, after_create {{(pid=94590) _notify_loop /usr/local/lib/python3.8/dist-packages/neutron_lib/callbacks/manager.py:192}}
Aug 18 16:15:12.534161 dv-cinder-801912-3-smb neutron-server[94589]: INFO neutron.wsgi [req-07976f4b-f28f-480c-9a6b-6b442a6f1db4 req-b7e0ec90-3e95-4d55-bcc9-3037752bcd3f tempest-AttachVolumeNegativeTest-1848473561 tempest-AttachVolumeNegativeTest-1848473561-project] 10.222.0.61 "GET /v2.0/security-groups?id=11fece9a-a0c4-4159-a7e8-6d8ec445d914&fields=id&fields=name HTTP/1.1" status: 200 len: 286 time: 0.1152010
Aug 18 16:15:12.537719 dv-cinder-801912-3-smb neutron-server[94589]: DEBUG neutron_lib.callbacks.manager [None req-89722674-a6ae-491c-a4a5-740cde216463 admin admin] Notify callbacks ['neutron.plugins.ml2.plugin.Ml2Plugin._handle_segment_change-3631860'] for segment, precommit_delete {{(pid=94589) _notify_loop /usr/local/lib/python3.8/dist-packages/neutron_lib/callbacks/manager.py:192}}
Aug 18 16:15:12.558248 dv-cinder-801912-3-smb neutron-server[94589]: DEBUG neutron.plugins.ml2.drivers.type_vlan [None req-89722674-a6ae-491c-a4a5-740cde216463 admin admin] Releasing vlan 817 on physical network physnet1 to pool {{(pid=94589) release_segment /opt/stack/neutron/neutron/plugins/ml2/drivers/type_vlan.py:304}}
Aug 18 16:15:12.569559 dv-cinder-801912-3-smb neutron-server[94589]: DEBUG neutron_lib.callbacks.manager [None req-89722674-a6ae-491c-a4a5-740cde216463 admin admin] Notify callbacks ['neutron.plugins.ml2.plugin.Ml2Plugin._handle_segment_change-3631860', 'neutron.services.segments.plugin.NovaSegmentNotifier._notify_segment_deleted-28093840'] for segment, after_delete {{(pid=94589) _notify_loop /usr/local/lib/python3.8/dist-packages/neutron_lib/callbacks/manager.py:192}}
Aug 18 16:15:12.575703 dv-cinder-801912-3-smb neutron-server[94591]: DEBUG neutron.plugins.ml2.plugin [None req-e148d44c-12e4-4e2b-a4c2-bd0ce3a87166 None None] Port d071e3ec-6795-4bfd-b304-6b81225fbe70 cannot update to ACTIVE because it is not bound. {{(pid=94591) _port_provisioned /opt/stack/neutron/neutron/plugins/ml2/plugin.py:337}}
Aug 18 16:15:12.579166 dv-cinder-801912-3-smb neutron-server[94589]: /usr/lib/python3/dist-packages/secretstorage/dhcrypto.py:15: CryptographyDeprecationWarning: int_from_bytes is deprecated, use int.from_bytes instead
Aug 18 16:15:12.579166 dv-cinder-801912-3-smb neutron-server[94589]: from cryptography.utils import int_from_bytes
Aug 18 16:15:12.579166 dv-cinder-801912-3-smb neutron-server[94589]: /usr/lib/python3/dist-packages/secretstorage/util.py:19: CryptographyDeprecationWarning: int_from_bytes is deprecated, use int.from_bytes instead
Aug 18 16:15:12.579166 dv-cinder-801912-3-smb neutron-server[94589]: from cryptography.utils import int_from_bytes
Aug 18 16:15:12.579166 dv-cinder-801912-3-smb neutron-server[94589]: Traceback (most recent call last):
Aug 18 16:15:12.579166 dv-cinder-801912-3-smb neutron-server[94589]: File "/usr/local/lib/python3.8/dist-packages/eventlet/hubs/hub.py", line 476, in fire_timers
Aug 18 16:15:12.579166 dv-cinder-801912-3-smb neutron-server[94589]: timer()
Aug 18 16:15:12.579166 dv-cinder-801912-3-smb neutron-server[94589]: File "/usr/local/lib/python3.8/dist-packages/eventlet/hubs/timer.py", line 59, in __call__
Aug 18 16:15:12.579166 dv-cinder-801912-3-smb neutron-server[94589]: cb(*args, **kw)
Aug 18 16:15:12.579166 dv-cinder-801912-3-smb neutron-server[94589]: File "/opt/stack/neutron/neutron/common/utils.py", line 906, in wrapper
Aug 18 16:15:12.579166 dv-cinder-801912-3-smb neutron-server[94589]: return func(*args, **kwargs)
Aug 18 16:15:12.579166 dv-cinder-801912-3-smb neutron-server[94589]: File "/opt/stack/neutron/neutron/notifiers/batch_notifier.py", line 58, in synced_send
Aug 18 16:15:12.579166 dv-cinder-801912-3-smb neutron-server[94589]: self._notify()
Aug 18 16:15:12.579166 dv-cinder-801912-3-smb neutron-server[94589]: File "/opt/stack/neutron/neutron/notifiers/batch_notifier.py", line 69, in _notify
Aug 18 16:15:12.579166 dv-cinder-801912-3-smb neutron-server[94589]: self.callback(batched_events)
Aug 18 16:15:12.579166 dv-cinder-801912-3-smb neutron-server[94589]: File "/opt/stack/neutron/neutron/services/segments/plugin.py", line 211, in _send_notifications
Aug 18 16:15:12.579166 dv-cinder-801912-3-smb neutron-server[94589]: event.method(event)
Aug 18 16:15:12.579166 dv-cinder-801912-3-smb neutron-server[94589]: File "/opt/stack/neutron/neutron/services/segments/plugin.py", line 383, in _delete_nova_inventory
Aug 18 16:15:12.579166 dv-cinder-801912-3-smb neutron-server[94589]: aggregate_id = self._get_aggregate_id(event.segment_id)
Aug 18 16:15:12.579166 dv-cinder-801912-3-smb neutron-server[94589]: File "/opt/stack/neutron/neutron/services/segments/plugin.py", line 370, in _get_aggregate_id
Aug 18 16:15:12.579166 dv-cinder-801912-3-smb neutron-server[94589]: aggregate_uuid = self.p_client.list_aggregates(
Aug 18 16:15:12.579166 dv-cinder-801912-3-smb neutron-server[94589]: File "/usr/local/lib/python3.8/dist-packages/neutron_lib/placement/client.py", line 57, in wrapper
Aug 18 16:15:12.579166 dv-cinder-801912-3-smb neutron-server[94589]: return f(self, *a, **k)
Aug 18 16:15:12.579166 dv-cinder-801912-3-smb neutron-server[94589]: File "/usr/local/lib/python3.8/dist-packages/neutron_lib/placement/client.py", line 553, in list_aggregates
Aug 18 16:15:12.579166 dv-cinder-801912-3-smb neutron-server[94589]: return self._get(url).json()
Aug 18 16:15:12.579166 dv-cinder-801912-3-smb neutron-server[94589]: File "/usr/local/lib/python3.8/dist-packages/neutron_lib/placement/client.py", line 189, in _get
Aug 18 16:15:12.579166 dv-cinder-801912-3-smb neutron-server[94589]: return self._client.get(url, endpoint_filter=self._ks_filter,
Aug 18 16:15:12.579166 dv-cinder-801912-3-smb neutron-server[94589]: File "/usr/local/lib/python3.8/dist-packages/keystoneauth1/session.py", line 1141, in get
Aug 18 16:15:12.579166 dv-cinder-801912-3-smb neutron-server[94589]: return self.request(url, 'GET', **kwargs)
Aug 18 16:15:12.579166 dv-cinder-801912-3-smb neutron-server[94589]: File "/usr/local/lib/python3.8/dist-packages/keystoneauth1/session.py", line 811, in request
Aug 18 16:15:12.579166 dv-cinder-801912-3-smb neutron-server[94589]: base_url = self.get_endpoint(auth, allow=allow,
Aug 18 16:15:12.579166 dv-cinder-801912-3-smb neutron-server[94589]: File "/usr/local/lib/python3.8/dist-packages/keystoneauth1/session.py", line 1241, in get_endpoint
Aug 18 16:15:12.579166 dv-cinder-801912-3-smb neutron-server[94589]: auth = self._auth_required(auth, 'determine endpoint URL')
Aug 18 16:15:12.579166 dv-cinder-801912-3-smb neutron-server[94589]: File "/usr/local/lib/python3.8/dist-packages/keystoneauth1/session.py", line 1181, in _auth_required
Aug 18 16:15:12.579166 dv-cinder-801912-3-smb neutron-server[94589]: raise exceptions.MissingAuthPlugin(msg_fmt % msg)
Aug 18 16:15:12.579166 dv-cinder-801912-3-smb neutron-server[94589]: keystoneauth1.exceptions.auth_plugins.MissingAuthPlugin: An auth plugin is required to determine endpoint URL
Aug 18 16:15:12.625939 dv-cinder-801912-3-smb neutron-server[94589]: DEBUG neutron_lib.callbacks.manager [req-7b94d707-bc4a-460e-9ac1-5520faddadf8 req-915e0a38-c86c-4887-805a-58441827793b service neutron] Notify callbacks ['neutron.plugins.ml2.plugin.SecurityGroupServerNotifierRpcMixin._notify_sg_on_port_change-3559941', 'neutron.plugins.ml2.ovo_rpc._ObjectChangeHandler.handle_event-69839', 'neutron.api.rpc.agentnotifiers.dhcp_rpc_agent_api.DhcpAgentNotifyAPI._native_event_send_dhcp_notification-3682503', 'neutron.db.l3_db.L3RpcNotifierMixin._notify_gateway_port_ip_changed-8764977625456', 'neutron.db.l3_dvrscheduler_db._notify_l3_agent_port_update-8764977118293', 'neutron.db.l3_hascheduler_db._notify_l3_agent_ha_port_update-8764977118311', 'neutron.services.segments.plugin.NovaSegmentNotifier._notify_port_updated-28093512'] for port, after_update {{(pid=94589) _notify_loop /usr/local/lib/python3.8/dist-packages/neutron_lib/callbacks/manager.py:192}}
Aug 18 16:15:12.749331 dv-cinder-801912-3-smb neutron-server[94589]: DEBUG neutron.api.rpc.handlers.resources_rpc [None req-915e0a38-c86c-4887-805a-58441827793b service neutron] Pushing event updated for resources: {'Port': ['ID=285be750-df6c-4b0d-8343-bdce86160a60,revision_number=2']} {{(pid=94589) push /opt/stack/neutron/neutron/api/rpc/handlers/resources_rpc.py:237}}
Aug 18 16:15:12.751048 dv-cinder-801912-3-smb neutron-server[94590]: DEBUG neutron.api.rpc.handlers.resources_rpc [None req-922fee3d-2cf1-4fb8-9ee4-d7ed83f08d65 tempest-DeleteServersTestJSON-1729990555 tempest-DeleteServersTestJSON-1729990555-project] Pushing event updated for resources: {'Port': ['ID=0f03dc16-439f-43e4-8d2c-843d0612843f,revision_number=1']} {{(pid=94590) push /opt/stack/neutron/neutron/api/rpc/handlers/resources_rpc.py:237}}
Aug 18 16:15:12.803246 dv-cinder-801912-3-smb neutron-server[94590]: DEBUG neutron_lib.callbacks.manager [None req-db7a8ec8-ae88-4d38-91ae-a921107c25ff admin admin] Notify callbacks [] for port, precommit_create {{(pid=94590) _notify_loop /usr/local/lib/python3.8/dist-packages/neutron_lib/callbacks/manager.py:192}}
Aug 18 16:15:12.820485 dv-cinder-801912-3-smb neutron-server[94590]: DEBUG neutron_lib.callbacks.manager [req-443c32c8-c497-4636-8e5e-2e6c47c16353 req-b3fbc97a-fc2b-480b-868a-3c2ebf255c46 tempest-ServerRescueNegativeTestJSON-2116798894 tempest-ServerRescueNegativeTestJSON-2116798894-project] Notify callbacks ['neutron.plugins.ml2.plugin.SecurityGroupServerNotifierRpcMixin._notify_sg_on_port_change-3559941', 'neutron.plugins.ml2.ovo_rpc._ObjectChangeHandler.handle_event-69839', 'neutron.api.rpc.agentnotifiers.dhcp_rpc_agent_api.DhcpAgentNotifyAPI._native_event_send_dhcp_notification-3682503', 'neutron.db.l3_dvrscheduler_db._notify_l3_agent_new_port-8764977118275'] for port, after_create {{(pid=94590) _notify_loop /usr/local/lib/python3.8/dist-packages/neutron_lib/callbacks/manager.py:192}}
Aug 18 16:15:12.853818 dv-cinder-801912-3-smb neutron-server[94589]: DEBUG neutron.plugins.ml2.managers [req-7b94d707-bc4a-460e-9ac1-5520faddadf8 req-915e0a38-c86c-4887-805a-58441827793b service neutron] Attempting to bind port 285be750-df6c-4b0d-8343-bdce86160a60 on host hv-cinder-80191 for vnic_type normal with profile {{(pid=94589) bind_port /opt/stack/neutron/neutron/plugins/ml2/managers.py:790}}
Aug 18 16:15:12.854439 dv-cinder-801912-3-smb neutron-server[94589]: DEBUG neutron.plugins.ml2.managers [req-7b94d707-bc4a-460e-9ac1-5520faddadf8 req-915e0a38-c86c-4887-805a-58441827793b service neutron] Attempting to bind port 285be750-df6c-4b0d-8343-bdce86160a60 by drivers openvswitch,hyperv on host hv-cinder-80191 at level 0 using segments [{'id': '9451003d-7f28-4aba-8d5f-1260dfdaf508', 'network_type': 'vlan', 'physical_network': 'physnet1', 'segmentation_id': 823, 'network_id': 'e1f42e9b-ed54-4e88-8207-3aaba7542cde'}] {{(pid=94589) _bind_port_level /opt/stack/neutron/neutron/plugins/ml2/managers.py:815}}
Aug 18 16:15:12.854873 dv-cinder-801912-3-smb neutron-server[94589]: DEBUG neutron.plugins.ml2.drivers.mech_agent [req-7b94d707-bc4a-460e-9ac1-5520faddadf8 req-915e0a38-c86c-4887-805a-58441827793b service neutron] Attempting to bind port 285be750-df6c-4b0d-8343-bdce86160a60 on network e1f42e9b-ed54-4e88-8207-3aaba7542cde {{(pid=94589) bind_port /opt/stack/neutron/neutron/plugins/ml2/drivers/mech_agent.py:85}}
Aug 18 16:15:12.869285 dv-cinder-801912-3-smb neutron-server[94589]: DEBUG neutron.plugins.ml2.drivers.mech_agent [req-7b94d707-bc4a-460e-9ac1-5520faddadf8 req-915e0a38-c86c-4887-805a-58441827793b service neutron] Port 285be750-df6c-4b0d-8343-bdce86160a60 on network e1f42e9b-ed54-4e88-8207-3aaba7542cde not bound, no agent of type Open vSwitch agent registered on host hv-cinder-80191 {{(pid=94589) bind_port /opt/stack/neutron/neutron/plugins/ml2/drivers/mech_agent.py:97}}
Aug 18 16:15:12.869285 dv-cinder-801912-3-smb neutron-server[94589]: DEBUG neutron.plugins.ml2.drivers.mech_agent [req-7b94d707-bc4a-460e-9ac1-5520faddadf8 req-915e0a38-c86c-4887-805a-58441827793b service neutron] Attempting to bind port 285be750-df6c-4b0d-8343-bdce86160a60 on network e1f42e9b-ed54-4e88-8207-3aaba7542cde {{(pid=94589) bind_port /opt/stack/neutron/neutron/plugins/ml2/drivers/mech_agent.py:85}}
Aug 18 16:15:12.876360 dv-cinder-801912-3-smb neutron-server[94589]: DEBUG neutron.plugins.ml2.drivers.mech_agent [req-7b94d707-bc4a-460e-9ac1-5520faddadf8 req-915e0a38-c86c-4887-805a-58441827793b service neutron] Checking agent: {'id': '494a4104-4f80-4767-805d-cd1e8aecb325', 'agent_type': 'HyperV agent', 'binary': 'neutron-hyperv-agent', 'topic': 'N/A', 'host': 'hv-cinder-80191', 'admin_state_up': True, 'created_at': datetime.datetime(2021, 8, 18, 16, 12, 54), 'started_at': datetime.datetime(2021, 8, 18, 16, 12, 54), 'heartbeat_timestamp': datetime.datetime(2021, 8, 18, 16, 14, 54), 'description': None, 'resources_synced': None, 'availability_zone': None, 'alive': True, 'configurations': {'vswitch_mappings': {'physnet1$': 'br-data'}}, 'resource_versions': {}} {{(pid=94589) bind_port /opt/stack/neutron/neutron/plugins/ml2/drivers/mech_agent.py:104}}
Aug 18 16:15:12.877123 dv-cinder-801912-3-smb neutron-server[94589]: DEBUG neutron.plugins.ml2.drivers.mech_agent [req-7b94d707-bc4a-460e-9ac1-5520faddadf8 req-915e0a38-c86c-4887-805a-58441827793b service neutron] Checking segment: {'id': '9451003d-7f28-4aba-8d5f-1260dfdaf508', 'network_type': 'vlan', 'physical_network': 'physnet1', 'segmentation_id': 823, 'network_id': 'e1f42e9b-ed54-4e88-8207-3aaba7542cde'} for mappings: {'physnet1$': 'br-data'} with network types: ['local', 'flat', 'vlan'] {{(pid=94589) check_segment_for_agent /opt/stack/neutron/neutron/plugins/ml2/drivers/mech_agent.py:352}}
Aug 18 16:15:12.881378 dv-cinder-801912-3-smb neutron-server[94589]: DEBUG neutron.plugins.ml2.drivers.mech_agent [req-7b94d707-bc4a-460e-9ac1-5520faddadf8 req-915e0a38-c86c-4887-805a-58441827793b service neutron] Bound using segment: {'id': '9451003d-7f28-4aba-8d5f-1260dfdaf508', 'network_type': 'vlan', 'physical_network': 'physnet1', 'segmentation_id': 823, 'network_id': 'e1f42e9b-ed54-4e88-8207-3aaba7542cde'} {{(pid=94589) bind_port /opt/stack/neutron/neutron/plugins/ml2/drivers/mech_agent.py:114}}
Aug 18 16:15:12.881378 dv-cinder-801912-3-smb neutron-server[94589]: DEBUG neutron.plugins.ml2.managers [req-7b94d707-bc4a-460e-9ac1-5520faddadf8 req-915e0a38-c86c-4887-805a-58441827793b service neutron] Bound port: 285be750-df6c-4b0d-8343-bdce86160a60, host: hv-cinder-80191, vif_type: hyperv, vif_details: {"connectivity": "legacy", "port_filter": false}, binding_levels: [{'bound_driver': 'hyperv', 'bound_segment': {'id': '9451003d-7f28-4aba-8d5f-1260dfdaf508', 'network_type': 'vlan', 'physical_network': 'physnet1', 'segmentation_id': 823, 'network_id': 'e1f42e9b-ed54-4e88-8207-3aaba7542cde'}}] {{(pid=94589) _bind_port_level /opt/stack/neutron/neutron/plugins/ml2/managers.py:928}}
Aug 18 16:15:12.881378 dv-cinder-801912-3-smb neutron-server[94589]: DEBUG neutron_lib.callbacks.manager [req-7b94d707-bc4a-460e-9ac1-5520faddadf8 req-915e0a38-c86c-4887-805a-58441827793b service neutron] Notify callbacks ['neutron.plugins.ml2.plugin.SecurityGroupDbMixin._ensure_default_security_group_handler-3560004'] for port, before_update {{(pid=94589) _notify_loop /usr/local/lib/python3.8/dist-packages/neutron_lib/callbacks/manager.py:192}}
Aug 18 16:15:12.981999 dv-cinder-801912-3-smb neutron-server[94590]: DEBUG neutron.scheduler.dhcp_agent_scheduler [req-6db0a039-50af-4672-b42b-9af8526cf008 req-922fee3d-2cf1-4fb8-9ee4-d7ed83f08d65 tempest-DeleteServersTestJSON-1729990555 tempest-DeleteServersTestJSON-1729990555-project] Network d6d3eee6-481a-4ae8-83e1-f1e5ed8c2f67 is already hosted by enough agents. {{(pid=94590) _get_dhcp_agents_hosting_network /opt/stack/neutron/neutron/scheduler/dhcp_agent_scheduler.py:275}}
Aug 18 16:15:13.220520 dv-cinder-801912-3-smb neutron-server[94589]: DEBUG neutron.plugins.ml2.db [req-7b94d707-bc4a-460e-9ac1-5520faddadf8 req-915e0a38-c86c-4887-805a-58441827793b service neutron] For port 285be750-df6c-4b0d-8343-bdce86160a60, host hv-cinder-80191, cleared binding levels {{(pid=94589) clear_binding_levels /opt/stack/neutron/neutron/plugins/ml2/db.py:87}}
Aug 18 16:15:13.220700 dv-cinder-801912-3-smb neutron-server[94590]: DEBUG neutron.scheduler.base_scheduler [req-6db0a039-50af-4672-b42b-9af8526cf008 req-922fee3d-2cf1-4fb8-9ee4-d7ed83f08d65 tempest-DeleteServersTestJSON-1729990555 tempest-DeleteServersTestJSON-1729990555-project] Resources bound (agent type, host, resource id): {{(pid=94590) schedule /opt/stack/neutron/neutron/scheduler/base_scheduler.py:57}}
Aug 18 16:15:13.220700 dv-cinder-801912-3-smb neutron-server[94590]: DEBUG neutron.db.provisioning_blocks [None req-db7a8ec8-ae88-4d38-91ae-a921107c25ff admin admin] Transition to ACTIVE for port object a4cd2023-c1a9-4480-83f7-228d14ae6638 will not be triggered until provisioned by entity DHCP. {{(pid=94590) add_provisioning_component /opt/stack/neutron/neutron/db/provisioning_blocks.py:73}}
Aug 18 16:15:13.220700 dv-cinder-801912-3-smb neutron-server[94590]: DEBUG neutron.db.l3_dvrscheduler_db [req-6db0a039-50af-4672-b42b-9af8526cf008 req-922fee3d-2cf1-4fb8-9ee4-d7ed83f08d65 tempest-DeleteServersTestJSON-1729990555 tempest-DeleteServersTestJSON-1729990555-project] Received port after_create {{(pid=94590) _notify_l3_agent_new_port /opt/stack/neutron/neutron/db/l3_dvrscheduler_db.py:535}}
Aug 18 16:15:13.220700 dv-cinder-801912-3-smb neutron-server[94590]: DEBUG neutron.pecan_wsgi.hooks.policy_enforcement [req-6db0a039-50af-4672-b42b-9af8526cf008 req-922fee3d-2cf1-4fb8-9ee4-d7ed83f08d65 tempest-DeleteServersTestJSON-1729990555 tempest-DeleteServersTestJSON-1729990555-project] Attributes excluded by policy engine: ['standard_attr_id', 'binding:profile', 'binding:host_id', 'binding:vif_type', 'binding:vif_details', 'network'] {{(pid=94590) _exclude_attributes_by_policy /opt/stack/neutron/neutron/pecan_wsgi/hooks/policy_enforcement.py:255}}
Aug 18 16:15:13.220700 dv-cinder-801912-3-smb neutron-server[94590]: DEBUG neutron_lib.callbacks.manager [req-6db0a039-50af-4672-b42b-9af8526cf008 req-922fee3d-2cf1-4fb8-9ee4-d7ed83f08d65 tempest-DeleteServersTestJSON-1729990555 tempest-DeleteServersTestJSON-1729990555-project] Notify callbacks ['neutron.notifiers.nova.Notifier._send_nova_notification-4107004', 'neutron.api.rpc.agentnotifiers.dhcp_rpc_agent_api.DhcpAgentNotifyAPI._send_dhcp_notification-3682513'] for port, before_response {{(pid=94590) _notify_loop /usr/local/lib/python3.8/dist-packages/neutron_lib/callbacks/manager.py:192}}
Aug 18 16:15:13.220700 dv-cinder-801912-3-smb neutron-server[94590]: DEBUG neutron.scheduler.dhcp_agent_scheduler [req-443c32c8-c497-4636-8e5e-2e6c47c16353 req-b3fbc97a-fc2b-480b-868a-3c2ebf255c46 tempest-ServerRescueNegativeTestJSON-2116798894 tempest-ServerRescueNegativeTestJSON-2116798894-project] Network fc1b10a5-5e67-4e33-96da-177c84dc6097 is already hosted by enough agents. {{(pid=94590) _get_dhcp_agents_hosting_network /opt/stack/neutron/neutron/scheduler/dhcp_agent_scheduler.py:275}}
Aug 18 16:15:13.221156 dv-cinder-801912-3-smb neutron-server[94593]: DEBUG neutron.db.agents_db [None req-d01273dc-6338-41d7-b770-774b7eb54915 None None] Agent healthcheck: found 6 active agents {{(pid=94593) agent_health_check /opt/stack/neutron/neutron/db/agents_db.py:317}}
