Jul 22 22:05:50.439014 dv-cinder-801868-2-iscsi devstack@n-api.service[92525]: /usr/local/lib/python3.8/dist-packages/oslo_policy/policy.py:1064: UserWarning: Policy os_compute_api:os-flavor-manage:create failed scope check. The token used to make the request was project scoped but the policy requires ['system'] scope. This behavior may change in the future where using the intended scope is required
Jul 22 22:05:50.439014 dv-cinder-801868-2-iscsi devstack@n-api.service[92525]: warnings.warn(msg)
Jul 22 22:05:50.474443 dv-cinder-801868-2-iscsi devstack@n-api.service[92525]: INFO nova.api.openstack.requestlog [None req-f68137cb-b6f5-43cf-802c-464c1a224924 admin admin] 10.222.0.110 "POST /compute/v2.1/flavors" status: 200 len: 409 microversion: 2.61 time: 0.143800
Jul 22 22:05:50.479031 dv-cinder-801868-2-iscsi devstack@n-api.service[92525]: [pid: 92525|app: 0|req: 2/5] 10.222.0.110 () {64 vars in 1288 bytes} [Thu Jul 22 22:05:50 2021] POST /compute/v2.1/flavors => generated 409 bytes in 147 msecs (HTTP/1.1 200) 9 headers in 359 bytes (1 switches on core 0)
Jul 22 22:05:50.702754 dv-cinder-801868-2-iscsi devstack@n-api.service[92526]: DEBUG nova.api.openstack.wsgi [None req-7243c2c6-da6e-4aee-a081-671e3c084ba5 admin admin] Action: 'create', calling method: >, body: {"extra_specs": {"hw_rng:allowed": "True"}} {{(pid=92526) _process_stack /opt/stack/nova/nova/api/openstack/wsgi.py:511}}
Jul 22 22:05:50.705124 dv-cinder-801868-2-iscsi devstack@n-api.service[92526]: /usr/local/lib/python3.8/dist-packages/oslo_policy/policy.py:1064: UserWarning: Policy os_compute_api:os-flavor-extra-specs:create failed scope check. The token used to make the request was project scoped but the policy requires ['system'] scope. This behavior may change in the future where using the intended scope is required
Jul 22 22:05:50.705124 dv-cinder-801868-2-iscsi devstack@n-api.service[92526]: warnings.warn(msg)
Jul 22 22:05:50.757412 dv-cinder-801868-2-iscsi devstack@n-api.service[92526]: INFO nova.api.openstack.requestlog [None req-7243c2c6-da6e-4aee-a081-671e3c084ba5 admin admin] 10.222.0.110 "POST /compute/v2.1/flavors/c1/os-extra_specs" status: 200 len: 43 microversion: 2.61 time: 0.272298
Jul 22 22:05:50.758178 dv-cinder-801868-2-iscsi devstack@n-api.service[92526]: [pid: 92526|app: 0|req: 4/6] 10.222.0.110 () {64 vars in 1341 bytes} [Thu Jul 22 22:05:50 2021] POST /compute/v2.1/flavors/c1/os-extra_specs => generated 43 bytes in 274 msecs (HTTP/1.1 200) 9 headers in 358 bytes (1 switches on core 0)
Jul 22 22:05:53.048087 dv-cinder-801868-2-iscsi devstack@n-api.service[92525]: DEBUG nova.api.openstack.wsgi [None req-f68137cb-b6f5-43cf-802c-464c1a224924 admin admin] Calling method '>' {{(pid=92525) _process_stack /opt/stack/nova/nova/api/openstack/wsgi.py:513}}
Jul 22 22:05:53.049064 dv-cinder-801868-2-iscsi devstack@n-api.service[92525]: INFO nova.api.openstack.requestlog [None req-f68137cb-b6f5-43cf-802c-464c1a224924 admin admin] 10.222.0.110 "GET /compute/v2.1" status: 200 len: 389 microversion: 2.1 time: 0.001513
Jul 22 22:05:53.049754 dv-cinder-801868-2-iscsi devstack@n-api.service[92525]: [pid: 92525|app: 0|req: 3/7] 10.222.0.110 () {54 vars in 936 bytes} [Thu Jul 22 22:05:53 2021] GET /compute/v2.1 => generated 389 bytes in 3 msecs (HTTP/1.1 200) 9 headers in 357 bytes (1 switches on core 0)
Jul 22 22:05:53.155561 dv-cinder-801868-2-iscsi devstack@n-api.service[92526]: DEBUG nova.api.openstack.wsgi [None req-d90e3758-436d-49a7-866c-30e25fe6a85f admin admin] Action: 'create', calling method: >, body: {"flavor": {"os-flavor-access:is_public": true, "name": "ds512M", "ram": 512, "OS-FLV-EXT-DATA:ephemeral": 0, "vcpus": 1, "id": "d1", "disk": 5, "rxtx_factor": 1.0, "swap": 0}} {{(pid=92526) _process_stack /opt/stack/nova/nova/api/openstack/wsgi.py:511}}
Jul 22 22:05:53.174486 dv-cinder-801868-2-iscsi devstack@n-api.service[92526]: /usr/local/lib/python3.8/dist-packages/oslo_policy/policy.py:1064: UserWarning: Policy os_compute_api:os-flavor-manage:create failed scope check. The token used to make the request was project scoped but the policy requires ['system'] scope. This behavior may change in the future where using the intended scope is required
Jul 22 22:05:53.174486 dv-cinder-801868-2-iscsi devstack@n-api.service[92526]: warnings.warn(msg)
Jul 22 22:05:53.193579 dv-cinder-801868-2-iscsi devstack@n-api.service[92526]: INFO nova.api.openstack.requestlog [None req-d90e3758-436d-49a7-866c-30e25fe6a85f admin admin] 10.222.0.110 "POST /compute/v2.1/flavors" status: 200 len: 406 microversion: 2.61 time: 0.136730
Jul 22 22:05:53.194411 dv-cinder-801868-2-iscsi devstack@n-api.service[92526]: [pid: 92526|app: 0|req: 5/8] 10.222.0.110 () {64 vars in 1288 bytes} [Thu Jul 22 22:05:53 2021] POST /compute/v2.1/flavors => generated 406 bytes in 139 msecs (HTTP/1.1 200) 9 headers in 359 bytes (1 switches on core 0)
Jul 22 22:05:53.207025 dv-cinder-801868-2-iscsi devstack@n-api.service[92525]: DEBUG nova.api.openstack.wsgi [None req-ee36bb89-93f9-446e-af3f-a190479aa987 admin admin] Action: 'create', calling method: >, body: {"extra_specs": {"hw_rng:allowed": "True"}} {{(pid=92525) _process_stack /opt/stack/nova/nova/api/openstack/wsgi.py:511}}
Jul 22 22:05:53.209636 dv-cinder-801868-2-iscsi devstack@n-api.service[92525]: /usr/local/lib/python3.8/dist-packages/oslo_policy/policy.py:1064: UserWarning: Policy os_compute_api:os-flavor-extra-specs:create failed scope check. The token used to make the request was project scoped but the policy requires ['system'] scope. This behavior may change in the future where using the intended scope is required
Jul 22 22:05:53.209636 dv-cinder-801868-2-iscsi devstack@n-api.service[92525]: warnings.warn(msg)
Jul 22 22:05:53.242658 dv-cinder-801868-2-iscsi devstack@n-api.service[92525]: INFO nova.api.openstack.requestlog [None req-ee36bb89-93f9-446e-af3f-a190479aa987 admin admin] 10.222.0.110 "POST /compute/v2.1/flavors/d1/os-extra_specs" status: 200 len: 43 microversion: 2.61 time: 0.039216
Jul 22 22:05:53.243161 dv-cinder-801868-2-iscsi devstack@n-api.service[92525]: [pid: 92525|app: 0|req: 4/9] 10.222.0.110 () {64 vars in 1341 bytes} [Thu Jul 22 22:05:53 2021] POST /compute/v2.1/flavors/d1/os-extra_specs => generated 43 bytes in 40 msecs (HTTP/1.1 200) 9 headers in 358 bytes (2 switches on core 0)
Jul 22 22:05:55.483127 dv-cinder-801868-2-iscsi devstack@n-api.service[92526]: DEBUG nova.api.openstack.wsgi [None req-d90e3758-436d-49a7-866c-30e25fe6a85f admin admin] Calling method '>' {{(pid=92526) _process_stack /opt/stack/nova/nova/api/openstack/wsgi.py:513}}
Jul 22 22:05:55.485187 dv-cinder-801868-2-iscsi devstack@n-api.service[92526]: INFO nova.api.openstack.requestlog [None req-d90e3758-436d-49a7-866c-30e25fe6a85f admin admin] 10.222.0.110 "GET /compute/v2.1" status: 200 len: 389 microversion: 2.1 time: 0.002791
Jul 22 22:05:55.486062 dv-cinder-801868-2-iscsi devstack@n-api.service[92526]: [pid: 92526|app: 0|req: 6/10] 10.222.0.110 () {54 vars in 936 bytes} [Thu Jul 22 22:05:55 2021] GET /compute/v2.1 => generated 389 bytes in 5 msecs (HTTP/1.1 200) 9 headers in 357 bytes (1 switches on core 0)
Jul 22 22:05:55.545724 dv-cinder-801868-2-iscsi devstack@n-api.service[92525]: DEBUG nova.api.openstack.wsgi [None req-ca28350e-b6bb-41fc-a8be-0972625e145a admin admin] Action: 'create', calling method: >, body: {"flavor": {"vcpus": 1, "disk": 10, "OS-FLV-EXT-DATA:ephemeral": 0, "rxtx_factor": 1.0, "swap": 0, "name": "ds1G", "os-flavor-access:is_public": true, "id": "d2", "ram": 1024}} {{(pid=92525) _process_stack /opt/stack/nova/nova/api/openstack/wsgi.py:511}}
Jul 22 22:05:55.564508 dv-cinder-801868-2-iscsi devstack@n-api.service[92525]: INFO nova.api.openstack.requestlog [None req-ca28350e-b6bb-41fc-a8be-0972625e145a admin admin] 10.222.0.110 "POST /compute/v2.1/flavors" status: 200 len: 406 microversion: 2.61 time: 0.072173
Jul 22 22:05:55.565249 dv-cinder-801868-2-iscsi devstack@n-api.service[92525]: [pid: 92525|app: 0|req: 5/11] 10.222.0.110 () {64 vars in 1288 bytes} [Thu Jul 22 22:05:55 2021] POST /compute/v2.1/flavors => generated 406 bytes in 73 msecs (HTTP/1.1 200) 9 headers in 359 bytes (1 switches on core 0)
Jul 22 22:05:55.582836 dv-cinder-801868-2-iscsi devstack@n-api.service[92526]: DEBUG nova.api.openstack.wsgi [None req-6a0e3ef3-48ef-4387-be92-2f2deace1d16 admin admin] Action: 'create', calling method: >, body: {"extra_specs": {"hw_rng:allowed": "True"}} {{(pid=92526) _process_stack /opt/stack/nova/nova/api/openstack/wsgi.py:511}}
Jul 22 22:05:55.628259 dv-cinder-801868-2-iscsi devstack@n-api.service[92526]: INFO nova.api.openstack.requestlog [None req-6a0e3ef3-48ef-4387-be92-2f2deace1d16 admin admin] 10.222.0.110 "POST /compute/v2.1/flavors/d2/os-extra_specs" status: 200 len: 43 microversion: 2.61 time: 0.052551
Jul 22 22:05:55.631365 dv-cinder-801868-2-iscsi devstack@n-api.service[92526]: [pid: 92526|app: 0|req: 7/12] 10.222.0.110 () {64 vars in 1341 bytes} [Thu Jul 22 22:05:55 2021] POST /compute/v2.1/flavors/d2/os-extra_specs => generated 43 bytes in 57 msecs (HTTP/1.1 200) 9 headers in 358 bytes (1 switches on core 0)
Jul 22 22:05:58.198538 dv-cinder-801868-2-iscsi devstack@n-api.service[92525]: DEBUG nova.api.openstack.wsgi [None req-ca28350e-b6bb-41fc-a8be-0972625e145a admin admin] Calling method '>' {{(pid=92525) _process_stack /opt/stack/nova/nova/api/openstack/wsgi.py:513}}
Jul 22 22:05:58.200041 dv-cinder-801868-2-iscsi devstack@n-api.service[92525]: INFO nova.api.openstack.requestlog [None req-ca28350e-b6bb-41fc-a8be-0972625e145a admin admin] 10.222.0.110 "GET /compute/v2.1" status: 200 len: 389 microversion: 2.1 time: 0.002038
Jul 22 22:05:58.200870 dv-cinder-801868-2-iscsi devstack@n-api.service[92525]: [pid: 92525|app: 0|req: 6/13] 10.222.0.110 () {54 vars in 936 bytes} [Thu Jul 22 22:05:58 2021] GET /compute/v2.1 => generated 389 bytes in 4 msecs (HTTP/1.1 200) 9 headers in 357 bytes (1 switches on core 0)
Jul 22 22:05:58.273300 dv-cinder-801868-2-iscsi devstack@n-api.service[92526]: DEBUG nova.api.openstack.wsgi [None req-b756d0fd-e25e-4cf2-bf9c-5e7b387027a6 admin admin] Action: 'create', calling method: >, body: {"flavor": {"rxtx_factor": 1.0, "disk": 10, "vcpus": 2, "name": "ds2G", "swap": 0, "ram": 2048, "id": "d3", "os-flavor-access:is_public": true, "OS-FLV-EXT-DATA:ephemeral": 0}} {{(pid=92526) _process_stack /opt/stack/nova/nova/api/openstack/wsgi.py:511}}
Jul 22 22:05:58.292517 dv-cinder-801868-2-iscsi devstack@n-api.service[92526]: INFO nova.api.openstack.requestlog [None req-b756d0fd-e25e-4cf2-bf9c-5e7b387027a6 admin admin] 10.222.0.110 "POST /compute/v2.1/flavors" status: 200 len: 406 microversion: 2.61 time: 0.084802
Jul 22 22:05:58.293080 dv-cinder-801868-2-iscsi devstack@n-api.service[92526]: [pid: 92526|app: 0|req: 8/14] 10.222.0.110 () {64 vars in 1288 bytes} [Thu Jul 22 22:05:58 2021] POST /compute/v2.1/flavors => generated 406 bytes in 86 msecs (HTTP/1.1 200) 9 headers in 359 bytes (1 switches on core 0)
Jul 22 22:05:58.305466 dv-cinder-801868-2-iscsi devstack@n-api.service[92525]: DEBUG nova.api.openstack.wsgi [None req-97c0c2a4-808e-46f8-a23d-97d6e08fc7af admin admin] Action: 'create', calling method: >, body: {"extra_specs": {"hw_rng:allowed": "True"}} {{(pid=92525) _process_stack /opt/stack/nova/nova/api/openstack/wsgi.py:511}}
Jul 22 22:05:58.332903 dv-cinder-801868-2-iscsi devstack@n-api.service[92525]: INFO nova.api.openstack.requestlog [None req-97c0c2a4-808e-46f8-a23d-97d6e08fc7af admin admin] 10.222.0.110 "POST /compute/v2.1/flavors/d3/os-extra_specs" status: 200 len: 43 microversion: 2.61 time: 0.031718
Jul 22 22:05:58.334374 dv-cinder-801868-2-iscsi devstack@n-api.service[92525]: [pid: 92525|app: 0|req: 7/15] 10.222.0.110 () {64 vars in 1341 bytes} [Thu Jul 22 22:05:58 2021] POST /compute/v2.1/flavors/d3/os-extra_specs => generated 43 bytes in 34 msecs (HTTP/1.1 200) 9 headers in 358 bytes (1 switches on core 0)
Jul 22 22:06:00.630442 dv-cinder-801868-2-iscsi devstack@n-api.service[92526]: DEBUG nova.api.openstack.wsgi [None req-b756d0fd-e25e-4cf2-bf9c-5e7b387027a6 admin admin] Calling method '>' {{(pid=92526) _process_stack /opt/stack/nova/nova/api/openstack/wsgi.py:513}}
Jul 22 22:06:00.631776 dv-cinder-801868-2-iscsi devstack@n-api.service[92526]: INFO nova.api.openstack.requestlog [None req-b756d0fd-e25e-4cf2-bf9c-5e7b387027a6 admin admin] 10.222.0.110 "GET /compute/v2.1" status: 200 len: 389 microversion: 2.1 time: 0.001973
Jul 22 22:06:00.632184 dv-cinder-801868-2-iscsi devstack@n-api.service[92526]: [pid: 92526|app: 0|req: 9/16] 10.222.0.110 () {54 vars in 936 bytes} [Thu Jul 22 22:06:00 2021] GET /compute/v2.1 => generated 389 bytes in 3 msecs (HTTP/1.1 200) 9 headers in 357 bytes (1 switches on core 0)
Jul 22 22:06:00.689770 dv-cinder-801868-2-iscsi devstack@n-api.service[92525]: DEBUG nova.api.openstack.wsgi [None req-c2caf605-db76-468d-b52d-caa5fbb75e72 admin admin] Action: 'create', calling method: >, body: {"flavor": {"name": "ds4G", "swap": 0, "rxtx_factor": 1.0, "ram": 4096, "OS-FLV-EXT-DATA:ephemeral": 0, "id": "d4", "vcpus": 4, "disk": 20, "os-flavor-access:is_public": true}} {{(pid=92525) _process_stack /opt/stack/nova/nova/api/openstack/wsgi.py:511}}
Jul 22 22:06:00.714685 dv-cinder-801868-2-iscsi devstack@n-api.service[92525]: INFO nova.api.openstack.requestlog [None req-c2caf605-db76-468d-b52d-caa5fbb75e72 admin admin] 10.222.0.110 "POST /compute/v2.1/flavors" status: 200 len: 406 microversion: 2.61 time: 0.075841
Jul 22 22:06:00.717195 dv-cinder-801868-2-iscsi devstack@n-api.service[92525]: [pid: 92525|app: 0|req: 8/17] 10.222.0.110 () {64 vars in 1288 bytes} [Thu Jul 22 22:06:00 2021] POST /compute/v2.1/flavors => generated 406 bytes in 79 msecs (HTTP/1.1 200) 9 headers in 359 bytes (1 switches on core 0)
Jul 22 22:06:00.728173 dv-cinder-801868-2-iscsi devstack@n-api.service[92526]: DEBUG nova.api.openstack.wsgi [None req-cc060c6e-0097-46d2-943b-4abf0ea76faf admin admin] Action: 'create', calling method: >, body: {"extra_specs": {"hw_rng:allowed": "True"}} {{(pid=92526) _process_stack /opt/stack/nova/nova/api/openstack/wsgi.py:511}}
Jul 22 22:06:00.754567 dv-cinder-801868-2-iscsi devstack@n-api.service[92526]: INFO nova.api.openstack.requestlog [None req-cc060c6e-0097-46d2-943b-4abf0ea76faf admin admin] 10.222.0.110 "POST /compute/v2.1/flavors/d4/os-extra_specs" status: 200 len: 43 microversion: 2.61 time: 0.030958
Jul 22 22:06:00.755865 dv-cinder-801868-2-iscsi devstack@n-api.service[92526]: [pid: 92526|app: 0|req: 10/18] 10.222.0.110 () {64 vars in 1341 bytes} [Thu Jul 22 22:06:00 2021] POST /compute/v2.1/flavors/d4/os-extra_specs => generated 43 bytes in 33 msecs (HTTP/1.1 200) 9 headers in 358 bytes (2 switches on core 0)
Jul 22 22:06:03.079035 dv-cinder-801868-2-iscsi devstack@n-api.service[92525]: DEBUG nova.api.openstack.wsgi [None req-c2caf605-db76-468d-b52d-caa5fbb75e72 admin admin] Calling method '>' {{(pid=92525) _process_stack /opt/stack/nova/nova/api/openstack/wsgi.py:513}}
Jul 22 22:06:03.080047 dv-cinder-801868-2-iscsi devstack@n-api.service[92525]: INFO nova.api.openstack.requestlog [None req-c2caf605-db76-468d-b52d-caa5fbb75e72 admin admin] 10.222.0.110 "GET /compute/v2.1" status: 200 len: 389 microversion: 2.1 time: 0.001433
Jul 22 22:06:03.080690 dv-cinder-801868-2-iscsi devstack@n-api.service[92525]: [pid: 92525|app: 0|req: 9/19] 10.222.0.110 () {54 vars in 936 bytes} [Thu Jul 22 22:06:03 2021] GET /compute/v2.1 => generated 389 bytes in 2 msecs (HTTP/1.1 200) 9 headers in 357 bytes (1 switches on core 0)
Jul 22 22:06:03.151123 dv-cinder-801868-2-iscsi devstack@n-api.service[92526]: DEBUG nova.api.openstack.wsgi [None req-e59d135a-e62d-4205-b860-88abe22187af admin admin] Calling method '>' {{(pid=92526) _process_stack /opt/stack/nova/nova/api/openstack/wsgi.py:513}}
Jul 22 22:06:03.177929 dv-cinder-801868-2-iscsi devstack@n-api.service[92526]: INFO nova.api.openstack.requestlog [None req-e59d135a-e62d-4205-b860-88abe22187af admin admin] 10.222.0.110 "GET /compute/v2.1/flavors/detail?is_public=True" status: 200 len: 2116 microversion: 2.61 time: 0.089782
Jul 22 22:06:03.178698 dv-cinder-801868-2-iscsi devstack@n-api.service[92526]: [pid: 92526|app: 0|req: 11/20] 10.222.0.110 () {60 vars in 1297 bytes} [Thu Jul 22 22:06:03 2021] GET /compute/v2.1/flavors/detail?is_public=True => generated 2116 bytes in 91 msecs (HTTP/1.1 200) 9 headers in 360 bytes (1 switches on core 0)
Jul 22 22:06:05.400103 dv-cinder-801868-2-iscsi devstack@n-api.service[92525]: DEBUG nova.api.openstack.wsgi [None req-c2caf605-db76-468d-b52d-caa5fbb75e72 admin admin] Calling method '>' {{(pid=92525) _process_stack /opt/stack/nova/nova/api/openstack/wsgi.py:513}}
Jul 22 22:06:05.401247 dv-cinder-801868-2-iscsi devstack@n-api.service[92525]: INFO nova.api.openstack.requestlog [None req-c2caf605-db76-468d-b52d-caa5fbb75e72 admin admin] 10.222.0.110 "GET /compute/v2.1" status: 200 len: 389 microversion: 2.1 time: 0.001626
Jul 22 22:06:05.401706 dv-cinder-801868-2-iscsi devstack@n-api.service[92525]: [pid: 92525|app: 0|req: 10/21] 10.222.0.110 () {54 vars in 936 bytes} [Thu Jul 22 22:06:05 2021] GET /compute/v2.1 => generated 389 bytes in 3 msecs (HTTP/1.1 200) 9 headers in 357 bytes (2 switches on core 0)
Jul 22 22:06:05.463139 dv-cinder-801868-2-iscsi devstack@n-api.service[92526]: DEBUG nova.api.openstack.wsgi [None req-b36c3f28-314a-4b1b-aeff-7618d0f98a88 admin admin] Action: 'create', calling method: >, body: {"flavor": {"vcpus": 1, "id": "1", "ram": 512, "swap": 0, "name": "m1.tiny", "rxtx_factor": 1.0, "disk": 1, "OS-FLV-EXT-DATA:ephemeral": 0, "os-flavor-access:is_public": true}} {{(pid=92526) _process_stack /opt/stack/nova/nova/api/openstack/wsgi.py:511}}
Jul 22 22:06:05.484360 dv-cinder-801868-2-iscsi devstack@n-api.service[92526]: INFO nova.api.openstack.requestlog [None req-b36c3f28-314a-4b1b-aeff-7618d0f98a88 admin admin] 10.222.0.110 "POST /compute/v2.1/flavors" status: 200 len: 404 microversion: 2.61 time: 0.076669
Jul 22 22:06:05.484965 dv-cinder-801868-2-iscsi devstack@n-api.service[92526]: [pid: 92526|app: 0|req: 12/22] 10.222.0.110 () {64 vars in 1288 bytes} [Thu Jul 22 22:06:05 2021] POST /compute/v2.1/flavors => generated 404 bytes in 78 msecs (HTTP/1.1 200) 9 headers in 359 bytes (1 switches on core 0)
Jul 22 22:06:05.498035 dv-cinder-801868-2-iscsi devstack@n-api.service[92525]: DEBUG nova.api.openstack.wsgi [None req-020f040a-bbbc-494a-b785-e66fe40b9244 admin admin] Action: 'create', calling method: >, body: {"extra_specs": {"hw_rng:allowed": "True"}} {{(pid=92525) _process_stack /opt/stack/nova/nova/api/openstack/wsgi.py:511}}
Jul 22 22:06:05.522652 dv-cinder-801868-2-iscsi devstack@n-api.service[92525]: INFO nova.api.openstack.requestlog [None req-020f040a-bbbc-494a-b785-e66fe40b9244 admin admin] 10.222.0.110 "POST /compute/v2.1/flavors/1/os-extra_specs" status: 200 len: 43 microversion: 2.61 time: 0.028207
Jul 22 22:06:05.523232 dv-cinder-801868-2-iscsi devstack@n-api.service[92525]: [pid: 92525|app: 0|req: 11/23] 10.222.0.110 () {64 vars in 1338 bytes} [Thu Jul 22 22:06:05 2021] POST /compute/v2.1/flavors/1/os-extra_specs => generated 43 bytes in 29 msecs (HTTP/1.1 200) 9 headers in 358 bytes (1 switches on core 0)
Jul 22 22:06:08.167617 dv-cinder-801868-2-iscsi devstack@n-api.service[92526]: DEBUG nova.api.openstack.wsgi [None req-b36c3f28-314a-4b1b-aeff-7618d0f98a88 admin admin] Calling method '>' {{(pid=92526) _process_stack /opt/stack/nova/nova/api/openstack/wsgi.py:513}}
Jul 22 22:06:08.168673 dv-cinder-801868-2-iscsi devstack@n-api.service[92526]: INFO nova.api.openstack.requestlog [None req-b36c3f28-314a-4b1b-aeff-7618d0f98a88 admin admin] 10.222.0.110 "GET /compute/v2.1" status: 200 len: 389 microversion: 2.1 time: 0.001463
Jul 22 22:06:08.169254 dv-cinder-801868-2-iscsi devstack@n-api.service[92526]: [pid: 92526|app: 0|req: 13/24] 10.222.0.110 () {54 vars in 936 bytes} [Thu Jul 22 22:06:08 2021] GET /compute/v2.1 => generated 389 bytes in 2 msecs (HTTP/1.1 200) 9 headers in 357 bytes (1 switches on core 0)
Jul 22 22:06:08.228841 dv-cinder-801868-2-iscsi devstack@n-api.service[92525]: DEBUG nova.api.openstack.wsgi [None req-2a3851ec-7da0-4f5b-b644-93c00a44eb3e admin admin] Action: 'create', calling method: >, body: {"flavor": {"swap": 0, "OS-FLV-EXT-DATA:ephemeral": 0, "rxtx_factor": 1.0, "ram": 2048, "vcpus": 1, "os-flavor-access:is_public": true, "name": "m1.small", "disk": 20, "id": "2"}} {{(pid=92525) _process_stack /opt/stack/nova/nova/api/openstack/wsgi.py:511}}
Jul 22 22:06:08.247429 dv-cinder-801868-2-iscsi devstack@n-api.service[92525]: INFO nova.api.openstack.requestlog [None req-2a3851ec-7da0-4f5b-b644-93c00a44eb3e admin admin] 10.222.0.110 "POST /compute/v2.1/flavors" status: 200 len: 407 microversion: 2.61 time: 0.072223
Jul 22 22:06:08.247995 dv-cinder-801868-2-iscsi devstack@n-api.service[92525]: [pid: 92525|app: 0|req: 12/25] 10.222.0.110 () {64 vars in 1288 bytes} [Thu Jul 22 22:06:08 2021] POST /compute/v2.1/flavors => generated 407 bytes in 74 msecs (HTTP/1.1 200) 9 headers in 359 bytes (2 switches on core 0)
Jul 22 22:06:08.262124 dv-cinder-801868-2-iscsi devstack@n-api.service[92526]: DEBUG nova.api.openstack.wsgi [None req-5fcf4fe1-71e1-4a59-a043-97d98393e27d admin admin] Action: 'create', calling method: >, body: {"extra_specs": {"hw_rng:allowed": "True"}} {{(pid=92526) _process_stack /opt/stack/nova/nova/api/openstack/wsgi.py:511}}
Jul 22 22:06:08.290791 dv-cinder-801868-2-iscsi devstack@n-api.service[92526]: INFO nova.api.openstack.requestlog [None req-5fcf4fe1-71e1-4a59-a043-97d98393e27d admin admin] 10.222.0.110 "POST /compute/v2.1/flavors/2/os-extra_specs" status: 200 len: 43 microversion: 2.61 time: 0.033632
Jul 22 22:06:08.291720 dv-cinder-801868-2-iscsi devstack@n-api.service[92526]: [pid: 92526|app: 0|req: 14/26] 10.222.0.110 () {64 vars in 1338 bytes} [Thu Jul 22 22:06:08 2021] POST /compute/v2.1/flavors/2/os-extra_specs => generated 43 bytes in 36 msecs (HTTP/1.1 200) 9 headers in 358 bytes (1 switches on core 0)
Jul 22 22:06:10.533076 dv-cinder-801868-2-iscsi devstack@n-api.service[92525]: DEBUG nova.api.openstack.wsgi [None req-2a3851ec-7da0-4f5b-b644-93c00a44eb3e admin admin] Calling method '>' {{(pid=92525) _process_stack /opt/stack/nova/nova/api/openstack/wsgi.py:513}}
Jul 22 22:06:10.534088 dv-cinder-801868-2-iscsi devstack@n-api.service[92525]: INFO nova.api.openstack.requestlog [None req-2a3851ec-7da0-4f5b-b644-93c00a44eb3e admin admin] 10.222.0.110 "GET /compute/v2.1" status: 200 len: 389 microversion: 2.1 time: 0.001518
Jul 22 22:06:10.534491 dv-cinder-801868-2-iscsi devstack@n-api.service[92525]: [pid: 92525|app: 0|req: 13/27] 10.222.0.110 () {54 vars in 936 bytes} [Thu Jul 22 22:06:10 2021] GET /compute/v2.1 => generated 389 bytes in 2 msecs (HTTP/1.1 200) 9 headers in 357 bytes (1 switches on core 0)
Jul 22 22:06:10.593075 dv-cinder-801868-2-iscsi devstack@n-api.service[92526]: DEBUG nova.api.openstack.wsgi [None req-f295d475-248c-4cb5-b5bd-a85fdc571417 admin admin] Action: 'create', calling method: >, body: {"flavor": {"vcpus": 2, "rxtx_factor": 1.0, "os-flavor-access:is_public": true, "ram": 4096, "name": "m1.medium", "OS-FLV-EXT-DATA:ephemeral": 0, "swap": 0, "disk": 40, "id": "3"}} {{(pid=92526) _process_stack /opt/stack/nova/nova/api/openstack/wsgi.py:511}}
Jul 22 22:06:10.611205 dv-cinder-801868-2-iscsi devstack@n-api.service[92526]: INFO nova.api.openstack.requestlog [None req-f295d475-248c-4cb5-b5bd-a85fdc571417 admin admin] 10.222.0.110 "POST /compute/v2.1/flavors" status: 200 len: 408 microversion: 2.61 time: 0.070724
Jul 22 22:06:10.611756 dv-cinder-801868-2-iscsi devstack@n-api.service[92526]: [pid: 92526|app: 0|req: 15/28] 10.222.0.110 () {64 vars in 1288 bytes} [Thu Jul 22 22:06:10 2021] POST /compute/v2.1/flavors => generated 408 bytes in 72 msecs (HTTP/1.1 200) 9 headers in 359 bytes (2 switches on core 0)
Jul 22 22:06:10.623610 dv-cinder-801868-2-iscsi devstack@n-api.service[92525]: DEBUG nova.api.openstack.wsgi [None req-09b0366e-132a-4740-9c24-325fba968d0b admin admin] Action: 'create', calling method: >, body: {"extra_specs": {"hw_rng:allowed": "True"}} {{(pid=92525) _process_stack /opt/stack/nova/nova/api/openstack/wsgi.py:511}}
Jul 22 22:06:10.647643 dv-cinder-801868-2-iscsi devstack@n-api.service[92525]: INFO nova.api.openstack.requestlog [None req-09b0366e-132a-4740-9c24-325fba968d0b admin admin] 10.222.0.110 "POST /compute/v2.1/flavors/3/os-extra_specs" status: 200 len: 43 microversion: 2.61 time: 0.027550
Jul 22 22:06:10.648232 dv-cinder-801868-2-iscsi devstack@n-api.service[92525]: [pid: 92525|app: 0|req: 14/29] 10.222.0.110 () {64 vars in 1338 bytes} [Thu Jul 22 22:06:10 2021] POST /compute/v2.1/flavors/3/os-extra_specs => generated 43 bytes in 29 msecs (HTTP/1.1 200) 9 headers in 358 bytes (1 switches on core 0)
Jul 22 22:06:12.859774 dv-cinder-801868-2-iscsi devstack@n-api.service[92526]: DEBUG nova.api.openstack.wsgi [None req-f295d475-248c-4cb5-b5bd-a85fdc571417 admin admin] Calling method '>' {{(pid=92526) _process_stack /opt/stack/nova/nova/api/openstack/wsgi.py:513}}
Jul 22 22:06:12.860846 dv-cinder-801868-2-iscsi devstack@n-api.service[92526]: INFO nova.api.openstack.requestlog [None req-f295d475-248c-4cb5-b5bd-a85fdc571417 admin admin] 10.222.0.110 "GET /compute/v2.1" status: 200 len: 389 microversion: 2.1 time: 0.001552
Jul 22 22:06:12.861236 dv-cinder-801868-2-iscsi devstack@n-api.service[92526]: [pid: 92526|app: 0|req: 16/30] 10.222.0.110 () {54 vars in 936 bytes} [Thu Jul 22 22:06:12 2021] GET /compute/v2.1 => generated 389 bytes in 2 msecs (HTTP/1.1 200) 9 headers in 357 bytes (1 switches on core 0)
Jul 22 22:06:12.923647 dv-cinder-801868-2-iscsi devstack@n-api.service[92525]: DEBUG nova.api.openstack.wsgi [None req-fff25465-c869-40af-93f0-46689e7ea7f0 admin admin] Action: 'create', calling method: >, body: {"flavor": {"OS-FLV-EXT-DATA:ephemeral": 0, "rxtx_factor": 1.0, "name": "m1.large", "ram": 8192, "vcpus": 4, "disk": 80, "swap": 0, "os-flavor-access:is_public": true, "id": "4"}} {{(pid=92525) _process_stack /opt/stack/nova/nova/api/openstack/wsgi.py:511}}
Jul 22 22:06:12.941827 dv-cinder-801868-2-iscsi devstack@n-api.service[92525]: INFO nova.api.openstack.requestlog [None req-fff25465-c869-40af-93f0-46689e7ea7f0 admin admin] 10.222.0.110 "POST /compute/v2.1/flavors" status: 200 len: 407 microversion: 2.61 time: 0.073867
Jul 22 22:06:12.942608 dv-cinder-801868-2-iscsi devstack@n-api.service[92525]: [pid: 92525|app: 0|req: 15/31] 10.222.0.110 () {64 vars in 1288 bytes} [Thu Jul 22 22:06:12 2021] POST /compute/v2.1/flavors => generated 407 bytes in 75 msecs (HTTP/1.1 200) 9 headers in 359 bytes (1 switches on core 0)
Jul 22 22:06:12.954025 dv-cinder-801868-2-iscsi devstack@n-api.service[92526]: DEBUG nova.api.openstack.wsgi [None req-ac46c241-4903-42e8-a400-6a761a91b117 admin admin] Action: 'create', calling method: >, body: {"extra_specs": {"hw_rng:allowed": "True"}} {{(pid=92526) _process_stack /opt/stack/nova/nova/api/openstack/wsgi.py:511}}
Jul 22 22:06:12.978671 dv-cinder-801868-2-iscsi devstack@n-api.service[92526]: INFO nova.api.openstack.requestlog [None req-ac46c241-4903-42e8-a400-6a761a91b117 admin admin] 10.222.0.110 "POST /compute/v2.1/flavors/4/os-extra_specs" status: 200 len: 43 microversion: 2.61 time: 0.028250
Jul 22 22:06:12.979166 dv-cinder-801868-2-iscsi devstack@n-api.service[92526]: [pid: 92526|app: 0|req: 17/32] 10.222.0.110 () {64 vars in 1338 bytes} [Thu Jul 22 22:06:12 2021] POST /compute/v2.1/flavors/4/os-extra_specs => generated 43 bytes in 29 msecs (HTTP/1.1 200) 9 headers in 358 bytes (2 switches on core 0)
Jul 22 22:06:15.255413 dv-cinder-801868-2-iscsi devstack@n-api.service[92525]: DEBUG nova.api.openstack.wsgi [None req-fff25465-c869-40af-93f0-46689e7ea7f0 admin admin] Calling method '>' {{(pid=92525) _process_stack /opt/stack/nova/nova/api/openstack/wsgi.py:513}}
Jul 22 22:06:15.257114 dv-cinder-801868-2-iscsi devstack@n-api.service[92525]: INFO nova.api.openstack.requestlog [None req-fff25465-c869-40af-93f0-46689e7ea7f0 admin admin] 10.222.0.110 "GET /compute/v2.1" status: 200 len: 389 microversion: 2.1 time: 0.002917
Jul 22 22:06:15.257964 dv-cinder-801868-2-iscsi devstack@n-api.service[92525]: [pid: 92525|app: 0|req: 16/33] 10.222.0.110 () {54 vars in 936 bytes} [Thu Jul 22 22:06:15 2021] GET /compute/v2.1 => generated 389 bytes in 4 msecs (HTTP/1.1 200) 9 headers in 357 bytes (1 switches on core 0)
Jul 22 22:06:15.319912 dv-cinder-801868-2-iscsi devstack@n-api.service[92526]: DEBUG nova.api.openstack.wsgi [None req-75c7ded4-5eea-47e0-8044-a2c977aa80e4 admin admin] Action: 'create', calling method: >, body: {"flavor": {"vcpus": 8, "disk": 160, "id": "5", "OS-FLV-EXT-DATA:ephemeral": 0, "os-flavor-access:is_public": true, "name": "m1.xlarge", "swap": 0, "rxtx_factor": 1.0, "ram": 16384}} {{(pid=92526) _process_stack /opt/stack/nova/nova/api/openstack/wsgi.py:511}}
Jul 22 22:06:15.339535 dv-cinder-801868-2-iscsi devstack@n-api.service[92526]: INFO nova.api.openstack.requestlog [None req-75c7ded4-5eea-47e0-8044-a2c977aa80e4 admin admin] 10.222.0.110 "POST /compute/v2.1/flavors" status: 200 len: 410 microversion: 2.61 time: 0.075637
Jul 22 22:06:15.340095 dv-cinder-801868-2-iscsi devstack@n-api.service[92526]: [pid: 92526|app: 0|req: 18/34] 10.222.0.110 () {64 vars in 1288 bytes} [Thu Jul 22 22:06:15 2021] POST /compute/v2.1/flavors => generated 410 bytes in 77 msecs (HTTP/1.1 200) 9 headers in 359 bytes (1 switches on core 0)
Jul 22 22:06:15.352002 dv-cinder-801868-2-iscsi devstack@n-api.service[92525]: DEBUG nova.api.openstack.wsgi [None req-4c892af6-4a17-45e2-98f2-646d633c870e admin admin] Action: 'create', calling method: >, body: {"extra_specs": {"hw_rng:allowed": "True"}} {{(pid=92525) _process_stack /opt/stack/nova/nova/api/openstack/wsgi.py:511}}
Jul 22 22:06:15.377240 dv-cinder-801868-2-iscsi devstack@n-api.service[92525]: INFO nova.api.openstack.requestlog [None req-4c892af6-4a17-45e2-98f2-646d633c870e admin admin] 10.222.0.110 "POST /compute/v2.1/flavors/5/os-extra_specs" status: 200 len: 43 microversion: 2.61 time: 0.029159
Jul 22 22:06:15.378091 dv-cinder-801868-2-iscsi devstack@n-api.service[92525]: [pid: 92525|app: 0|req: 17/35] 10.222.0.110 () {64 vars in 1338 bytes} [Thu Jul 22 22:06:15 2021] POST /compute/v2.1/flavors/5/os-extra_specs => generated 43 bytes in 31 msecs (HTTP/1.1 200) 9 headers in 358 bytes (1 switches on core 0)
Jul 22 22:06:55.441867 dv-cinder-801868-2-iscsi devstack@n-api.service[92526]: DEBUG nova.api.openstack.wsgi [None req-75c7ded4-5eea-47e0-8044-a2c977aa80e4 admin admin] Calling method '>' {{(pid=92526) _process_stack /opt/stack/nova/nova/api/openstack/wsgi.py:513}}
Jul 22 22:06:55.442798 dv-cinder-801868-2-iscsi devstack@n-api.service[92526]: INFO nova.api.openstack.requestlog [None req-75c7ded4-5eea-47e0-8044-a2c977aa80e4 admin admin] 10.222.0.110 "GET /compute/v2.1" status: 200 len: 389 microversion: 2.1 time: 0.001528
Jul 22 22:06:55.443199 dv-cinder-801868-2-iscsi devstack@n-api.service[92526]: [pid: 92526|app: 0|req: 19/36] 10.222.0.110 () {54 vars in 936 bytes} [Thu Jul 22 22:06:55 2021] GET /compute/v2.1 => generated 389 bytes in 2 msecs (HTTP/1.1 200) 9 headers in 357 bytes (1 switches on core 0)
Jul 22 22:06:55.501114 dv-cinder-801868-2-iscsi devstack@n-api.service[92525]: DEBUG nova.api.openstack.wsgi [None req-e1cae671-db1c-4b9a-a645-064af30ff8ce admin admin] Calling method '>' {{(pid=92525) _process_stack /opt/stack/nova/nova/api/openstack/wsgi.py:513}}
Jul 22 22:06:55.518567 dv-cinder-801868-2-iscsi devstack@n-api.service[92525]: INFO nova.api.openstack.requestlog [None req-e1cae671-db1c-4b9a-a645-064af30ff8ce admin admin] 10.222.0.110 "GET /compute/v2.1/flavors/detail?is_public=True" status: 200 len: 4222 microversion: 2.61 time: 0.068848
Jul 22 22:06:55.519116 dv-cinder-801868-2-iscsi devstack@n-api.service[92525]: [pid: 92525|app: 0|req: 18/37] 10.222.0.110 () {60 vars in 1297 bytes} [Thu Jul 22 22:06:55 2021] GET /compute/v2.1/flavors/detail?is_public=True => generated 4222 bytes in 70 msecs (HTTP/1.1 200) 9 headers in 360 bytes (1 switches on core 0)
Jul 22 22:06:56.962547 dv-cinder-801868-2-iscsi devstack@n-api.service[92526]: DEBUG nova.api.openstack.wsgi [None req-75c7ded4-5eea-47e0-8044-a2c977aa80e4 admin admin] Calling method '>' {{(pid=92526) _process_stack /opt/stack/nova/nova/api/openstack/wsgi.py:513}}
Jul 22 22:06:56.963558 dv-cinder-801868-2-iscsi devstack@n-api.service[92526]: INFO nova.api.openstack.requestlog [None req-75c7ded4-5eea-47e0-8044-a2c977aa80e4 admin admin] 10.222.0.110 "GET /compute/v2.1" status: 200 len: 389 microversion: 2.1 time: 0.001454
Jul 22 22:06:56.963960 dv-cinder-801868-2-iscsi devstack@n-api.service[92526]: [pid: 92526|app: 0|req: 20/38] 10.222.0.110 () {56 vars in 1080 bytes} [Thu Jul 22 22:06:56 2021] GET /compute/v2.1 => generated 389 bytes in 2 msecs (HTTP/1.1 200) 9 headers in 357 bytes (1 switches on core 0)
Jul 22 22:06:57.164698 dv-cinder-801868-2-iscsi devstack@n-api.service[92525]: DEBUG nova.api.openstack.wsgi [None req-b15a77dc-9ee1-4825-a95f-c50979748dec admin admin] Calling method '>' {{(pid=92525) _process_stack /opt/stack/nova/nova/api/openstack/wsgi.py:513}}
Jul 22 22:06:57.170529 dv-cinder-801868-2-iscsi devstack@n-api.service[92525]: INFO nova.api.openstack.wsgi [None req-b15a77dc-9ee1-4825-a95f-c50979748dec admin admin] HTTP exception thrown: Flavor 42 could not be found.
Jul 22 22:06:57.171168 dv-cinder-801868-2-iscsi devstack@n-api.service[92525]: DEBUG nova.api.openstack.wsgi [None req-b15a77dc-9ee1-4825-a95f-c50979748dec admin admin] Returning 404 to user: Flavor 42 could not be found. {{(pid=92525) __call__ /opt/stack/nova/nova/api/openstack/wsgi.py:927}}
Jul 22 22:06:57.171937 dv-cinder-801868-2-iscsi devstack@n-api.service[92525]: INFO nova.api.openstack.requestlog [None req-b15a77dc-9ee1-4825-a95f-c50979748dec admin admin] 10.222.0.110 "GET /compute/v2.1/flavors/42" status: 404 len: 75 microversion: 2.88 time: 0.062221
Jul 22 22:06:57.172701 dv-cinder-801868-2-iscsi devstack@n-api.service[92525]: [pid: 92525|app: 0|req: 19/39] 10.222.0.110 () {60 vars in 1196 bytes} [Thu Jul 22 22:06:57 2021] GET /compute/v2.1/flavors/42 => generated 75 bytes in 64 msecs (HTTP/1.1 404) 9 headers in 380 bytes (2 switches on core 0)
Jul 22 22:06:57.182492 dv-cinder-801868-2-iscsi devstack@n-api.service[92526]: DEBUG nova.api.openstack.wsgi [None req-751b8d97-171f-4c25-965f-416567c13600 admin admin] Calling method '>' {{(pid=92526) _process_stack /opt/stack/nova/nova/api/openstack/wsgi.py:513}}
Jul 22 22:06:57.205914 dv-cinder-801868-2-iscsi devstack@n-api.service[92526]: INFO nova.api.openstack.requestlog [None req-751b8d97-171f-4c25-965f-416567c13600 admin admin] 10.222.0.110 "GET /compute/v2.1/flavors?is_public=None" status: 200 len: 2076 microversion: 2.88 time: 0.026285
Jul 22 22:06:57.206524 dv-cinder-801868-2-iscsi devstack@n-api.service[92526]: [pid: 92526|app: 0|req: 21/40] 10.222.0.110 () {60 vars in 1216 bytes} [Thu Jul 22 22:06:57 2021] GET /compute/v2.1/flavors?is_public=None => generated 2076 bytes in 28 msecs (HTTP/1.1 200) 9 headers in 360 bytes (1 switches on core 0)
Jul 22 22:06:57.217072 dv-cinder-801868-2-iscsi devstack@n-api.service[92525]: DEBUG nova.api.openstack.wsgi [None req-b9d01e6c-de1a-4e69-a5bc-21f984c215a3 admin admin] Calling method '>' {{(pid=92525) _process_stack /opt/stack/nova/nova/api/openstack/wsgi.py:513}}
Jul 22 22:06:57.241409 dv-cinder-801868-2-iscsi devstack@n-api.service[92525]: INFO nova.api.openstack.requestlog [None req-b9d01e6c-de1a-4e69-a5bc-21f984c215a3 admin admin] 10.222.0.110 "GET /compute/v2.1/flavors?is_public=None" status: 200 len: 2076 microversion: 2.88 time: 0.028036
Jul 22 22:06:57.242026 dv-cinder-801868-2-iscsi devstack@n-api.service[92525]: [pid: 92525|app: 0|req: 20/41] 10.222.0.110 () {60 vars in 1216 bytes} [Thu Jul 22 22:06:57 2021] GET /compute/v2.1/flavors?is_public=None => generated 2076 bytes in 29 msecs (HTTP/1.1 200) 9 headers in 360 bytes (1 switches on core 0)
Jul 22 22:06:57.253510 dv-cinder-801868-2-iscsi devstack@n-api.service[92526]: DEBUG nova.api.openstack.wsgi [None req-861a8a1c-4dd8-44c2-b55f-f595a3f47150 admin admin] Calling method '>' {{(pid=92526) _process_stack /opt/stack/nova/nova/api/openstack/wsgi.py:513}}
Jul 22 22:06:57.259603 dv-cinder-801868-2-iscsi devstack@n-api.service[92526]: INFO nova.api.openstack.wsgi [None req-861a8a1c-4dd8-44c2-b55f-f595a3f47150 admin admin] HTTP exception thrown: Flavor 42 could not be found.
Jul 22 22:06:57.260218 dv-cinder-801868-2-iscsi devstack@n-api.service[92526]: DEBUG nova.api.openstack.wsgi [None req-861a8a1c-4dd8-44c2-b55f-f595a3f47150 admin admin] Returning 404 to user: Flavor 42 could not be found. {{(pid=92526) __call__ /opt/stack/nova/nova/api/openstack/wsgi.py:927}}
Jul 22 22:06:57.261112 dv-cinder-801868-2-iscsi devstack@n-api.service[92526]: INFO nova.api.openstack.requestlog [None req-861a8a1c-4dd8-44c2-b55f-f595a3f47150 admin admin] 10.222.0.110 "GET /compute/v2.1/flavors/42" status: 404 len: 75 microversion: 2.88 time: 0.012774
Jul 22 22:06:57.261686 dv-cinder-801868-2-iscsi devstack@n-api.service[92526]: [pid: 92526|app: 0|req: 22/42] 10.222.0.110 () {60 vars in 1196 bytes} [Thu Jul 22 22:06:57 2021] GET /compute/v2.1/flavors/42 => generated 75 bytes in 14 msecs (HTTP/1.1 404) 9 headers in 380 bytes (1 switches on core 0)
Jul 22 22:06:58.635943 dv-cinder-801868-2-iscsi devstack@n-api.service[92525]: DEBUG nova.api.openstack.wsgi [None req-b9d01e6c-de1a-4e69-a5bc-21f984c215a3 admin admin] Calling method '>' {{(pid=92525) _process_stack /opt/stack/nova/nova/api/openstack/wsgi.py:513}}
Jul 22 22:06:58.636986 dv-cinder-801868-2-iscsi devstack@n-api.service[92525]: INFO nova.api.openstack.requestlog [None req-b9d01e6c-de1a-4e69-a5bc-21f984c215a3 admin admin] 10.222.0.110 "GET /compute/v2.1" status: 200 len: 389 microversion: 2.1 time: 0.001466
Jul 22 22:06:58.637378 dv-cinder-801868-2-iscsi devstack@n-api.service[92525]: [pid: 92525|app: 0|req: 21/43] 10.222.0.110 () {56 vars in 1080 bytes} [Thu Jul 22 22:06:58 2021] GET /compute/v2.1 => generated 389 bytes in 2 msecs (HTTP/1.1 200) 9 headers in 357 bytes (1 switches on core 0)
Jul 22 22:06:58.830841 dv-cinder-801868-2-iscsi devstack@n-api.service[92526]: DEBUG nova.api.openstack.wsgi [None req-ee370202-e906-45a3-83bc-b970af0621c4 admin admin] Calling method '>' {{(pid=92526) _process_stack /opt/stack/nova/nova/api/openstack/wsgi.py:513}}
Jul 22 22:06:58.836343 dv-cinder-801868-2-iscsi devstack@n-api.service[92526]: INFO nova.api.openstack.wsgi [None req-ee370202-e906-45a3-83bc-b970af0621c4 admin admin] HTTP exception thrown: Flavor 84 could not be found.
Jul 22 22:06:58.836923 dv-cinder-801868-2-iscsi devstack@n-api.service[92526]: DEBUG nova.api.openstack.wsgi [None req-ee370202-e906-45a3-83bc-b970af0621c4 admin admin] Returning 404 to user: Flavor 84 could not be found. {{(pid=92526) __call__ /opt/stack/nova/nova/api/openstack/wsgi.py:927}}
Jul 22 22:06:58.837730 dv-cinder-801868-2-iscsi devstack@n-api.service[92526]: INFO nova.api.openstack.requestlog [None req-ee370202-e906-45a3-83bc-b970af0621c4 admin admin] 10.222.0.110 "GET /compute/v2.1/flavors/84" status: 404 len: 75 microversion: 2.88 time: 0.059879
Jul 22 22:06:58.838259 dv-cinder-801868-2-iscsi devstack@n-api.service[92526]: [pid: 92526|app: 0|req: 23/44] 10.222.0.110 () {60 vars in 1196 bytes} [Thu Jul 22 22:06:58 2021] GET /compute/v2.1/flavors/84 => generated 75 bytes in 61 msecs (HTTP/1.1 404) 9 headers in 380 bytes (1 switches on core 0)
Jul 22 22:06:58.847752 dv-cinder-801868-2-iscsi devstack@n-api.service[92525]: DEBUG nova.api.openstack.wsgi [None req-9b180fb4-d1f9-451c-987a-d8846dba2e2f admin admin] Calling method '>' {{(pid=92525) _process_stack /opt/stack/nova/nova/api/openstack/wsgi.py:513}}
Jul 22 22:06:58.861148 dv-cinder-801868-2-iscsi devstack@n-api.service[92525]: INFO nova.api.openstack.requestlog [None req-9b180fb4-d1f9-451c-987a-d8846dba2e2f admin admin] 10.222.0.110 "GET /compute/v2.1/flavors?is_public=None" status: 200 len: 2076 microversion: 2.88 time: 0.017140
Jul 22 22:06:58.861697 dv-cinder-801868-2-iscsi devstack@n-api.service[92525]: [pid: 92525|app: 0|req: 22/45] 10.222.0.110 () {60 vars in 1216 bytes} [Thu Jul 22 22:06:58 2021] GET /compute/v2.1/flavors?is_public=None => generated 2076 bytes in 18 msecs (HTTP/1.1 200) 9 headers in 360 bytes (1 switches on core 0)
Jul 22 22:06:58.871251 dv-cinder-801868-2-iscsi devstack@n-api.service[92526]: DEBUG nova.api.openstack.wsgi [None req-8afaf9be-787f-43c9-8976-dee68627e0b9 admin admin] Calling method '>' {{(pid=92526) _process_stack /opt/stack/nova/nova/api/openstack/wsgi.py:513}}
Jul 22 22:06:58.885850 dv-cinder-801868-2-iscsi devstack@n-api.service[92526]: INFO nova.api.openstack.requestlog [None req-8afaf9be-787f-43c9-8976-dee68627e0b9 admin admin] 10.222.0.110 "GET /compute/v2.1/flavors?is_public=None" status: 200 len: 2076 microversion: 2.88 time: 0.018023
Jul 22 22:06:58.886427 dv-cinder-801868-2-iscsi devstack@n-api.service[92526]: [pid: 92526|app: 0|req: 24/46] 10.222.0.110 () {60 vars in 1216 bytes} [Thu Jul 22 22:06:58 2021] GET /compute/v2.1/flavors?is_public=None => generated 2076 bytes in 19 msecs (HTTP/1.1 200) 9 headers in 360 bytes (1 switches on core 0)
Jul 22 22:06:58.896761 dv-cinder-801868-2-iscsi devstack@n-api.service[92525]: DEBUG nova.api.openstack.wsgi [None req-53624312-3872-471a-8d9f-5728477de673 admin admin] Calling method '>' {{(pid=92525) _process_stack /opt/stack/nova/nova/api/openstack/wsgi.py:513}}
Jul 22 22:06:58.901991 dv-cinder-801868-2-iscsi devstack@n-api.service[92525]: INFO nova.api.openstack.wsgi [None req-53624312-3872-471a-8d9f-5728477de673 admin admin] HTTP exception thrown: Flavor 84 could not be found.
Jul 22 22:06:58.902550 dv-cinder-801868-2-iscsi devstack@n-api.service[92525]: DEBUG nova.api.openstack.wsgi [None req-53624312-3872-471a-8d9f-5728477de673 admin admin] Returning 404 to user: Flavor 84 could not be found. {{(pid=92525) __call__ /opt/stack/nova/nova/api/openstack/wsgi.py:927}}
Jul 22 22:06:58.903329 dv-cinder-801868-2-iscsi devstack@n-api.service[92525]: INFO nova.api.openstack.requestlog [None req-53624312-3872-471a-8d9f-5728477de673 admin admin] 10.222.0.110 "GET /compute/v2.1/flavors/84" status: 404 len: 75 microversion: 2.88 time: 0.010186
Jul 22 22:06:58.903838 dv-cinder-801868-2-iscsi devstack@n-api.service[92525]: [pid: 92525|app: 0|req: 23/47] 10.222.0.110 () {60 vars in 1196 bytes} [Thu Jul 22 22:06:58 2021] GET /compute/v2.1/flavors/84 => generated 75 bytes in 12 msecs (HTTP/1.1 404) 9 headers in 380 bytes (2 switches on core 0)
Jul 22 22:07:00.262996 dv-cinder-801868-2-iscsi devstack@n-api.service[92526]: DEBUG nova.api.openstack.wsgi [None req-8afaf9be-787f-43c9-8976-dee68627e0b9 admin admin] Calling method '>' {{(pid=92526) _process_stack /opt/stack/nova/nova/api/openstack/wsgi.py:513}}
Jul 22 22:07:00.264005 dv-cinder-801868-2-iscsi devstack@n-api.service[92526]: INFO nova.api.openstack.requestlog [None req-8afaf9be-787f-43c9-8976-dee68627e0b9 admin admin] 10.222.0.110 "GET /compute/v2.1" status: 200 len: 389 microversion: 2.1 time: 0.001453
Jul 22 22:07:00.264445 dv-cinder-801868-2-iscsi devstack@n-api.service[92526]: [pid: 92526|app: 0|req: 25/48] 10.222.0.110 () {56 vars in 1080 bytes} [Thu Jul 22 22:07:00 2021] GET /compute/v2.1 => generated 389 bytes in 2 msecs (HTTP/1.1 200) 9 headers in 357 bytes (1 switches on core 0)
Jul 22 22:07:00.450723 dv-cinder-801868-2-iscsi devstack@n-api.service[92525]: DEBUG nova.api.openstack.wsgi [None req-9bad2f59-a760-4bb6-b211-d9bf521946b5 admin admin] Calling method '>' {{(pid=92525) _process_stack /opt/stack/nova/nova/api/openstack/wsgi.py:513}}
Jul 22 22:07:00.455989 dv-cinder-801868-2-iscsi devstack@n-api.service[92525]: INFO nova.api.openstack.wsgi [None req-9bad2f59-a760-4bb6-b211-d9bf521946b5 admin admin] HTTP exception thrown: Flavor 451 could not be found.
Jul 22 22:07:00.456479 dv-cinder-801868-2-iscsi devstack@n-api.service[92525]: DEBUG nova.api.openstack.wsgi [None req-9bad2f59-a760-4bb6-b211-d9bf521946b5 admin admin] Returning 404 to user: Flavor 451 could not be found. {{(pid=92525) __call__ /opt/stack/nova/nova/api/openstack/wsgi.py:927}}
Jul 22 22:07:00.457262 dv-cinder-801868-2-iscsi devstack@n-api.service[92525]: INFO nova.api.openstack.requestlog [None req-9bad2f59-a760-4bb6-b211-d9bf521946b5 admin admin] 10.222.0.110 "GET /compute/v2.1/flavors/451" status: 404 len: 76 microversion: 2.88 time: 0.055669
Jul 22 22:07:00.457773 dv-cinder-801868-2-iscsi devstack@n-api.service[92525]: [pid: 92525|app: 0|req: 24/49] 10.222.0.110 () {60 vars in 1199 bytes} [Thu Jul 22 22:07:00 2021] GET /compute/v2.1/flavors/451 => generated 76 bytes in 57 msecs (HTTP/1.1 404) 9 headers in 380 bytes (1 switches on core 0)
Jul 22 22:07:00.466976 dv-cinder-801868-2-iscsi devstack@n-api.service[92526]: DEBUG nova.api.openstack.wsgi [None req-4fab9da6-f3df-460f-acac-cf7346f38b0f admin admin] Calling method '>' {{(pid=92526) _process_stack /opt/stack/nova/nova/api/openstack/wsgi.py:513}}
Jul 22 22:07:00.480691 dv-cinder-801868-2-iscsi devstack@n-api.service[92526]: INFO nova.api.openstack.requestlog [None req-4fab9da6-f3df-460f-acac-cf7346f38b0f admin admin] 10.222.0.110 "GET /compute/v2.1/flavors?is_public=None" status: 200 len: 2076 microversion: 2.88 time: 0.017225
Jul 22 22:07:00.481207 dv-cinder-801868-2-iscsi devstack@n-api.service[92526]: [pid: 92526|app: 0|req: 26/50] 10.222.0.110 () {60 vars in 1216 bytes} [Thu Jul 22 22:07:00 2021] GET /compute/v2.1/flavors?is_public=None => generated 2076 bytes in 18 msecs (HTTP/1.1 200) 9 headers in 360 bytes (1 switches on core 0)
Jul 22 22:07:00.491675 dv-cinder-801868-2-iscsi devstack@n-api.service[92525]: DEBUG nova.api.openstack.wsgi [None req-a8dbaf41-e1ac-43c3-b28f-de763a1a472a admin admin] Calling method '>' {{(pid=92525) _process_stack /opt/stack/nova/nova/api/openstack/wsgi.py:513}}
Jul 22 22:07:00.505562 dv-cinder-801868-2-iscsi devstack@n-api.service[92525]: INFO nova.api.openstack.requestlog [None req-a8dbaf41-e1ac-43c3-b28f-de763a1a472a admin admin] 10.222.0.110 "GET /compute/v2.1/flavors?is_public=None" status: 200 len: 2076 microversion: 2.88 time: 0.017693
Jul 22 22:07:00.506107 dv-cinder-801868-2-iscsi devstack@n-api.service[92525]: [pid: 92525|app: 0|req: 25/51] 10.222.0.110 () {60 vars in 1216 bytes} [Thu Jul 22 22:07:00 2021] GET /compute/v2.1/flavors?is_public=None => generated 2076 bytes in 19 msecs (HTTP/1.1 200) 9 headers in 360 bytes (2 switches on core 0)
Jul 22 22:07:00.515359 dv-cinder-801868-2-iscsi devstack@n-api.service[92526]: DEBUG nova.api.openstack.wsgi [None req-f7bc0c84-4990-45b5-b46e-c06cde6cc3da admin admin] Calling method '>' {{(pid=92526) _process_stack /opt/stack/nova/nova/api/openstack/wsgi.py:513}}
Jul 22 22:07:00.522525 dv-cinder-801868-2-iscsi devstack@n-api.service[92526]: INFO nova.api.openstack.wsgi [None req-f7bc0c84-4990-45b5-b46e-c06cde6cc3da admin admin] HTTP exception thrown: Flavor 451 could not be found.
Jul 22 22:07:00.523155 dv-cinder-801868-2-iscsi devstack@n-api.service[92526]: DEBUG nova.api.openstack.wsgi [None req-f7bc0c84-4990-45b5-b46e-c06cde6cc3da admin admin] Returning 404 to user: Flavor 451 could not be found. {{(pid=92526) __call__ /opt/stack/nova/nova/api/openstack/wsgi.py:927}}
Jul 22 22:07:00.523959 dv-cinder-801868-2-iscsi devstack@n-api.service[92526]: INFO nova.api.openstack.requestlog [None req-f7bc0c84-4990-45b5-b46e-c06cde6cc3da admin admin] 10.222.0.110 "GET /compute/v2.1/flavors/451" status: 404 len: 76 microversion: 2.88 time: 0.012169
Jul 22 22:07:00.524509 dv-cinder-801868-2-iscsi devstack@n-api.service[92526]: [pid: 92526|app: 0|req: 27/52] 10.222.0.110 () {60 vars in 1199 bytes} [Thu Jul 22 22:07:00 2021] GET /compute/v2.1/flavors/451 => generated 76 bytes in 13 msecs (HTTP/1.1 404) 9 headers in 380 bytes (2 switches on core 0)
Jul 22 22:07:01.881985 dv-cinder-801868-2-iscsi devstack@n-api.service[92525]: DEBUG nova.api.openstack.wsgi [None req-a8dbaf41-e1ac-43c3-b28f-de763a1a472a admin admin] Calling method '>' {{(pid=92525) _process_stack /opt/stack/nova/nova/api/openstack/wsgi.py:513}}
Jul 22 22:07:01.882986 dv-cinder-801868-2-iscsi devstack@n-api.service[92525]: INFO nova.api.openstack.requestlog [None req-a8dbaf41-e1ac-43c3-b28f-de763a1a472a admin admin] 10.222.0.110 "GET /compute/v2.1" status: 200 len: 389 microversion: 2.1 time: 0.001426
Jul 22 22:07:01.883517 dv-cinder-801868-2-iscsi devstack@n-api.service[92525]: [pid: 92525|app: 0|req: 26/53] 10.222.0.110 () {56 vars in 1080 bytes} [Thu Jul 22 22:07:01 2021] GET /compute/v2.1 => generated 389 bytes in 2 msecs (HTTP/1.1 200) 9 headers in 357 bytes (1 switches on core 0)
Jul 22 22:07:02.076647 dv-cinder-801868-2-iscsi devstack@n-api.service[92526]: DEBUG nova.api.openstack.wsgi [None req-1e2bbf62-98ab-4ab9-b752-ae49e1b0e324 admin admin] Action: 'create', calling method: >, body: {"flavor": {"name": "m1.nano", "ram": 256, "vcpus": 1, "disk": 1, "id": "42", "swap": 0, "OS-FLV-EXT-DATA:ephemeral": 0, "rxtx_factor": 1.0, "os-flavor-access:is_public": true}} {{(pid=92526) _process_stack /opt/stack/nova/nova/api/openstack/wsgi.py:511}}
Jul 22 22:07:02.097802 dv-cinder-801868-2-iscsi devstack@n-api.service[92526]: INFO nova.api.openstack.requestlog [None req-1e2bbf62-98ab-4ab9-b752-ae49e1b0e324 admin admin] 10.222.0.110 "POST /compute/v2.1/flavors" status: 200 len: 406 microversion: 2.88 time: 0.069983
Jul 22 22:07:02.098274 dv-cinder-801868-2-iscsi devstack@n-api.service[92526]: [pid: 92526|app: 0|req: 28/54] 10.222.0.110 () {64 vars in 1241 bytes} [Thu Jul 22 22:07:02 2021] POST /compute/v2.1/flavors => generated 406 bytes in 71 msecs (HTTP/1.1 200) 9 headers in 359 bytes (2 switches on core 0)
Jul 22 22:07:03.480091 dv-cinder-801868-2-iscsi devstack@n-api.service[92525]: DEBUG nova.api.openstack.wsgi [None req-a8dbaf41-e1ac-43c3-b28f-de763a1a472a admin admin] Calling method '>' {{(pid=92525) _process_stack /opt/stack/nova/nova/api/openstack/wsgi.py:513}}
