Jul 22 22:13:28.713113 dv-cinder-801868-2-iscsi devstack@c-api.service[100071]: DEBUG cinder.api.contrib.qos_specs_manage [None req-254c9433-0b10-43b1-b064-d54d12ade0a1 tempest-QosSpecsTestJSON-1093038518 tempest-QosSpecsTestJSON-1093038518-project-admin] Get associations for qos_spec id: 2dc1641c-4a7a-42f0-936c-724357b41aae {{(pid=100071) associations /opt/stack/cinder/cinder/api/contrib/qos_specs_manage.py:233}}
Jul 22 22:13:28.740895 dv-cinder-801868-2-iscsi devstack@c-api.service[100072]: INFO cinder.api.openstack.wsgi [None req-5a434845-921b-4f0f-ba8d-69499fb42619 tempest-GroupTypeSpecsTest-666885186 tempest-GroupTypeSpecsTest-666885186-project-admin] http://10.222.0.110/volume/v3/9a0abf33d2c44c578b15a6e47c3bb694/group_types/49fe1648-11e9-404d-bd89-55bf3a60100c returned with HTTP 202
Jul 22 22:13:28.746570 dv-cinder-801868-2-iscsi devstack@c-api.service[100072]: [pid: 100072|app: 0|req: 25/36] 10.222.0.110 () {60 vars in 1386 bytes} [Thu Jul 22 22:13:28 2021] DELETE /volume/v3/9a0abf33d2c44c578b15a6e47c3bb694/group_types/49fe1648-11e9-404d-bd89-55bf3a60100c => generated 0 bytes in 88 msecs (HTTP/1.1 202) 6 headers in 234 bytes (1 switches on core 0)
Jul 22 22:13:28.820980 dv-cinder-801868-2-iscsi devstack@c-api.service[100071]: INFO cinder.api.openstack.wsgi [None req-254c9433-0b10-43b1-b064-d54d12ade0a1 tempest-QosSpecsTestJSON-1093038518 tempest-QosSpecsTestJSON-1093038518-project-admin] http://10.222.0.110/volume/v3/7f93d91160fa4d2aaccb12148c998a09/qos-specs/2dc1641c-4a7a-42f0-936c-724357b41aae/associations returned with HTTP 200
Jul 22 22:13:28.824305 dv-cinder-801868-2-iscsi devstack@c-api.service[100071]: [pid: 100071|app: 0|req: 12/37] 10.222.0.110 () {58 vars in 1375 bytes} [Thu Jul 22 22:13:28 2021] GET /volume/v3/7f93d91160fa4d2aaccb12148c998a09/qos-specs/2dc1641c-4a7a-42f0-936c-724357b41aae/associations => generated 444 bytes in 133 msecs (HTTP/1.1 200) 7 headers in 285 bytes (1 switches on core 0)
Jul 22 22:13:28.837195 dv-cinder-801868-2-iscsi devstack@c-api.service[100072]: INFO cinder.api.openstack.wsgi [None req-a0b797fb-2e66-435f-aa96-8d30a3ebcc97 tempest-QosSpecsTestJSON-1093038518 tempest-QosSpecsTestJSON-1093038518-project-admin] GET http://10.222.0.110/volume/v3/7f93d91160fa4d2aaccb12148c998a09/qos-specs/2dc1641c-4a7a-42f0-936c-724357b41aae/disassociate?vol_type_id=7c79a6f9-162a-477b-94bd-2722fa2f60d7
Jul 22 22:13:28.841578 dv-cinder-801868-2-iscsi devstack@c-api.service[100072]: DEBUG cinder.api.openstack.wsgi [None req-a0b797fb-2e66-435f-aa96-8d30a3ebcc97 tempest-QosSpecsTestJSON-1093038518 tempest-QosSpecsTestJSON-1093038518-project-admin] Empty body provided in request {{(pid=100072) get_body /opt/stack/cinder/cinder/api/openstack/wsgi.py:703}}
Jul 22 22:13:28.842589 dv-cinder-801868-2-iscsi devstack@c-api.service[100072]: DEBUG cinder.api.openstack.wsgi [None req-a0b797fb-2e66-435f-aa96-8d30a3ebcc97 tempest-QosSpecsTestJSON-1093038518 tempest-QosSpecsTestJSON-1093038518-project-admin] Calling method 'disassociate' {{(pid=100072) _process_stack /opt/stack/cinder/cinder/api/openstack/wsgi.py:856}}
Jul 22 22:13:28.847079 dv-cinder-801868-2-iscsi devstack@c-api.service[100072]: DEBUG cinder.api.contrib.qos_specs_manage [None req-a0b797fb-2e66-435f-aa96-8d30a3ebcc97 tempest-QosSpecsTestJSON-1093038518 tempest-QosSpecsTestJSON-1093038518-project-admin] Disassociate qos_spec: 2dc1641c-4a7a-42f0-936c-724357b41aae from type: 7c79a6f9-162a-477b-94bd-2722fa2f60d7 {{(pid=100072) disassociate /opt/stack/cinder/cinder/api/contrib/qos_specs_manage.py:327}}
Jul 22 22:13:28.924937 dv-cinder-801868-2-iscsi devstack@c-api.service[100072]: INFO cinder.api.openstack.wsgi [None req-a0b797fb-2e66-435f-aa96-8d30a3ebcc97 tempest-QosSpecsTestJSON-1093038518 tempest-QosSpecsTestJSON-1093038518-project-admin] http://10.222.0.110/volume/v3/7f93d91160fa4d2aaccb12148c998a09/qos-specs/2dc1641c-4a7a-42f0-936c-724357b41aae/disassociate?vol_type_id=7c79a6f9-162a-477b-94bd-2722fa2f60d7 returned with HTTP 202
Jul 22 22:13:28.926916 dv-cinder-801868-2-iscsi devstack@c-api.service[100072]: [pid: 100072|app: 0|req: 26/38] 10.222.0.110 () {58 vars in 1472 bytes} [Thu Jul 22 22:13:28 2021] GET /volume/v3/7f93d91160fa4d2aaccb12148c998a09/qos-specs/2dc1641c-4a7a-42f0-936c-724357b41aae/disassociate?vol_type_id=7c79a6f9-162a-477b-94bd-2722fa2f60d7 => generated 0 bytes in 99 msecs (HTTP/1.1 202) 6 headers in 233 bytes (1 switches on core 0)
Jul 22 22:13:28.936231 dv-cinder-801868-2-iscsi devstack@c-api.service[100071]: INFO cinder.api.openstack.wsgi [None req-8da40309-2c4e-4249-9ac9-f6e258e57e78 tempest-QosSpecsTestJSON-1093038518 tempest-QosSpecsTestJSON-1093038518-project-admin] GET http://10.222.0.110/volume/v3/7f93d91160fa4d2aaccb12148c998a09/qos-specs/2dc1641c-4a7a-42f0-936c-724357b41aae/associations
Jul 22 22:13:28.936702 dv-cinder-801868-2-iscsi devstack@c-api.service[100071]: DEBUG cinder.api.openstack.wsgi [None req-8da40309-2c4e-4249-9ac9-f6e258e57e78 tempest-QosSpecsTestJSON-1093038518 tempest-QosSpecsTestJSON-1093038518-project-admin] Empty body provided in request {{(pid=100071) get_body /opt/stack/cinder/cinder/api/openstack/wsgi.py:703}}
Jul 22 22:13:28.936885 dv-cinder-801868-2-iscsi devstack@c-api.service[100071]: /usr/local/lib/python3.8/dist-packages/webob/acceptparse.py:1047: DeprecationWarning: The behavior of AcceptValidHeader.best_match is currently being maintained for backward compatibility, but it will be deprecated in the future, as it does not conform to the RFC.
Jul 22 22:13:28.936885 dv-cinder-801868-2-iscsi devstack@c-api.service[100071]: warnings.warn(
Jul 22 22:13:28.937156 dv-cinder-801868-2-iscsi devstack@c-api.service[100071]: DEBUG cinder.api.openstack.wsgi [None req-8da40309-2c4e-4249-9ac9-f6e258e57e78 tempest-QosSpecsTestJSON-1093038518 tempest-QosSpecsTestJSON-1093038518-project-admin] Calling method 'associations' {{(pid=100071) _process_stack /opt/stack/cinder/cinder/api/openstack/wsgi.py:856}}
Jul 22 22:13:28.937850 dv-cinder-801868-2-iscsi devstack@c-api.service[100071]: /usr/local/lib/python3.8/dist-packages/oslo_context/context.py:105: DeprecationWarning: Policy enforcement is depending on the value of is_admin. This key is deprecated. Please update your policy file to use the standard policy values.
Jul 22 22:13:28.937850 dv-cinder-801868-2-iscsi devstack@c-api.service[100071]: warnings.warn('Policy enforcement is depending on the value of '
Jul 22 22:13:28.940729 dv-cinder-801868-2-iscsi devstack@c-api.service[100071]: DEBUG cinder.api.contrib.qos_specs_manage [None req-8da40309-2c4e-4249-9ac9-f6e258e57e78 tempest-QosSpecsTestJSON-1093038518 tempest-QosSpecsTestJSON-1093038518-project-admin] Get associations for qos_spec id: 2dc1641c-4a7a-42f0-936c-724357b41aae {{(pid=100071) associations /opt/stack/cinder/cinder/api/contrib/qos_specs_manage.py:233}}
Jul 22 22:13:28.996104 dv-cinder-801868-2-iscsi devstack@c-api.service[100071]: INFO cinder.api.openstack.wsgi [None req-8da40309-2c4e-4249-9ac9-f6e258e57e78 tempest-QosSpecsTestJSON-1093038518 tempest-QosSpecsTestJSON-1093038518-project-admin] http://10.222.0.110/volume/v3/7f93d91160fa4d2aaccb12148c998a09/qos-specs/2dc1641c-4a7a-42f0-936c-724357b41aae/associations returned with HTTP 200
Jul 22 22:13:28.997348 dv-cinder-801868-2-iscsi devstack@c-api.service[100071]: [pid: 100071|app: 0|req: 13/39] 10.222.0.110 () {58 vars in 1375 bytes} [Thu Jul 22 22:13:28 2021] GET /volume/v3/7f93d91160fa4d2aaccb12148c998a09/qos-specs/2dc1641c-4a7a-42f0-936c-724357b41aae/associations => generated 303 bytes in 67 msecs (HTTP/1.1 200) 7 headers in 285 bytes (1 switches on core 0)
Jul 22 22:13:29.008032 dv-cinder-801868-2-iscsi devstack@c-api.service[100072]: INFO cinder.api.openstack.wsgi [None req-d37abdc4-180c-4fce-bf09-5fb47a2a9cea tempest-QosSpecsTestJSON-1093038518 tempest-QosSpecsTestJSON-1093038518-project-admin] GET http://10.222.0.110/volume/v3/7f93d91160fa4d2aaccb12148c998a09/qos-specs/2dc1641c-4a7a-42f0-936c-724357b41aae/disassociate_all
Jul 22 22:13:29.010519 dv-cinder-801868-2-iscsi devstack@c-api.service[100072]: DEBUG cinder.api.openstack.wsgi [None req-d37abdc4-180c-4fce-bf09-5fb47a2a9cea tempest-QosSpecsTestJSON-1093038518 tempest-QosSpecsTestJSON-1093038518-project-admin] Empty body provided in request {{(pid=100072) get_body /opt/stack/cinder/cinder/api/openstack/wsgi.py:703}}
Jul 22 22:13:29.011452 dv-cinder-801868-2-iscsi devstack@c-api.service[100072]: /usr/local/lib/python3.8/dist-packages/webob/acceptparse.py:1047: DeprecationWarning: The behavior of AcceptValidHeader.best_match is currently being maintained for backward compatibility, but it will be deprecated in the future, as it does not conform to the RFC.
Jul 22 22:13:29.011452 dv-cinder-801868-2-iscsi devstack@c-api.service[100072]: warnings.warn(
Jul 22 22:13:29.012436 dv-cinder-801868-2-iscsi devstack@c-api.service[100072]: DEBUG cinder.api.openstack.wsgi [None req-d37abdc4-180c-4fce-bf09-5fb47a2a9cea tempest-QosSpecsTestJSON-1093038518 tempest-QosSpecsTestJSON-1093038518-project-admin] Calling method 'disassociate_all' {{(pid=100072) _process_stack /opt/stack/cinder/cinder/api/openstack/wsgi.py:856}}
Jul 22 22:13:29.013345 dv-cinder-801868-2-iscsi devstack@c-api.service[100072]: /usr/local/lib/python3.8/dist-packages/oslo_context/context.py:105: DeprecationWarning: Policy enforcement is depending on the value of is_admin. This key is deprecated. Please update your policy file to use the standard policy values.
Jul 22 22:13:29.013345 dv-cinder-801868-2-iscsi devstack@c-api.service[100072]: warnings.warn('Policy enforcement is depending on the value of '
Jul 22 22:13:29.014425 dv-cinder-801868-2-iscsi devstack@c-api.service[100072]: DEBUG cinder.api.contrib.qos_specs_manage [None req-d37abdc4-180c-4fce-bf09-5fb47a2a9cea tempest-QosSpecsTestJSON-1093038518 tempest-QosSpecsTestJSON-1093038518-project-admin] Disassociate qos_spec: 2dc1641c-4a7a-42f0-936c-724357b41aae from all. {{(pid=100072) disassociate_all /opt/stack/cinder/cinder/api/contrib/qos_specs_manage.py:361}}
Jul 22 22:13:29.069071 dv-cinder-801868-2-iscsi devstack@c-api.service[100072]: INFO cinder.api.openstack.wsgi [None req-d37abdc4-180c-4fce-bf09-5fb47a2a9cea tempest-QosSpecsTestJSON-1093038518 tempest-QosSpecsTestJSON-1093038518-project-admin] http://10.222.0.110/volume/v3/7f93d91160fa4d2aaccb12148c998a09/qos-specs/2dc1641c-4a7a-42f0-936c-724357b41aae/disassociate_all returned with HTTP 202
Jul 22 22:13:29.070586 dv-cinder-801868-2-iscsi devstack@c-api.service[100072]: [pid: 100072|app: 0|req: 27/40] 10.222.0.110 () {58 vars in 1387 bytes} [Thu Jul 22 22:13:29 2021] GET /volume/v3/7f93d91160fa4d2aaccb12148c998a09/qos-specs/2dc1641c-4a7a-42f0-936c-724357b41aae/disassociate_all => generated 0 bytes in 68 msecs (HTTP/1.1 202) 6 headers in 233 bytes (1 switches on core 0)
Jul 22 22:13:29.083303 dv-cinder-801868-2-iscsi devstack@c-api.service[100071]: INFO cinder.api.openstack.wsgi [None req-97acc5c0-f4e6-4bc8-aa6a-f8bf05de4b3a tempest-QosSpecsTestJSON-1093038518 tempest-QosSpecsTestJSON-1093038518-project-admin] GET http://10.222.0.110/volume/v3/7f93d91160fa4d2aaccb12148c998a09/qos-specs/2dc1641c-4a7a-42f0-936c-724357b41aae/associations
Jul 22 22:13:29.084034 dv-cinder-801868-2-iscsi devstack@c-api.service[100071]: DEBUG cinder.api.openstack.wsgi [None req-97acc5c0-f4e6-4bc8-aa6a-f8bf05de4b3a tempest-QosSpecsTestJSON-1093038518 tempest-QosSpecsTestJSON-1093038518-project-admin] Empty body provided in request {{(pid=100071) get_body /opt/stack/cinder/cinder/api/openstack/wsgi.py:703}}
Jul 22 22:13:29.085109 dv-cinder-801868-2-iscsi devstack@c-api.service[100071]: /usr/local/lib/python3.8/dist-packages/webob/acceptparse.py:1047: DeprecationWarning: The behavior of AcceptValidHeader.best_match is currently being maintained for backward compatibility, but it will be deprecated in the future, as it does not conform to the RFC.
Jul 22 22:13:29.085109 dv-cinder-801868-2-iscsi devstack@c-api.service[100071]: warnings.warn(
Jul 22 22:13:29.085813 dv-cinder-801868-2-iscsi devstack@c-api.service[100071]: DEBUG cinder.api.openstack.wsgi [None req-97acc5c0-f4e6-4bc8-aa6a-f8bf05de4b3a tempest-QosSpecsTestJSON-1093038518 tempest-QosSpecsTestJSON-1093038518-project-admin] Calling method 'associations' {{(pid=100071) _process_stack /opt/stack/cinder/cinder/api/openstack/wsgi.py:856}}
Jul 22 22:13:29.086519 dv-cinder-801868-2-iscsi devstack@c-api.service[100071]: /usr/local/lib/python3.8/dist-packages/oslo_context/context.py:105: DeprecationWarning: Policy enforcement is depending on the value of is_admin. This key is deprecated. Please update your policy file to use the standard policy values.
Jul 22 22:13:29.086519 dv-cinder-801868-2-iscsi devstack@c-api.service[100071]: warnings.warn('Policy enforcement is depending on the value of '
Jul 22 22:13:29.089630 dv-cinder-801868-2-iscsi devstack@c-api.service[100071]: DEBUG cinder.api.contrib.qos_specs_manage [None req-97acc5c0-f4e6-4bc8-aa6a-f8bf05de4b3a tempest-QosSpecsTestJSON-1093038518 tempest-QosSpecsTestJSON-1093038518-project-admin] Get associations for qos_spec id: 2dc1641c-4a7a-42f0-936c-724357b41aae {{(pid=100071) associations /opt/stack/cinder/cinder/api/contrib/qos_specs_manage.py:233}}
Jul 22 22:13:29.135458 dv-cinder-801868-2-iscsi devstack@c-api.service[100071]: INFO cinder.api.openstack.wsgi [None req-97acc5c0-f4e6-4bc8-aa6a-f8bf05de4b3a tempest-QosSpecsTestJSON-1093038518 tempest-QosSpecsTestJSON-1093038518-project-admin] http://10.222.0.110/volume/v3/7f93d91160fa4d2aaccb12148c998a09/qos-specs/2dc1641c-4a7a-42f0-936c-724357b41aae/associations returned with HTTP 200
Jul 22 22:13:29.139534 dv-cinder-801868-2-iscsi devstack@c-api.service[100071]: [pid: 100071|app: 0|req: 14/41] 10.222.0.110 () {58 vars in 1375 bytes} [Thu Jul 22 22:13:29 2021] GET /volume/v3/7f93d91160fa4d2aaccb12148c998a09/qos-specs/2dc1641c-4a7a-42f0-936c-724357b41aae/associations => generated 24 bytes in 65 msecs (HTTP/1.1 200) 7 headers in 284 bytes (1 switches on core 0)
Jul 22 22:13:29.154632 dv-cinder-801868-2-iscsi devstack@c-api.service[100072]: INFO cinder.api.openstack.wsgi [None req-da5236e9-0830-4fbe-8254-c21a0aa49bd6 tempest-QosSpecsTestJSON-1093038518 tempest-QosSpecsTestJSON-1093038518-project-admin] POST http://10.222.0.110/volume/v3/7f93d91160fa4d2aaccb12148c998a09/qos-specs
Jul 22 22:13:29.155050 dv-cinder-801868-2-iscsi devstack@c-api.service[100072]: /usr/local/lib/python3.8/dist-packages/webob/acceptparse.py:1047: DeprecationWarning: The behavior of AcceptValidHeader.best_match is currently being maintained for backward compatibility, but it will be deprecated in the future, as it does not conform to the RFC.
Jul 22 22:13:29.155050 dv-cinder-801868-2-iscsi devstack@c-api.service[100072]: warnings.warn(
Jul 22 22:13:29.155953 dv-cinder-801868-2-iscsi devstack@c-api.service[100072]: DEBUG cinder.api.openstack.wsgi [None req-da5236e9-0830-4fbe-8254-c21a0aa49bd6 tempest-QosSpecsTestJSON-1093038518 tempest-QosSpecsTestJSON-1093038518-project-admin] Action: 'create', calling method: create, body: {"qos_specs": {"name": "tempest-QosSpecsTestJSON-qos-2067259026", "consumer": "back-end"}} {{(pid=100072) _process_stack /opt/stack/cinder/cinder/api/openstack/wsgi.py:854}}
Jul 22 22:13:29.156707 dv-cinder-801868-2-iscsi devstack@c-api.service[100072]: /usr/local/lib/python3.8/dist-packages/oslo_context/context.py:105: DeprecationWarning: Policy enforcement is depending on the value of is_admin. This key is deprecated. Please update your policy file to use the standard policy values.
Jul 22 22:13:29.156707 dv-cinder-801868-2-iscsi devstack@c-api.service[100072]: warnings.warn('Policy enforcement is depending on the value of '
Jul 22 22:13:29.157705 dv-cinder-801868-2-iscsi devstack@c-api.service[100072]: DEBUG cinder.volume.qos_specs [None req-da5236e9-0830-4fbe-8254-c21a0aa49bd6 tempest-QosSpecsTestJSON-1093038518 tempest-QosSpecsTestJSON-1093038518-project-admin] Dict for qos_specs: {'name': 'tempest-QosSpecsTestJSON-qos-2067259026', 'consumer': 'back-end', 'specs': {}} {{(pid=100072) create /opt/stack/cinder/cinder/volume/qos_specs.py:64}}
Jul 22 22:13:29.186523 dv-cinder-801868-2-iscsi devstack@c-api.service[100072]: DEBUG cinder.db.sqlalchemy.api [None req-da5236e9-0830-4fbe-8254-c21a0aa49bd6 tempest-QosSpecsTestJSON-1093038518 tempest-QosSpecsTestJSON-1093038518-project-admin] DB qos_specs_create(): root {'id': '461215d7-5f40-4454-ae1d-b237f7657e6f', 'key': 'QoS_Specs_Name', 'value': 'tempest-QosSpecsTestJSON-qos-2067259026'} {{(pid=100072) qos_specs_create /opt/stack/cinder/cinder/db/sqlalchemy/api.py:4603}}
Jul 22 22:13:29.207836 dv-cinder-801868-2-iscsi devstack@c-api.service[100072]: INFO cinder.api.openstack.wsgi [None req-da5236e9-0830-4fbe-8254-c21a0aa49bd6 tempest-QosSpecsTestJSON-1093038518 tempest-QosSpecsTestJSON-1093038518-project-admin] http://10.222.0.110/volume/v3/7f93d91160fa4d2aaccb12148c998a09/qos-specs returned with HTTP 200
Jul 22 22:13:29.210246 dv-cinder-801868-2-iscsi devstack@c-api.service[100072]: [pid: 100072|app: 0|req: 28/42] 10.222.0.110 () {60 vars in 1246 bytes} [Thu Jul 22 22:13:29 2021] POST /volume/v3/7f93d91160fa4d2aaccb12148c998a09/qos-specs => generated 437 bytes in 65 msecs (HTTP/1.1 200) 7 headers in 285 bytes (1 switches on core 0)
Jul 22 22:13:29.222293 dv-cinder-801868-2-iscsi devstack@c-api.service[100071]: INFO cinder.api.openstack.wsgi [None req-64def278-e56e-4008-8136-10b0fadc2f52 tempest-QosSpecsTestJSON-1093038518 tempest-QosSpecsTestJSON-1093038518-project-admin] DELETE http://10.222.0.110/volume/v3/7f93d91160fa4d2aaccb12148c998a09/qos-specs/461215d7-5f40-4454-ae1d-b237f7657e6f?force=False
Jul 22 22:13:29.222778 dv-cinder-801868-2-iscsi devstack@c-api.service[100071]: DEBUG cinder.api.openstack.wsgi [None req-64def278-e56e-4008-8136-10b0fadc2f52 tempest-QosSpecsTestJSON-1093038518 tempest-QosSpecsTestJSON-1093038518-project-admin] Empty body provided in request {{(pid=100071) get_body /opt/stack/cinder/cinder/api/openstack/wsgi.py:703}}
Jul 22 22:13:29.223007 dv-cinder-801868-2-iscsi devstack@c-api.service[100071]: /usr/local/lib/python3.8/dist-packages/webob/acceptparse.py:1047: DeprecationWarning: The behavior of AcceptValidHeader.best_match is currently being maintained for backward compatibility, but it will be deprecated in the future, as it does not conform to the RFC.
Jul 22 22:13:29.223007 dv-cinder-801868-2-iscsi devstack@c-api.service[100071]: warnings.warn(
Jul 22 22:13:29.223281 dv-cinder-801868-2-iscsi devstack@c-api.service[100071]: DEBUG cinder.api.openstack.wsgi [None req-64def278-e56e-4008-8136-10b0fadc2f52 tempest-QosSpecsTestJSON-1093038518 tempest-QosSpecsTestJSON-1093038518-project-admin] Calling method 'delete' {{(pid=100071) _process_stack /opt/stack/cinder/cinder/api/openstack/wsgi.py:856}}
Jul 22 22:13:29.224017 dv-cinder-801868-2-iscsi devstack@c-api.service[100071]: /usr/local/lib/python3.8/dist-packages/oslo_context/context.py:105: DeprecationWarning: Policy enforcement is depending on the value of is_admin. This key is deprecated. Please update your policy file to use the standard policy values.
Jul 22 22:13:29.224017 dv-cinder-801868-2-iscsi devstack@c-api.service[100071]: warnings.warn('Policy enforcement is depending on the value of '
Jul 22 22:13:29.224996 dv-cinder-801868-2-iscsi devstack@c-api.service[100071]: DEBUG cinder.api.contrib.qos_specs_manage [None req-64def278-e56e-4008-8136-10b0fadc2f52 tempest-QosSpecsTestJSON-1093038518 tempest-QosSpecsTestJSON-1093038518-project-admin] Delete qos_spec: 461215d7-5f40-4454-ae1d-b237f7657e6f, force: False {{(pid=100071) delete /opt/stack/cinder/cinder/api/contrib/qos_specs_manage.py:168}}
Jul 22 22:13:29.353232 dv-cinder-801868-2-iscsi devstack@c-api.service[100071]: INFO cinder.api.openstack.wsgi [None req-64def278-e56e-4008-8136-10b0fadc2f52 tempest-QosSpecsTestJSON-1093038518 tempest-QosSpecsTestJSON-1093038518-project-admin] http://10.222.0.110/volume/v3/7f93d91160fa4d2aaccb12148c998a09/qos-specs/461215d7-5f40-4454-ae1d-b237f7657e6f?force=False returned with HTTP 202
Jul 22 22:13:29.362335 dv-cinder-801868-2-iscsi devstack@c-api.service[100071]: [pid: 100071|app: 0|req: 15/43] 10.222.0.110 () {58 vars in 1362 bytes} [Thu Jul 22 22:13:29 2021] DELETE /volume/v3/7f93d91160fa4d2aaccb12148c998a09/qos-specs/461215d7-5f40-4454-ae1d-b237f7657e6f?force=False => generated 0 bytes in 147 msecs (HTTP/1.1 202) 6 headers in 233 bytes (1 switches on core 0)
Jul 22 22:13:29.378943 dv-cinder-801868-2-iscsi devstack@c-api.service[100072]: INFO cinder.api.openstack.wsgi [None req-f277dd39-08d3-47a1-a0bc-4260339c6632 tempest-QosSpecsTestJSON-1093038518 tempest-QosSpecsTestJSON-1093038518-project-admin] GET http://10.222.0.110/volume/v3/7f93d91160fa4d2aaccb12148c998a09/qos-specs/461215d7-5f40-4454-ae1d-b237f7657e6f
Jul 22 22:13:29.379836 dv-cinder-801868-2-iscsi devstack@c-api.service[100072]: DEBUG cinder.api.openstack.wsgi [None req-f277dd39-08d3-47a1-a0bc-4260339c6632 tempest-QosSpecsTestJSON-1093038518 tempest-QosSpecsTestJSON-1093038518-project-admin] Empty body provided in request {{(pid=100072) get_body /opt/stack/cinder/cinder/api/openstack/wsgi.py:703}}
Jul 22 22:13:29.381001 dv-cinder-801868-2-iscsi devstack@c-api.service[100072]: /usr/local/lib/python3.8/dist-packages/webob/acceptparse.py:1047: DeprecationWarning: The behavior of AcceptValidHeader.best_match is currently being maintained for backward compatibility, but it will be deprecated in the future, as it does not conform to the RFC.
Jul 22 22:13:29.381001 dv-cinder-801868-2-iscsi devstack@c-api.service[100072]: warnings.warn(
Jul 22 22:13:29.381738 dv-cinder-801868-2-iscsi devstack@c-api.service[100072]: DEBUG cinder.api.openstack.wsgi [None req-f277dd39-08d3-47a1-a0bc-4260339c6632 tempest-QosSpecsTestJSON-1093038518 tempest-QosSpecsTestJSON-1093038518-project-admin] Calling method 'show' {{(pid=100072) _process_stack /opt/stack/cinder/cinder/api/openstack/wsgi.py:856}}
Jul 22 22:13:29.382665 dv-cinder-801868-2-iscsi devstack@c-api.service[100072]: /usr/local/lib/python3.8/dist-packages/oslo_context/context.py:105: DeprecationWarning: Policy enforcement is depending on the value of is_admin. This key is deprecated. Please update your policy file to use the standard policy values.
Jul 22 22:13:29.382665 dv-cinder-801868-2-iscsi devstack@c-api.service[100072]: warnings.warn('Policy enforcement is depending on the value of '
Jul 22 22:13:29.401680 dv-cinder-801868-2-iscsi devstack@c-api.service[100072]: INFO cinder.api.openstack.wsgi [None req-f277dd39-08d3-47a1-a0bc-4260339c6632 tempest-QosSpecsTestJSON-1093038518 tempest-QosSpecsTestJSON-1093038518-project-admin] http://10.222.0.110/volume/v3/7f93d91160fa4d2aaccb12148c998a09/qos-specs/461215d7-5f40-4454-ae1d-b237f7657e6f returned with HTTP 404
Jul 22 22:13:29.405081 dv-cinder-801868-2-iscsi devstack@c-api.service[100072]: [pid: 100072|app: 0|req: 29/44] 10.222.0.110 () {58 vars in 1336 bytes} [Thu Jul 22 22:13:29 2021] GET /volume/v3/7f93d91160fa4d2aaccb12148c998a09/qos-specs/461215d7-5f40-4454-ae1d-b237f7657e6f => generated 100 bytes in 42 msecs (HTTP/1.1 404) 7 headers in 292 bytes (1 switches on core 0)
Jul 22 22:13:29.428030 dv-cinder-801868-2-iscsi devstack@c-api.service[100071]: INFO cinder.api.openstack.wsgi [None req-c56d1d99-12cf-491e-935a-3e53baf669bb tempest-QosSpecsTestJSON-1093038518 tempest-QosSpecsTestJSON-1093038518-project-admin] GET http://10.222.0.110/volume/v3/7f93d91160fa4d2aaccb12148c998a09/qos-specs
Jul 22 22:13:29.429529 dv-cinder-801868-2-iscsi devstack@c-api.service[100071]: DEBUG cinder.api.openstack.wsgi [None req-c56d1d99-12cf-491e-935a-3e53baf669bb tempest-QosSpecsTestJSON-1093038518 tempest-QosSpecsTestJSON-1093038518-project-admin] Empty body provided in request {{(pid=100071) get_body /opt/stack/cinder/cinder/api/openstack/wsgi.py:703}}
Jul 22 22:13:29.430088 dv-cinder-801868-2-iscsi devstack@c-api.service[100071]: /usr/local/lib/python3.8/dist-packages/webob/acceptparse.py:1047: DeprecationWarning: The behavior of AcceptValidHeader.best_match is currently being maintained for backward compatibility, but it will be deprecated in the future, as it does not conform to the RFC.
Jul 22 22:13:29.430088 dv-cinder-801868-2-iscsi devstack@c-api.service[100071]: warnings.warn(
Jul 22 22:13:29.432452 dv-cinder-801868-2-iscsi devstack@c-api.service[100071]: DEBUG cinder.api.openstack.wsgi [None req-c56d1d99-12cf-491e-935a-3e53baf669bb tempest-QosSpecsTestJSON-1093038518 tempest-QosSpecsTestJSON-1093038518-project-admin] Calling method 'index' {{(pid=100071) _process_stack /opt/stack/cinder/cinder/api/openstack/wsgi.py:856}}
Jul 22 22:13:29.437251 dv-cinder-801868-2-iscsi devstack@c-api.service[100071]: /usr/local/lib/python3.8/dist-packages/oslo_context/context.py:105: DeprecationWarning: Policy enforcement is depending on the value of is_admin. This key is deprecated. Please update your policy file to use the standard policy values.
Jul 22 22:13:29.437251 dv-cinder-801868-2-iscsi devstack@c-api.service[100071]: warnings.warn('Policy enforcement is depending on the value of '
Jul 22 22:13:29.498262 dv-cinder-801868-2-iscsi devstack@c-api.service[100072]: INFO cinder.api.openstack.wsgi [None req-a3f247e5-2ec6-4c51-9f61-74f562e33c57 tempest-VolumesTestJSON-2120082070 tempest-VolumesTestJSON-2120082070-project] GET http://10.222.0.110/volume/v3/3fb63286632246ef8d81ba47c09afc47/volumes/395ee7bc-3142-4966-8a72-b2fb9636cb6e
Jul 22 22:13:29.499668 dv-cinder-801868-2-iscsi devstack@c-api.service[100072]: DEBUG cinder.api.openstack.wsgi [None req-a3f247e5-2ec6-4c51-9f61-74f562e33c57 tempest-VolumesTestJSON-2120082070 tempest-VolumesTestJSON-2120082070-project] Empty body provided in request {{(pid=100072) get_body /opt/stack/cinder/cinder/api/openstack/wsgi.py:703}}
Jul 22 22:13:29.501461 dv-cinder-801868-2-iscsi devstack@c-api.service[100072]: DEBUG cinder.api.openstack.wsgi [None req-a3f247e5-2ec6-4c51-9f61-74f562e33c57 tempest-VolumesTestJSON-2120082070 tempest-VolumesTestJSON-2120082070-project] Calling method 'show' {{(pid=100072) _process_stack /opt/stack/cinder/cinder/api/openstack/wsgi.py:856}}
Jul 22 22:13:29.507520 dv-cinder-801868-2-iscsi devstack@c-api.service[100071]: INFO cinder.api.openstack.wsgi [None req-c56d1d99-12cf-491e-935a-3e53baf669bb tempest-QosSpecsTestJSON-1093038518 tempest-QosSpecsTestJSON-1093038518-project-admin] http://10.222.0.110/volume/v3/7f93d91160fa4d2aaccb12148c998a09/qos-specs returned with HTTP 200
Jul 22 22:13:29.520693 dv-cinder-801868-2-iscsi devstack@c-api.service[100071]: [pid: 100071|app: 0|req: 16/45] 10.222.0.110 () {58 vars in 1225 bytes} [Thu Jul 22 22:13:29 2021] GET /volume/v3/7f93d91160fa4d2aaccb12148c998a09/qos-specs => generated 175 bytes in 114 msecs (HTTP/1.1 200) 7 headers in 285 bytes (1 switches on core 0)
Jul 22 22:13:29.528051 dv-cinder-801868-2-iscsi devstack@c-api.service[100071]: INFO cinder.api.openstack.wsgi [None req-63d1601d-7d3b-4331-b563-f8f9e302ab5a tempest-QosSpecsTestJSON-1093038518 tempest-QosSpecsTestJSON-1093038518-project-admin] POST http://10.222.0.110/volume/v3/7f93d91160fa4d2aaccb12148c998a09/qos-specs
Jul 22 22:13:29.542670 dv-cinder-801868-2-iscsi devstack@c-api.service[100071]: /usr/local/lib/python3.8/dist-packages/webob/acceptparse.py:1047: DeprecationWarning: The behavior of AcceptValidHeader.best_match is currently being maintained for backward compatibility, but it will be deprecated in the future, as it does not conform to the RFC.
Jul 22 22:13:29.542670 dv-cinder-801868-2-iscsi devstack@c-api.service[100071]: warnings.warn(
Jul 22 22:13:29.545004 dv-cinder-801868-2-iscsi devstack@c-api.service[100071]: DEBUG cinder.api.openstack.wsgi [None req-63d1601d-7d3b-4331-b563-f8f9e302ab5a tempest-QosSpecsTestJSON-1093038518 tempest-QosSpecsTestJSON-1093038518-project-admin] Action: 'create', calling method: create, body: {"qos_specs": {"name": "tempest-QosSpecsTestJSON-qos-566722481", "consumer": "both"}} {{(pid=100071) _process_stack /opt/stack/cinder/cinder/api/openstack/wsgi.py:854}}
Jul 22 22:13:29.555192 dv-cinder-801868-2-iscsi devstack@c-api.service[100071]: /usr/local/lib/python3.8/dist-packages/oslo_context/context.py:105: DeprecationWarning: Policy enforcement is depending on the value of is_admin. This key is deprecated. Please update your policy file to use the standard policy values.
Jul 22 22:13:29.555192 dv-cinder-801868-2-iscsi devstack@c-api.service[100071]: warnings.warn('Policy enforcement is depending on the value of '
Jul 22 22:13:29.563567 dv-cinder-801868-2-iscsi devstack@c-api.service[100071]: DEBUG cinder.volume.qos_specs [None req-63d1601d-7d3b-4331-b563-f8f9e302ab5a tempest-QosSpecsTestJSON-1093038518 tempest-QosSpecsTestJSON-1093038518-project-admin] Dict for qos_specs: {'name': 'tempest-QosSpecsTestJSON-qos-566722481', 'consumer': 'both', 'specs': {}} {{(pid=100071) create /opt/stack/cinder/cinder/volume/qos_specs.py:64}}
Jul 22 22:13:29.568129 dv-cinder-801868-2-iscsi devstack@c-api.service[100072]: /usr/local/lib/python3.8/dist-packages/oslo_context/context.py:105: DeprecationWarning: Policy enforcement is depending on the value of is_admin. This key is deprecated. Please update your policy file to use the standard policy values.
Jul 22 22:13:29.568129 dv-cinder-801868-2-iscsi devstack@c-api.service[100072]: warnings.warn('Policy enforcement is depending on the value of '
Jul 22 22:13:29.607058 dv-cinder-801868-2-iscsi devstack@c-api.service[100072]: INFO cinder.volume.api [None req-a3f247e5-2ec6-4c51-9f61-74f562e33c57 tempest-VolumesTestJSON-2120082070 tempest-VolumesTestJSON-2120082070-project] Volume info retrieved successfully.
Jul 22 22:13:29.616671 dv-cinder-801868-2-iscsi devstack@c-api.service[100071]: DEBUG cinder.db.sqlalchemy.api [None req-63d1601d-7d3b-4331-b563-f8f9e302ab5a tempest-QosSpecsTestJSON-1093038518 tempest-QosSpecsTestJSON-1093038518-project-admin] DB qos_specs_create(): root {'id': 'a18de8d7-7115-4641-b166-5d89597002bc', 'key': 'QoS_Specs_Name', 'value': 'tempest-QosSpecsTestJSON-qos-566722481'} {{(pid=100071) qos_specs_create /opt/stack/cinder/cinder/db/sqlalchemy/api.py:4603}}
Jul 22 22:13:29.635642 dv-cinder-801868-2-iscsi devstack@c-api.service[100071]: INFO cinder.api.openstack.wsgi [None req-63d1601d-7d3b-4331-b563-f8f9e302ab5a tempest-QosSpecsTestJSON-1093038518 tempest-QosSpecsTestJSON-1093038518-project-admin] http://10.222.0.110/volume/v3/7f93d91160fa4d2aaccb12148c998a09/qos-specs returned with HTTP 200
Jul 22 22:13:29.646758 dv-cinder-801868-2-iscsi devstack@c-api.service[100071]: [pid: 100071|app: 0|req: 17/46] 10.222.0.110 () {60 vars in 1246 bytes} [Thu Jul 22 22:13:29 2021] POST /volume/v3/7f93d91160fa4d2aaccb12148c998a09/qos-specs => generated 432 bytes in 118 msecs (HTTP/1.1 200) 7 headers in 285 bytes (1 switches on core 0)
Jul 22 22:13:29.647487 dv-cinder-801868-2-iscsi devstack@c-api.service[100072]: INFO cinder.api.openstack.wsgi [None req-a3f247e5-2ec6-4c51-9f61-74f562e33c57 tempest-VolumesTestJSON-2120082070 tempest-VolumesTestJSON-2120082070-project] http://10.222.0.110/volume/v3/3fb63286632246ef8d81ba47c09afc47/volumes/395ee7bc-3142-4966-8a72-b2fb9636cb6e returned with HTTP 200
Jul 22 22:13:29.652867 dv-cinder-801868-2-iscsi devstack@c-api.service[100072]: [pid: 100072|app: 0|req: 30/47] 10.222.0.110 () {58 vars in 1330 bytes} [Thu Jul 22 22:13:29 2021] GET /volume/v3/3fb63286632246ef8d81ba47c09afc47/volumes/395ee7bc-3142-4966-8a72-b2fb9636cb6e => generated 924 bytes in 167 msecs (HTTP/1.1 200) 7 headers in 285 bytes (1 switches on core 0)
Jul 22 22:13:29.659169 dv-cinder-801868-2-iscsi devstack@c-api.service[100071]: INFO cinder.api.openstack.wsgi [None req-b136c39e-b871-4245-a73f-86d09e533ce1 tempest-QosSpecsTestJSON-1093038518 tempest-QosSpecsTestJSON-1093038518-project-admin] DELETE http://10.222.0.110/volume/v3/7f93d91160fa4d2aaccb12148c998a09/qos-specs/a18de8d7-7115-4641-b166-5d89597002bc?force=False
Jul 22 22:13:29.667206 dv-cinder-801868-2-iscsi devstack@c-api.service[100071]: DEBUG cinder.api.openstack.wsgi [None req-b136c39e-b871-4245-a73f-86d09e533ce1 tempest-QosSpecsTestJSON-1093038518 tempest-QosSpecsTestJSON-1093038518-project-admin] Empty body provided in request {{(pid=100071) get_body /opt/stack/cinder/cinder/api/openstack/wsgi.py:703}}
Jul 22 22:13:29.668886 dv-cinder-801868-2-iscsi devstack@c-api.service[100071]: /usr/local/lib/python3.8/dist-packages/webob/acceptparse.py:1047: DeprecationWarning: The behavior of AcceptValidHeader.best_match is currently being maintained for backward compatibility, but it will be deprecated in the future, as it does not conform to the RFC.
Jul 22 22:13:29.668886 dv-cinder-801868-2-iscsi devstack@c-api.service[100071]: warnings.warn(
Jul 22 22:13:29.670817 dv-cinder-801868-2-iscsi devstack@c-api.service[100071]: DEBUG cinder.api.openstack.wsgi [None req-b136c39e-b871-4245-a73f-86d09e533ce1 tempest-QosSpecsTestJSON-1093038518 tempest-QosSpecsTestJSON-1093038518-project-admin] Calling method 'delete' {{(pid=100071) _process_stack /opt/stack/cinder/cinder/api/openstack/wsgi.py:856}}
Jul 22 22:13:29.672784 dv-cinder-801868-2-iscsi devstack@c-api.service[100071]: /usr/local/lib/python3.8/dist-packages/oslo_context/context.py:105: DeprecationWarning: Policy enforcement is depending on the value of is_admin. This key is deprecated. Please update your policy file to use the standard policy values.
Jul 22 22:13:29.672784 dv-cinder-801868-2-iscsi devstack@c-api.service[100071]: warnings.warn('Policy enforcement is depending on the value of '
Jul 22 22:13:29.679647 dv-cinder-801868-2-iscsi devstack@c-api.service[100071]: DEBUG cinder.api.contrib.qos_specs_manage [None req-b136c39e-b871-4245-a73f-86d09e533ce1 tempest-QosSpecsTestJSON-1093038518 tempest-QosSpecsTestJSON-1093038518-project-admin] Delete qos_spec: a18de8d7-7115-4641-b166-5d89597002bc, force: False {{(pid=100071) delete /opt/stack/cinder/cinder/api/contrib/qos_specs_manage.py:168}}
Jul 22 22:13:29.731781 dv-cinder-801868-2-iscsi devstack@c-api.service[100071]: INFO cinder.api.openstack.wsgi [None req-b136c39e-b871-4245-a73f-86d09e533ce1 tempest-QosSpecsTestJSON-1093038518 tempest-QosSpecsTestJSON-1093038518-project-admin] http://10.222.0.110/volume/v3/7f93d91160fa4d2aaccb12148c998a09/qos-specs/a18de8d7-7115-4641-b166-5d89597002bc?force=False returned with HTTP 202
Jul 22 22:13:29.733721 dv-cinder-801868-2-iscsi devstack@c-api.service[100071]: [pid: 100071|app: 0|req: 18/48] 10.222.0.110 () {58 vars in 1362 bytes} [Thu Jul 22 22:13:29 2021] DELETE /volume/v3/7f93d91160fa4d2aaccb12148c998a09/qos-specs/a18de8d7-7115-4641-b166-5d89597002bc?force=False => generated 0 bytes in 87 msecs (HTTP/1.1 202) 6 headers in 233 bytes (1 switches on core 0)
Jul 22 22:13:29.748047 dv-cinder-801868-2-iscsi devstack@c-api.service[100072]: INFO cinder.api.openstack.wsgi [None req-c6be8693-e60e-49b9-8ced-d60fd4028f23 tempest-QosSpecsTestJSON-1093038518 tempest-QosSpecsTestJSON-1093038518-project-admin] GET http://10.222.0.110/volume/v3/7f93d91160fa4d2aaccb12148c998a09/qos-specs/a18de8d7-7115-4641-b166-5d89597002bc
Jul 22 22:13:29.748729 dv-cinder-801868-2-iscsi devstack@c-api.service[100072]: DEBUG cinder.api.openstack.wsgi [None req-c6be8693-e60e-49b9-8ced-d60fd4028f23 tempest-QosSpecsTestJSON-1093038518 tempest-QosSpecsTestJSON-1093038518-project-admin] Empty body provided in request {{(pid=100072) get_body /opt/stack/cinder/cinder/api/openstack/wsgi.py:703}}
Jul 22 22:13:29.748950 dv-cinder-801868-2-iscsi devstack@c-api.service[100072]: /usr/local/lib/python3.8/dist-packages/webob/acceptparse.py:1047: DeprecationWarning: The behavior of AcceptValidHeader.best_match is currently being maintained for backward compatibility, but it will be deprecated in the future, as it does not conform to the RFC.
Jul 22 22:13:29.748950 dv-cinder-801868-2-iscsi devstack@c-api.service[100072]: warnings.warn(
Jul 22 22:13:29.749572 dv-cinder-801868-2-iscsi devstack@c-api.service[100072]: DEBUG cinder.api.openstack.wsgi [None req-c6be8693-e60e-49b9-8ced-d60fd4028f23 tempest-QosSpecsTestJSON-1093038518 tempest-QosSpecsTestJSON-1093038518-project-admin] Calling method 'show' {{(pid=100072) _process_stack /opt/stack/cinder/cinder/api/openstack/wsgi.py:856}}
Jul 22 22:13:29.755641 dv-cinder-801868-2-iscsi devstack@c-api.service[100072]: INFO cinder.api.openstack.wsgi [None req-c6be8693-e60e-49b9-8ced-d60fd4028f23 tempest-QosSpecsTestJSON-1093038518 tempest-QosSpecsTestJSON-1093038518-project-admin] http://10.222.0.110/volume/v3/7f93d91160fa4d2aaccb12148c998a09/qos-specs/a18de8d7-7115-4641-b166-5d89597002bc returned with HTTP 404
Jul 22 22:13:29.758244 dv-cinder-801868-2-iscsi devstack@c-api.service[100072]: [pid: 100072|app: 0|req: 31/49] 10.222.0.110 () {58 vars in 1336 bytes} [Thu Jul 22 22:13:29 2021] GET /volume/v3/7f93d91160fa4d2aaccb12148c998a09/qos-specs/a18de8d7-7115-4641-b166-5d89597002bc => generated 100 bytes in 19 msecs (HTTP/1.1 404) 7 headers in 292 bytes (1 switches on core 0)
Jul 22 22:13:29.771333 dv-cinder-801868-2-iscsi devstack@c-api.service[100071]: INFO cinder.api.openstack.wsgi [None req-db6b8c6e-dd2e-4063-bf78-f44886a6fc84 tempest-QosSpecsTestJSON-1093038518 tempest-QosSpecsTestJSON-1093038518-project-admin] GET http://10.222.0.110/volume/v3/7f93d91160fa4d2aaccb12148c998a09/qos-specs
Jul 22 22:13:29.772124 dv-cinder-801868-2-iscsi devstack@c-api.service[100071]: DEBUG cinder.api.openstack.wsgi [None req-db6b8c6e-dd2e-4063-bf78-f44886a6fc84 tempest-QosSpecsTestJSON-1093038518 tempest-QosSpecsTestJSON-1093038518-project-admin] Empty body provided in request {{(pid=100071) get_body /opt/stack/cinder/cinder/api/openstack/wsgi.py:703}}
Jul 22 22:13:29.781117 dv-cinder-801868-2-iscsi devstack@c-api.service[100071]: /usr/local/lib/python3.8/dist-packages/webob/acceptparse.py:1047: DeprecationWarning: The behavior of AcceptValidHeader.best_match is currently being maintained for backward compatibility, but it will be deprecated in the future, as it does not conform to the RFC.
Jul 22 22:13:29.781117 dv-cinder-801868-2-iscsi devstack@c-api.service[100071]: warnings.warn(
Jul 22 22:13:29.782628 dv-cinder-801868-2-iscsi devstack@c-api.service[100071]: DEBUG cinder.api.openstack.wsgi [None req-db6b8c6e-dd2e-4063-bf78-f44886a6fc84 tempest-QosSpecsTestJSON-1093038518 tempest-QosSpecsTestJSON-1093038518-project-admin] Calling method 'index' {{(pid=100071) _process_stack /opt/stack/cinder/cinder/api/openstack/wsgi.py:856}}
Jul 22 22:13:29.783580 dv-cinder-801868-2-iscsi devstack@c-api.service[100071]: /usr/local/lib/python3.8/dist-packages/oslo_context/context.py:105: DeprecationWarning: Policy enforcement is depending on the value of is_admin. This key is deprecated. Please update your policy file to use the standard policy values.
Jul 22 22:13:29.783580 dv-cinder-801868-2-iscsi devstack@c-api.service[100071]: warnings.warn('Policy enforcement is depending on the value of '
Jul 22 22:13:29.794393 dv-cinder-801868-2-iscsi devstack@c-api.service[100071]: INFO cinder.api.openstack.wsgi [None req-db6b8c6e-dd2e-4063-bf78-f44886a6fc84 tempest-QosSpecsTestJSON-1093038518 tempest-QosSpecsTestJSON-1093038518-project-admin] http://10.222.0.110/volume/v3/7f93d91160fa4d2aaccb12148c998a09/qos-specs returned with HTTP 200
Jul 22 22:13:29.815372 dv-cinder-801868-2-iscsi devstack@c-api.service[100072]: INFO cinder.api.openstack.wsgi [None req-e8cab7f6-a06f-4b6f-88e3-114d44d071ae tempest-QosSpecsTestJSON-1093038518 tempest-QosSpecsTestJSON-1093038518-project-admin] POST http://10.222.0.110/volume/v3/7f93d91160fa4d2aaccb12148c998a09/qos-specs
Jul 22 22:13:29.816446 dv-cinder-801868-2-iscsi devstack@c-api.service[100072]: DEBUG cinder.api.openstack.wsgi [None req-e8cab7f6-a06f-4b6f-88e3-114d44d071ae tempest-QosSpecsTestJSON-1093038518 tempest-QosSpecsTestJSON-1093038518-project-admin] Action: 'create', calling method: create, body: {"qos_specs": {"name": "tempest-QosSpecsTestJSON-qos-725907391", "consumer": "front-end"}} {{(pid=100072) _process_stack /opt/stack/cinder/cinder/api/openstack/wsgi.py:854}}
Jul 22 22:13:29.819001 dv-cinder-801868-2-iscsi devstack@c-api.service[100072]: DEBUG cinder.volume.qos_specs [None req-e8cab7f6-a06f-4b6f-88e3-114d44d071ae tempest-QosSpecsTestJSON-1093038518 tempest-QosSpecsTestJSON-1093038518-project-admin] Dict for qos_specs: {'name': 'tempest-QosSpecsTestJSON-qos-725907391', 'consumer': 'front-end', 'specs': {}} {{(pid=100072) create /opt/stack/cinder/cinder/volume/qos_specs.py:64}}
Jul 22 22:13:29.822995 dv-cinder-801868-2-iscsi devstack@c-api.service[100071]: [pid: 100071|app: 0|req: 19/50] 10.222.0.110 () {58 vars in 1225 bytes} [Thu Jul 22 22:13:29 2021] GET /volume/v3/7f93d91160fa4d2aaccb12148c998a09/qos-specs => generated 175 bytes in 59 msecs (HTTP/1.1 200) 7 headers in 285 bytes (1 switches on core 0)
Jul 22 22:13:29.827338 dv-cinder-801868-2-iscsi devstack@c-api.service[100072]: DEBUG cinder.db.sqlalchemy.api [None req-e8cab7f6-a06f-4b6f-88e3-114d44d071ae tempest-QosSpecsTestJSON-1093038518 tempest-QosSpecsTestJSON-1093038518-project-admin] DB qos_specs_create(): root {'id': '7d43fe44-e563-4a96-b48c-d92365485909', 'key': 'QoS_Specs_Name', 'value': 'tempest-QosSpecsTestJSON-qos-725907391'} {{(pid=100072) qos_specs_create /opt/stack/cinder/cinder/db/sqlalchemy/api.py:4603}}
Jul 22 22:13:29.838534 dv-cinder-801868-2-iscsi devstack@c-api.service[100072]: INFO cinder.api.openstack.wsgi [None req-e8cab7f6-a06f-4b6f-88e3-114d44d071ae tempest-QosSpecsTestJSON-1093038518 tempest-QosSpecsTestJSON-1093038518-project-admin] http://10.222.0.110/volume/v3/7f93d91160fa4d2aaccb12148c998a09/qos-specs returned with HTTP 200
Jul 22 22:13:29.856219 dv-cinder-801868-2-iscsi devstack@c-api.service[100071]: INFO cinder.api.openstack.wsgi [None req-076973e7-d820-4fb7-a184-7474fb0750ce tempest-QosSpecsTestJSON-1093038518 tempest-QosSpecsTestJSON-1093038518-project-admin] DELETE http://10.222.0.110/volume/v3/7f93d91160fa4d2aaccb12148c998a09/qos-specs/7d43fe44-e563-4a96-b48c-d92365485909?force=False
Jul 22 22:13:29.856765 dv-cinder-801868-2-iscsi devstack@c-api.service[100071]: DEBUG cinder.api.openstack.wsgi [None req-076973e7-d820-4fb7-a184-7474fb0750ce tempest-QosSpecsTestJSON-1093038518 tempest-QosSpecsTestJSON-1093038518-project-admin] Empty body provided in request {{(pid=100071) get_body /opt/stack/cinder/cinder/api/openstack/wsgi.py:703}}
Jul 22 22:13:29.856948 dv-cinder-801868-2-iscsi devstack@c-api.service[100071]: /usr/local/lib/python3.8/dist-packages/webob/acceptparse.py:1047: DeprecationWarning: The behavior of AcceptValidHeader.best_match is currently being maintained for backward compatibility, but it will be deprecated in the future, as it does not conform to the RFC.
Jul 22 22:13:29.856948 dv-cinder-801868-2-iscsi devstack@c-api.service[100071]: warnings.warn(
Jul 22 22:13:29.857274 dv-cinder-801868-2-iscsi devstack@c-api.service[100071]: DEBUG cinder.api.openstack.wsgi [None req-076973e7-d820-4fb7-a184-7474fb0750ce tempest-QosSpecsTestJSON-1093038518 tempest-QosSpecsTestJSON-1093038518-project-admin] Calling method 'delete' {{(pid=100071) _process_stack /opt/stack/cinder/cinder/api/openstack/wsgi.py:856}}
Jul 22 22:13:29.858755 dv-cinder-801868-2-iscsi devstack@c-api.service[100071]: /usr/local/lib/python3.8/dist-packages/oslo_context/context.py:105: DeprecationWarning: Policy enforcement is depending on the value of is_admin. This key is deprecated. Please update your policy file to use the standard policy values.
Jul 22 22:13:29.858755 dv-cinder-801868-2-iscsi devstack@c-api.service[100071]: warnings.warn('Policy enforcement is depending on the value of '
Jul 22 22:13:29.859570 dv-cinder-801868-2-iscsi devstack@c-api.service[100071]: DEBUG cinder.api.contrib.qos_specs_manage [None req-076973e7-d820-4fb7-a184-7474fb0750ce tempest-QosSpecsTestJSON-1093038518 tempest-QosSpecsTestJSON-1093038518-project-admin] Delete qos_spec: 7d43fe44-e563-4a96-b48c-d92365485909, force: False {{(pid=100071) delete /opt/stack/cinder/cinder/api/contrib/qos_specs_manage.py:168}}
Jul 22 22:13:29.860130 dv-cinder-801868-2-iscsi devstack@c-api.service[100072]: [pid: 100072|app: 0|req: 32/51] 10.222.0.110 () {60 vars in 1246 bytes} [Thu Jul 22 22:13:29 2021] POST /volume/v3/7f93d91160fa4d2aaccb12148c998a09/qos-specs => generated 437 bytes in 35 msecs (HTTP/1.1 200) 7 headers in 285 bytes (1 switches on core 0)
Jul 22 22:13:29.937939 dv-cinder-801868-2-iscsi devstack@c-api.service[100071]: INFO cinder.api.openstack.wsgi [None req-076973e7-d820-4fb7-a184-7474fb0750ce tempest-QosSpecsTestJSON-1093038518 tempest-QosSpecsTestJSON-1093038518-project-admin] http://10.222.0.110/volume/v3/7f93d91160fa4d2aaccb12148c998a09/qos-specs/7d43fe44-e563-4a96-b48c-d92365485909?force=False returned with HTTP 202
Jul 22 22:13:29.950220 dv-cinder-801868-2-iscsi devstack@c-api.service[100072]: INFO cinder.api.openstack.wsgi [None req-169dca6a-5279-4929-877e-cdeff7289544 tempest-QosSpecsTestJSON-1093038518 tempest-QosSpecsTestJSON-1093038518-project-admin] GET http://10.222.0.110/volume/v3/7f93d91160fa4d2aaccb12148c998a09/qos-specs/7d43fe44-e563-4a96-b48c-d92365485909
Jul 22 22:13:29.951076 dv-cinder-801868-2-iscsi devstack@c-api.service[100072]: DEBUG cinder.api.openstack.wsgi [None req-169dca6a-5279-4929-877e-cdeff7289544 tempest-QosSpecsTestJSON-1093038518 tempest-QosSpecsTestJSON-1093038518-project-admin] Empty body provided in request {{(pid=100072) get_body /opt/stack/cinder/cinder/api/openstack/wsgi.py:703}}
Jul 22 22:13:29.951076 dv-cinder-801868-2-iscsi devstack@c-api.service[100072]: /usr/local/lib/python3.8/dist-packages/webob/acceptparse.py:1047: DeprecationWarning: The behavior of AcceptValidHeader.best_match is currently being maintained for backward compatibility, but it will be deprecated in the future, as it does not conform to the RFC.
Jul 22 22:13:29.951076 dv-cinder-801868-2-iscsi devstack@c-api.service[100072]: warnings.warn(
Jul 22 22:13:29.951507 dv-cinder-801868-2-iscsi devstack@c-api.service[100072]: DEBUG cinder.api.openstack.wsgi [None req-169dca6a-5279-4929-877e-cdeff7289544 tempest-QosSpecsTestJSON-1093038518 tempest-QosSpecsTestJSON-1093038518-project-admin] Calling method 'show' {{(pid=100072) _process_stack /opt/stack/cinder/cinder/api/openstack/wsgi.py:856}}
Jul 22 22:13:29.951877 dv-cinder-801868-2-iscsi devstack@c-api.service[100072]: /usr/local/lib/python3.8/dist-packages/oslo_context/context.py:105: DeprecationWarning: Policy enforcement is depending on the value of is_admin. This key is deprecated. Please update your policy file to use the standard policy values.
Jul 22 22:13:29.951877 dv-cinder-801868-2-iscsi devstack@c-api.service[100072]: warnings.warn('Policy enforcement is depending on the value of '
Jul 22 22:13:29.953254 dv-cinder-801868-2-iscsi devstack@c-api.service[100071]: [pid: 100071|app: 0|req: 20/52] 10.222.0.110 () {58 vars in 1362 bytes} [Thu Jul 22 22:13:29 2021] DELETE /volume/v3/7f93d91160fa4d2aaccb12148c998a09/qos-specs/7d43fe44-e563-4a96-b48c-d92365485909?force=False => generated 0 bytes in 103 msecs (HTTP/1.1 202) 6 headers in 233 bytes (1 switches on core 0)
Jul 22 22:13:29.963824 dv-cinder-801868-2-iscsi devstack@c-api.service[100072]: INFO cinder.api.openstack.wsgi [None req-169dca6a-5279-4929-877e-cdeff7289544 tempest-QosSpecsTestJSON-1093038518 tempest-QosSpecsTestJSON-1093038518-project-admin] http://10.222.0.110/volume/v3/7f93d91160fa4d2aaccb12148c998a09/qos-specs/7d43fe44-e563-4a96-b48c-d92365485909 returned with HTTP 404
Jul 22 22:13:29.979690 dv-cinder-801868-2-iscsi devstack@c-api.service[100071]: INFO cinder.api.openstack.wsgi [None req-30aa53d0-83cb-4337-8f83-ca90837be6d4 tempest-QosSpecsTestJSON-1093038518 tempest-QosSpecsTestJSON-1093038518-project-admin] GET http://10.222.0.110/volume/v3/7f93d91160fa4d2aaccb12148c998a09/qos-specs
Jul 22 22:13:29.980267 dv-cinder-801868-2-iscsi devstack@c-api.service[100071]: DEBUG cinder.api.openstack.wsgi [None req-30aa53d0-83cb-4337-8f83-ca90837be6d4 tempest-QosSpecsTestJSON-1093038518 tempest-QosSpecsTestJSON-1093038518-project-admin] Empty body provided in request {{(pid=100071) get_body /opt/stack/cinder/cinder/api/openstack/wsgi.py:703}}
Jul 22 22:13:29.980514 dv-cinder-801868-2-iscsi devstack@c-api.service[100071]: /usr/local/lib/python3.8/dist-packages/webob/acceptparse.py:1047: DeprecationWarning: The behavior of AcceptValidHeader.best_match is currently being maintained for backward compatibility, but it will be deprecated in the future, as it does not conform to the RFC.
Jul 22 22:13:29.980514 dv-cinder-801868-2-iscsi devstack@c-api.service[100071]: warnings.warn(
Jul 22 22:13:29.981097 dv-cinder-801868-2-iscsi devstack@c-api.service[100072]: [pid: 100072|app: 0|req: 33/53] 10.222.0.110 () {58 vars in 1336 bytes} [Thu Jul 22 22:13:29 2021] GET /volume/v3/7f93d91160fa4d2aaccb12148c998a09/qos-specs/7d43fe44-e563-4a96-b48c-d92365485909 => generated 100 bytes in 37 msecs (HTTP/1.1 404) 7 headers in 292 bytes (1 switches on core 0)
Jul 22 22:13:29.982866 dv-cinder-801868-2-iscsi devstack@c-api.service[100071]: DEBUG cinder.api.openstack.wsgi [None req-30aa53d0-83cb-4337-8f83-ca90837be6d4 tempest-QosSpecsTestJSON-1093038518 tempest-QosSpecsTestJSON-1093038518-project-admin] Calling method 'index' {{(pid=100071) _process_stack /opt/stack/cinder/cinder/api/openstack/wsgi.py:856}}
Jul 22 22:13:29.985220 dv-cinder-801868-2-iscsi devstack@c-api.service[100071]: /usr/local/lib/python3.8/dist-packages/oslo_context/context.py:105: DeprecationWarning: Policy enforcement is depending on the value of is_admin. This key is deprecated. Please update your policy file to use the standard policy values.
Jul 22 22:13:29.985220 dv-cinder-801868-2-iscsi devstack@c-api.service[100071]: warnings.warn('Policy enforcement is depending on the value of '
