Jul 22 22:14:17.371626 dv-cinder-801868-2-iscsi devstack@c-api.service[100071]: INFO cinder.volume.api [None req-a733130c-2995-4a82-bab5-6528425e43f0 tempest-GroupsV314Test-2018189314 tempest-GroupsV314Test-2018189314-project] Volume info retrieved successfully.
Jul 22 22:14:17.376564 dv-cinder-801868-2-iscsi devstack@c-api.service[100071]: WARNING stevedore.named [None req-a733130c-2995-4a82-bab5-6528425e43f0 tempest-GroupsV314Test-2018189314 tempest-GroupsV314Test-2018189314-project] Could not load cinder.keymgr.conf_key_mgr.ConfKeyManager
Jul 22 22:14:17.377059 dv-cinder-801868-2-iscsi devstack@c-api.service[100071]: WARNING castellan.key_manager [None req-a733130c-2995-4a82-bab5-6528425e43f0 tempest-GroupsV314Test-2018189314 tempest-GroupsV314Test-2018189314-project] Deprecation Warning : cinder.keymgr.conf_key_mgr.ConfKeyManager is not a stevedore based driver, trying to load it as a class: stevedore.exception.NoMatches: No 'castellan.drivers' driver found, looking for 'cinder.keymgr.conf_key_mgr.ConfKeyManager'
Jul 22 22:14:17.380783 dv-cinder-801868-2-iscsi devstack@c-api.service[100072]: INFO cinder.api.openstack.wsgi [None req-ee69580a-66a7-41cd-8a06-e1843f4e7b98 tempest-VolumesImageMetadata-2058506096 tempest-VolumesImageMetadata-2058506096-project] GET http://10.222.0.110/volume/v3/901b67565e15463c950b759982253be7/volumes/986946a7-0edd-49e0-bb46-8663fb4ac7cc
Jul 22 22:14:17.381233 dv-cinder-801868-2-iscsi devstack@c-api.service[100072]: DEBUG cinder.api.openstack.wsgi [None req-ee69580a-66a7-41cd-8a06-e1843f4e7b98 tempest-VolumesImageMetadata-2058506096 tempest-VolumesImageMetadata-2058506096-project] Empty body provided in request {{(pid=100072) get_body /opt/stack/cinder/cinder/api/openstack/wsgi.py:703}}
Jul 22 22:14:17.381456 dv-cinder-801868-2-iscsi devstack@c-api.service[100072]: /usr/local/lib/python3.8/dist-packages/webob/acceptparse.py:1047: DeprecationWarning: The behavior of AcceptValidHeader.best_match is currently being maintained for backward compatibility, but it will be deprecated in the future, as it does not conform to the RFC.
Jul 22 22:14:17.381456 dv-cinder-801868-2-iscsi devstack@c-api.service[100072]: warnings.warn(
Jul 22 22:14:17.381812 dv-cinder-801868-2-iscsi devstack@c-api.service[100072]: DEBUG cinder.api.openstack.wsgi [None req-ee69580a-66a7-41cd-8a06-e1843f4e7b98 tempest-VolumesImageMetadata-2058506096 tempest-VolumesImageMetadata-2058506096-project] Calling method 'show' {{(pid=100072) _process_stack /opt/stack/cinder/cinder/api/openstack/wsgi.py:856}}
Jul 22 22:14:17.384963 dv-cinder-801868-2-iscsi devstack@c-api.service[100071]: DEBUG oslo_db.sqlalchemy.engines [None req-a733130c-2995-4a82-bab5-6528425e43f0 tempest-GroupsV314Test-2018189314 tempest-GroupsV314Test-2018189314-project] MySQL server mode set to STRICT_TRANS_TABLES,STRICT_ALL_TABLES,NO_ZERO_IN_DATE,NO_ZERO_DATE,ERROR_FOR_DIVISION_BY_ZERO,TRADITIONAL,NO_ENGINE_SUBSTITUTION {{(pid=100071) _check_effective_sql_mode /usr/local/lib/python3.8/dist-packages/oslo_db/sqlalchemy/engines.py:314}}
Jul 22 22:14:17.390446 dv-cinder-801868-2-iscsi devstack@c-api.service[100071]: /usr/local/lib/python3.8/dist-packages/oslo_context/context.py:105: DeprecationWarning: Policy enforcement is depending on the value of is_admin. This key is deprecated. Please update your policy file to use the standard policy values.
Jul 22 22:14:17.390446 dv-cinder-801868-2-iscsi devstack@c-api.service[100071]: warnings.warn('Policy enforcement is depending on the value of '
Jul 22 22:14:17.397617 dv-cinder-801868-2-iscsi devstack@c-api.service[100072]: /usr/local/lib/python3.8/dist-packages/oslo_context/context.py:105: DeprecationWarning: Policy enforcement is depending on the value of is_admin. This key is deprecated. Please update your policy file to use the standard policy values.
Jul 22 22:14:17.397617 dv-cinder-801868-2-iscsi devstack@c-api.service[100072]: warnings.warn('Policy enforcement is depending on the value of '
Jul 22 22:14:17.405668 dv-cinder-801868-2-iscsi devstack@c-api.service[100071]: INFO cinder.api.openstack.wsgi [None req-a733130c-2995-4a82-bab5-6528425e43f0 tempest-GroupsV314Test-2018189314 tempest-GroupsV314Test-2018189314-project] http://10.222.0.110/volume/v3/d31cb184b9584175803a52c9f4fc76af/volumes/d96b78cc-99cd-41a3-b701-e42728b05c46 returned with HTTP 200
Jul 22 22:14:17.405830 dv-cinder-801868-2-iscsi devstack@c-api.service[100072]: INFO cinder.volume.api [None req-ee69580a-66a7-41cd-8a06-e1843f4e7b98 tempest-VolumesImageMetadata-2058506096 tempest-VolumesImageMetadata-2058506096-project] Volume info retrieved successfully.
Jul 22 22:14:17.406607 dv-cinder-801868-2-iscsi devstack@c-api.service[100071]: [pid: 100071|app: 0|req: 143/301] 10.222.0.110 () {60 vars in 1371 bytes} [Thu Jul 22 22:14:17 2021] GET /volume/v3/d31cb184b9584175803a52c9f4fc76af/volumes/d96b78cc-99cd-41a3-b701-e42728b05c46 => generated 989 bytes in 66 msecs (HTTP/1.1 200) 7 headers in 286 bytes (1 switches on core 0)
Jul 22 22:14:17.429137 dv-cinder-801868-2-iscsi devstack@c-api.service[100072]: INFO cinder.api.openstack.wsgi [None req-ee69580a-66a7-41cd-8a06-e1843f4e7b98 tempest-VolumesImageMetadata-2058506096 tempest-VolumesImageMetadata-2058506096-project] http://10.222.0.110/volume/v3/901b67565e15463c950b759982253be7/volumes/986946a7-0edd-49e0-bb46-8663fb4ac7cc returned with HTTP 200
Jul 22 22:14:17.429916 dv-cinder-801868-2-iscsi devstack@c-api.service[100072]: [pid: 100072|app: 0|req: 159/302] 10.222.0.110 () {58 vars in 1330 bytes} [Thu Jul 22 22:14:17 2021] GET /volume/v3/901b67565e15463c950b759982253be7/volumes/986946a7-0edd-49e0-bb46-8663fb4ac7cc => generated 913 bytes in 54 msecs (HTTP/1.1 200) 7 headers in 285 bytes (2 switches on core 0)
Jul 22 22:14:17.560941 dv-cinder-801868-2-iscsi devstack@c-api.service[100071]: INFO cinder.api.openstack.wsgi [None req-154adc49-1c04-4a80-853b-4f209ce175a3 tempest-DeleteServersTestJSON-189844871 tempest-DeleteServersTestJSON-189844871-project] GET http://10.222.0.110/volume/v3/131c422049c5444aa188ba5e9a4efc0f/volumes/31935d81-8640-4d2a-b2cd-af87aa403e3d
Jul 22 22:14:17.561388 dv-cinder-801868-2-iscsi devstack@c-api.service[100071]: DEBUG cinder.api.openstack.wsgi [None req-154adc49-1c04-4a80-853b-4f209ce175a3 tempest-DeleteServersTestJSON-189844871 tempest-DeleteServersTestJSON-189844871-project] Empty body provided in request {{(pid=100071) get_body /opt/stack/cinder/cinder/api/openstack/wsgi.py:703}}
Jul 22 22:14:17.561562 dv-cinder-801868-2-iscsi devstack@c-api.service[100071]: /usr/local/lib/python3.8/dist-packages/webob/acceptparse.py:1047: DeprecationWarning: The behavior of AcceptValidHeader.best_match is currently being maintained for backward compatibility, but it will be deprecated in the future, as it does not conform to the RFC.
Jul 22 22:14:17.561562 dv-cinder-801868-2-iscsi devstack@c-api.service[100071]: warnings.warn(
Jul 22 22:14:17.561904 dv-cinder-801868-2-iscsi devstack@c-api.service[100071]: DEBUG cinder.api.openstack.wsgi [None req-154adc49-1c04-4a80-853b-4f209ce175a3 tempest-DeleteServersTestJSON-189844871 tempest-DeleteServersTestJSON-189844871-project] Calling method 'show' {{(pid=100071) _process_stack /opt/stack/cinder/cinder/api/openstack/wsgi.py:856}}
Jul 22 22:14:17.576498 dv-cinder-801868-2-iscsi devstack@c-api.service[100071]: /usr/local/lib/python3.8/dist-packages/oslo_context/context.py:105: DeprecationWarning: Policy enforcement is depending on the value of is_admin. This key is deprecated. Please update your policy file to use the standard policy values.
Jul 22 22:14:17.576498 dv-cinder-801868-2-iscsi devstack@c-api.service[100071]: warnings.warn('Policy enforcement is depending on the value of '
Jul 22 22:14:17.583903 dv-cinder-801868-2-iscsi devstack@c-api.service[100071]: INFO cinder.volume.api [None req-154adc49-1c04-4a80-853b-4f209ce175a3 tempest-DeleteServersTestJSON-189844871 tempest-DeleteServersTestJSON-189844871-project] Volume info retrieved successfully.
Jul 22 22:14:17.598577 dv-cinder-801868-2-iscsi devstack@c-api.service[100071]: INFO cinder.api.openstack.wsgi [None req-154adc49-1c04-4a80-853b-4f209ce175a3 tempest-DeleteServersTestJSON-189844871 tempest-DeleteServersTestJSON-189844871-project] http://10.222.0.110/volume/v3/131c422049c5444aa188ba5e9a4efc0f/volumes/31935d81-8640-4d2a-b2cd-af87aa403e3d returned with HTTP 200
Jul 22 22:14:17.599464 dv-cinder-801868-2-iscsi devstack@c-api.service[100071]: [pid: 100071|app: 0|req: 144/303] 10.222.0.110 () {58 vars in 1330 bytes} [Thu Jul 22 22:14:17 2021] GET /volume/v3/131c422049c5444aa188ba5e9a4efc0f/volumes/31935d81-8640-4d2a-b2cd-af87aa403e3d => generated 914 bytes in 42 msecs (HTTP/1.1 200) 7 headers in 285 bytes (1 switches on core 0)
Jul 22 22:14:18.015906 dv-cinder-801868-2-iscsi devstack@c-api.service[100072]: INFO cinder.api.openstack.wsgi [None req-0e5265f8-5270-4a41-bdf8-fb2ef21d25c2 tempest-VolumeRetypeWithoutMigrationTest-409973754 tempest-VolumeRetypeWithoutMigrationTest-409973754-project] GET http://10.222.0.110/volume/v3/97f673913c544869aed1b05623f4528c/volumes/f40ce2ec-e0bb-468a-b4ca-e5bba6ae88fd
Jul 22 22:14:18.016958 dv-cinder-801868-2-iscsi devstack@c-api.service[100072]: DEBUG cinder.api.openstack.wsgi [None req-0e5265f8-5270-4a41-bdf8-fb2ef21d25c2 tempest-VolumeRetypeWithoutMigrationTest-409973754 tempest-VolumeRetypeWithoutMigrationTest-409973754-project] Empty body provided in request {{(pid=100072) get_body /opt/stack/cinder/cinder/api/openstack/wsgi.py:703}}
Jul 22 22:14:18.017154 dv-cinder-801868-2-iscsi devstack@c-api.service[100072]: /usr/local/lib/python3.8/dist-packages/webob/acceptparse.py:1047: DeprecationWarning: The behavior of AcceptValidHeader.best_match is currently being maintained for backward compatibility, but it will be deprecated in the future, as it does not conform to the RFC.
Jul 22 22:14:18.017154 dv-cinder-801868-2-iscsi devstack@c-api.service[100072]: warnings.warn(
Jul 22 22:14:18.017754 dv-cinder-801868-2-iscsi devstack@c-api.service[100072]: DEBUG cinder.api.openstack.wsgi [None req-0e5265f8-5270-4a41-bdf8-fb2ef21d25c2 tempest-VolumeRetypeWithoutMigrationTest-409973754 tempest-VolumeRetypeWithoutMigrationTest-409973754-project] Calling method 'show' {{(pid=100072) _process_stack /opt/stack/cinder/cinder/api/openstack/wsgi.py:856}}
Jul 22 22:14:18.042839 dv-cinder-801868-2-iscsi devstack@c-api.service[100071]: INFO cinder.api.openstack.wsgi [None req-53905152-951d-43b4-bb71-e92bf7431005 tempest-VolumeTypesAccessTest-1909671311 tempest-VolumeTypesAccessTest-1909671311-project] GET http://10.222.0.110/volume/v3/00b5d5bde4bb48e3b6034fa11210e7b9/volumes/bbdd938e-a2c0-4f25-a546-4f81f042d890
Jul 22 22:14:18.043559 dv-cinder-801868-2-iscsi devstack@c-api.service[100071]: DEBUG cinder.api.openstack.wsgi [None req-53905152-951d-43b4-bb71-e92bf7431005 tempest-VolumeTypesAccessTest-1909671311 tempest-VolumeTypesAccessTest-1909671311-project] Empty body provided in request {{(pid=100071) get_body /opt/stack/cinder/cinder/api/openstack/wsgi.py:703}}
Jul 22 22:14:18.043721 dv-cinder-801868-2-iscsi devstack@c-api.service[100071]: /usr/local/lib/python3.8/dist-packages/webob/acceptparse.py:1047: DeprecationWarning: The behavior of AcceptValidHeader.best_match is currently being maintained for backward compatibility, but it will be deprecated in the future, as it does not conform to the RFC.
Jul 22 22:14:18.043721 dv-cinder-801868-2-iscsi devstack@c-api.service[100071]: warnings.warn(
Jul 22 22:14:18.044294 dv-cinder-801868-2-iscsi devstack@c-api.service[100071]: DEBUG cinder.api.openstack.wsgi [None req-53905152-951d-43b4-bb71-e92bf7431005 tempest-VolumeTypesAccessTest-1909671311 tempest-VolumeTypesAccessTest-1909671311-project] Calling method 'show' {{(pid=100071) _process_stack /opt/stack/cinder/cinder/api/openstack/wsgi.py:856}}
Jul 22 22:14:18.048326 dv-cinder-801868-2-iscsi devstack@c-api.service[100072]: INFO cinder.api.openstack.wsgi [None req-0e5265f8-5270-4a41-bdf8-fb2ef21d25c2 tempest-VolumeRetypeWithoutMigrationTest-409973754 tempest-VolumeRetypeWithoutMigrationTest-409973754-project] http://10.222.0.110/volume/v3/97f673913c544869aed1b05623f4528c/volumes/f40ce2ec-e0bb-468a-b4ca-e5bba6ae88fd returned with HTTP 404
Jul 22 22:14:18.050236 dv-cinder-801868-2-iscsi devstack@c-api.service[100072]: [pid: 100072|app: 0|req: 160/304] 10.222.0.110 () {58 vars in 1330 bytes} [Thu Jul 22 22:14:18 2021] GET /volume/v3/97f673913c544869aed1b05623f4528c/volumes/f40ce2ec-e0bb-468a-b4ca-e5bba6ae88fd => generated 109 bytes in 38 msecs (HTTP/1.1 404) 7 headers in 292 bytes (2 switches on core 0)
Jul 22 22:14:18.057464 dv-cinder-801868-2-iscsi devstack@c-api.service[100072]: INFO cinder.api.openstack.wsgi [None req-e7b43fea-6840-4f3f-a55c-940524a28904 tempest-VolumeRetypeWithoutMigrationTest-1466019655 tempest-VolumeRetypeWithoutMigrationTest-1466019655-project-admin] DELETE http://10.222.0.110/volume/v3/83fcd9b4f3084823b5c4f94a344cdab9/types/3b29ebdc-58c2-41f6-a28d-e1a96ce4550d
Jul 22 22:14:18.057902 dv-cinder-801868-2-iscsi devstack@c-api.service[100072]: DEBUG cinder.api.openstack.wsgi [None req-e7b43fea-6840-4f3f-a55c-940524a28904 tempest-VolumeRetypeWithoutMigrationTest-1466019655 tempest-VolumeRetypeWithoutMigrationTest-1466019655-project-admin] Empty body provided in request {{(pid=100072) get_body /opt/stack/cinder/cinder/api/openstack/wsgi.py:703}}
Jul 22 22:14:18.058336 dv-cinder-801868-2-iscsi devstack@c-api.service[100072]: DEBUG cinder.api.openstack.wsgi [None req-e7b43fea-6840-4f3f-a55c-940524a28904 tempest-VolumeRetypeWithoutMigrationTest-1466019655 tempest-VolumeRetypeWithoutMigrationTest-1466019655-project-admin] Calling method '_delete' {{(pid=100072) _process_stack /opt/stack/cinder/cinder/api/openstack/wsgi.py:856}}
Jul 22 22:14:18.063453 dv-cinder-801868-2-iscsi devstack@c-api.service[100071]: /usr/local/lib/python3.8/dist-packages/oslo_context/context.py:105: DeprecationWarning: Policy enforcement is depending on the value of is_admin. This key is deprecated. Please update your policy file to use the standard policy values.
Jul 22 22:14:18.063453 dv-cinder-801868-2-iscsi devstack@c-api.service[100071]: warnings.warn('Policy enforcement is depending on the value of '
Jul 22 22:14:18.072269 dv-cinder-801868-2-iscsi devstack@c-api.service[100071]: INFO cinder.volume.api [None req-53905152-951d-43b4-bb71-e92bf7431005 tempest-VolumeTypesAccessTest-1909671311 tempest-VolumeTypesAccessTest-1909671311-project] Volume info retrieved successfully.
Jul 22 22:14:18.093645 dv-cinder-801868-2-iscsi devstack@c-api.service[100071]: INFO cinder.api.openstack.wsgi [None req-53905152-951d-43b4-bb71-e92bf7431005 tempest-VolumeTypesAccessTest-1909671311 tempest-VolumeTypesAccessTest-1909671311-project] http://10.222.0.110/volume/v3/00b5d5bde4bb48e3b6034fa11210e7b9/volumes/bbdd938e-a2c0-4f25-a546-4f81f042d890 returned with HTTP 200
Jul 22 22:14:18.104472 dv-cinder-801868-2-iscsi devstack@c-api.service[100071]: [pid: 100071|app: 0|req: 145/305] 10.222.0.110 () {58 vars in 1330 bytes} [Thu Jul 22 22:14:18 2021] GET /volume/v3/00b5d5bde4bb48e3b6034fa11210e7b9/volumes/bbdd938e-a2c0-4f25-a546-4f81f042d890 => generated 957 bytes in 66 msecs (HTTP/1.1 200) 7 headers in 285 bytes (2 switches on core 0)
Jul 22 22:14:18.110324 dv-cinder-801868-2-iscsi devstack@c-api.service[100071]: INFO cinder.api.openstack.wsgi [None req-16845fa4-eaaa-42ad-8ea6-9105720d0160 tempest-VolumeTypesAccessTest-343659920 tempest-VolumeTypesAccessTest-343659920-project-admin] POST http://10.222.0.110/volume/v3/7cde26cbd03b4a4dbf85870befa0dec4/types/40174cee-0406-4853-a759-44ff2d193646/action
Jul 22 22:14:18.110852 dv-cinder-801868-2-iscsi devstack@c-api.service[100071]: /usr/local/lib/python3.8/dist-packages/webob/acceptparse.py:1047: DeprecationWarning: The behavior of AcceptValidHeader.best_match is currently being maintained for backward compatibility, but it will be deprecated in the future, as it does not conform to the RFC.
Jul 22 22:14:18.110852 dv-cinder-801868-2-iscsi devstack@c-api.service[100071]: warnings.warn(
Jul 22 22:14:18.111886 dv-cinder-801868-2-iscsi devstack@c-api.service[100071]: DEBUG cinder.api.openstack.wsgi [None req-16845fa4-eaaa-42ad-8ea6-9105720d0160 tempest-VolumeTypesAccessTest-343659920 tempest-VolumeTypesAccessTest-343659920-project-admin] Action body: b'{"removeProjectAccess": {"project": "00b5d5bde4bb48e3b6034fa11210e7b9"}}' {{(pid=100071) get_method /opt/stack/cinder/cinder/api/openstack/wsgi.py:971}}
Jul 22 22:14:18.112076 dv-cinder-801868-2-iscsi devstack@c-api.service[100072]: INFO cinder.api.openstack.wsgi [None req-e7b43fea-6840-4f3f-a55c-940524a28904 tempest-VolumeRetypeWithoutMigrationTest-1466019655 tempest-VolumeRetypeWithoutMigrationTest-1466019655-project-admin] http://10.222.0.110/volume/v3/83fcd9b4f3084823b5c4f94a344cdab9/types/3b29ebdc-58c2-41f6-a28d-e1a96ce4550d returned with HTTP 202
Jul 22 22:14:18.112611 dv-cinder-801868-2-iscsi devstack@c-api.service[100071]: DEBUG cinder.api.openstack.wsgi [None req-16845fa4-eaaa-42ad-8ea6-9105720d0160 tempest-VolumeTypesAccessTest-343659920 tempest-VolumeTypesAccessTest-343659920-project-admin] Action: 'action', calling method: _removeProjectAccess, body: {"removeProjectAccess": {"project": "00b5d5bde4bb48e3b6034fa11210e7b9"}} {{(pid=100071) _process_stack /opt/stack/cinder/cinder/api/openstack/wsgi.py:854}}
Jul 22 22:14:18.113788 dv-cinder-801868-2-iscsi devstack@c-api.service[100072]: [pid: 100072|app: 0|req: 161/306] 10.222.0.110 () {58 vars in 1327 bytes} [Thu Jul 22 22:14:18 2021] DELETE /volume/v3/83fcd9b4f3084823b5c4f94a344cdab9/types/3b29ebdc-58c2-41f6-a28d-e1a96ce4550d => generated 0 bytes in 60 msecs (HTTP/1.1 202) 6 headers in 233 bytes (2 switches on core 0)
Jul 22 22:14:18.122730 dv-cinder-801868-2-iscsi devstack@c-api.service[100072]: INFO cinder.api.openstack.wsgi [None req-3c30d185-e011-44af-901e-6f8289a7651f tempest-VolumeRetypeWithoutMigrationTest-1466019655 tempest-VolumeRetypeWithoutMigrationTest-1466019655-project-admin] GET http://10.222.0.110/volume/v3/83fcd9b4f3084823b5c4f94a344cdab9/types/3b29ebdc-58c2-41f6-a28d-e1a96ce4550d
Jul 22 22:14:18.123973 dv-cinder-801868-2-iscsi devstack@c-api.service[100072]: DEBUG cinder.api.openstack.wsgi [None req-3c30d185-e011-44af-901e-6f8289a7651f tempest-VolumeRetypeWithoutMigrationTest-1466019655 tempest-VolumeRetypeWithoutMigrationTest-1466019655-project-admin] Empty body provided in request {{(pid=100072) get_body /opt/stack/cinder/cinder/api/openstack/wsgi.py:703}}
Jul 22 22:14:18.124669 dv-cinder-801868-2-iscsi devstack@c-api.service[100072]: DEBUG cinder.api.openstack.wsgi [None req-3c30d185-e011-44af-901e-6f8289a7651f tempest-VolumeRetypeWithoutMigrationTest-1466019655 tempest-VolumeRetypeWithoutMigrationTest-1466019655-project-admin] Calling method 'show' {{(pid=100072) _process_stack /opt/stack/cinder/cinder/api/openstack/wsgi.py:856}}
Jul 22 22:14:18.131351 dv-cinder-801868-2-iscsi devstack@c-api.service[100072]: INFO cinder.api.openstack.wsgi [None req-3c30d185-e011-44af-901e-6f8289a7651f tempest-VolumeRetypeWithoutMigrationTest-1466019655 tempest-VolumeRetypeWithoutMigrationTest-1466019655-project-admin] http://10.222.0.110/volume/v3/83fcd9b4f3084823b5c4f94a344cdab9/types/3b29ebdc-58c2-41f6-a28d-e1a96ce4550d returned with HTTP 404
Jul 22 22:14:18.133210 dv-cinder-801868-2-iscsi devstack@c-api.service[100072]: [pid: 100072|app: 0|req: 162/307] 10.222.0.110 () {58 vars in 1324 bytes} [Thu Jul 22 22:14:18 2021] GET /volume/v3/83fcd9b4f3084823b5c4f94a344cdab9/types/3b29ebdc-58c2-41f6-a28d-e1a96ce4550d => generated 114 bytes in 15 msecs (HTTP/1.1 404) 7 headers in 292 bytes (2 switches on core 0)
Jul 22 22:14:18.142505 dv-cinder-801868-2-iscsi devstack@c-api.service[100071]: INFO cinder.api.openstack.wsgi [None req-16845fa4-eaaa-42ad-8ea6-9105720d0160 tempest-VolumeTypesAccessTest-343659920 tempest-VolumeTypesAccessTest-343659920-project-admin] http://10.222.0.110/volume/v3/7cde26cbd03b4a4dbf85870befa0dec4/types/40174cee-0406-4853-a759-44ff2d193646/action returned with HTTP 202
Jul 22 22:14:18.144136 dv-cinder-801868-2-iscsi devstack@c-api.service[100071]: [pid: 100071|app: 0|req: 146/308] 10.222.0.110 () {60 vars in 1366 bytes} [Thu Jul 22 22:14:18 2021] POST /volume/v3/7cde26cbd03b4a4dbf85870befa0dec4/types/40174cee-0406-4853-a759-44ff2d193646/action => generated 0 bytes in 38 msecs (HTTP/1.1 202) 6 headers in 233 bytes (2 switches on core 0)
Jul 22 22:14:18.145243 dv-cinder-801868-2-iscsi devstack@c-api.service[100072]: INFO cinder.api.openstack.wsgi [None req-d8642d28-3016-47f6-819d-fce072ab5725 tempest-VolumeRetypeWithoutMigrationTest-1466019655 tempest-VolumeRetypeWithoutMigrationTest-1466019655-project-admin] DELETE http://10.222.0.110/volume/v3/83fcd9b4f3084823b5c4f94a344cdab9/types/91d78b08-bfad-4336-b145-cb91ebf610c2
Jul 22 22:14:18.146039 dv-cinder-801868-2-iscsi devstack@c-api.service[100072]: DEBUG cinder.api.openstack.wsgi [None req-d8642d28-3016-47f6-819d-fce072ab5725 tempest-VolumeRetypeWithoutMigrationTest-1466019655 tempest-VolumeRetypeWithoutMigrationTest-1466019655-project-admin] Empty body provided in request {{(pid=100072) get_body /opt/stack/cinder/cinder/api/openstack/wsgi.py:703}}
Jul 22 22:14:18.146841 dv-cinder-801868-2-iscsi devstack@c-api.service[100072]: DEBUG cinder.api.openstack.wsgi [None req-d8642d28-3016-47f6-819d-fce072ab5725 tempest-VolumeRetypeWithoutMigrationTest-1466019655 tempest-VolumeRetypeWithoutMigrationTest-1466019655-project-admin] Calling method '_delete' {{(pid=100072) _process_stack /opt/stack/cinder/cinder/api/openstack/wsgi.py:856}}
Jul 22 22:14:18.155290 dv-cinder-801868-2-iscsi devstack@c-api.service[100071]: INFO cinder.api.openstack.wsgi [None req-8d2de371-76eb-44a3-81fd-a5d9ff03aba1 tempest-VolumeTypesAccessTest-343659920 tempest-VolumeTypesAccessTest-343659920-project-admin] POST http://10.222.0.110/volume/v3/7cde26cbd03b4a4dbf85870befa0dec4/types
Jul 22 22:14:18.156371 dv-cinder-801868-2-iscsi devstack@c-api.service[100071]: DEBUG cinder.api.openstack.wsgi [None req-8d2de371-76eb-44a3-81fd-a5d9ff03aba1 tempest-VolumeTypesAccessTest-343659920 tempest-VolumeTypesAccessTest-343659920-project-admin] Action: 'create', calling method: _create, body: {"volume_type": {"name": "tempest-VolumeTypesAccessTest-volume-type-1094858089", "os-volume-type-access:is_public": false}} {{(pid=100071) _process_stack /opt/stack/cinder/cinder/api/openstack/wsgi.py:854}}
Jul 22 22:14:18.193760 dv-cinder-801868-2-iscsi devstack@c-api.service[100071]: INFO cinder.api.openstack.wsgi [None req-8d2de371-76eb-44a3-81fd-a5d9ff03aba1 tempest-VolumeTypesAccessTest-343659920 tempest-VolumeTypesAccessTest-343659920-project-admin] http://10.222.0.110/volume/v3/7cde26cbd03b4a4dbf85870befa0dec4/types returned with HTTP 200
Jul 22 22:14:18.194559 dv-cinder-801868-2-iscsi devstack@c-api.service[100071]: [pid: 100071|app: 0|req: 147/309] 10.222.0.110 () {60 vars in 1235 bytes} [Thu Jul 22 22:14:18 2021] POST /volume/v3/7cde26cbd03b4a4dbf85870befa0dec4/types => generated 229 bytes in 43 msecs (HTTP/1.1 200) 7 headers in 285 bytes (1 switches on core 0)
Jul 22 22:14:18.205252 dv-cinder-801868-2-iscsi devstack@c-api.service[100071]: INFO cinder.api.openstack.wsgi [None req-5d159659-bdbe-4612-80ac-1cb112efa052 tempest-VolumeTypesAccessTest-343659920 tempest-VolumeTypesAccessTest-343659920-project-admin] POST http://10.222.0.110/volume/v3/7cde26cbd03b4a4dbf85870befa0dec4/types/e5ee6122-169c-443f-b122-95b47ecc50f7/action
Jul 22 22:14:18.206409 dv-cinder-801868-2-iscsi devstack@c-api.service[100071]: DEBUG cinder.api.openstack.wsgi [None req-5d159659-bdbe-4612-80ac-1cb112efa052 tempest-VolumeTypesAccessTest-343659920 tempest-VolumeTypesAccessTest-343659920-project-admin] Action body: b'{"addProjectAccess": {"project": "00b5d5bde4bb48e3b6034fa11210e7b9"}}' {{(pid=100071) get_method /opt/stack/cinder/cinder/api/openstack/wsgi.py:971}}
Jul 22 22:14:18.206741 dv-cinder-801868-2-iscsi devstack@c-api.service[100071]: DEBUG cinder.api.openstack.wsgi [None req-5d159659-bdbe-4612-80ac-1cb112efa052 tempest-VolumeTypesAccessTest-343659920 tempest-VolumeTypesAccessTest-343659920-project-admin] Action: 'action', calling method: _addProjectAccess, body: {"addProjectAccess": {"project": "00b5d5bde4bb48e3b6034fa11210e7b9"}} {{(pid=100071) _process_stack /opt/stack/cinder/cinder/api/openstack/wsgi.py:854}}
Jul 22 22:14:18.223077 dv-cinder-801868-2-iscsi devstack@c-api.service[100072]: INFO cinder.api.openstack.wsgi [None req-d8642d28-3016-47f6-819d-fce072ab5725 tempest-VolumeRetypeWithoutMigrationTest-1466019655 tempest-VolumeRetypeWithoutMigrationTest-1466019655-project-admin] http://10.222.0.110/volume/v3/83fcd9b4f3084823b5c4f94a344cdab9/types/91d78b08-bfad-4336-b145-cb91ebf610c2 returned with HTTP 202
Jul 22 22:14:18.224336 dv-cinder-801868-2-iscsi devstack@c-api.service[100072]: [pid: 100072|app: 0|req: 163/310] 10.222.0.110 () {58 vars in 1327 bytes} [Thu Jul 22 22:14:18 2021] DELETE /volume/v3/83fcd9b4f3084823b5c4f94a344cdab9/types/91d78b08-bfad-4336-b145-cb91ebf610c2 => generated 0 bytes in 88 msecs (HTTP/1.1 202) 6 headers in 233 bytes (2 switches on core 0)
Jul 22 22:14:18.228163 dv-cinder-801868-2-iscsi devstack@c-api.service[100071]: INFO cinder.api.openstack.wsgi [None req-5d159659-bdbe-4612-80ac-1cb112efa052 tempest-VolumeTypesAccessTest-343659920 tempest-VolumeTypesAccessTest-343659920-project-admin] http://10.222.0.110/volume/v3/7cde26cbd03b4a4dbf85870befa0dec4/types/e5ee6122-169c-443f-b122-95b47ecc50f7/action returned with HTTP 202
Jul 22 22:14:18.231806 dv-cinder-801868-2-iscsi devstack@c-api.service[100072]: INFO cinder.api.openstack.wsgi [None req-04c829c9-45da-4c3b-a327-ee71b77758f9 tempest-VolumeRetypeWithoutMigrationTest-1466019655 tempest-VolumeRetypeWithoutMigrationTest-1466019655-project-admin] GET http://10.222.0.110/volume/v3/83fcd9b4f3084823b5c4f94a344cdab9/types/91d78b08-bfad-4336-b145-cb91ebf610c2
Jul 22 22:14:18.232411 dv-cinder-801868-2-iscsi devstack@c-api.service[100071]: [pid: 100071|app: 0|req: 148/311] 10.222.0.110 () {60 vars in 1366 bytes} [Thu Jul 22 22:14:18 2021] POST /volume/v3/7cde26cbd03b4a4dbf85870befa0dec4/types/e5ee6122-169c-443f-b122-95b47ecc50f7/action => generated 0 bytes in 29 msecs (HTTP/1.1 202) 6 headers in 233 bytes (1 switches on core 0)
Jul 22 22:14:18.232519 dv-cinder-801868-2-iscsi devstack@c-api.service[100072]: DEBUG cinder.api.openstack.wsgi [None req-04c829c9-45da-4c3b-a327-ee71b77758f9 tempest-VolumeRetypeWithoutMigrationTest-1466019655 tempest-VolumeRetypeWithoutMigrationTest-1466019655-project-admin] Empty body provided in request {{(pid=100072) get_body /opt/stack/cinder/cinder/api/openstack/wsgi.py:703}}
Jul 22 22:14:18.232895 dv-cinder-801868-2-iscsi devstack@c-api.service[100072]: DEBUG cinder.api.openstack.wsgi [None req-04c829c9-45da-4c3b-a327-ee71b77758f9 tempest-VolumeRetypeWithoutMigrationTest-1466019655 tempest-VolumeRetypeWithoutMigrationTest-1466019655-project-admin] Calling method 'show' {{(pid=100072) _process_stack /opt/stack/cinder/cinder/api/openstack/wsgi.py:856}}
Jul 22 22:14:18.236823 dv-cinder-801868-2-iscsi devstack@c-api.service[100071]: INFO cinder.api.openstack.wsgi [None req-38138fca-a92c-4f7f-acd5-a91f6a7d4635 tempest-VolumeTypesAccessTest-343659920 tempest-VolumeTypesAccessTest-343659920-project-admin] POST http://10.222.0.110/volume/v3/7cde26cbd03b4a4dbf85870befa0dec4/types/e5ee6122-169c-443f-b122-95b47ecc50f7/action
Jul 22 22:14:18.237498 dv-cinder-801868-2-iscsi devstack@c-api.service[100071]: DEBUG cinder.api.openstack.wsgi [None req-38138fca-a92c-4f7f-acd5-a91f6a7d4635 tempest-VolumeTypesAccessTest-343659920 tempest-VolumeTypesAccessTest-343659920-project-admin] Action body: b'{"addProjectAccess": {"project": "07ea8fbbb3a4486f9b7fc27fcdecd915"}}' {{(pid=100071) get_method /opt/stack/cinder/cinder/api/openstack/wsgi.py:971}}
Jul 22 22:14:18.238446 dv-cinder-801868-2-iscsi devstack@c-api.service[100071]: DEBUG cinder.api.openstack.wsgi [None req-38138fca-a92c-4f7f-acd5-a91f6a7d4635 tempest-VolumeTypesAccessTest-343659920 tempest-VolumeTypesAccessTest-343659920-project-admin] Action: 'action', calling method: _addProjectAccess, body: {"addProjectAccess": {"project": "07ea8fbbb3a4486f9b7fc27fcdecd915"}} {{(pid=100071) _process_stack /opt/stack/cinder/cinder/api/openstack/wsgi.py:854}}
Jul 22 22:14:18.239395 dv-cinder-801868-2-iscsi devstack@c-api.service[100072]: INFO cinder.api.openstack.wsgi [None req-04c829c9-45da-4c3b-a327-ee71b77758f9 tempest-VolumeRetypeWithoutMigrationTest-1466019655 tempest-VolumeRetypeWithoutMigrationTest-1466019655-project-admin] http://10.222.0.110/volume/v3/83fcd9b4f3084823b5c4f94a344cdab9/types/91d78b08-bfad-4336-b145-cb91ebf610c2 returned with HTTP 404
Jul 22 22:14:18.240595 dv-cinder-801868-2-iscsi devstack@c-api.service[100072]: [pid: 100072|app: 0|req: 164/312] 10.222.0.110 () {58 vars in 1324 bytes} [Thu Jul 22 22:14:18 2021] GET /volume/v3/83fcd9b4f3084823b5c4f94a344cdab9/types/91d78b08-bfad-4336-b145-cb91ebf610c2 => generated 114 bytes in 13 msecs (HTTP/1.1 404) 7 headers in 292 bytes (2 switches on core 0)
Jul 22 22:14:18.255435 dv-cinder-801868-2-iscsi devstack@c-api.service[100071]: INFO cinder.api.openstack.wsgi [None req-38138fca-a92c-4f7f-acd5-a91f6a7d4635 tempest-VolumeTypesAccessTest-343659920 tempest-VolumeTypesAccessTest-343659920-project-admin] http://10.222.0.110/volume/v3/7cde26cbd03b4a4dbf85870befa0dec4/types/e5ee6122-169c-443f-b122-95b47ecc50f7/action returned with HTTP 202
Jul 22 22:14:18.256257 dv-cinder-801868-2-iscsi devstack@c-api.service[100071]: [pid: 100071|app: 0|req: 149/313] 10.222.0.110 () {60 vars in 1366 bytes} [Thu Jul 22 22:14:18 2021] POST /volume/v3/7cde26cbd03b4a4dbf85870befa0dec4/types/e5ee6122-169c-443f-b122-95b47ecc50f7/action => generated 0 bytes in 23 msecs (HTTP/1.1 202) 6 headers in 233 bytes (2 switches on core 0)
Jul 22 22:14:18.266731 dv-cinder-801868-2-iscsi devstack@c-api.service[100072]: INFO cinder.api.openstack.wsgi [None req-2c6fa700-1177-48d0-b109-20f4d2df7a86 tempest-VolumeTypesAccessTest-343659920 tempest-VolumeTypesAccessTest-343659920-project-admin] GET http://10.222.0.110/volume/v3/7cde26cbd03b4a4dbf85870befa0dec4/types/e5ee6122-169c-443f-b122-95b47ecc50f7/os-volume-type-access
Jul 22 22:14:18.267272 dv-cinder-801868-2-iscsi devstack@c-api.service[100072]: DEBUG cinder.api.openstack.wsgi [None req-2c6fa700-1177-48d0-b109-20f4d2df7a86 tempest-VolumeTypesAccessTest-343659920 tempest-VolumeTypesAccessTest-343659920-project-admin] Empty body provided in request {{(pid=100072) get_body /opt/stack/cinder/cinder/api/openstack/wsgi.py:703}}
Jul 22 22:14:18.267689 dv-cinder-801868-2-iscsi devstack@c-api.service[100072]: DEBUG cinder.api.openstack.wsgi [None req-2c6fa700-1177-48d0-b109-20f4d2df7a86 tempest-VolumeTypesAccessTest-343659920 tempest-VolumeTypesAccessTest-343659920-project-admin] Calling method 'index' {{(pid=100072) _process_stack /opt/stack/cinder/cinder/api/openstack/wsgi.py:856}}
Jul 22 22:14:18.283871 dv-cinder-801868-2-iscsi devstack@c-api.service[100072]: INFO cinder.api.openstack.wsgi [None req-2c6fa700-1177-48d0-b109-20f4d2df7a86 tempest-VolumeTypesAccessTest-343659920 tempest-VolumeTypesAccessTest-343659920-project-admin] http://10.222.0.110/volume/v3/7cde26cbd03b4a4dbf85870befa0dec4/types/e5ee6122-169c-443f-b122-95b47ecc50f7/os-volume-type-access returned with HTTP 200
Jul 22 22:14:18.284915 dv-cinder-801868-2-iscsi devstack@c-api.service[100072]: [pid: 100072|app: 0|req: 165/314] 10.222.0.110 () {58 vars in 1390 bytes} [Thu Jul 22 22:14:18 2021] GET /volume/v3/7cde26cbd03b4a4dbf85870befa0dec4/types/e5ee6122-169c-443f-b122-95b47ecc50f7/os-volume-type-access => generated 244 bytes in 24 msecs (HTTP/1.1 200) 7 headers in 285 bytes (1 switches on core 0)
Jul 22 22:14:18.293691 dv-cinder-801868-2-iscsi devstack@c-api.service[100071]: INFO cinder.api.openstack.wsgi [None req-65036a4f-7fec-4aed-834f-d1749eedef2f tempest-AttachVolumeNegativeTest-1407234141 tempest-AttachVolumeNegativeTest-1407234141-project] GET http://10.222.0.110/volume/v3/71bffb8e6c93437cb3fdbc82d8300750/volumes/10c67547-2029-4531-8cea-2ff7fd292bdb
Jul 22 22:14:18.294085 dv-cinder-801868-2-iscsi devstack@c-api.service[100071]: DEBUG cinder.api.openstack.wsgi [None req-65036a4f-7fec-4aed-834f-d1749eedef2f tempest-AttachVolumeNegativeTest-1407234141 tempest-AttachVolumeNegativeTest-1407234141-project] Empty body provided in request {{(pid=100071) get_body /opt/stack/cinder/cinder/api/openstack/wsgi.py:703}}
Jul 22 22:14:18.294450 dv-cinder-801868-2-iscsi devstack@c-api.service[100071]: DEBUG cinder.api.openstack.wsgi [None req-65036a4f-7fec-4aed-834f-d1749eedef2f tempest-AttachVolumeNegativeTest-1407234141 tempest-AttachVolumeNegativeTest-1407234141-project] Calling method 'show' {{(pid=100071) _process_stack /opt/stack/cinder/cinder/api/openstack/wsgi.py:856}}
Jul 22 22:14:18.306185 dv-cinder-801868-2-iscsi devstack@c-api.service[100072]: INFO cinder.api.openstack.wsgi [None req-28c9a72d-2757-4e89-91c7-49090a4af4a2 tempest-VolumeTypesAccessTest-343659920 tempest-VolumeTypesAccessTest-343659920-project-admin] POST http://10.222.0.110/volume/v3/7cde26cbd03b4a4dbf85870befa0dec4/types/e5ee6122-169c-443f-b122-95b47ecc50f7/action
Jul 22 22:14:18.307213 dv-cinder-801868-2-iscsi devstack@c-api.service[100072]: DEBUG cinder.api.openstack.wsgi [None req-28c9a72d-2757-4e89-91c7-49090a4af4a2 tempest-VolumeTypesAccessTest-343659920 tempest-VolumeTypesAccessTest-343659920-project-admin] Action body: b'{"removeProjectAccess": {"project": "07ea8fbbb3a4486f9b7fc27fcdecd915"}}' {{(pid=100072) get_method /opt/stack/cinder/cinder/api/openstack/wsgi.py:971}}
Jul 22 22:14:18.307746 dv-cinder-801868-2-iscsi devstack@c-api.service[100072]: DEBUG cinder.api.openstack.wsgi [None req-28c9a72d-2757-4e89-91c7-49090a4af4a2 tempest-VolumeTypesAccessTest-343659920 tempest-VolumeTypesAccessTest-343659920-project-admin] Action: 'action', calling method: _removeProjectAccess, body: {"removeProjectAccess": {"project": "07ea8fbbb3a4486f9b7fc27fcdecd915"}} {{(pid=100072) _process_stack /opt/stack/cinder/cinder/api/openstack/wsgi.py:854}}
Jul 22 22:14:18.314913 dv-cinder-801868-2-iscsi devstack@c-api.service[100071]: /usr/local/lib/python3.8/dist-packages/oslo_context/context.py:105: DeprecationWarning: Policy enforcement is depending on the value of is_admin. This key is deprecated. Please update your policy file to use the standard policy values.
Jul 22 22:14:18.314913 dv-cinder-801868-2-iscsi devstack@c-api.service[100071]: warnings.warn('Policy enforcement is depending on the value of '
Jul 22 22:14:18.325826 dv-cinder-801868-2-iscsi devstack@c-api.service[100071]: INFO cinder.volume.api [None req-65036a4f-7fec-4aed-834f-d1749eedef2f tempest-AttachVolumeNegativeTest-1407234141 tempest-AttachVolumeNegativeTest-1407234141-project] Volume info retrieved successfully.
Jul 22 22:14:18.331115 dv-cinder-801868-2-iscsi devstack@c-api.service[100072]: INFO cinder.api.openstack.wsgi [None req-28c9a72d-2757-4e89-91c7-49090a4af4a2 tempest-VolumeTypesAccessTest-343659920 tempest-VolumeTypesAccessTest-343659920-project-admin] http://10.222.0.110/volume/v3/7cde26cbd03b4a4dbf85870befa0dec4/types/e5ee6122-169c-443f-b122-95b47ecc50f7/action returned with HTTP 202
Jul 22 22:14:18.332965 dv-cinder-801868-2-iscsi devstack@c-api.service[100072]: [pid: 100072|app: 0|req: 166/315] 10.222.0.110 () {60 vars in 1366 bytes} [Thu Jul 22 22:14:18 2021] POST /volume/v3/7cde26cbd03b4a4dbf85870befa0dec4/types/e5ee6122-169c-443f-b122-95b47ecc50f7/action => generated 0 bytes in 42 msecs (HTTP/1.1 202) 6 headers in 233 bytes (1 switches on core 0)
Jul 22 22:14:18.342993 dv-cinder-801868-2-iscsi devstack@c-api.service[100071]: INFO cinder.api.openstack.wsgi [None req-65036a4f-7fec-4aed-834f-d1749eedef2f tempest-AttachVolumeNegativeTest-1407234141 tempest-AttachVolumeNegativeTest-1407234141-project] http://10.222.0.110/volume/v3/71bffb8e6c93437cb3fdbc82d8300750/volumes/10c67547-2029-4531-8cea-2ff7fd292bdb returned with HTTP 200
Jul 22 22:14:18.343752 dv-cinder-801868-2-iscsi devstack@c-api.service[100071]: [pid: 100071|app: 0|req: 150/316] 10.222.0.110 () {58 vars in 1330 bytes} [Thu Jul 22 22:14:18 2021] GET /volume/v3/71bffb8e6c93437cb3fdbc82d8300750/volumes/10c67547-2029-4531-8cea-2ff7fd292bdb => generated 918 bytes in 54 msecs (HTTP/1.1 200) 7 headers in 285 bytes (1 switches on core 0)
Jul 22 22:14:18.344354 dv-cinder-801868-2-iscsi devstack@c-api.service[100072]: INFO cinder.api.openstack.wsgi [None req-0f2d4d90-fba8-40af-8567-912a4cd47fa8 tempest-VolumeTypesAccessTest-343659920 tempest-VolumeTypesAccessTest-343659920-project-admin] POST http://10.222.0.110/volume/v3/7cde26cbd03b4a4dbf85870befa0dec4/types/e5ee6122-169c-443f-b122-95b47ecc50f7/action
Jul 22 22:14:18.345206 dv-cinder-801868-2-iscsi devstack@c-api.service[100072]: DEBUG cinder.api.openstack.wsgi [None req-0f2d4d90-fba8-40af-8567-912a4cd47fa8 tempest-VolumeTypesAccessTest-343659920 tempest-VolumeTypesAccessTest-343659920-project-admin] Action body: b'{"removeProjectAccess": {"project": "00b5d5bde4bb48e3b6034fa11210e7b9"}}' {{(pid=100072) get_method /opt/stack/cinder/cinder/api/openstack/wsgi.py:971}}
Jul 22 22:14:18.346906 dv-cinder-801868-2-iscsi devstack@c-api.service[100072]: DEBUG cinder.api.openstack.wsgi [None req-0f2d4d90-fba8-40af-8567-912a4cd47fa8 tempest-VolumeTypesAccessTest-343659920 tempest-VolumeTypesAccessTest-343659920-project-admin] Action: 'action', calling method: _removeProjectAccess, body: {"removeProjectAccess": {"project": "00b5d5bde4bb48e3b6034fa11210e7b9"}} {{(pid=100072) _process_stack /opt/stack/cinder/cinder/api/openstack/wsgi.py:854}}
Jul 22 22:14:18.372565 dv-cinder-801868-2-iscsi devstack@c-api.service[100072]: INFO cinder.api.openstack.wsgi [None req-0f2d4d90-fba8-40af-8567-912a4cd47fa8 tempest-VolumeTypesAccessTest-343659920 tempest-VolumeTypesAccessTest-343659920-project-admin] http://10.222.0.110/volume/v3/7cde26cbd03b4a4dbf85870befa0dec4/types/e5ee6122-169c-443f-b122-95b47ecc50f7/action returned with HTTP 202
Jul 22 22:14:18.375354 dv-cinder-801868-2-iscsi devstack@c-api.service[100072]: [pid: 100072|app: 0|req: 167/317] 10.222.0.110 () {60 vars in 1366 bytes} [Thu Jul 22 22:14:18 2021] POST /volume/v3/7cde26cbd03b4a4dbf85870befa0dec4/types/e5ee6122-169c-443f-b122-95b47ecc50f7/action => generated 0 bytes in 38 msecs (HTTP/1.1 202) 6 headers in 233 bytes (1 switches on core 0)
Jul 22 22:14:18.384537 dv-cinder-801868-2-iscsi devstack@c-api.service[100071]: INFO cinder.api.openstack.wsgi [None req-a3b87aa5-2710-4c47-b95f-6defa5e91cb5 tempest-VolumeTypesAccessTest-343659920 tempest-VolumeTypesAccessTest-343659920-project-admin] DELETE http://10.222.0.110/volume/v3/7cde26cbd03b4a4dbf85870befa0dec4/types/e5ee6122-169c-443f-b122-95b47ecc50f7
Jul 22 22:14:18.385714 dv-cinder-801868-2-iscsi devstack@c-api.service[100071]: DEBUG cinder.api.openstack.wsgi [None req-a3b87aa5-2710-4c47-b95f-6defa5e91cb5 tempest-VolumeTypesAccessTest-343659920 tempest-VolumeTypesAccessTest-343659920-project-admin] Empty body provided in request {{(pid=100071) get_body /opt/stack/cinder/cinder/api/openstack/wsgi.py:703}}
Jul 22 22:14:18.386081 dv-cinder-801868-2-iscsi devstack@c-api.service[100071]: /usr/local/lib/python3.8/dist-packages/webob/acceptparse.py:1047: DeprecationWarning: The behavior of AcceptValidHeader.best_match is currently being maintained for backward compatibility, but it will be deprecated in the future, as it does not conform to the RFC.
Jul 22 22:14:18.386081 dv-cinder-801868-2-iscsi devstack@c-api.service[100071]: warnings.warn(
Jul 22 22:14:18.386663 dv-cinder-801868-2-iscsi devstack@c-api.service[100071]: DEBUG cinder.api.openstack.wsgi [None req-a3b87aa5-2710-4c47-b95f-6defa5e91cb5 tempest-VolumeTypesAccessTest-343659920 tempest-VolumeTypesAccessTest-343659920-project-admin] Calling method '_delete' {{(pid=100071) _process_stack /opt/stack/cinder/cinder/api/openstack/wsgi.py:856}}
Jul 22 22:14:18.422520 dv-cinder-801868-2-iscsi devstack@c-api.service[100072]: INFO cinder.api.openstack.wsgi [None req-18805737-348c-421f-ac32-a178003714f4 tempest-GroupsV314Test-2018189314 tempest-GroupsV314Test-2018189314-project] GET http://10.222.0.110/volume/v3/d31cb184b9584175803a52c9f4fc76af/volumes/d96b78cc-99cd-41a3-b701-e42728b05c46
Jul 22 22:14:18.423137 dv-cinder-801868-2-iscsi devstack@c-api.service[100072]: DEBUG cinder.api.openstack.wsgi [None req-18805737-348c-421f-ac32-a178003714f4 tempest-GroupsV314Test-2018189314 tempest-GroupsV314Test-2018189314-project] Empty body provided in request {{(pid=100072) get_body /opt/stack/cinder/cinder/api/openstack/wsgi.py:703}}
Jul 22 22:14:18.424203 dv-cinder-801868-2-iscsi devstack@c-api.service[100072]: DEBUG cinder.api.openstack.wsgi [None req-18805737-348c-421f-ac32-a178003714f4 tempest-GroupsV314Test-2018189314 tempest-GroupsV314Test-2018189314-project] Calling method 'show' {{(pid=100072) _process_stack /opt/stack/cinder/cinder/api/openstack/wsgi.py:856}}
Jul 22 22:14:18.444168 dv-cinder-801868-2-iscsi devstack@c-api.service[100071]: INFO cinder.api.openstack.wsgi [None req-a3b87aa5-2710-4c47-b95f-6defa5e91cb5 tempest-VolumeTypesAccessTest-343659920 tempest-VolumeTypesAccessTest-343659920-project-admin] http://10.222.0.110/volume/v3/7cde26cbd03b4a4dbf85870befa0dec4/types/e5ee6122-169c-443f-b122-95b47ecc50f7 returned with HTTP 202
Jul 22 22:14:18.445556 dv-cinder-801868-2-iscsi devstack@c-api.service[100071]: [pid: 100071|app: 0|req: 151/318] 10.222.0.110 () {58 vars in 1327 bytes} [Thu Jul 22 22:14:18 2021] DELETE /volume/v3/7cde26cbd03b4a4dbf85870befa0dec4/types/e5ee6122-169c-443f-b122-95b47ecc50f7 => generated 0 bytes in 65 msecs (HTTP/1.1 202) 6 headers in 233 bytes (1 switches on core 0)
Jul 22 22:14:18.450580 dv-cinder-801868-2-iscsi devstack@c-api.service[100071]: INFO cinder.api.openstack.wsgi [None req-7ffd0003-620b-4f93-b970-29f5511d4edc tempest-VolumesImageMetadata-2058506096 tempest-VolumesImageMetadata-2058506096-project] GET http://10.222.0.110/volume/v3/901b67565e15463c950b759982253be7/volumes/986946a7-0edd-49e0-bb46-8663fb4ac7cc
Jul 22 22:14:18.451512 dv-cinder-801868-2-iscsi devstack@c-api.service[100071]: DEBUG cinder.api.openstack.wsgi [None req-7ffd0003-620b-4f93-b970-29f5511d4edc tempest-VolumesImageMetadata-2058506096 tempest-VolumesImageMetadata-2058506096-project] Empty body provided in request {{(pid=100071) get_body /opt/stack/cinder/cinder/api/openstack/wsgi.py:703}}
Jul 22 22:14:18.452246 dv-cinder-801868-2-iscsi devstack@c-api.service[100071]: DEBUG cinder.api.openstack.wsgi [None req-7ffd0003-620b-4f93-b970-29f5511d4edc tempest-VolumesImageMetadata-2058506096 tempest-VolumesImageMetadata-2058506096-project] Calling method 'show' {{(pid=100071) _process_stack /opt/stack/cinder/cinder/api/openstack/wsgi.py:856}}
Jul 22 22:14:18.458220 dv-cinder-801868-2-iscsi devstack@c-api.service[100072]: /usr/local/lib/python3.8/dist-packages/oslo_context/context.py:105: DeprecationWarning: Policy enforcement is depending on the value of is_admin. This key is deprecated. Please update your policy file to use the standard policy values.
Jul 22 22:14:18.458220 dv-cinder-801868-2-iscsi devstack@c-api.service[100072]: warnings.warn('Policy enforcement is depending on the value of '
Jul 22 22:14:18.470604 dv-cinder-801868-2-iscsi devstack@c-api.service[100071]: /usr/local/lib/python3.8/dist-packages/oslo_context/context.py:105: DeprecationWarning: Policy enforcement is depending on the value of is_admin. This key is deprecated. Please update your policy file to use the standard policy values.
Jul 22 22:14:18.470604 dv-cinder-801868-2-iscsi devstack@c-api.service[100071]: warnings.warn('Policy enforcement is depending on the value of '
Jul 22 22:14:18.475932 dv-cinder-801868-2-iscsi devstack@c-api.service[100072]: INFO cinder.volume.api [None req-18805737-348c-421f-ac32-a178003714f4 tempest-GroupsV314Test-2018189314 tempest-GroupsV314Test-2018189314-project] Volume info retrieved successfully.
Jul 22 22:14:18.480142 dv-cinder-801868-2-iscsi devstack@c-api.service[100071]: INFO cinder.volume.api [None req-7ffd0003-620b-4f93-b970-29f5511d4edc tempest-VolumesImageMetadata-2058506096 tempest-VolumesImageMetadata-2058506096-project] Volume info retrieved successfully.
Jul 22 22:14:18.484051 dv-cinder-801868-2-iscsi devstack@c-api.service[100072]: WARNING stevedore.named [None req-18805737-348c-421f-ac32-a178003714f4 tempest-GroupsV314Test-2018189314 tempest-GroupsV314Test-2018189314-project] Could not load cinder.keymgr.conf_key_mgr.ConfKeyManager
Jul 22 22:14:18.484483 dv-cinder-801868-2-iscsi devstack@c-api.service[100072]: WARNING castellan.key_manager [None req-18805737-348c-421f-ac32-a178003714f4 tempest-GroupsV314Test-2018189314 tempest-GroupsV314Test-2018189314-project] Deprecation Warning : cinder.keymgr.conf_key_mgr.ConfKeyManager is not a stevedore based driver, trying to load it as a class: stevedore.exception.NoMatches: No 'castellan.drivers' driver found, looking for 'cinder.keymgr.conf_key_mgr.ConfKeyManager'
Jul 22 22:14:18.492208 dv-cinder-801868-2-iscsi devstack@c-api.service[100072]: DEBUG oslo_db.sqlalchemy.engines [None req-18805737-348c-421f-ac32-a178003714f4 tempest-GroupsV314Test-2018189314 tempest-GroupsV314Test-2018189314-project] MySQL server mode set to STRICT_TRANS_TABLES,STRICT_ALL_TABLES,NO_ZERO_IN_DATE,NO_ZERO_DATE,ERROR_FOR_DIVISION_BY_ZERO,TRADITIONAL,NO_ENGINE_SUBSTITUTION {{(pid=100072) _check_effective_sql_mode /usr/local/lib/python3.8/dist-packages/oslo_db/sqlalchemy/engines.py:314}}
Jul 22 22:14:18.497640 dv-cinder-801868-2-iscsi devstack@c-api.service[100071]: INFO cinder.api.openstack.wsgi [None req-7ffd0003-620b-4f93-b970-29f5511d4edc tempest-VolumesImageMetadata-2058506096 tempest-VolumesImageMetadata-2058506096-project] http://10.222.0.110/volume/v3/901b67565e15463c950b759982253be7/volumes/986946a7-0edd-49e0-bb46-8663fb4ac7cc returned with HTTP 200
Jul 22 22:14:18.498527 dv-cinder-801868-2-iscsi devstack@c-api.service[100072]: /usr/local/lib/python3.8/dist-packages/oslo_context/context.py:105: DeprecationWarning: Policy enforcement is depending on the value of is_admin. This key is deprecated. Please update your policy file to use the standard policy values.
Jul 22 22:14:18.498527 dv-cinder-801868-2-iscsi devstack@c-api.service[100072]: warnings.warn('Policy enforcement is depending on the value of '
Jul 22 22:14:18.499030 dv-cinder-801868-2-iscsi devstack@c-api.service[100071]: [pid: 100071|app: 0|req: 152/319] 10.222.0.110 () {58 vars in 1330 bytes} [Thu Jul 22 22:14:18 2021] GET /volume/v3/901b67565e15463c950b759982253be7/volumes/986946a7-0edd-49e0-bb46-8663fb4ac7cc => generated 913 bytes in 53 msecs (HTTP/1.1 200) 7 headers in 285 bytes (1 switches on core 0)
Jul 22 22:14:18.504160 dv-cinder-801868-2-iscsi devstack@c-api.service[100071]: INFO cinder.api.openstack.wsgi [None req-edd28d3c-c1f1-4be7-8075-af48f185a261 tempest-VolumeTypesAccessTest-343659920 tempest-VolumeTypesAccessTest-343659920-project-admin] GET http://10.222.0.110/volume/v3/7cde26cbd03b4a4dbf85870befa0dec4/types/e5ee6122-169c-443f-b122-95b47ecc50f7
Jul 22 22:14:18.504893 dv-cinder-801868-2-iscsi devstack@c-api.service[100071]: DEBUG cinder.api.openstack.wsgi [None req-edd28d3c-c1f1-4be7-8075-af48f185a261 tempest-VolumeTypesAccessTest-343659920 tempest-VolumeTypesAccessTest-343659920-project-admin] Empty body provided in request {{(pid=100071) get_body /opt/stack/cinder/cinder/api/openstack/wsgi.py:703}}
Jul 22 22:14:18.505231 dv-cinder-801868-2-iscsi devstack@c-api.service[100071]: /usr/local/lib/python3.8/dist-packages/webob/acceptparse.py:1047: DeprecationWarning: The behavior of AcceptValidHeader.best_match is currently being maintained for backward compatibility, but it will be deprecated in the future, as it does not conform to the RFC.
Jul 22 22:14:18.505231 dv-cinder-801868-2-iscsi devstack@c-api.service[100071]: warnings.warn(
Jul 22 22:14:18.505771 dv-cinder-801868-2-iscsi devstack@c-api.service[100071]: DEBUG cinder.api.openstack.wsgi [None req-edd28d3c-c1f1-4be7-8075-af48f185a261 tempest-VolumeTypesAccessTest-343659920 tempest-VolumeTypesAccessTest-343659920-project-admin] Calling method 'show' {{(pid=100071) _process_stack /opt/stack/cinder/cinder/api/openstack/wsgi.py:856}}
Jul 22 22:14:18.510822 dv-cinder-801868-2-iscsi devstack@c-api.service[100071]: INFO cinder.api.openstack.wsgi [None req-edd28d3c-c1f1-4be7-8075-af48f185a261 tempest-VolumeTypesAccessTest-343659920 tempest-VolumeTypesAccessTest-343659920-project-admin] http://10.222.0.110/volume/v3/7cde26cbd03b4a4dbf85870befa0dec4/types/e5ee6122-169c-443f-b122-95b47ecc50f7 returned with HTTP 404
Jul 22 22:14:18.512603 dv-cinder-801868-2-iscsi devstack@c-api.service[100071]: [pid: 100071|app: 0|req: 153/320] 10.222.0.110 () {58 vars in 1324 bytes} [Thu Jul 22 22:14:18 2021] GET /volume/v3/7cde26cbd03b4a4dbf85870befa0dec4/types/e5ee6122-169c-443f-b122-95b47ecc50f7 => generated 114 bytes in 13 msecs (HTTP/1.1 404) 7 headers in 292 bytes (1 switches on core 0)
Jul 22 22:14:18.514787 dv-cinder-801868-2-iscsi devstack@c-api.service[100072]: INFO cinder.api.openstack.wsgi [None req-18805737-348c-421f-ac32-a178003714f4 tempest-GroupsV314Test-2018189314 tempest-GroupsV314Test-2018189314-project] http://10.222.0.110/volume/v3/d31cb184b9584175803a52c9f4fc76af/volumes/d96b78cc-99cd-41a3-b701-e42728b05c46 returned with HTTP 200
Jul 22 22:14:18.525814 dv-cinder-801868-2-iscsi devstack@c-api.service[100072]: [pid: 100072|app: 0|req: 168/321] 10.222.0.110 () {60 vars in 1371 bytes} [Thu Jul 22 22:14:18 2021] GET /volume/v3/d31cb184b9584175803a52c9f4fc76af/volumes/d96b78cc-99cd-41a3-b701-e42728b05c46 => generated 990 bytes in 98 msecs (HTTP/1.1 200) 7 headers in 286 bytes (1 switches on core 0)
