Jul 29 20:46:26.608904 dv-cinder-801633-3-smb devstack@c-api.service[111671]: INFO cinder.api.v3.groups [None req-248ea607-d1cf-4693-9e0a-46f7495abad5 tempest-GroupsTest-179624649 tempest-GroupsTest-179624649-project] Delete group with id: 916b6e54-43f6-4259-ba48-6d293950f49a
Jul 29 20:46:26.614502 dv-cinder-801633-3-smb devstack@c-api.service[111670]: /usr/local/lib/python3.8/dist-packages/oslo_context/context.py:105: DeprecationWarning: Policy enforcement is depending on the value of is_admin. This key is deprecated. Please update your policy file to use the standard policy values.
Jul 29 20:46:26.614502 dv-cinder-801633-3-smb devstack@c-api.service[111670]: warnings.warn('Policy enforcement is depending on the value of '
Jul 29 20:46:26.629662 dv-cinder-801633-3-smb devstack@c-api.service[111671]: INFO cinder.api.openstack.wsgi [None req-248ea607-d1cf-4693-9e0a-46f7495abad5 tempest-GroupsTest-179624649 tempest-GroupsTest-179624649-project] http://10.222.0.39/volume/v3/55edd0420fc14db9a300b5874b1b8cb9/groups/916b6e54-43f6-4259-ba48-6d293950f49a/action returned with HTTP 404
Jul 29 20:46:26.632621 dv-cinder-801633-3-smb devstack@c-api.service[111671]: [pid: 111671|app: 0|req: 33/71] 10.222.0.39 () {62 vars in 1405 bytes} [Thu Jul 29 20:46:26 2021] POST /volume/v3/55edd0420fc14db9a300b5874b1b8cb9/groups/916b6e54-43f6-4259-ba48-6d293950f49a/action => generated 108 bytes in 44 msecs (HTTP/1.1 404) 7 headers in 293 bytes (1 switches on core 0)
Jul 29 20:46:26.652890 dv-cinder-801633-3-smb devstack@c-api.service[111671]: INFO cinder.api.openstack.wsgi [None req-c14494c9-7f54-424e-92f1-46814807367f tempest-GroupsTest-179624649 tempest-GroupsTest-179624649-project] GET http://10.222.0.39/volume/v3/55edd0420fc14db9a300b5874b1b8cb9/volumes/detail
Jul 29 20:46:26.654961 dv-cinder-801633-3-smb devstack@c-api.service[111671]: DEBUG cinder.api.openstack.wsgi [None req-c14494c9-7f54-424e-92f1-46814807367f tempest-GroupsTest-179624649 tempest-GroupsTest-179624649-project] Empty body provided in request {{(pid=111671) get_body /opt/stack/cinder/cinder/api/openstack/wsgi.py:703}}
Jul 29 20:46:26.656876 dv-cinder-801633-3-smb devstack@c-api.service[111671]: DEBUG cinder.api.openstack.wsgi [None req-c14494c9-7f54-424e-92f1-46814807367f tempest-GroupsTest-179624649 tempest-GroupsTest-179624649-project] Calling method 'detail' {{(pid=111671) _process_stack /opt/stack/cinder/cinder/api/openstack/wsgi.py:856}}
Jul 29 20:46:26.657670 dv-cinder-801633-3-smb devstack@c-api.service[111671]: DEBUG cinder.api.api_utils [None req-c14494c9-7f54-424e-92f1-46814807367f tempest-GroupsTest-179624649 tempest-GroupsTest-179624649-project] Removing options '' from query. {{(pid=111671) remove_invalid_filter_options /opt/stack/cinder/cinder/api/api_utils.py:73}}
Jul 29 20:46:26.668247 dv-cinder-801633-3-smb devstack@c-api.service[111670]: INFO cinder.api.openstack.wsgi [None req-359290c5-a6b0-4343-ba18-1d78394fdcfc tempest-GroupSnapshotsTest-1732711433 tempest-GroupSnapshotsTest-1732711433-project] http://10.222.0.39/volume/v3/124b06deeb324950afd9e28e11e5a0cf/volumes/0a7779ee-8258-4c61-b3fb-9557e9286dee returned with HTTP 200
Jul 29 20:46:26.668834 dv-cinder-801633-3-smb devstack@c-api.service[111671]: DEBUG cinder.volume.api [None req-c14494c9-7f54-424e-92f1-46814807367f tempest-GroupsTest-179624649 tempest-GroupsTest-179624649-project] Searching by: MultiDict([('no_migration_targets', True)]). {{(pid=111671) get_all /opt/stack/cinder/cinder/volume/api.py:617}}
Jul 29 20:46:26.673025 dv-cinder-801633-3-smb devstack@c-api.service[111670]: [pid: 111670|app: 0|req: 39/72] 10.222.0.39 () {60 vars in 1366 bytes} [Thu Jul 29 20:46:26 2021] GET /volume/v3/124b06deeb324950afd9e28e11e5a0cf/volumes/0a7779ee-8258-4c61-b3fb-9557e9286dee => generated 992 bytes in 220 msecs (HTTP/1.1 200) 7 headers in 286 bytes (2 switches on core 0)
Jul 29 20:46:26.689510 dv-cinder-801633-3-smb devstack@c-api.service[111670]: INFO cinder.api.openstack.wsgi [None req-534467b2-ec3e-4a6f-a5b1-44281d3ccfc4 tempest-GroupSnapshotsTest-1732711433 tempest-GroupSnapshotsTest-1732711433-project] GET http://10.222.0.39/volume/v3/124b06deeb324950afd9e28e11e5a0cf/groups/24fe7019-6f3b-47a1-9945-5f2575793335
Jul 29 20:46:26.690177 dv-cinder-801633-3-smb devstack@c-api.service[111670]: DEBUG cinder.api.openstack.wsgi [None req-534467b2-ec3e-4a6f-a5b1-44281d3ccfc4 tempest-GroupSnapshotsTest-1732711433 tempest-GroupSnapshotsTest-1732711433-project] Empty body provided in request {{(pid=111670) get_body /opt/stack/cinder/cinder/api/openstack/wsgi.py:703}}
Jul 29 20:46:26.690500 dv-cinder-801633-3-smb devstack@c-api.service[111670]: /usr/local/lib/python3.8/dist-packages/webob/acceptparse.py:1047: DeprecationWarning: The behavior of AcceptValidHeader.best_match is currently being maintained for backward compatibility, but it will be deprecated in the future, as it does not conform to the RFC.
Jul 29 20:46:26.690500 dv-cinder-801633-3-smb devstack@c-api.service[111670]: warnings.warn(
Jul 29 20:46:26.692199 dv-cinder-801633-3-smb devstack@c-api.service[111670]: DEBUG cinder.api.openstack.wsgi [None req-534467b2-ec3e-4a6f-a5b1-44281d3ccfc4 tempest-GroupSnapshotsTest-1732711433 tempest-GroupSnapshotsTest-1732711433-project] Calling method 'version_select' {{(pid=111670) _process_stack /opt/stack/cinder/cinder/api/openstack/wsgi.py:856}}
Jul 29 20:46:26.692872 dv-cinder-801633-3-smb devstack@c-api.service[111670]: DEBUG cinder.api.v3.groups [None req-534467b2-ec3e-4a6f-a5b1-44281d3ccfc4 tempest-GroupSnapshotsTest-1732711433 tempest-GroupSnapshotsTest-1732711433-project] show called for member 24fe7019-6f3b-47a1-9945-5f2575793335 {{(pid=111670) show /opt/stack/cinder/cinder/api/v3/groups.py:58}}
Jul 29 20:46:26.712421 dv-cinder-801633-3-smb devstack@c-api.service[111670]: /usr/local/lib/python3.8/dist-packages/oslo_context/context.py:105: DeprecationWarning: Policy enforcement is depending on the value of is_admin. This key is deprecated. Please update your policy file to use the standard policy values.
Jul 29 20:46:26.712421 dv-cinder-801633-3-smb devstack@c-api.service[111670]: warnings.warn('Policy enforcement is depending on the value of '
Jul 29 20:46:26.793425 dv-cinder-801633-3-smb devstack@c-api.service[111670]: INFO cinder.api.openstack.wsgi [None req-534467b2-ec3e-4a6f-a5b1-44281d3ccfc4 tempest-GroupSnapshotsTest-1732711433 tempest-GroupSnapshotsTest-1732711433-project] http://10.222.0.39/volume/v3/124b06deeb324950afd9e28e11e5a0cf/groups/24fe7019-6f3b-47a1-9945-5f2575793335 returned with HTTP 200
Jul 29 20:46:26.793425 dv-cinder-801633-3-smb devstack@c-api.service[111670]: [pid: 111670|app: 0|req: 40/73] 10.222.0.39 () {60 vars in 1363 bytes} [Thu Jul 29 20:46:26 2021] GET /volume/v3/124b06deeb324950afd9e28e11e5a0cf/groups/24fe7019-6f3b-47a1-9945-5f2575793335 => generated 417 bytes in 105 msecs (HTTP/1.1 200) 7 headers in 286 bytes (1 switches on core 0)
Jul 29 20:46:26.800877 dv-cinder-801633-3-smb devstack@c-api.service[111670]: INFO cinder.api.openstack.wsgi [None req-09422620-f4ce-483a-848e-98a87619630d tempest-GroupSnapshotsTest-1732711433 tempest-GroupSnapshotsTest-1732711433-project] GET http://10.222.0.39/volume/v3/124b06deeb324950afd9e28e11e5a0cf/volumes/detail
Jul 29 20:46:26.801375 dv-cinder-801633-3-smb devstack@c-api.service[111670]: DEBUG cinder.api.openstack.wsgi [None req-09422620-f4ce-483a-848e-98a87619630d tempest-GroupSnapshotsTest-1732711433 tempest-GroupSnapshotsTest-1732711433-project] Empty body provided in request {{(pid=111670) get_body /opt/stack/cinder/cinder/api/openstack/wsgi.py:703}}
Jul 29 20:46:26.801543 dv-cinder-801633-3-smb devstack@c-api.service[111670]: /usr/local/lib/python3.8/dist-packages/webob/acceptparse.py:1047: DeprecationWarning: The behavior of AcceptValidHeader.best_match is currently being maintained for backward compatibility, but it will be deprecated in the future, as it does not conform to the RFC.
Jul 29 20:46:26.801543 dv-cinder-801633-3-smb devstack@c-api.service[111670]: warnings.warn(
Jul 29 20:46:26.801880 dv-cinder-801633-3-smb devstack@c-api.service[111670]: DEBUG cinder.api.openstack.wsgi [None req-09422620-f4ce-483a-848e-98a87619630d tempest-GroupSnapshotsTest-1732711433 tempest-GroupSnapshotsTest-1732711433-project] Calling method 'detail' {{(pid=111670) _process_stack /opt/stack/cinder/cinder/api/openstack/wsgi.py:856}}
Jul 29 20:46:26.802521 dv-cinder-801633-3-smb devstack@c-api.service[111670]: DEBUG cinder.api.api_utils [None req-09422620-f4ce-483a-848e-98a87619630d tempest-GroupSnapshotsTest-1732711433 tempest-GroupSnapshotsTest-1732711433-project] Removing options '' from query. {{(pid=111670) remove_invalid_filter_options /opt/stack/cinder/cinder/api/api_utils.py:73}}
Jul 29 20:46:26.815134 dv-cinder-801633-3-smb devstack@c-api.service[111670]: /usr/local/lib/python3.8/dist-packages/oslo_context/context.py:105: DeprecationWarning: Policy enforcement is depending on the value of is_admin. This key is deprecated. Please update your policy file to use the standard policy values.
Jul 29 20:46:26.815134 dv-cinder-801633-3-smb devstack@c-api.service[111670]: warnings.warn('Policy enforcement is depending on the value of '
Jul 29 20:46:26.825625 dv-cinder-801633-3-smb devstack@c-api.service[111670]: DEBUG cinder.volume.api [None req-09422620-f4ce-483a-848e-98a87619630d tempest-GroupSnapshotsTest-1732711433 tempest-GroupSnapshotsTest-1732711433-project] Searching by: MultiDict([('no_migration_targets', True)]). {{(pid=111670) get_all /opt/stack/cinder/cinder/volume/api.py:617}}
Jul 29 20:46:26.844578 dv-cinder-801633-3-smb devstack@c-api.service[111671]: INFO cinder.volume.api [None req-c14494c9-7f54-424e-92f1-46814807367f tempest-GroupsTest-179624649 tempest-GroupsTest-179624649-project] Get all volumes completed successfully.
Jul 29 20:46:26.868615 dv-cinder-801633-3-smb devstack@c-api.service[111671]: INFO cinder.api.openstack.wsgi [None req-c14494c9-7f54-424e-92f1-46814807367f tempest-GroupsTest-179624649 tempest-GroupsTest-179624649-project] http://10.222.0.39/volume/v3/55edd0420fc14db9a300b5874b1b8cb9/volumes/detail returned with HTTP 200
Jul 29 20:46:26.875186 dv-cinder-801633-3-smb devstack@c-api.service[111671]: [pid: 111671|app: 0|req: 34/74] 10.222.0.39 () {60 vars in 1276 bytes} [Thu Jul 29 20:46:26 2021] GET /volume/v3/55edd0420fc14db9a300b5874b1b8cb9/volumes/detail => generated 15 bytes in 238 msecs (HTTP/1.1 200) 7 headers in 285 bytes (1 switches on core 0)
Jul 29 20:46:26.897827 dv-cinder-801633-3-smb devstack@c-api.service[111671]: INFO cinder.api.openstack.wsgi [None req-6202aa45-a63f-4313-86b5-75cc7759188b tempest-GroupsTest-179624649 tempest-GroupsTest-179624649-project] POST http://10.222.0.39/volume/v3/55edd0420fc14db9a300b5874b1b8cb9/groups/04cb80aa-f4b4-4ea5-a52e-a244012274df/action
Jul 29 20:46:26.898722 dv-cinder-801633-3-smb devstack@c-api.service[111671]: DEBUG cinder.api.openstack.wsgi [None req-6202aa45-a63f-4313-86b5-75cc7759188b tempest-GroupsTest-179624649 tempest-GroupsTest-179624649-project] Action body: b'{"delete": {"delete-volumes": true}}' {{(pid=111671) get_method /opt/stack/cinder/cinder/api/openstack/wsgi.py:971}}
Jul 29 20:46:26.899114 dv-cinder-801633-3-smb devstack@c-api.service[111671]: DEBUG cinder.api.openstack.wsgi [None req-6202aa45-a63f-4313-86b5-75cc7759188b tempest-GroupsTest-179624649 tempest-GroupsTest-179624649-project] Action: 'action', calling method: delete_group, body: {"delete": {"delete-volumes": true}} {{(pid=111671) _process_stack /opt/stack/cinder/cinder/api/openstack/wsgi.py:854}}
Jul 29 20:46:26.899950 dv-cinder-801633-3-smb devstack@c-api.service[111671]: DEBUG cinder.api.v3.groups [None req-6202aa45-a63f-4313-86b5-75cc7759188b tempest-GroupsTest-179624649 tempest-GroupsTest-179624649-project] delete called for group 04cb80aa-f4b4-4ea5-a52e-a244012274df {{(pid=111671) _delete /opt/stack/cinder/cinder/api/v3/groups.py:117}}
Jul 29 20:46:26.900247 dv-cinder-801633-3-smb devstack@c-api.service[111671]: INFO cinder.api.v3.groups [None req-6202aa45-a63f-4313-86b5-75cc7759188b tempest-GroupsTest-179624649 tempest-GroupsTest-179624649-project] Delete group with id: 04cb80aa-f4b4-4ea5-a52e-a244012274df
Jul 29 20:46:26.918176 dv-cinder-801633-3-smb devstack@c-api.service[111671]: INFO cinder.api.openstack.wsgi [None req-6202aa45-a63f-4313-86b5-75cc7759188b tempest-GroupsTest-179624649 tempest-GroupsTest-179624649-project] http://10.222.0.39/volume/v3/55edd0420fc14db9a300b5874b1b8cb9/groups/04cb80aa-f4b4-4ea5-a52e-a244012274df/action returned with HTTP 404
Jul 29 20:46:26.925000 dv-cinder-801633-3-smb devstack@c-api.service[111671]: [pid: 111671|app: 0|req: 35/75] 10.222.0.39 () {62 vars in 1405 bytes} [Thu Jul 29 20:46:26 2021] POST /volume/v3/55edd0420fc14db9a300b5874b1b8cb9/groups/04cb80aa-f4b4-4ea5-a52e-a244012274df/action => generated 108 bytes in 32 msecs (HTTP/1.1 404) 7 headers in 293 bytes (2 switches on core 0)
Jul 29 20:46:26.947161 dv-cinder-801633-3-smb devstack@c-api.service[111671]: INFO cinder.api.openstack.wsgi [None req-d51a64aa-e66b-478f-80c9-ef23050e39d3 tempest-GroupsTest-2127010013 tempest-GroupsTest-2127010013-project-admin] DELETE http://10.222.0.39/volume/v3/e598f8aa88d04d8786d9617e8fe47cdd/group_types/985f0245-72cf-4d29-a564-10f4b3ced9c8
Jul 29 20:46:26.949810 dv-cinder-801633-3-smb devstack@c-api.service[111671]: DEBUG cinder.api.openstack.wsgi [None req-d51a64aa-e66b-478f-80c9-ef23050e39d3 tempest-GroupsTest-2127010013 tempest-GroupsTest-2127010013-project-admin] Empty body provided in request {{(pid=111671) get_body /opt/stack/cinder/cinder/api/openstack/wsgi.py:703}}
Jul 29 20:46:26.950489 dv-cinder-801633-3-smb devstack@c-api.service[111671]: DEBUG cinder.api.openstack.wsgi [None req-d51a64aa-e66b-478f-80c9-ef23050e39d3 tempest-GroupsTest-2127010013 tempest-GroupsTest-2127010013-project-admin] Calling method 'version_select' {{(pid=111671) _process_stack /opt/stack/cinder/cinder/api/openstack/wsgi.py:856}}
Jul 29 20:46:27.035571 dv-cinder-801633-3-smb devstack@c-api.service[111670]: INFO cinder.volume.api [None req-09422620-f4ce-483a-848e-98a87619630d tempest-GroupSnapshotsTest-1732711433 tempest-GroupSnapshotsTest-1732711433-project] Get all volumes completed successfully.
Jul 29 20:46:27.045493 dv-cinder-801633-3-smb devstack@c-api.service[111670]: WARNING stevedore.named [None req-09422620-f4ce-483a-848e-98a87619630d tempest-GroupSnapshotsTest-1732711433 tempest-GroupSnapshotsTest-1732711433-project] Could not load cinder.keymgr.conf_key_mgr.ConfKeyManager
Jul 29 20:46:27.045859 dv-cinder-801633-3-smb devstack@c-api.service[111670]: WARNING castellan.key_manager [None req-09422620-f4ce-483a-848e-98a87619630d tempest-GroupSnapshotsTest-1732711433 tempest-GroupSnapshotsTest-1732711433-project] Deprecation Warning : cinder.keymgr.conf_key_mgr.ConfKeyManager is not a stevedore based driver, trying to load it as a class: stevedore.exception.NoMatches: No 'castellan.drivers' driver found, looking for 'cinder.keymgr.conf_key_mgr.ConfKeyManager'
Jul 29 20:46:27.063027 dv-cinder-801633-3-smb devstack@c-api.service[111670]: DEBUG oslo_db.sqlalchemy.engines [None req-09422620-f4ce-483a-848e-98a87619630d tempest-GroupSnapshotsTest-1732711433 tempest-GroupSnapshotsTest-1732711433-project] MySQL server mode set to STRICT_TRANS_TABLES,STRICT_ALL_TABLES,NO_ZERO_IN_DATE,NO_ZERO_DATE,ERROR_FOR_DIVISION_BY_ZERO,TRADITIONAL,NO_ENGINE_SUBSTITUTION {{(pid=111670) _check_effective_sql_mode /usr/local/lib/python3.8/dist-packages/oslo_db/sqlalchemy/engines.py:314}}
Jul 29 20:46:27.064124 dv-cinder-801633-3-smb devstack@c-api.service[111671]: INFO cinder.api.openstack.wsgi [None req-d51a64aa-e66b-478f-80c9-ef23050e39d3 tempest-GroupsTest-2127010013 tempest-GroupsTest-2127010013-project-admin] http://10.222.0.39/volume/v3/e598f8aa88d04d8786d9617e8fe47cdd/group_types/985f0245-72cf-4d29-a564-10f4b3ced9c8 returned with HTTP 202
Jul 29 20:46:27.065902 dv-cinder-801633-3-smb devstack@c-api.service[111671]: [pid: 111671|app: 0|req: 36/76] 10.222.0.39 () {60 vars in 1381 bytes} [Thu Jul 29 20:46:26 2021] DELETE /volume/v3/e598f8aa88d04d8786d9617e8fe47cdd/group_types/985f0245-72cf-4d29-a564-10f4b3ced9c8 => generated 0 bytes in 138 msecs (HTTP/1.1 202) 6 headers in 234 bytes (1 switches on core 0)
Jul 29 20:46:27.080211 dv-cinder-801633-3-smb devstack@c-api.service[111670]: /usr/local/lib/python3.8/dist-packages/oslo_context/context.py:105: DeprecationWarning: Policy enforcement is depending on the value of is_admin. This key is deprecated. Please update your policy file to use the standard policy values.
Jul 29 20:46:27.080211 dv-cinder-801633-3-smb devstack@c-api.service[111670]: warnings.warn('Policy enforcement is depending on the value of '
Jul 29 20:46:27.103474 dv-cinder-801633-3-smb devstack@c-api.service[111670]: WARNING stevedore.named [None req-09422620-f4ce-483a-848e-98a87619630d tempest-GroupSnapshotsTest-1732711433 tempest-GroupSnapshotsTest-1732711433-project] Could not load cinder.keymgr.conf_key_mgr.ConfKeyManager
Jul 29 20:46:27.103873 dv-cinder-801633-3-smb devstack@c-api.service[111670]: WARNING castellan.key_manager [None req-09422620-f4ce-483a-848e-98a87619630d tempest-GroupSnapshotsTest-1732711433 tempest-GroupSnapshotsTest-1732711433-project] Deprecation Warning : cinder.keymgr.conf_key_mgr.ConfKeyManager is not a stevedore based driver, trying to load it as a class: stevedore.exception.NoMatches: No 'castellan.drivers' driver found, looking for 'cinder.keymgr.conf_key_mgr.ConfKeyManager'
Jul 29 20:46:27.119729 dv-cinder-801633-3-smb devstack@c-api.service[111670]: DEBUG oslo_db.sqlalchemy.engines [None req-09422620-f4ce-483a-848e-98a87619630d tempest-GroupSnapshotsTest-1732711433 tempest-GroupSnapshotsTest-1732711433-project] MySQL server mode set to STRICT_TRANS_TABLES,STRICT_ALL_TABLES,NO_ZERO_IN_DATE,NO_ZERO_DATE,ERROR_FOR_DIVISION_BY_ZERO,TRADITIONAL,NO_ENGINE_SUBSTITUTION {{(pid=111670) _check_effective_sql_mode /usr/local/lib/python3.8/dist-packages/oslo_db/sqlalchemy/engines.py:314}}
Jul 29 20:46:27.130482 dv-cinder-801633-3-smb devstack@c-api.service[111670]: /usr/local/lib/python3.8/dist-packages/oslo_context/context.py:105: DeprecationWarning: Policy enforcement is depending on the value of is_admin. This key is deprecated. Please update your policy file to use the standard policy values.
Jul 29 20:46:27.130482 dv-cinder-801633-3-smb devstack@c-api.service[111670]: warnings.warn('Policy enforcement is depending on the value of '
Jul 29 20:46:27.179764 dv-cinder-801633-3-smb devstack@c-api.service[111670]: INFO cinder.api.openstack.wsgi [None req-09422620-f4ce-483a-848e-98a87619630d tempest-GroupSnapshotsTest-1732711433 tempest-GroupSnapshotsTest-1732711433-project] http://10.222.0.39/volume/v3/124b06deeb324950afd9e28e11e5a0cf/volumes/detail returned with HTTP 200
Jul 29 20:46:27.185500 dv-cinder-801633-3-smb devstack@c-api.service[111670]: [pid: 111670|app: 0|req: 41/77] 10.222.0.39 () {60 vars in 1276 bytes} [Thu Jul 29 20:46:26 2021] GET /volume/v3/124b06deeb324950afd9e28e11e5a0cf/volumes/detail => generated 1985 bytes in 389 msecs (HTTP/1.1 200) 7 headers in 287 bytes (1 switches on core 0)
Jul 29 20:46:27.195072 dv-cinder-801633-3-smb devstack@c-api.service[111670]: INFO cinder.api.openstack.wsgi [None req-a1515e6a-8c2b-4399-afa3-de5c4e6453a4 tempest-GroupsTest-2127010013 tempest-GroupsTest-2127010013-project-admin] POST http://10.222.0.39/volume/v3/e598f8aa88d04d8786d9617e8fe47cdd/types
Jul 29 20:46:27.195550 dv-cinder-801633-3-smb devstack@c-api.service[111670]: /usr/local/lib/python3.8/dist-packages/webob/acceptparse.py:1047: DeprecationWarning: The behavior of AcceptValidHeader.best_match is currently being maintained for backward compatibility, but it will be deprecated in the future, as it does not conform to the RFC.
Jul 29 20:46:27.195550 dv-cinder-801633-3-smb devstack@c-api.service[111670]: warnings.warn(
Jul 29 20:46:27.195854 dv-cinder-801633-3-smb devstack@c-api.service[111670]: DEBUG cinder.api.openstack.wsgi [None req-a1515e6a-8c2b-4399-afa3-de5c4e6453a4 tempest-GroupsTest-2127010013 tempest-GroupsTest-2127010013-project-admin] Action: 'create', calling method: _create, body: {"volume_type": {"name": "tempest-GroupsTest-volume-type-393413357"}} {{(pid=111670) _process_stack /opt/stack/cinder/cinder/api/openstack/wsgi.py:854}}
Jul 29 20:46:27.251505 dv-cinder-801633-3-smb devstack@c-api.service[111670]: INFO cinder.api.openstack.wsgi [None req-a1515e6a-8c2b-4399-afa3-de5c4e6453a4 tempest-GroupsTest-2127010013 tempest-GroupsTest-2127010013-project-admin] http://10.222.0.39/volume/v3/e598f8aa88d04d8786d9617e8fe47cdd/types returned with HTTP 200
Jul 29 20:46:27.257281 dv-cinder-801633-3-smb devstack@c-api.service[111670]: [pid: 111670|app: 0|req: 42/78] 10.222.0.39 () {60 vars in 1229 bytes} [Thu Jul 29 20:46:27 2021] POST /volume/v3/e598f8aa88d04d8786d9617e8fe47cdd/types => generated 215 bytes in 71 msecs (HTTP/1.1 200) 7 headers in 285 bytes (1 switches on core 0)
Jul 29 20:46:27.271153 dv-cinder-801633-3-smb devstack@c-api.service[111670]: INFO cinder.api.openstack.wsgi [None req-8dfe01ab-a736-464b-b14e-a9812da03582 tempest-GroupSnapshotsTest-1732711433 tempest-GroupSnapshotsTest-1732711433-project] POST http://10.222.0.39/volume/v3/124b06deeb324950afd9e28e11e5a0cf/groups/24fe7019-6f3b-47a1-9945-5f2575793335/action
Jul 29 20:46:27.274862 dv-cinder-801633-3-smb devstack@c-api.service[111670]: DEBUG cinder.api.openstack.wsgi [None req-8dfe01ab-a736-464b-b14e-a9812da03582 tempest-GroupSnapshotsTest-1732711433 tempest-GroupSnapshotsTest-1732711433-project] Action body: b'{"delete": {"delete-volumes": true}}' {{(pid=111670) get_method /opt/stack/cinder/cinder/api/openstack/wsgi.py:971}}
Jul 29 20:46:27.275224 dv-cinder-801633-3-smb devstack@c-api.service[111670]: DEBUG cinder.api.openstack.wsgi [None req-8dfe01ab-a736-464b-b14e-a9812da03582 tempest-GroupSnapshotsTest-1732711433 tempest-GroupSnapshotsTest-1732711433-project] Action: 'action', calling method: version_select, body: {"delete": {"delete-volumes": true}} {{(pid=111670) _process_stack /opt/stack/cinder/cinder/api/openstack/wsgi.py:854}}
Jul 29 20:46:27.276075 dv-cinder-801633-3-smb devstack@c-api.service[111670]: DEBUG cinder.api.v3.groups [None req-8dfe01ab-a736-464b-b14e-a9812da03582 tempest-GroupSnapshotsTest-1732711433 tempest-GroupSnapshotsTest-1732711433-project] delete called for group 24fe7019-6f3b-47a1-9945-5f2575793335 {{(pid=111670) _delete /opt/stack/cinder/cinder/api/v3/groups.py:117}}
Jul 29 20:46:27.276374 dv-cinder-801633-3-smb devstack@c-api.service[111670]: INFO cinder.api.v3.groups [None req-8dfe01ab-a736-464b-b14e-a9812da03582 tempest-GroupSnapshotsTest-1732711433 tempest-GroupSnapshotsTest-1732711433-project] Delete group with id: 24fe7019-6f3b-47a1-9945-5f2575793335
Jul 29 20:46:27.291085 dv-cinder-801633-3-smb devstack@c-api.service[111671]: INFO cinder.api.openstack.wsgi [None req-de2f4b00-92af-4b9e-8d33-b84ce05cca37 tempest-GroupTypeSpecsTest-2101725552 tempest-GroupTypeSpecsTest-2101725552-project-admin] POST http://10.222.0.39/volume/v3/f75837e175f64d298cc4c19419f58fff/group_types
Jul 29 20:46:27.291085 dv-cinder-801633-3-smb devstack@c-api.service[111671]: DEBUG cinder.api.openstack.wsgi [None req-de2f4b00-92af-4b9e-8d33-b84ce05cca37 tempest-GroupTypeSpecsTest-2101725552 tempest-GroupTypeSpecsTest-2101725552-project-admin] Action: 'create', calling method: version_select, body: {"group_type": {"name": "tempest-GroupTypeSpecsTest-group-type-1129265654"}} {{(pid=111671) _process_stack /opt/stack/cinder/cinder/api/openstack/wsgi.py:854}}
Jul 29 20:46:27.292485 dv-cinder-801633-3-smb devstack@c-api.service[111670]: /usr/local/lib/python3.8/dist-packages/oslo_context/context.py:105: DeprecationWarning: Policy enforcement is depending on the value of is_admin. This key is deprecated. Please update your policy file to use the standard policy values.
Jul 29 20:46:27.292485 dv-cinder-801633-3-smb devstack@c-api.service[111670]: warnings.warn('Policy enforcement is depending on the value of '
Jul 29 20:46:27.334755 dv-cinder-801633-3-smb devstack@c-api.service[111671]: INFO cinder.api.openstack.wsgi [None req-de2f4b00-92af-4b9e-8d33-b84ce05cca37 tempest-GroupTypeSpecsTest-2101725552 tempest-GroupTypeSpecsTest-2101725552-project-admin] http://10.222.0.39/volume/v3/f75837e175f64d298cc4c19419f58fff/group_types returned with HTTP 202
Jul 29 20:46:27.335637 dv-cinder-801633-3-smb devstack@c-api.service[111671]: [pid: 111671|app: 0|req: 37/79] 10.222.0.39 () {62 vars in 1288 bytes} [Thu Jul 29 20:46:27 2021] POST /volume/v3/f75837e175f64d298cc4c19419f58fff/group_types => generated 181 bytes in 269 msecs (HTTP/1.1 202) 7 headers in 292 bytes (1 switches on core 0)
Jul 29 20:46:27.364353 dv-cinder-801633-3-smb devstack@c-api.service[111671]: INFO cinder.api.openstack.wsgi [None req-8c11f3c2-fa2e-46cb-9e90-c6713f2a9d06 tempest-GroupsTest-2127010013 tempest-GroupsTest-2127010013-project-admin] POST http://10.222.0.39/volume/v3/e598f8aa88d04d8786d9617e8fe47cdd/group_types
Jul 29 20:46:27.371216 dv-cinder-801633-3-smb devstack@c-api.service[111671]: DEBUG cinder.api.openstack.wsgi [None req-8c11f3c2-fa2e-46cb-9e90-c6713f2a9d06 tempest-GroupsTest-2127010013 tempest-GroupsTest-2127010013-project-admin] Action: 'create', calling method: version_select, body: {"group_type": {"name": "tempest-GroupsTest-group-type-1716778841"}} {{(pid=111671) _process_stack /opt/stack/cinder/cinder/api/openstack/wsgi.py:854}}
Jul 29 20:46:27.441189 dv-cinder-801633-3-smb devstack@c-api.service[111671]: INFO cinder.api.openstack.wsgi [None req-8c11f3c2-fa2e-46cb-9e90-c6713f2a9d06 tempest-GroupsTest-2127010013 tempest-GroupsTest-2127010013-project-admin] http://10.222.0.39/volume/v3/e598f8aa88d04d8786d9617e8fe47cdd/group_types returned with HTTP 202
Jul 29 20:46:27.447530 dv-cinder-801633-3-smb devstack@c-api.service[111671]: [pid: 111671|app: 0|req: 38/80] 10.222.0.39 () {62 vars in 1288 bytes} [Thu Jul 29 20:46:27 2021] POST /volume/v3/e598f8aa88d04d8786d9617e8fe47cdd/group_types => generated 173 bytes in 104 msecs (HTTP/1.1 202) 7 headers in 292 bytes (1 switches on core 0)
Jul 29 20:46:27.471517 dv-cinder-801633-3-smb devstack@c-api.service[111671]: INFO cinder.api.openstack.wsgi [None req-cac99328-e6fe-457f-9dcc-3dc4c8a93efd tempest-GroupTypeSpecsTest-2101725552 tempest-GroupTypeSpecsTest-2101725552-project-admin] POST http://10.222.0.39/volume/v3/f75837e175f64d298cc4c19419f58fff/group_types/e65c9043-a31f-45e7-9ac9-d892c75237c8/group_specs
Jul 29 20:46:27.475646 dv-cinder-801633-3-smb devstack@c-api.service[111671]: DEBUG cinder.api.openstack.wsgi [None req-cac99328-e6fe-457f-9dcc-3dc4c8a93efd tempest-GroupTypeSpecsTest-2101725552 tempest-GroupTypeSpecsTest-2101725552-project-admin] Action: 'create', calling method: version_select, body: {"group_specs": {"key1": "value1", "key2": "value2"}} {{(pid=111671) _process_stack /opt/stack/cinder/cinder/api/openstack/wsgi.py:854}}
Jul 29 20:46:27.509547 dv-cinder-801633-3-smb devstack@c-api.service[111670]: INFO cinder.api.openstack.wsgi [None req-8dfe01ab-a736-464b-b14e-a9812da03582 tempest-GroupSnapshotsTest-1732711433 tempest-GroupSnapshotsTest-1732711433-project] http://10.222.0.39/volume/v3/124b06deeb324950afd9e28e11e5a0cf/groups/24fe7019-6f3b-47a1-9945-5f2575793335/action returned with HTTP 202
Jul 29 20:46:27.513420 dv-cinder-801633-3-smb devstack@c-api.service[111670]: [pid: 111670|app: 0|req: 43/81] 10.222.0.39 () {62 vars in 1405 bytes} [Thu Jul 29 20:46:27 2021] POST /volume/v3/124b06deeb324950afd9e28e11e5a0cf/groups/24fe7019-6f3b-47a1-9945-5f2575793335/action => generated 0 bytes in 253 msecs (HTTP/1.1 202) 6 headers in 234 bytes (1 switches on core 0)
Jul 29 20:46:27.519086 dv-cinder-801633-3-smb devstack@c-api.service[111670]: INFO cinder.api.openstack.wsgi [None req-74c63704-8ae0-4607-8a40-58f137b0a762 tempest-GroupsTest-179624649 tempest-GroupsTest-179624649-project] POST http://10.222.0.39/volume/v3/55edd0420fc14db9a300b5874b1b8cb9/groups
Jul 29 20:46:27.523470 dv-cinder-801633-3-smb devstack@c-api.service[111670]: /usr/local/lib/python3.8/dist-packages/webob/acceptparse.py:1047: DeprecationWarning: The behavior of AcceptValidHeader.best_match is currently being maintained for backward compatibility, but it will be deprecated in the future, as it does not conform to the RFC.
Jul 29 20:46:27.523470 dv-cinder-801633-3-smb devstack@c-api.service[111670]: warnings.warn(
Jul 29 20:46:27.523892 dv-cinder-801633-3-smb devstack@c-api.service[111670]: DEBUG cinder.api.openstack.wsgi [None req-74c63704-8ae0-4607-8a40-58f137b0a762 tempest-GroupsTest-179624649 tempest-GroupsTest-179624649-project] Action: 'create', calling method: version_select, body: {"group": {"group_type": "17f7d1e2-130d-4aa2-bd4f-fed7c8b45b8c", "volume_types": ["6aedd2d9-2cd8-4485-b437-12c2bd11c409"], "name": "tempest-GroupsTest-Group-1695048980"}} {{(pid=111670) _process_stack /opt/stack/cinder/cinder/api/openstack/wsgi.py:854}}
Jul 29 20:46:27.528060 dv-cinder-801633-3-smb devstack@c-api.service[111670]: DEBUG cinder.api.v3.groups [None req-74c63704-8ae0-4607-8a40-58f137b0a762 tempest-GroupsTest-179624649 tempest-GroupsTest-179624649-project] Creating new group {'group': {'group_type': '17f7d1e2-130d-4aa2-bd4f-fed7c8b45b8c', 'volume_types': ['6aedd2d9-2cd8-4485-b437-12c2bd11c409'], 'name': 'tempest-GroupsTest-Group-1695048980'}} {{(pid=111670) create /opt/stack/cinder/cinder/api/v3/groups.py:190}}
Jul 29 20:46:27.551577 dv-cinder-801633-3-smb devstack@c-api.service[111670]: INFO cinder.api.v3.groups [None req-74c63704-8ae0-4607-8a40-58f137b0a762 tempest-GroupsTest-179624649 tempest-GroupsTest-179624649-project] Creating group tempest-GroupsTest-Group-1695048980.
Jul 29 20:46:27.564122 dv-cinder-801633-3-smb devstack@c-api.service[111671]: INFO cinder.api.openstack.wsgi [None req-cac99328-e6fe-457f-9dcc-3dc4c8a93efd tempest-GroupTypeSpecsTest-2101725552 tempest-GroupTypeSpecsTest-2101725552-project-admin] http://10.222.0.39/volume/v3/f75837e175f64d298cc4c19419f58fff/group_types/e65c9043-a31f-45e7-9ac9-d892c75237c8/group_specs returned with HTTP 202
Jul 29 20:46:27.565149 dv-cinder-801633-3-smb devstack@c-api.service[111671]: [pid: 111671|app: 0|req: 39/82] 10.222.0.39 () {62 vars in 1435 bytes} [Thu Jul 29 20:46:27 2021] POST /volume/v3/f75837e175f64d298cc4c19419f58fff/group_types/e65c9043-a31f-45e7-9ac9-d892c75237c8/group_specs => generated 53 bytes in 117 msecs (HTTP/1.1 202) 7 headers in 291 bytes (1 switches on core 0)
Jul 29 20:46:27.588708 dv-cinder-801633-3-smb devstack@c-api.service[111671]: INFO cinder.api.openstack.wsgi [None req-2c5f899b-cdc1-43d6-b70e-0533614c82b3 tempest-GroupSnapshotsTest-1732711433 tempest-GroupSnapshotsTest-1732711433-project] GET http://10.222.0.39/volume/v3/124b06deeb324950afd9e28e11e5a0cf/volumes/0a7779ee-8258-4c61-b3fb-9557e9286dee
Jul 29 20:46:27.594254 dv-cinder-801633-3-smb devstack@c-api.service[111670]: INFO cinder.volume.api [None req-74c63704-8ae0-4607-8a40-58f137b0a762 tempest-GroupsTest-179624649 tempest-GroupsTest-179624649-project] Availability Zones retrieved successfully.
Jul 29 20:46:27.594544 dv-cinder-801633-3-smb devstack@c-api.service[111671]: DEBUG cinder.api.openstack.wsgi [None req-2c5f899b-cdc1-43d6-b70e-0533614c82b3 tempest-GroupSnapshotsTest-1732711433 tempest-GroupSnapshotsTest-1732711433-project] Empty body provided in request {{(pid=111671) get_body /opt/stack/cinder/cinder/api/openstack/wsgi.py:703}}
Jul 29 20:46:27.596298 dv-cinder-801633-3-smb devstack@c-api.service[111671]: DEBUG cinder.api.openstack.wsgi [None req-2c5f899b-cdc1-43d6-b70e-0533614c82b3 tempest-GroupSnapshotsTest-1732711433 tempest-GroupSnapshotsTest-1732711433-project] Calling method 'show' {{(pid=111671) _process_stack /opt/stack/cinder/cinder/api/openstack/wsgi.py:856}}
Jul 29 20:46:27.651977 dv-cinder-801633-3-smb devstack@c-api.service[111670]: DEBUG cinder.quota [None req-74c63704-8ae0-4607-8a40-58f137b0a762 tempest-GroupsTest-179624649 tempest-GroupsTest-179624649-project] Created reservations ['ea372d22-ff73-477f-a940-ee4c676ae692'] {{(pid=111670) reserve /opt/stack/cinder/cinder/quota.py:755}}
Jul 29 20:46:27.652347 dv-cinder-801633-3-smb devstack@c-api.service[111671]: /usr/local/lib/python3.8/dist-packages/oslo_context/context.py:105: DeprecationWarning: Policy enforcement is depending on the value of is_admin. This key is deprecated. Please update your policy file to use the standard policy values.
Jul 29 20:46:27.652347 dv-cinder-801633-3-smb devstack@c-api.service[111671]: warnings.warn('Policy enforcement is depending on the value of '
Jul 29 20:46:27.673672 dv-cinder-801633-3-smb devstack@c-api.service[111671]: INFO cinder.volume.api [None req-2c5f899b-cdc1-43d6-b70e-0533614c82b3 tempest-GroupSnapshotsTest-1732711433 tempest-GroupSnapshotsTest-1732711433-project] Volume info retrieved successfully.
Jul 29 20:46:27.715308 dv-cinder-801633-3-smb devstack@c-api.service[111671]: WARNING stevedore.named [None req-2c5f899b-cdc1-43d6-b70e-0533614c82b3 tempest-GroupSnapshotsTest-1732711433 tempest-GroupSnapshotsTest-1732711433-project] Could not load cinder.keymgr.conf_key_mgr.ConfKeyManager
Jul 29 20:46:27.716480 dv-cinder-801633-3-smb devstack@c-api.service[111671]: WARNING castellan.key_manager [None req-2c5f899b-cdc1-43d6-b70e-0533614c82b3 tempest-GroupSnapshotsTest-1732711433 tempest-GroupSnapshotsTest-1732711433-project] Deprecation Warning : cinder.keymgr.conf_key_mgr.ConfKeyManager is not a stevedore based driver, trying to load it as a class: stevedore.exception.NoMatches: No 'castellan.drivers' driver found, looking for 'cinder.keymgr.conf_key_mgr.ConfKeyManager'
Jul 29 20:46:27.734728 dv-cinder-801633-3-smb devstack@c-api.service[111670]: INFO cinder.api.openstack.wsgi [None req-74c63704-8ae0-4607-8a40-58f137b0a762 tempest-GroupsTest-179624649 tempest-GroupsTest-179624649-project] http://10.222.0.39/volume/v3/55edd0420fc14db9a300b5874b1b8cb9/groups returned with HTTP 202
Jul 29 20:46:27.747524 dv-cinder-801633-3-smb devstack@c-api.service[111670]: [pid: 111670|app: 0|req: 44/83] 10.222.0.39 () {62 vars in 1274 bytes} [Thu Jul 29 20:46:27 2021] POST /volume/v3/55edd0420fc14db9a300b5874b1b8cb9/groups => generated 104 bytes in 235 msecs (HTTP/1.1 202) 7 headers in 292 bytes (1 switches on core 0)
Jul 29 20:46:27.747657 dv-cinder-801633-3-smb devstack@c-api.service[111671]: DEBUG oslo_db.sqlalchemy.engines [None req-2c5f899b-cdc1-43d6-b70e-0533614c82b3 tempest-GroupSnapshotsTest-1732711433 tempest-GroupSnapshotsTest-1732711433-project] MySQL server mode set to STRICT_TRANS_TABLES,STRICT_ALL_TABLES,NO_ZERO_IN_DATE,NO_ZERO_DATE,ERROR_FOR_DIVISION_BY_ZERO,TRADITIONAL,NO_ENGINE_SUBSTITUTION {{(pid=111671) _check_effective_sql_mode /usr/local/lib/python3.8/dist-packages/oslo_db/sqlalchemy/engines.py:314}}
Jul 29 20:46:27.753227 dv-cinder-801633-3-smb devstack@c-api.service[111670]: INFO cinder.api.openstack.wsgi [None req-88900f45-2c81-42f5-a4c4-4ab96fdc0912 tempest-GroupTypeSpecsTest-2101725552 tempest-GroupTypeSpecsTest-2101725552-project-admin] POST http://10.222.0.39/volume/v3/f75837e175f64d298cc4c19419f58fff/group_types/e65c9043-a31f-45e7-9ac9-d892c75237c8/group_specs
Jul 29 20:46:27.757863 dv-cinder-801633-3-smb devstack@c-api.service[111670]: /usr/local/lib/python3.8/dist-packages/webob/acceptparse.py:1047: DeprecationWarning: The behavior of AcceptValidHeader.best_match is currently being maintained for backward compatibility, but it will be deprecated in the future, as it does not conform to the RFC.
Jul 29 20:46:27.757863 dv-cinder-801633-3-smb devstack@c-api.service[111670]: warnings.warn(
Jul 29 20:46:27.758641 dv-cinder-801633-3-smb devstack@c-api.service[111670]: DEBUG cinder.api.openstack.wsgi [None req-88900f45-2c81-42f5-a4c4-4ab96fdc0912 tempest-GroupTypeSpecsTest-2101725552 tempest-GroupTypeSpecsTest-2101725552-project-admin] Action: 'create', calling method: version_select, body: {"group_specs": {"key2": "value2-updated", "key3": "value3"}} {{(pid=111670) _process_stack /opt/stack/cinder/cinder/api/openstack/wsgi.py:854}}
Jul 29 20:46:27.762065 dv-cinder-801633-3-smb devstack@c-api.service[111670]: /usr/local/lib/python3.8/dist-packages/oslo_context/context.py:105: DeprecationWarning: Policy enforcement is depending on the value of is_admin. This key is deprecated. Please update your policy file to use the standard policy values.
Jul 29 20:46:27.762065 dv-cinder-801633-3-smb devstack@c-api.service[111670]: warnings.warn('Policy enforcement is depending on the value of '
Jul 29 20:46:27.762736 dv-cinder-801633-3-smb devstack@c-api.service[111671]: /usr/local/lib/python3.8/dist-packages/oslo_context/context.py:105: DeprecationWarning: Policy enforcement is depending on the value of is_admin. This key is deprecated. Please update your policy file to use the standard policy values.
Jul 29 20:46:27.762736 dv-cinder-801633-3-smb devstack@c-api.service[111671]: warnings.warn('Policy enforcement is depending on the value of '
Jul 29 20:46:27.797680 dv-cinder-801633-3-smb devstack@c-api.service[111671]: INFO cinder.api.openstack.wsgi [None req-2c5f899b-cdc1-43d6-b70e-0533614c82b3 tempest-GroupSnapshotsTest-1732711433 tempest-GroupSnapshotsTest-1732711433-project] http://10.222.0.39/volume/v3/124b06deeb324950afd9e28e11e5a0cf/volumes/0a7779ee-8258-4c61-b3fb-9557e9286dee returned with HTTP 200
Jul 29 20:46:27.804426 dv-cinder-801633-3-smb devstack@c-api.service[111671]: [pid: 111671|app: 0|req: 40/84] 10.222.0.39 () {60 vars in 1366 bytes} [Thu Jul 29 20:46:27 2021] GET /volume/v3/124b06deeb324950afd9e28e11e5a0cf/volumes/0a7779ee-8258-4c61-b3fb-9557e9286dee => generated 991 bytes in 238 msecs (HTTP/1.1 200) 7 headers in 286 bytes (1 switches on core 0)
Jul 29 20:46:27.818724 dv-cinder-801633-3-smb devstack@c-api.service[111671]: INFO cinder.api.openstack.wsgi [None req-3e9d2839-2a07-43d2-a653-3efcf2a8c0b0 tempest-GroupsTest-179624649 tempest-GroupsTest-179624649-project] GET http://10.222.0.39/volume/v3/55edd0420fc14db9a300b5874b1b8cb9/groups/4d885a94-a3a7-4149-857f-969e1539aba3
Jul 29 20:46:27.823908 dv-cinder-801633-3-smb devstack@c-api.service[111671]: DEBUG cinder.api.openstack.wsgi [None req-3e9d2839-2a07-43d2-a653-3efcf2a8c0b0 tempest-GroupsTest-179624649 tempest-GroupsTest-179624649-project] Empty body provided in request {{(pid=111671) get_body /opt/stack/cinder/cinder/api/openstack/wsgi.py:703}}
Jul 29 20:46:27.824277 dv-cinder-801633-3-smb devstack@c-api.service[111671]: /usr/local/lib/python3.8/dist-packages/webob/acceptparse.py:1047: DeprecationWarning: The behavior of AcceptValidHeader.best_match is currently being maintained for backward compatibility, but it will be deprecated in the future, as it does not conform to the RFC.
Jul 29 20:46:27.824277 dv-cinder-801633-3-smb devstack@c-api.service[111671]: warnings.warn(
Jul 29 20:46:27.828454 dv-cinder-801633-3-smb devstack@c-api.service[111671]: DEBUG cinder.api.openstack.wsgi [None req-3e9d2839-2a07-43d2-a653-3efcf2a8c0b0 tempest-GroupsTest-179624649 tempest-GroupsTest-179624649-project] Calling method 'version_select' {{(pid=111671) _process_stack /opt/stack/cinder/cinder/api/openstack/wsgi.py:856}}
Jul 29 20:46:27.829325 dv-cinder-801633-3-smb devstack@c-api.service[111671]: DEBUG cinder.api.v3.groups [None req-3e9d2839-2a07-43d2-a653-3efcf2a8c0b0 tempest-GroupsTest-179624649 tempest-GroupsTest-179624649-project] show called for member 4d885a94-a3a7-4149-857f-969e1539aba3 {{(pid=111671) show /opt/stack/cinder/cinder/api/v3/groups.py:58}}
Jul 29 20:46:27.834387 dv-cinder-801633-3-smb devstack@c-api.service[111670]: INFO cinder.api.openstack.wsgi [None req-88900f45-2c81-42f5-a4c4-4ab96fdc0912 tempest-GroupTypeSpecsTest-2101725552 tempest-GroupTypeSpecsTest-2101725552-project-admin] http://10.222.0.39/volume/v3/f75837e175f64d298cc4c19419f58fff/group_types/e65c9043-a31f-45e7-9ac9-d892c75237c8/group_specs returned with HTTP 202
Jul 29 20:46:27.839701 dv-cinder-801633-3-smb devstack@c-api.service[111670]: [pid: 111670|app: 0|req: 45/85] 10.222.0.39 () {62 vars in 1435 bytes} [Thu Jul 29 20:46:27 2021] POST /volume/v3/f75837e175f64d298cc4c19419f58fff/group_types/e65c9043-a31f-45e7-9ac9-d892c75237c8/group_specs => generated 61 bytes in 89 msecs (HTTP/1.1 202) 7 headers in 291 bytes (1 switches on core 0)
Jul 29 20:46:27.865415 dv-cinder-801633-3-smb devstack@c-api.service[111670]: INFO cinder.api.openstack.wsgi [None req-2124a258-4d7c-4fcb-9434-db266e288119 tempest-GroupTypeSpecsTest-2101725552 tempest-GroupTypeSpecsTest-2101725552-project-admin] GET http://10.222.0.39/volume/v3/f75837e175f64d298cc4c19419f58fff/group_types/e65c9043-a31f-45e7-9ac9-d892c75237c8/group_specs/key2
Jul 29 20:46:27.865415 dv-cinder-801633-3-smb devstack@c-api.service[111670]: DEBUG cinder.api.openstack.wsgi [None req-2124a258-4d7c-4fcb-9434-db266e288119 tempest-GroupTypeSpecsTest-2101725552 tempest-GroupTypeSpecsTest-2101725552-project-admin] Empty body provided in request {{(pid=111670) get_body /opt/stack/cinder/cinder/api/openstack/wsgi.py:703}}
Jul 29 20:46:27.865415 dv-cinder-801633-3-smb devstack@c-api.service[111670]: DEBUG cinder.api.openstack.wsgi [None req-2124a258-4d7c-4fcb-9434-db266e288119 tempest-GroupTypeSpecsTest-2101725552 tempest-GroupTypeSpecsTest-2101725552-project-admin] Calling method 'version_select' {{(pid=111670) _process_stack /opt/stack/cinder/cinder/api/openstack/wsgi.py:856}}
Jul 29 20:46:27.887199 dv-cinder-801633-3-smb devstack@c-api.service[111670]: INFO cinder.api.openstack.wsgi [None req-2124a258-4d7c-4fcb-9434-db266e288119 tempest-GroupTypeSpecsTest-2101725552 tempest-GroupTypeSpecsTest-2101725552-project-admin] http://10.222.0.39/volume/v3/f75837e175f64d298cc4c19419f58fff/group_types/e65c9043-a31f-45e7-9ac9-d892c75237c8/group_specs/key2 returned with HTTP 200
Jul 29 20:46:27.890782 dv-cinder-801633-3-smb devstack@c-api.service[111670]: [pid: 111670|app: 0|req: 46/86] 10.222.0.39 () {60 vars in 1429 bytes} [Thu Jul 29 20:46:27 2021] GET /volume/v3/f75837e175f64d298cc4c19419f58fff/group_types/e65c9043-a31f-45e7-9ac9-d892c75237c8/group_specs/key2 => generated 26 bytes in 50 msecs (HTTP/1.1 200) 7 headers in 285 bytes (1 switches on core 0)
Jul 29 20:46:27.909540 dv-cinder-801633-3-smb devstack@c-api.service[111671]: /usr/local/lib/python3.8/dist-packages/oslo_context/context.py:105: DeprecationWarning: Policy enforcement is depending on the value of is_admin. This key is deprecated. Please update your policy file to use the standard policy values.
Jul 29 20:46:27.909540 dv-cinder-801633-3-smb devstack@c-api.service[111671]: warnings.warn('Policy enforcement is depending on the value of '
Jul 29 20:46:27.911397 dv-cinder-801633-3-smb devstack@c-api.service[111670]: INFO cinder.api.openstack.wsgi [None req-6126f052-2763-4d9d-8351-58db9ed5e419 tempest-GroupTypeSpecsTest-2101725552 tempest-GroupTypeSpecsTest-2101725552-project-admin] GET http://10.222.0.39/volume/v3/f75837e175f64d298cc4c19419f58fff/group_types/e65c9043-a31f-45e7-9ac9-d892c75237c8/group_specs/key3
Jul 29 20:46:27.912392 dv-cinder-801633-3-smb devstack@c-api.service[111670]: DEBUG cinder.api.openstack.wsgi [None req-6126f052-2763-4d9d-8351-58db9ed5e419 tempest-GroupTypeSpecsTest-2101725552 tempest-GroupTypeSpecsTest-2101725552-project-admin] Empty body provided in request {{(pid=111670) get_body /opt/stack/cinder/cinder/api/openstack/wsgi.py:703}}
Jul 29 20:46:27.921824 dv-cinder-801633-3-smb devstack@c-api.service[111670]: DEBUG cinder.api.openstack.wsgi [None req-6126f052-2763-4d9d-8351-58db9ed5e419 tempest-GroupTypeSpecsTest-2101725552 tempest-GroupTypeSpecsTest-2101725552-project-admin] Calling method 'version_select' {{(pid=111670) _process_stack /opt/stack/cinder/cinder/api/openstack/wsgi.py:856}}
Jul 29 20:46:27.966880 dv-cinder-801633-3-smb devstack@c-api.service[111671]: INFO cinder.api.openstack.wsgi [None req-3e9d2839-2a07-43d2-a653-3efcf2a8c0b0 tempest-GroupsTest-179624649 tempest-GroupsTest-179624649-project] http://10.222.0.39/volume/v3/55edd0420fc14db9a300b5874b1b8cb9/groups/4d885a94-a3a7-4149-857f-969e1539aba3 returned with HTTP 200
Jul 29 20:46:27.980427 dv-cinder-801633-3-smb devstack@c-api.service[111670]: INFO cinder.api.openstack.wsgi [None req-6126f052-2763-4d9d-8351-58db9ed5e419 tempest-GroupTypeSpecsTest-2101725552 tempest-GroupTypeSpecsTest-2101725552-project-admin] http://10.222.0.39/volume/v3/f75837e175f64d298cc4c19419f58fff/group_types/e65c9043-a31f-45e7-9ac9-d892c75237c8/group_specs/key3 returned with HTTP 200
Jul 29 20:46:27.987143 dv-cinder-801633-3-smb devstack@c-api.service[111670]: [pid: 111670|app: 0|req: 47/87] 10.222.0.39 () {60 vars in 1429 bytes} [Thu Jul 29 20:46:27 2021] GET /volume/v3/f75837e175f64d298cc4c19419f58fff/group_types/e65c9043-a31f-45e7-9ac9-d892c75237c8/group_specs/key3 => generated 18 bytes in 92 msecs (HTTP/1.1 200) 7 headers in 285 bytes (1 switches on core 0)
Jul 29 20:46:27.994031 dv-cinder-801633-3-smb devstack@c-api.service[111671]: [pid: 111671|app: 0|req: 41/88] 10.222.0.39 () {60 vars in 1363 bytes} [Thu Jul 29 20:46:27 2021] GET /volume/v3/55edd0420fc14db9a300b5874b1b8cb9/groups/4d885a94-a3a7-4149-857f-969e1539aba3 => generated 333 bytes in 189 msecs (HTTP/1.1 200) 7 headers in 286 bytes (1 switches on core 0)
Jul 29 20:46:28.003491 dv-cinder-801633-3-smb devstack@c-api.service[111670]: INFO cinder.api.openstack.wsgi [None req-8496420e-2fde-46dd-8667-f667580d8d04 tempest-GroupTypeSpecsTest-2101725552 tempest-GroupTypeSpecsTest-2101725552-project-admin] PUT http://10.222.0.39/volume/v3/f75837e175f64d298cc4c19419f58fff/group_types/e65c9043-a31f-45e7-9ac9-d892c75237c8/group_specs/key3
Jul 29 20:46:28.004482 dv-cinder-801633-3-smb devstack@c-api.service[111670]: DEBUG cinder.api.openstack.wsgi [None req-8496420e-2fde-46dd-8667-f667580d8d04 tempest-GroupTypeSpecsTest-2101725552 tempest-GroupTypeSpecsTest-2101725552-project-admin] Action: 'update', calling method: version_select, body: {"key3": "value3-updated"} {{(pid=111670) _process_stack /opt/stack/cinder/cinder/api/openstack/wsgi.py:854}}
Jul 29 20:46:28.017389 dv-cinder-801633-3-smb devstack@c-api.service[111671]: INFO cinder.api.openstack.wsgi [None req-cc668098-ebae-4c0e-9a37-2e925ff305a0 tempest-GroupsTest-179624649 tempest-GroupsTest-179624649-project] POST http://10.222.0.39/volume/v3/55edd0420fc14db9a300b5874b1b8cb9/volumes
Jul 29 20:46:28.023512 dv-cinder-801633-3-smb devstack@c-api.service[111671]: /usr/local/lib/python3.8/dist-packages/webob/acceptparse.py:1047: DeprecationWarning: The behavior of AcceptValidHeader.best_match is currently being maintained for backward compatibility, but it will be deprecated in the future, as it does not conform to the RFC.
Jul 29 20:46:28.023512 dv-cinder-801633-3-smb devstack@c-api.service[111671]: warnings.warn(
Jul 29 20:46:28.026868 dv-cinder-801633-3-smb devstack@c-api.service[111671]: DEBUG cinder.api.openstack.wsgi [None req-cc668098-ebae-4c0e-9a37-2e925ff305a0 tempest-GroupsTest-179624649 tempest-GroupsTest-179624649-project] Action: 'create', calling method: create, body: {"volume": {"volume_type": "6aedd2d9-2cd8-4485-b437-12c2bd11c409", "group_id": "4d885a94-a3a7-4149-857f-969e1539aba3", "size": 1, "name": "tempest-GroupsTest-Volume-457941185"}} {{(pid=111671) _process_stack /opt/stack/cinder/cinder/api/openstack/wsgi.py:854}}
Jul 29 20:46:28.031108 dv-cinder-801633-3-smb devstack@c-api.service[111671]: DEBUG cinder.api.v3.volumes [None req-cc668098-ebae-4c0e-9a37-2e925ff305a0 tempest-GroupsTest-179624649 tempest-GroupsTest-179624649-project] Create volume request body: {'volume': {'volume_type': '6aedd2d9-2cd8-4485-b437-12c2bd11c409', 'group_id': '4d885a94-a3a7-4149-857f-969e1539aba3', 'size': 1, 'name': 'tempest-GroupsTest-Volume-457941185'}} {{(pid=111671) create /opt/stack/cinder/cinder/api/v3/volumes.py:290}}
Jul 29 20:46:28.065369 dv-cinder-801633-3-smb devstack@c-api.service[111670]: INFO cinder.api.openstack.wsgi [None req-8496420e-2fde-46dd-8667-f667580d8d04 tempest-GroupTypeSpecsTest-2101725552 tempest-GroupTypeSpecsTest-2101725552-project-admin] http://10.222.0.39/volume/v3/f75837e175f64d298cc4c19419f58fff/group_types/e65c9043-a31f-45e7-9ac9-d892c75237c8/group_specs/key3 returned with HTTP 200
Jul 29 20:46:28.067120 dv-cinder-801633-3-smb devstack@c-api.service[111670]: [pid: 111670|app: 0|req: 48/89] 10.222.0.39 () {62 vars in 1449 bytes} [Thu Jul 29 20:46:27 2021] PUT /volume/v3/f75837e175f64d298cc4c19419f58fff/group_types/e65c9043-a31f-45e7-9ac9-d892c75237c8/group_specs/key3 => generated 26 bytes in 75 msecs (HTTP/1.1 200) 7 headers in 285 bytes (1 switches on core 0)
Jul 29 20:46:28.076181 dv-cinder-801633-3-smb devstack@c-api.service[111670]: INFO cinder.api.openstack.wsgi [None req-1a08ebdf-cbb0-4fac-981c-c5baf18fac9d tempest-GroupTypeSpecsTest-2101725552 tempest-GroupTypeSpecsTest-2101725552-project-admin] GET http://10.222.0.39/volume/v3/f75837e175f64d298cc4c19419f58fff/group_types/e65c9043-a31f-45e7-9ac9-d892c75237c8/group_specs
Jul 29 20:46:28.076691 dv-cinder-801633-3-smb devstack@c-api.service[111670]: DEBUG cinder.api.openstack.wsgi [None req-1a08ebdf-cbb0-4fac-981c-c5baf18fac9d tempest-GroupTypeSpecsTest-2101725552 tempest-GroupTypeSpecsTest-2101725552-project-admin] Empty body provided in request {{(pid=111670) get_body /opt/stack/cinder/cinder/api/openstack/wsgi.py:703}}
Jul 29 20:46:28.077106 dv-cinder-801633-3-smb devstack@c-api.service[111670]: DEBUG cinder.api.openstack.wsgi [None req-1a08ebdf-cbb0-4fac-981c-c5baf18fac9d tempest-GroupTypeSpecsTest-2101725552 tempest-GroupTypeSpecsTest-2101725552-project-admin] Calling method 'version_select' {{(pid=111670) _process_stack /opt/stack/cinder/cinder/api/openstack/wsgi.py:856}}
Jul 29 20:46:28.086447 dv-cinder-801633-3-smb devstack@c-api.service[111671]: /usr/local/lib/python3.8/dist-packages/oslo_context/context.py:105: DeprecationWarning: Policy enforcement is depending on the value of is_admin. This key is deprecated. Please update your policy file to use the standard policy values.
