Jul 29 20:48:26.938146 dv-cinder-801633-3-iscsi neutron-server[99519]: DEBUG neutron.plugins.ml2.db [req-901028a3-359f-4565-bc2e-ba9f5aaff902 req-9e4ff8db-33f1-4c67-8b7a-a9e29a6ef99f tempest-DeleteServersTestJSON-1561837334 tempest-DeleteServersTestJSON-1561837334-project] For port 39053ded-5e72-4342-8909-b6cb747296b6, host hv-cinder-80163, got binding levels [PortBindingLevel(driver='hyperv',host='hv-cinder-80163',level=0,port_id=39053ded-5e72-4342-8909-b6cb747296b6,segment=NetworkSegment(6413d486-0c78-4bd4-a555-8dc3cfc864ef),segment_id=6413d486-0c78-4bd4-a555-8dc3cfc864ef)] {{(pid=99519) get_binding_level_objs /opt/stack/neutron/neutron/plugins/ml2/db.py:74}}
Jul 29 20:48:26.938510 dv-cinder-801633-3-iscsi neutron-server[99519]: DEBUG neutron_lib.callbacks.manager [req-901028a3-359f-4565-bc2e-ba9f5aaff902 req-9e4ff8db-33f1-4c67-8b7a-a9e29a6ef99f tempest-DeleteServersTestJSON-1561837334 tempest-DeleteServersTestJSON-1561837334-project] Notify callbacks ['neutron.services.l3_router.l3_router_plugin.L3_NAT_dbonly_mixin._precommit_delete_port_callback-667013'] for port, precommit_delete {{(pid=99519) _notify_loop /usr/local/lib/python3.8/dist-packages/neutron_lib/callbacks/manager.py:192}}
Jul 29 20:48:26.944470 dv-cinder-801633-3-iscsi neutron-server[99519]: INFO neutron.wsgi [req-09feb5da-a176-4e62-b003-1f67efc8f198 req-6b1a1fca-3f3c-4956-87fe-5090d56ab8f2 tempest-AttachVolumeNegativeTest-1395367668 tempest-AttachVolumeNegativeTest-1395367668-project] 10.222.0.26 "GET /v2.0/security-groups?id=877dfa04-812d-420b-8d24-06a143ee1ea5&fields=id&fields=name HTTP/1.1" status: 200 len: 286 time: 0.1013486
Jul 29 20:48:26.965394 dv-cinder-801633-3-iscsi neutron-server[99519]: DEBUG neutron.pecan_wsgi.hooks.policy_enforcement [req-317f9adf-2d84-48fb-b4ff-90037085f1f3 req-6e61d35d-cf9b-42db-adaa-cd488f14b8af tempest-ServerRescueNegativeTestJSON-2140899899 tempest-ServerRescueNegativeTestJSON-2140899899-project] Attributes excluded by policy engine: ['standard_attr_id', 'binding:profile', 'binding:host_id', 'binding:vif_type', 'binding:vif_details'] {{(pid=99519) _exclude_attributes_by_policy /opt/stack/neutron/neutron/pecan_wsgi/hooks/policy_enforcement.py:255}}
Jul 29 20:48:26.965394 dv-cinder-801633-3-iscsi neutron-server[99519]: INFO neutron.wsgi [req-317f9adf-2d84-48fb-b4ff-90037085f1f3 req-6e61d35d-cf9b-42db-adaa-cd488f14b8af tempest-ServerRescueNegativeTestJSON-2140899899 tempest-ServerRescueNegativeTestJSON-2140899899-project] 10.222.0.26 "GET /v2.0/ports?device_id=851ae309-5431-4735-8673-59d7f5e7ab18 HTTP/1.1" status: 200 len: 945 time: 0.1189747
Jul 29 20:48:26.982579 dv-cinder-801633-3-iscsi neutron-server[99519]: DEBUG neutron.plugins.ml2.plugin [req-901028a3-359f-4565-bc2e-ba9f5aaff902 req-9e4ff8db-33f1-4c67-8b7a-a9e29a6ef99f tempest-DeleteServersTestJSON-1561837334 tempest-DeleteServersTestJSON-1561837334-project] Calling delete_port for 39053ded-5e72-4342-8909-b6cb747296b6 owned by compute:nova {{(pid=99519) delete_port /opt/stack/neutron/neutron/plugins/ml2/plugin.py:1997}}
Jul 29 20:48:27.048941 dv-cinder-801633-3-iscsi neutron-server[99521]: DEBUG neutron_lib.callbacks.manager [None req-0e815adf-6b36-47d3-87d3-f5bfb8f90516 None None] Notify callbacks ['neutron.services.segments.db._update_segment_host_mapping_for_agent-8750918994207', 'neutron.plugins.ml2.plugin.Ml2Plugin._retry_binding_revived_agents-1901023'] for agent, after_update {{(pid=99521) _notify_loop /usr/local/lib/python3.8/dist-packages/neutron_lib/callbacks/manager.py:192}}
Jul 29 20:48:27.065244 dv-cinder-801633-3-iscsi neutron-server[99519]: INFO neutron.wsgi [req-317f9adf-2d84-48fb-b4ff-90037085f1f3 req-388c218d-3ba2-4b1b-848f-336fbc5be8d8 tempest-ServerRescueNegativeTestJSON-2140899899 tempest-ServerRescueNegativeTestJSON-2140899899-project] 10.222.0.26 "GET /v2.0/security-groups?id=4dd39f32-cada-497f-8aaa-cc71f7898e1c&fields=id&fields=name HTTP/1.1" status: 200 len: 286 time: 0.1002972
Jul 29 20:48:27.160972 dv-cinder-801633-3-iscsi neutron-server[99519]: DEBUG neutron_lib.callbacks.manager [req-901028a3-359f-4565-bc2e-ba9f5aaff902 req-9e4ff8db-33f1-4c67-8b7a-a9e29a6ef99f tempest-DeleteServersTestJSON-1561837334 tempest-DeleteServersTestJSON-1561837334-project] Notify callbacks ['neutron.plugins.ml2.plugin.SecurityGroupServerNotifierRpcMixin._notify_sg_on_port_change-1990879', 'neutron.plugins.ml2.ovo_rpc._ObjectChangeHandler.handle_event-445565', 'neutron.api.rpc.agentnotifiers.dhcp_rpc_agent_api.DhcpAgentNotifyAPI._native_event_send_dhcp_notification-995246', 'neutron.db.l3_db.L3RpcNotifierMixin._notify_routers_callback-8750918903071', 'neutron.db.l3_dvrscheduler_db._notify_port_delete-8750918530551'] for port, after_delete {{(pid=99519) _notify_loop /usr/local/lib/python3.8/dist-packages/neutron_lib/callbacks/manager.py:192}}
Jul 29 20:48:27.190739 dv-cinder-801633-3-iscsi neutron-server[99519]: DEBUG neutron.api.rpc.handlers.resources_rpc [None req-9e4ff8db-33f1-4c67-8b7a-a9e29a6ef99f tempest-DeleteServersTestJSON-1561837334 tempest-DeleteServersTestJSON-1561837334-project] Pushing event deleted for resources: {'Port': ['ID=39053ded-5e72-4342-8909-b6cb747296b6,revision_number=None']} {{(pid=99519) push /opt/stack/neutron/neutron/api/rpc/handlers/resources_rpc.py:237}}
Jul 29 20:48:27.214682 dv-cinder-801633-3-iscsi neutron-server[99521]: DEBUG neutron.plugins.ml2.db [None req-90b1d944-ed49-4477-b012-cd0a99be9d3b None None] get_ports_and_sgs() called for port_ids ['39053ded-5e72-4342-8909-b6cb747296b6'] {{(pid=99521) get_ports_and_sgs /opt/stack/neutron/neutron/plugins/ml2/db.py:156}}
Jul 29 20:48:27.260640 dv-cinder-801633-3-iscsi neutron-server[99519]: DEBUG neutron.db.l3_dvrscheduler_db [req-901028a3-359f-4565-bc2e-ba9f5aaff902 req-9e4ff8db-33f1-4c67-8b7a-a9e29a6ef99f tempest-DeleteServersTestJSON-1561837334 tempest-DeleteServersTestJSON-1561837334-project] No DVR routers for this DVR port 39053ded-5e72-4342-8909-b6cb747296b6 on host hv-cinder-80163 {{(pid=99519) get_dvr_routers_to_remove /opt/stack/neutron/neutron/db/l3_dvrscheduler_db.py:214}}
Jul 29 20:48:27.265831 dv-cinder-801633-3-iscsi neutron-server[99519]: DEBUG neutron_lib.callbacks.manager [req-901028a3-359f-4565-bc2e-ba9f5aaff902 req-9e4ff8db-33f1-4c67-8b7a-a9e29a6ef99f tempest-DeleteServersTestJSON-1561837334 tempest-DeleteServersTestJSON-1561837334-project] Notify callbacks ['neutron.notifiers.nova.Notifier._send_nova_notification-422648'] for port, before_response {{(pid=99519) _notify_loop /usr/local/lib/python3.8/dist-packages/neutron_lib/callbacks/manager.py:192}}
Jul 29 20:48:27.268360 dv-cinder-801633-3-iscsi neutron-server[99519]: INFO neutron.wsgi [req-901028a3-359f-4565-bc2e-ba9f5aaff902 req-9e4ff8db-33f1-4c67-8b7a-a9e29a6ef99f tempest-DeleteServersTestJSON-1561837334 tempest-DeleteServersTestJSON-1561837334-project] 10.222.0.42 "DELETE /v2.0/ports/39053ded-5e72-4342-8909-b6cb747296b6 HTTP/1.1" status: 204 len: 173 time: 0.7008224
Jul 29 20:48:27.268986 dv-cinder-801633-3-iscsi neutron-server[99519]: DEBUG neutron.notifiers.nova [-] Sending events: [{'server_uuid': '78c68960-61d3-414e-ab34-420c90f737a1', 'name': 'network-vif-deleted', 'tag': '39053ded-5e72-4342-8909-b6cb747296b6'}] {{(pid=99519) send_events /opt/stack/neutron/neutron/notifiers/nova.py:262}}
Jul 29 20:48:27.271437 dv-cinder-801633-3-iscsi neutron-server[99519]: DEBUG novaclient.v2.client [-] REQ: curl -g -i --cacert "/opt/stack/data/ca-bundle.pem" -X POST http://10.222.0.26/compute/v2.1/os-server-external-events -H "Accept: application/json" -H "Content-Type: application/json" -H "User-Agent: python-novaclient" -H "X-Auth-Token: {SHA256}9644ef56a55aecac55ae71bc92466f9f32d6633ac85f7c7818d4251dfc7044a7" -H "X-OpenStack-Nova-API-Version: 2.1" -H "X-OpenStack-Request-ID: req-edc298bd-eade-485c-b5b8-b2253c71ed79" -d '{"events": [{"server_uuid": "78c68960-61d3-414e-ab34-420c90f737a1", "name": "network-vif-deleted", "tag": "39053ded-5e72-4342-8909-b6cb747296b6"}]}' {{(pid=99519) _http_log_request /usr/local/lib/python3.8/dist-packages/keystoneauth1/session.py:519}}
Jul 29 20:48:27.309656 dv-cinder-801633-3-iscsi neutron-server[99519]: DEBUG novaclient.v2.client [-] RESP: [200] Connection: close Content-Length: 183 Content-Type: application/json Date: Thu, 29 Jul 2021 20:48:27 GMT OpenStack-API-Version: compute 2.1 Server: Apache/2.4.41 (Ubuntu) Vary: OpenStack-API-Version,X-OpenStack-Nova-API-Version X-OpenStack-Nova-API-Version: 2.1 x-compute-request-id: req-a7597887-d799-4b53-9c1e-e61191d62048 x-openstack-request-id: req-a7597887-d799-4b53-9c1e-e61191d62048 {{(pid=99519) _http_log_response /usr/local/lib/python3.8/dist-packages/keystoneauth1/session.py:550}}
Jul 29 20:48:27.309946 dv-cinder-801633-3-iscsi neutron-server[99519]: DEBUG novaclient.v2.client [-] RESP BODY: {"events": [{"server_uuid": "78c68960-61d3-414e-ab34-420c90f737a1", "name": "network-vif-deleted", "tag": "39053ded-5e72-4342-8909-b6cb747296b6", "status": "completed", "code": 200}]} {{(pid=99519) _http_log_response /usr/local/lib/python3.8/dist-packages/keystoneauth1/session.py:582}}
Jul 29 20:48:27.310196 dv-cinder-801633-3-iscsi neutron-server[99519]: DEBUG novaclient.v2.client [-] POST call to compute for http://10.222.0.26/compute/v2.1/os-server-external-events used request id req-a7597887-d799-4b53-9c1e-e61191d62048 {{(pid=99519) request /usr/local/lib/python3.8/dist-packages/keystoneauth1/session.py:954}}
Jul 29 20:48:27.310613 dv-cinder-801633-3-iscsi neutron-server[99519]: INFO neutron.notifiers.nova [-] Nova event response: {'server_uuid': '78c68960-61d3-414e-ab34-420c90f737a1', 'name': 'network-vif-deleted', 'tag': '39053ded-5e72-4342-8909-b6cb747296b6', 'status': 'completed', 'code': 200}
Jul 29 20:48:27.473046 dv-cinder-801633-3-iscsi neutron-server[99520]: DEBUG neutron.wsgi [-] (99520) accepted ('10.222.0.26', 56358) {{(pid=99520) server /usr/local/lib/python3.8/dist-packages/eventlet/wsgi.py:982}}
Jul 29 20:48:27.581425 dv-cinder-801633-3-iscsi neutron-server[99520]: DEBUG neutron_lib.callbacks.manager [None req-f1baa4b0-9ea6-4cd9-81df-c5dd388cea1a admin admin] Notify callbacks [] for security_group, before_create {{(pid=99520) _notify_loop /usr/local/lib/python3.8/dist-packages/neutron_lib/callbacks/manager.py:192}}
Jul 29 20:48:27.867667 dv-cinder-801633-3-iscsi neutron-server[99520]: DEBUG neutron_lib.callbacks.manager [None req-f1baa4b0-9ea6-4cd9-81df-c5dd388cea1a admin admin] Notify callbacks [] for security_group, precommit_create {{(pid=99520) _notify_loop /usr/local/lib/python3.8/dist-packages/neutron_lib/callbacks/manager.py:192}}
Jul 29 20:48:27.872708 dv-cinder-801633-3-iscsi neutron-server[99520]: DEBUG neutron_lib.callbacks.manager [None req-f1baa4b0-9ea6-4cd9-81df-c5dd388cea1a admin admin] Notify callbacks ['neutron.plugins.ml2.ovo_rpc._ObjectChangeHandler.handle_event-527855'] for security_group, after_create {{(pid=99520) _notify_loop /usr/local/lib/python3.8/dist-packages/neutron_lib/callbacks/manager.py:192}}
Jul 29 20:48:27.907763 dv-cinder-801633-3-iscsi neutron-server[99519]: INFO neutron.wsgi [req-5268a70c-1133-408f-bfe0-513c1e3a757d req-9f1d7e1c-6e80-4dfa-8a2b-cf9b293d83a1 tempest-DeleteServersTestJSON-1561837334 tempest-DeleteServersTestJSON-1561837334-project] 10.222.0.26 "GET /v2.0/ports?device_id=78c68960-61d3-414e-ab34-420c90f737a1 HTTP/1.1" status: 200 len: 210 time: 0.0619369
Jul 29 20:48:27.910470 dv-cinder-801633-3-iscsi neutron-server[99519]: INFO neutron.wsgi [req-2a425fbd-610a-4349-94f5-14a33a2d39d6 req-7cf21265-b067-49cb-88b9-bb07f78c2870 tempest-VolumesNegativeTest-605091968 tempest-VolumesNegativeTest-605091968-project] 10.222.0.26 "GET /v2.0/networks?tenant_id=23c5c1c82afc487e88ba4a7991c6a1e1&shared=False HTTP/1.1" status: 200 len: 213 time: 0.0521576
Jul 29 20:48:27.914079 dv-cinder-801633-3-iscsi neutron-server[99519]: DEBUG neutron.wsgi [-] (99519) accepted ('10.222.0.26', 56380) {{(pid=99519) server /usr/local/lib/python3.8/dist-packages/eventlet/wsgi.py:982}}
Jul 29 20:48:27.914404 dv-cinder-801633-3-iscsi neutron-server[99520]: INFO neutron.wsgi [None req-f1baa4b0-9ea6-4cd9-81df-c5dd388cea1a admin admin] 10.222.0.26 "GET /v2.0/security-groups?tenant_id=486897f1a49744d7a8df24a6f679646a&name=default HTTP/1.1" status: 200 len: 2979 time: 0.4400299
Jul 29 20:48:27.915557 dv-cinder-801633-3-iscsi neutron-server[99520]: DEBUG neutron.api.rpc.handlers.resources_rpc [None req-f1baa4b0-9ea6-4cd9-81df-c5dd388cea1a admin admin] Pushing event updated for resources: {'SecurityGroup': ['ID=139d6113-e5b1-47e4-8e9c-67e51038d490,revision_number=1']} {{(pid=99520) push /opt/stack/neutron/neutron/api/rpc/handlers/resources_rpc.py:237}}
Jul 29 20:48:28.158340 dv-cinder-801633-3-iscsi neutron-server[99519]: DEBUG neutron_lib.callbacks.manager [None req-a5bbc57b-1e87-4efc-b921-07e2fc187794 admin admin] Notify callbacks [] for security_group, before_delete {{(pid=99519) _notify_loop /usr/local/lib/python3.8/dist-packages/neutron_lib/callbacks/manager.py:192}}
Jul 29 20:48:28.168500 dv-cinder-801633-3-iscsi neutron-server[99519]: DEBUG neutron.pecan_wsgi.hooks.policy_enforcement [req-d0a46719-37c8-462e-956e-285c0e521723 req-3f6cbf9e-cf4d-4404-9574-b4d9c7db3ff6 tempest-AttachVolumeNegativeTest-1395367668 tempest-AttachVolumeNegativeTest-1395367668-project] Attributes excluded by policy engine: ['standard_attr_id', 'binding:profile', 'binding:host_id', 'binding:vif_type', 'binding:vif_details'] {{(pid=99519) _exclude_attributes_by_policy /opt/stack/neutron/neutron/pecan_wsgi/hooks/policy_enforcement.py:255}}
Jul 29 20:48:28.169946 dv-cinder-801633-3-iscsi neutron-server[99519]: INFO neutron.wsgi [req-d0a46719-37c8-462e-956e-285c0e521723 req-3f6cbf9e-cf4d-4404-9574-b4d9c7db3ff6 tempest-AttachVolumeNegativeTest-1395367668 tempest-AttachVolumeNegativeTest-1395367668-project] 10.222.0.26 "GET /v2.0/ports?device_id=0c2c3888-1d09-4feb-9c7a-dd71ec0740b0 HTTP/1.1" status: 200 len: 945 time: 0.1475463
Jul 29 20:48:28.180394 dv-cinder-801633-3-iscsi neutron-server[99519]: DEBUG neutron.pecan_wsgi.hooks.policy_enforcement [req-2a425fbd-610a-4349-94f5-14a33a2d39d6 req-c0ea21df-39a0-4ff0-b0a2-4ca87e75231d tempest-VolumesNegativeTest-605091968 tempest-VolumesNegativeTest-605091968-project] Attributes excluded by policy engine: ['standard_attr_id', 'vlan_transparent', 'provider:network_type', 'provider:physical_network', 'provider:segmentation_id'] {{(pid=99519) _exclude_attributes_by_policy /opt/stack/neutron/neutron/pecan_wsgi/hooks/policy_enforcement.py:255}}
Jul 29 20:48:28.181732 dv-cinder-801633-3-iscsi neutron-server[99519]: INFO neutron.wsgi [req-2a425fbd-610a-4349-94f5-14a33a2d39d6 req-c0ea21df-39a0-4ff0-b0a2-4ca87e75231d tempest-VolumesNegativeTest-605091968 tempest-VolumesNegativeTest-605091968-project] 10.222.0.26 "GET /v2.0/networks?shared=True HTTP/1.1" status: 200 len: 769 time: 0.2577209
Jul 29 20:48:28.218919 dv-cinder-801633-3-iscsi neutron-server[99519]: DEBUG neutron_lib.callbacks.manager [None req-a5bbc57b-1e87-4efc-b921-07e2fc187794 admin admin] Notify callbacks [] for security_group, precommit_delete {{(pid=99519) _notify_loop /usr/local/lib/python3.8/dist-packages/neutron_lib/callbacks/manager.py:192}}
Jul 29 20:48:28.227254 dv-cinder-801633-3-iscsi neutron-server[99519]: INFO neutron.wsgi [req-2a425fbd-610a-4349-94f5-14a33a2d39d6 req-637b1b1e-4e08-4b46-b6fe-7d60790eb919 tempest-VolumesNegativeTest-605091968 tempest-VolumesNegativeTest-605091968-project] 10.222.0.26 "GET /v2.0/quotas/23c5c1c82afc487e88ba4a7991c6a1e1 HTTP/1.1" status: 200 len: 375 time: 0.0393703
Jul 29 20:48:28.278431 dv-cinder-801633-3-iscsi neutron-server[99519]: INFO neutron.wsgi [req-d0a46719-37c8-462e-956e-285c0e521723 req-0a822e66-5037-4f3c-8ec5-fd8369cceb87 tempest-AttachVolumeNegativeTest-1395367668 tempest-AttachVolumeNegativeTest-1395367668-project] 10.222.0.26 "GET /v2.0/security-groups?id=877dfa04-812d-420b-8d24-06a143ee1ea5&fields=id&fields=name HTTP/1.1" status: 200 len: 286 time: 0.0957744
Jul 29 20:48:28.282969 dv-cinder-801633-3-iscsi neutron-server[99519]: INFO neutron.wsgi [req-2a425fbd-610a-4349-94f5-14a33a2d39d6 req-d7f7cb97-dd38-45b0-bba5-fb4ea4accce0 tempest-VolumesNegativeTest-605091968 tempest-VolumesNegativeTest-605091968-project] 10.222.0.26 "GET /v2.0/ports?tenant_id=23c5c1c82afc487e88ba4a7991c6a1e1&fields=id HTTP/1.1" status: 200 len: 210 time: 0.0444076
Jul 29 20:48:28.312314 dv-cinder-801633-3-iscsi neutron-server[99519]: DEBUG neutron_lib.callbacks.manager [None req-a5bbc57b-1e87-4efc-b921-07e2fc187794 admin admin] Notify callbacks ['neutron.plugins.ml2.ovo_rpc._ObjectChangeHandler.handle_event-527855'] for security_group, after_delete {{(pid=99519) _notify_loop /usr/local/lib/python3.8/dist-packages/neutron_lib/callbacks/manager.py:192}}
Jul 29 20:48:28.315386 dv-cinder-801633-3-iscsi neutron-server[99519]: DEBUG neutron_lib.callbacks.manager [None req-a5bbc57b-1e87-4efc-b921-07e2fc187794 admin admin] Notify callbacks [] for security_group, before_response {{(pid=99519) _notify_loop /usr/local/lib/python3.8/dist-packages/neutron_lib/callbacks/manager.py:192}}
Jul 29 20:48:28.316536 dv-cinder-801633-3-iscsi neutron-server[99519]: INFO neutron.wsgi [None req-a5bbc57b-1e87-4efc-b921-07e2fc187794 admin admin] 10.222.0.26 "DELETE /v2.0/security-groups/139d6113-e5b1-47e4-8e9c-67e51038d490 HTTP/1.1" status: 204 len: 168 time: 0.4006379
Jul 29 20:48:28.338906 dv-cinder-801633-3-iscsi neutron-server[99519]: DEBUG neutron.api.rpc.handlers.resources_rpc [None req-a5bbc57b-1e87-4efc-b921-07e2fc187794 admin admin] Pushing event deleted for resources: {'SecurityGroup': ['ID=139d6113-e5b1-47e4-8e9c-67e51038d490,revision_number=None']} {{(pid=99519) push /opt/stack/neutron/neutron/api/rpc/handlers/resources_rpc.py:237}}
Jul 29 20:48:28.411419 dv-cinder-801633-3-iscsi neutron-server[99519]: DEBUG neutron.pecan_wsgi.hooks.policy_enforcement [req-7a8b626e-706b-4eee-839d-20272be5f187 req-d205bcf6-8872-45be-a037-6faf6241f714 tempest-ServerRescueNegativeTestJSON-2140899899 tempest-ServerRescueNegativeTestJSON-2140899899-project] Attributes excluded by policy engine: ['standard_attr_id', 'binding:profile', 'binding:host_id', 'binding:vif_type', 'binding:vif_details'] {{(pid=99519) _exclude_attributes_by_policy /opt/stack/neutron/neutron/pecan_wsgi/hooks/policy_enforcement.py:255}}
Jul 29 20:48:28.412927 dv-cinder-801633-3-iscsi neutron-server[99519]: INFO neutron.wsgi [req-7a8b626e-706b-4eee-839d-20272be5f187 req-d205bcf6-8872-45be-a037-6faf6241f714 tempest-ServerRescueNegativeTestJSON-2140899899 tempest-ServerRescueNegativeTestJSON-2140899899-project] 10.222.0.26 "GET /v2.0/ports?device_id=851ae309-5431-4735-8673-59d7f5e7ab18 HTTP/1.1" status: 200 len: 945 time: 0.0761755
Jul 29 20:48:28.475328 dv-cinder-801633-3-iscsi neutron-server[99519]: INFO neutron.wsgi [req-7a8b626e-706b-4eee-839d-20272be5f187 req-5add4d28-e4e6-4b79-9645-033e8b74ed0f tempest-ServerRescueNegativeTestJSON-2140899899 tempest-ServerRescueNegativeTestJSON-2140899899-project] 10.222.0.26 "GET /v2.0/security-groups?id=4dd39f32-cada-497f-8aaa-cc71f7898e1c&fields=id&fields=name HTTP/1.1" status: 200 len: 286 time: 0.0538857
Jul 29 20:48:28.585100 dv-cinder-801633-3-iscsi neutron-server[99519]: INFO neutron.wsgi [req-a3e49f5c-3c51-4a03-866c-86bb77d83ff6 req-9c9cee22-9cfd-4f8f-a184-7edadd8c6ee4 tempest-VolumesNegativeTest-605091968 tempest-VolumesNegativeTest-605091968-project] 10.222.0.26 "GET /v2.0/ports?device_id=7ad54857-41d6-4807-8bb7-7f0e013ac34a HTTP/1.1" status: 200 len: 210 time: 0.0576525
Jul 29 20:48:28.698036 dv-cinder-801633-3-iscsi neutron-server[99519]: DEBUG neutron.wsgi [-] (99519) accepted ('10.222.0.26', 56410) {{(pid=99519) server /usr/local/lib/python3.8/dist-packages/eventlet/wsgi.py:982}}
Jul 29 20:48:28.711789 dv-cinder-801633-3-iscsi neutron-server[99519]: DEBUG neutron_lib.callbacks.manager [None req-7362f879-7a59-4af3-a512-e68da0a58835 admin admin] Notify callbacks [] for security_group, before_create {{(pid=99519) _notify_loop /usr/local/lib/python3.8/dist-packages/neutron_lib/callbacks/manager.py:192}}
Jul 29 20:48:28.851129 dv-cinder-801633-3-iscsi neutron-server[99519]: DEBUG neutron_lib.callbacks.manager [None req-7362f879-7a59-4af3-a512-e68da0a58835 admin admin] Notify callbacks [] for security_group, precommit_create {{(pid=99519) _notify_loop /usr/local/lib/python3.8/dist-packages/neutron_lib/callbacks/manager.py:192}}
Jul 29 20:48:28.857798 dv-cinder-801633-3-iscsi neutron-server[99519]: DEBUG neutron_lib.callbacks.manager [None req-7362f879-7a59-4af3-a512-e68da0a58835 admin admin] Notify callbacks ['neutron.plugins.ml2.ovo_rpc._ObjectChangeHandler.handle_event-527855'] for security_group, after_create {{(pid=99519) _notify_loop /usr/local/lib/python3.8/dist-packages/neutron_lib/callbacks/manager.py:192}}
Jul 29 20:48:28.905975 dv-cinder-801633-3-iscsi neutron-server[99519]: INFO neutron.wsgi [None req-7362f879-7a59-4af3-a512-e68da0a58835 admin admin] 10.222.0.26 "GET /v2.0/security-groups?tenant_id=0d4a7445541f44819f330a36288fa24c&name=default HTTP/1.1" status: 200 len: 2979 time: 0.2067866
Jul 29 20:48:28.906945 dv-cinder-801633-3-iscsi neutron-server[99519]: DEBUG neutron.api.rpc.handlers.resources_rpc [None req-7362f879-7a59-4af3-a512-e68da0a58835 admin admin] Pushing event updated for resources: {'SecurityGroup': ['ID=aa7b8c60-e496-4026-93bd-82df95d44f17,revision_number=1']} {{(pid=99519) push /opt/stack/neutron/neutron/api/rpc/handlers/resources_rpc.py:237}}
Jul 29 20:48:28.908718 dv-cinder-801633-3-iscsi neutron-server[99520]: DEBUG neutron.wsgi [-] (99520) accepted ('10.222.0.26', 56420) {{(pid=99520) server /usr/local/lib/python3.8/dist-packages/eventlet/wsgi.py:982}}
Jul 29 20:48:28.980226 dv-cinder-801633-3-iscsi neutron-server[99520]: DEBUG neutron_lib.callbacks.manager [None req-7494ae43-825f-4795-82cf-59b68515d849 admin admin] Notify callbacks [] for security_group, before_delete {{(pid=99520) _notify_loop /usr/local/lib/python3.8/dist-packages/neutron_lib/callbacks/manager.py:192}}
Jul 29 20:48:29.008595 dv-cinder-801633-3-iscsi neutron-server[99520]: DEBUG neutron_lib.callbacks.manager [None req-7494ae43-825f-4795-82cf-59b68515d849 admin admin] Notify callbacks [] for security_group, precommit_delete {{(pid=99520) _notify_loop /usr/local/lib/python3.8/dist-packages/neutron_lib/callbacks/manager.py:192}}
Jul 29 20:48:29.063976 dv-cinder-801633-3-iscsi neutron-server[99520]: DEBUG neutron_lib.callbacks.manager [None req-7494ae43-825f-4795-82cf-59b68515d849 admin admin] Notify callbacks ['neutron.plugins.ml2.ovo_rpc._ObjectChangeHandler.handle_event-527855'] for security_group, after_delete {{(pid=99520) _notify_loop /usr/local/lib/python3.8/dist-packages/neutron_lib/callbacks/manager.py:192}}
Jul 29 20:48:29.067649 dv-cinder-801633-3-iscsi neutron-server[99520]: DEBUG neutron_lib.callbacks.manager [None req-7494ae43-825f-4795-82cf-59b68515d849 admin admin] Notify callbacks [] for security_group, before_response {{(pid=99520) _notify_loop /usr/local/lib/python3.8/dist-packages/neutron_lib/callbacks/manager.py:192}}
Jul 29 20:48:29.068846 dv-cinder-801633-3-iscsi neutron-server[99520]: INFO neutron.wsgi [None req-7494ae43-825f-4795-82cf-59b68515d849 admin admin] 10.222.0.26 "DELETE /v2.0/security-groups/aa7b8c60-e496-4026-93bd-82df95d44f17 HTTP/1.1" status: 204 len: 168 time: 0.1585219
Jul 29 20:48:29.081041 dv-cinder-801633-3-iscsi neutron-server[99520]: DEBUG neutron.api.rpc.handlers.resources_rpc [None req-7494ae43-825f-4795-82cf-59b68515d849 admin admin] Pushing event deleted for resources: {'SecurityGroup': ['ID=aa7b8c60-e496-4026-93bd-82df95d44f17,revision_number=None']} {{(pid=99520) push /opt/stack/neutron/neutron/api/rpc/handlers/resources_rpc.py:237}}
Jul 29 20:48:29.600736 dv-cinder-801633-3-iscsi neutron-server[99519]: DEBUG neutron.pecan_wsgi.hooks.policy_enforcement [req-a24b221a-4255-45bb-97b7-708f9c4a9c44 req-1fcaa341-0f0a-400c-b990-5855a20b43b2 tempest-ServerRescueNegativeTestJSON-2140899899 tempest-ServerRescueNegativeTestJSON-2140899899-project] Attributes excluded by policy engine: ['standard_attr_id', 'binding:profile', 'binding:host_id', 'binding:vif_type', 'binding:vif_details'] {{(pid=99519) _exclude_attributes_by_policy /opt/stack/neutron/neutron/pecan_wsgi/hooks/policy_enforcement.py:255}}
Jul 29 20:48:29.602204 dv-cinder-801633-3-iscsi neutron-server[99519]: INFO neutron.wsgi [req-a24b221a-4255-45bb-97b7-708f9c4a9c44 req-1fcaa341-0f0a-400c-b990-5855a20b43b2 tempest-ServerRescueNegativeTestJSON-2140899899 tempest-ServerRescueNegativeTestJSON-2140899899-project] 10.222.0.26 "GET /v2.0/ports?device_id=851ae309-5431-4735-8673-59d7f5e7ab18 HTTP/1.1" status: 200 len: 945 time: 0.0488274
Jul 29 20:48:29.647082 dv-cinder-801633-3-iscsi neutron-server[99519]: INFO neutron.wsgi [req-a24b221a-4255-45bb-97b7-708f9c4a9c44 req-81405d8e-62aa-4b69-bf44-f304814fa4e5 tempest-ServerRescueNegativeTestJSON-2140899899 tempest-ServerRescueNegativeTestJSON-2140899899-project] 10.222.0.26 "GET /v2.0/security-groups?id=4dd39f32-cada-497f-8aaa-cc71f7898e1c&fields=id&fields=name HTTP/1.1" status: 200 len: 286 time: 0.0354252
Jul 29 20:48:29.685141 dv-cinder-801633-3-iscsi neutron-server[99519]: INFO neutron.wsgi [req-f09ff9bd-aa50-45ce-9802-04d721922d2b req-65071f89-c8e2-4e20-be17-a701ec863494 tempest-VolumesNegativeTest-605091968 tempest-VolumesNegativeTest-605091968-project] 10.222.0.26 "GET /v2.0/ports?device_id=7ad54857-41d6-4807-8bb7-7f0e013ac34a HTTP/1.1" status: 200 len: 210 time: 0.0311882
Jul 29 20:48:30.181633 dv-cinder-801633-3-iscsi neutron-server[99519]: INFO neutron.wsgi [req-2a425fbd-610a-4349-94f5-14a33a2d39d6 req-a8555bbf-d730-4c66-85d9-12cfb1200fdb tempest-VolumesNegativeTest-605091968 tempest-VolumesNegativeTest-605091968-project] 10.222.0.42 "GET /v2.0/networks?tenant_id=23c5c1c82afc487e88ba4a7991c6a1e1&shared=False HTTP/1.1" status: 200 len: 213 time: 0.0289373
Jul 29 20:48:30.305350 dv-cinder-801633-3-iscsi neutron-server[99519]: DEBUG neutron.pecan_wsgi.hooks.policy_enforcement [req-2a425fbd-610a-4349-94f5-14a33a2d39d6 req-ab2d3f72-da9e-49e8-8ca7-5ef603b28f23 tempest-VolumesNegativeTest-605091968 tempest-VolumesNegativeTest-605091968-project] Attributes excluded by policy engine: ['standard_attr_id', 'vlan_transparent', 'provider:network_type', 'provider:physical_network', 'provider:segmentation_id'] {{(pid=99519) _exclude_attributes_by_policy /opt/stack/neutron/neutron/pecan_wsgi/hooks/policy_enforcement.py:255}}
Jul 29 20:48:30.306797 dv-cinder-801633-3-iscsi neutron-server[99519]: INFO neutron.wsgi [req-2a425fbd-610a-4349-94f5-14a33a2d39d6 req-ab2d3f72-da9e-49e8-8ca7-5ef603b28f23 tempest-VolumesNegativeTest-605091968 tempest-VolumesNegativeTest-605091968-project] 10.222.0.42 "GET /v2.0/networks?shared=True HTTP/1.1" status: 200 len: 769 time: 0.1101747
Jul 29 20:48:30.371157 dv-cinder-801633-3-iscsi neutron-server[99519]: DEBUG neutron.api.v2.base [req-2a425fbd-610a-4349-94f5-14a33a2d39d6 req-0f63fddd-5d93-4a8c-ba57-8a38660e7c1f tempest-VolumesNegativeTest-605091968 tempest-VolumesNegativeTest-605091968-project] Request body: {'port': {'device_id': '7ad54857-41d6-4807-8bb7-7f0e013ac34a', 'network_id': '9925604b-8532-405f-99e5-c3be6975ab20', 'admin_state_up': True, 'tenant_id': '23c5c1c82afc487e88ba4a7991c6a1e1'}} {{(pid=99519) prepare_request_body /opt/stack/neutron/neutron/api/v2/base.py:729}}
Jul 29 20:48:30.404538 dv-cinder-801633-3-iscsi neutron-server[99520]: DEBUG neutron.wsgi [-] (99520) accepted ('10.222.0.26', 56506) {{(pid=99520) server /usr/local/lib/python3.8/dist-packages/eventlet/wsgi.py:982}}
Jul 29 20:48:30.453353 dv-cinder-801633-3-iscsi neutron-server[99520]: DEBUG neutron.db.db_base_plugin_v2 [None req-83436bb5-6d53-4b8c-9ba4-74d48706e98b admin admin] Deleting subnet d1580e2d-56cb-4626-aa5c-e5951a577f47 {{(pid=99520) delete_subnet /opt/stack/neutron/neutron/db/db_base_plugin_v2.py:1056}}
Jul 29 20:48:30.458244 dv-cinder-801633-3-iscsi neutron-server[99520]: DEBUG neutron_lib.callbacks.manager [None req-83436bb5-6d53-4b8c-9ba4-74d48706e98b admin admin] Notify callbacks [] for subnet, before_delete {{(pid=99520) _notify_loop /usr/local/lib/python3.8/dist-packages/neutron_lib/callbacks/manager.py:192}}
Jul 29 20:48:30.491922 dv-cinder-801633-3-iscsi neutron-server[99520]: DEBUG neutron_lib.callbacks.manager [None req-83436bb5-6d53-4b8c-9ba4-74d48706e98b admin admin] Notify callbacks ['neutron.services.segments.plugin.Plugin._validate_auto_address_subnet_delete-26594090'] for subnet, precommit_delete_associations {{(pid=99520) _notify_loop /usr/local/lib/python3.8/dist-packages/neutron_lib/callbacks/manager.py:192}}
Jul 29 20:48:30.494891 dv-cinder-801633-3-iscsi neutron-server[99519]: DEBUG neutron.pecan_wsgi.hooks.quota_enforcement [req-2a425fbd-610a-4349-94f5-14a33a2d39d6 req-0f63fddd-5d93-4a8c-ba57-8a38660e7c1f tempest-VolumesNegativeTest-605091968 tempest-VolumesNegativeTest-605091968-project] Made reservation on behalf of 23c5c1c82afc487e88ba4a7991c6a1e1 for: {'port': 1} {{(pid=99519) before /opt/stack/neutron/neutron/pecan_wsgi/hooks/quota_enforcement.py:53}}
Jul 29 20:48:30.498383 dv-cinder-801633-3-iscsi neutron-server[99519]: DEBUG neutron_lib.callbacks.manager [req-2a425fbd-610a-4349-94f5-14a33a2d39d6 req-0f63fddd-5d93-4a8c-ba57-8a38660e7c1f tempest-VolumesNegativeTest-605091968 tempest-VolumesNegativeTest-605091968-project] Notify callbacks ['neutron.plugins.ml2.plugin.SecurityGroupDbMixin._ensure_default_security_group_handler-2073874'] for port, before_create {{(pid=99519) _notify_loop /usr/local/lib/python3.8/dist-packages/neutron_lib/callbacks/manager.py:192}}
Jul 29 20:48:30.508034 dv-cinder-801633-3-iscsi neutron-server[99519]: DEBUG neutron_lib.callbacks.manager [req-2a425fbd-610a-4349-94f5-14a33a2d39d6 req-0f63fddd-5d93-4a8c-ba57-8a38660e7c1f tempest-VolumesNegativeTest-605091968 tempest-VolumesNegativeTest-605091968-project] Notify callbacks [] for security_group, before_create {{(pid=99519) _notify_loop /usr/local/lib/python3.8/dist-packages/neutron_lib/callbacks/manager.py:192}}
Jul 29 20:48:30.531145 dv-cinder-801633-3-iscsi neutron-server[99520]: DEBUG neutron_lib.callbacks.manager [None req-83436bb5-6d53-4b8c-9ba4-74d48706e98b admin admin] Notify callbacks ['neutron.plugins.ml2.plugin.Ml2Plugin._subnet_delete_precommit_handler-1905038'] for subnet, precommit_delete {{(pid=99520) _notify_loop /usr/local/lib/python3.8/dist-packages/neutron_lib/callbacks/manager.py:192}}
Jul 29 20:48:30.592102 dv-cinder-801633-3-iscsi neutron-server[99520]: DEBUG neutron_lib.callbacks.manager [None req-83436bb5-6d53-4b8c-9ba4-74d48706e98b admin admin] Notify callbacks ['neutron.plugins.ml2.plugin.Ml2Plugin._subnet_delete_after_delete_handler-1905013', 'neutron.plugins.ml2.ovo_rpc._ObjectChangeHandler.handle_event-535347', 'neutron.api.rpc.agentnotifiers.dhcp_rpc_agent_api.DhcpAgentNotifyAPI._native_event_send_dhcp_notification-995246', 'neutron.services.segments.plugin.NovaSegmentNotifier._notify_subnet_deleted-25640197', 'neutron.services.segments.plugin.SegmentHostRoutes.host_routes_after_delete-25655196'] for subnet, after_delete {{(pid=99520) _notify_loop /usr/local/lib/python3.8/dist-packages/neutron_lib/callbacks/manager.py:192}}
Jul 29 20:48:30.614240 dv-cinder-801633-3-iscsi neutron-server[99519]: DEBUG neutron_lib.callbacks.manager [req-2a425fbd-610a-4349-94f5-14a33a2d39d6 req-0f63fddd-5d93-4a8c-ba57-8a38660e7c1f tempest-VolumesNegativeTest-605091968 tempest-VolumesNegativeTest-605091968-project] Notify callbacks [] for security_group, precommit_create {{(pid=99519) _notify_loop /usr/local/lib/python3.8/dist-packages/neutron_lib/callbacks/manager.py:192}}
Jul 29 20:48:30.618044 dv-cinder-801633-3-iscsi neutron-server[99519]: DEBUG neutron_lib.callbacks.manager [req-2a425fbd-610a-4349-94f5-14a33a2d39d6 req-0f63fddd-5d93-4a8c-ba57-8a38660e7c1f tempest-VolumesNegativeTest-605091968 tempest-VolumesNegativeTest-605091968-project] Notify callbacks ['neutron.plugins.ml2.ovo_rpc._ObjectChangeHandler.handle_event-527855'] for security_group, after_create {{(pid=99519) _notify_loop /usr/local/lib/python3.8/dist-packages/neutron_lib/callbacks/manager.py:192}}
Jul 29 20:48:30.641425 dv-cinder-801633-3-iscsi neutron-server[99520]: DEBUG neutron.api.rpc.handlers.resources_rpc [None req-83436bb5-6d53-4b8c-9ba4-74d48706e98b admin admin] Pushing event deleted for resources: {'Subnet': ['ID=d1580e2d-56cb-4626-aa5c-e5951a577f47,revision_number=None']} {{(pid=99520) push /opt/stack/neutron/neutron/api/rpc/handlers/resources_rpc.py:237}}
Jul 29 20:48:30.646374 dv-cinder-801633-3-iscsi neutron-server[99520]: DEBUG neutron_lib.callbacks.manager [None req-83436bb5-6d53-4b8c-9ba4-74d48706e98b admin admin] Notify callbacks [] for subnet, before_response {{(pid=99520) _notify_loop /usr/local/lib/python3.8/dist-packages/neutron_lib/callbacks/manager.py:192}}
Jul 29 20:48:30.647151 dv-cinder-801633-3-iscsi neutron-server[99519]: DEBUG neutron.api.rpc.handlers.resources_rpc [None req-0f63fddd-5d93-4a8c-ba57-8a38660e7c1f tempest-VolumesNegativeTest-605091968 tempest-VolumesNegativeTest-605091968-project] Pushing event updated for resources: {'SecurityGroup': ['ID=abbba8fc-5514-4e88-b5ff-ad4b646fb6bf,revision_number=1']} {{(pid=99519) push /opt/stack/neutron/neutron/api/rpc/handlers/resources_rpc.py:237}}
Jul 29 20:48:30.649046 dv-cinder-801633-3-iscsi neutron-server[99520]: INFO neutron.wsgi [None req-83436bb5-6d53-4b8c-9ba4-74d48706e98b admin admin] 10.222.0.26 "DELETE /v2.0/subnets/d1580e2d-56cb-4626-aa5c-e5951a577f47 HTTP/1.1" status: 204 len: 168 time: 0.2424827
Jul 29 20:48:30.650768 dv-cinder-801633-3-iscsi neutron-server[99520]: DEBUG neutron.wsgi [-] (99520) accepted ('10.222.0.26', 56516) {{(pid=99520) server /usr/local/lib/python3.8/dist-packages/eventlet/wsgi.py:982}}
Jul 29 20:48:30.721574 dv-cinder-801633-3-iscsi neutron-server[99520]: DEBUG neutron_lib.callbacks.manager [None req-988abaf9-4224-4699-9e20-0beac5416b34 admin admin] Notify callbacks ['neutron.plugins.ml2.plugin.External_net_db_mixin._before_network_delete_handler-2042759'] for network, before_delete {{(pid=99520) _notify_loop /usr/local/lib/python3.8/dist-packages/neutron_lib/callbacks/manager.py:192}}
Jul 29 20:48:30.810399 dv-cinder-801633-3-iscsi neutron-server[99520]: DEBUG neutron_lib.callbacks.manager [None req-988abaf9-4224-4699-9e20-0beac5416b34 admin admin] Notify callbacks ['neutron.plugins.ml2.plugin.Ml2Plugin._network_delete_precommit_handler-1907737', 'neutron.services.segments.db._delete_segments_for_network-8750918994225'] for network, precommit_delete {{(pid=99520) _notify_loop /usr/local/lib/python3.8/dist-packages/neutron_lib/callbacks/manager.py:192}}
Jul 29 20:48:30.821953 dv-cinder-801633-3-iscsi neutron-server[99520]: DEBUG neutron.services.segments.db [None req-988abaf9-4224-4699-9e20-0beac5416b34 admin admin] neutron.services.segments.plugin.Plugin method get_segments called with arguments (,) {'filters': {'network_id': ['a5460000-2237-47ef-8c8d-1c3bcca65593']}} {{(pid=99520) wrapper /usr/local/lib/python3.8/dist-packages/oslo_log/helpers.py:65}}
Jul 29 20:48:30.824685 dv-cinder-801633-3-iscsi neutron-server[99519]: INFO neutron.wsgi [req-819744c8-80d6-404f-bc1b-ae5fb3424d60 req-2dac9560-dc68-4e77-81b0-53026c6600cf tempest-VolumesNegativeTest-605091968 tempest-VolumesNegativeTest-605091968-project] 10.222.0.26 "GET /v2.0/ports?device_id=7ad54857-41d6-4807-8bb7-7f0e013ac34a HTTP/1.1" status: 200 len: 210 time: 0.0505164
Jul 29 20:48:30.835444 dv-cinder-801633-3-iscsi neutron-server[99520]: DEBUG neutron.services.segments.db [None req-988abaf9-4224-4699-9e20-0beac5416b34 admin admin] neutron.services.segments.plugin.Plugin method delete_segment called with arguments (, '6413d486-0c78-4bd4-a555-8dc3cfc864ef') {'for_net_delete': True} {{(pid=99520) wrapper /usr/local/lib/python3.8/dist-packages/oslo_log/helpers.py:65}}
Jul 29 20:48:30.835840 dv-cinder-801633-3-iscsi neutron-server[99520]: DEBUG neutron.services.segments.db [None req-988abaf9-4224-4699-9e20-0beac5416b34 admin admin] neutron.services.segments.plugin.Plugin method get_segment called with arguments (, '6413d486-0c78-4bd4-a555-8dc3cfc864ef') {} {{(pid=99520) wrapper /usr/local/lib/python3.8/dist-packages/oslo_log/helpers.py:65}}
Jul 29 20:48:30.844685 dv-cinder-801633-3-iscsi neutron-server[99519]: DEBUG neutron.db.db_base_plugin_common [req-2a425fbd-610a-4349-94f5-14a33a2d39d6 req-0f63fddd-5d93-4a8c-ba57-8a38660e7c1f tempest-VolumesNegativeTest-605091968 tempest-VolumesNegativeTest-605091968-project] Allocated IP 192.168.233.122 (9925604b-8532-405f-99e5-c3be6975ab20/24e35169-882f-485f-97ef-c50e6cd4b8aa/429cadbf-ca1d-43d0-867c-0f42f1b91be6) {{(pid=99519) _store_ip_allocation /opt/stack/neutron/neutron/db/db_base_plugin_common.py:131}}
Jul 29 20:48:30.845811 dv-cinder-801633-3-iscsi neutron-server[99520]: DEBUG neutron_lib.callbacks.manager [None req-988abaf9-4224-4699-9e20-0beac5416b34 admin admin] Notify callbacks ['neutron.plugins.ml2.db._prevent_segment_delete_with_port_bound-8750918995258', 'neutron.services.segments.plugin.Plugin._prevent_segment_delete_with_subnet_associated-26594081'] for segment, before_delete {{(pid=99520) _notify_loop /usr/local/lib/python3.8/dist-packages/neutron_lib/callbacks/manager.py:192}}
Jul 29 20:48:30.861442 dv-cinder-801633-3-iscsi neutron-server[99520]: DEBUG neutron_lib.callbacks.manager [None req-988abaf9-4224-4699-9e20-0beac5416b34 admin admin] Notify callbacks ['neutron.plugins.ml2.plugin.Ml2Plugin._handle_segment_change-1907944'] for segment, precommit_delete {{(pid=99520) _notify_loop /usr/local/lib/python3.8/dist-packages/neutron_lib/callbacks/manager.py:192}}
Jul 29 20:48:30.868581 dv-cinder-801633-3-iscsi neutron-server[99520]: DEBUG neutron.plugins.ml2.drivers.type_vlan [None req-988abaf9-4224-4699-9e20-0beac5416b34 admin admin] Releasing vlan 371 on physical network physnet1 to pool {{(pid=99520) release_segment /opt/stack/neutron/neutron/plugins/ml2/drivers/type_vlan.py:304}}
Jul 29 20:48:30.868977 dv-cinder-801633-3-iscsi neutron-server[99520]: DEBUG neutron_lib.callbacks.manager [None req-988abaf9-4224-4699-9e20-0beac5416b34 admin admin] Notify callbacks ['neutron.plugins.ml2.plugin.Ml2Plugin._handle_segment_change-1907944', 'neutron.services.segments.plugin.NovaSegmentNotifier._notify_segment_deleted-25639899'] for segment, after_delete {{(pid=99520) _notify_loop /usr/local/lib/python3.8/dist-packages/neutron_lib/callbacks/manager.py:192}}
Jul 29 20:48:30.870699 dv-cinder-801633-3-iscsi neutron-server[99520]: Traceback (most recent call last):
Jul 29 20:48:30.870699 dv-cinder-801633-3-iscsi neutron-server[99520]: File "/usr/local/lib/python3.8/dist-packages/eventlet/hubs/hub.py", line 476, in fire_timers
Jul 29 20:48:30.870699 dv-cinder-801633-3-iscsi neutron-server[99520]: timer()
Jul 29 20:48:30.870699 dv-cinder-801633-3-iscsi neutron-server[99520]: File "/usr/local/lib/python3.8/dist-packages/eventlet/hubs/timer.py", line 59, in __call__
Jul 29 20:48:30.870699 dv-cinder-801633-3-iscsi neutron-server[99520]: cb(*args, **kw)
Jul 29 20:48:30.870699 dv-cinder-801633-3-iscsi neutron-server[99520]: File "/opt/stack/neutron/neutron/common/utils.py", line 905, in wrapper
Jul 29 20:48:30.870699 dv-cinder-801633-3-iscsi neutron-server[99520]: return func(*args, **kwargs)
Jul 29 20:48:30.870699 dv-cinder-801633-3-iscsi neutron-server[99520]: File "/opt/stack/neutron/neutron/notifiers/batch_notifier.py", line 58, in synced_send
Jul 29 20:48:30.870699 dv-cinder-801633-3-iscsi neutron-server[99520]: self._notify()
Jul 29 20:48:30.870699 dv-cinder-801633-3-iscsi neutron-server[99520]: File "/opt/stack/neutron/neutron/notifiers/batch_notifier.py", line 69, in _notify
Jul 29 20:48:30.870699 dv-cinder-801633-3-iscsi neutron-server[99520]: self.callback(batched_events)
Jul 29 20:48:30.870699 dv-cinder-801633-3-iscsi neutron-server[99520]: File "/opt/stack/neutron/neutron/services/segments/plugin.py", line 211, in _send_notifications
Jul 29 20:48:30.870699 dv-cinder-801633-3-iscsi neutron-server[99520]: event.method(event)
Jul 29 20:48:30.870699 dv-cinder-801633-3-iscsi neutron-server[99520]: File "/opt/stack/neutron/neutron/services/segments/plugin.py", line 383, in _delete_nova_inventory
Jul 29 20:48:30.870699 dv-cinder-801633-3-iscsi neutron-server[99520]: aggregate_id = self._get_aggregate_id(event.segment_id)
Jul 29 20:48:30.870699 dv-cinder-801633-3-iscsi neutron-server[99520]: File "/opt/stack/neutron/neutron/services/segments/plugin.py", line 370, in _get_aggregate_id
Jul 29 20:48:30.870699 dv-cinder-801633-3-iscsi neutron-server[99520]: aggregate_uuid = self.p_client.list_aggregates(
Jul 29 20:48:30.870699 dv-cinder-801633-3-iscsi neutron-server[99520]: File "/usr/local/lib/python3.8/dist-packages/neutron_lib/placement/client.py", line 57, in wrapper
Jul 29 20:48:30.870699 dv-cinder-801633-3-iscsi neutron-server[99520]: return f(self, *a, **k)
Jul 29 20:48:30.870699 dv-cinder-801633-3-iscsi neutron-server[99520]: File "/usr/local/lib/python3.8/dist-packages/neutron_lib/placement/client.py", line 553, in list_aggregates
Jul 29 20:48:30.870699 dv-cinder-801633-3-iscsi neutron-server[99520]: return self._get(url).json()
Jul 29 20:48:30.870699 dv-cinder-801633-3-iscsi neutron-server[99520]: File "/usr/local/lib/python3.8/dist-packages/neutron_lib/placement/client.py", line 189, in _get
Jul 29 20:48:30.870699 dv-cinder-801633-3-iscsi neutron-server[99520]: return self._client.get(url, endpoint_filter=self._ks_filter,
Jul 29 20:48:30.870699 dv-cinder-801633-3-iscsi neutron-server[99520]: File "/usr/local/lib/python3.8/dist-packages/keystoneauth1/session.py", line 1141, in get
Jul 29 20:48:30.870699 dv-cinder-801633-3-iscsi neutron-server[99520]: return self.request(url, 'GET', **kwargs)
Jul 29 20:48:30.870699 dv-cinder-801633-3-iscsi neutron-server[99520]: File "/usr/local/lib/python3.8/dist-packages/keystoneauth1/session.py", line 811, in request
Jul 29 20:48:30.870699 dv-cinder-801633-3-iscsi neutron-server[99520]: base_url = self.get_endpoint(auth, allow=allow,
Jul 29 20:48:30.870699 dv-cinder-801633-3-iscsi neutron-server[99520]: File "/usr/local/lib/python3.8/dist-packages/keystoneauth1/session.py", line 1241, in get_endpoint
Jul 29 20:48:30.870699 dv-cinder-801633-3-iscsi neutron-server[99520]: auth = self._auth_required(auth, 'determine endpoint URL')
Jul 29 20:48:30.870699 dv-cinder-801633-3-iscsi neutron-server[99520]: File "/usr/local/lib/python3.8/dist-packages/keystoneauth1/session.py", line 1181, in _auth_required
Jul 29 20:48:30.870699 dv-cinder-801633-3-iscsi neutron-server[99520]: raise exceptions.MissingAuthPlugin(msg_fmt % msg)
Jul 29 20:48:30.870699 dv-cinder-801633-3-iscsi neutron-server[99520]: keystoneauth1.exceptions.auth_plugins.MissingAuthPlugin: An auth plugin is required to determine endpoint URL
Jul 29 20:48:30.872544 dv-cinder-801633-3-iscsi neutron-server[99519]: DEBUG neutron.pecan_wsgi.hooks.policy_enforcement [req-a61f1552-aa51-4bb5-9f31-19f28e043975 req-90e3776e-e2e9-412c-995d-6e79bc1b5c81 tempest-ServerRescueNegativeTestJSON-2140899899 tempest-ServerRescueNegativeTestJSON-2140899899-project] Attributes excluded by policy engine: ['standard_attr_id', 'binding:profile', 'binding:host_id', 'binding:vif_type', 'binding:vif_details'] {{(pid=99519) _exclude_attributes_by_policy /opt/stack/neutron/neutron/pecan_wsgi/hooks/policy_enforcement.py:255}}
Jul 29 20:48:30.875134 dv-cinder-801633-3-iscsi neutron-server[99519]: INFO neutron.wsgi [req-a61f1552-aa51-4bb5-9f31-19f28e043975 req-90e3776e-e2e9-412c-995d-6e79bc1b5c81 tempest-ServerRescueNegativeTestJSON-2140899899 tempest-ServerRescueNegativeTestJSON-2140899899-project] 10.222.0.26 "GET /v2.0/ports?device_id=851ae309-5431-4735-8673-59d7f5e7ab18 HTTP/1.1" status: 200 len: 945 time: 0.1178701
Jul 29 20:48:30.931024 dv-cinder-801633-3-iscsi neutron-server[99520]: DEBUG neutron_lib.callbacks.manager [None req-988abaf9-4224-4699-9e20-0beac5416b34 admin admin] Notify callbacks ['neutron.plugins.ml2.plugin.Ml2Plugin._network_delete_after_delete_handler-1907712', 'neutron.plugins.ml2.ovo_rpc._ObjectChangeHandler.handle_event-527641', 'neutron.api.rpc.agentnotifiers.dhcp_rpc_agent_api.DhcpAgentNotifyAPI._native_event_send_dhcp_notification-995246', 'neutron.services.l3_router.l3_router_plugin.DVRResourceOperationHandler.delete_fip_namespaces_for_ext_net-659616'] for network, after_delete {{(pid=99520) _notify_loop /usr/local/lib/python3.8/dist-packages/neutron_lib/callbacks/manager.py:192}}
Jul 29 20:48:30.937367 dv-cinder-801633-3-iscsi neutron-server[99519]: INFO neutron.wsgi [req-a61f1552-aa51-4bb5-9f31-19f28e043975 req-e94b9deb-9cc5-4921-9c12-ee1a565b161f tempest-ServerRescueNegativeTestJSON-2140899899 tempest-ServerRescueNegativeTestJSON-2140899899-project] 10.222.0.26 "GET /v2.0/security-groups?id=4dd39f32-cada-497f-8aaa-cc71f7898e1c&fields=id&fields=name HTTP/1.1" status: 200 len: 286 time: 0.0561602
Jul 29 20:48:30.942373 dv-cinder-801633-3-iscsi neutron-server[99520]: DEBUG neutron_lib.callbacks.manager [None req-988abaf9-4224-4699-9e20-0beac5416b34 admin admin] Notify callbacks ['neutron.api.rpc.agentnotifiers.dhcp_rpc_agent_api.DhcpAgentNotifyAPI._send_dhcp_notification-995216'] for network, before_response {{(pid=99520) _notify_loop /usr/local/lib/python3.8/dist-packages/neutron_lib/callbacks/manager.py:192}}
Jul 29 20:48:30.945737 dv-cinder-801633-3-iscsi neutron-server[99520]: INFO neutron.wsgi [None req-988abaf9-4224-4699-9e20-0beac5416b34 admin admin] 10.222.0.26 "DELETE /v2.0/networks/a5460000-2237-47ef-8c8d-1c3bcca65593 HTTP/1.1" status: 204 len: 168 time: 0.2935815
Jul 29 20:48:30.959056 dv-cinder-801633-3-iscsi neutron-server[99520]: DEBUG neutron.api.rpc.handlers.resources_rpc [None req-988abaf9-4224-4699-9e20-0beac5416b34 admin admin] Pushing event deleted for resources: {'Network': ['ID=a5460000-2237-47ef-8c8d-1c3bcca65593,revision_number=None']} {{(pid=99520) push /opt/stack/neutron/neutron/api/rpc/handlers/resources_rpc.py:237}}
Jul 29 20:48:31.008933 dv-cinder-801633-3-iscsi neutron-server[99520]: DEBUG neutron.wsgi [-] (99520) accepted ('10.222.0.26', 56526) {{(pid=99520) server /usr/local/lib/python3.8/dist-packages/eventlet/wsgi.py:982}}
Jul 29 20:48:31.080662 dv-cinder-801633-3-iscsi neutron-server[99519]: DEBUG neutron_lib.callbacks.manager [req-2a425fbd-610a-4349-94f5-14a33a2d39d6 req-0f63fddd-5d93-4a8c-ba57-8a38660e7c1f tempest-VolumesNegativeTest-605091968 tempest-VolumesNegativeTest-605091968-project] Notify callbacks [] for port, precommit_create {{(pid=99519) _notify_loop /usr/local/lib/python3.8/dist-packages/neutron_lib/callbacks/manager.py:192}}
Jul 29 20:48:31.098881 dv-cinder-801633-3-iscsi neutron-server[99519]: DEBUG neutron.db.provisioning_blocks [req-2a425fbd-610a-4349-94f5-14a33a2d39d6 req-0f63fddd-5d93-4a8c-ba57-8a38660e7c1f tempest-VolumesNegativeTest-605091968 tempest-VolumesNegativeTest-605091968-project] Transition to ACTIVE for port object 429cadbf-ca1d-43d0-867c-0f42f1b91be6 will not be triggered until provisioned by entity DHCP. {{(pid=99519) add_provisioning_component /opt/stack/neutron/neutron/db/provisioning_blocks.py:73}}
Jul 29 20:48:31.139340 dv-cinder-801633-3-iscsi neutron-server[99519]: DEBUG neutron_lib.callbacks.manager [req-2a425fbd-610a-4349-94f5-14a33a2d39d6 req-0f63fddd-5d93-4a8c-ba57-8a38660e7c1f tempest-VolumesNegativeTest-605091968 tempest-VolumesNegativeTest-605091968-project] Notify callbacks ['neutron.plugins.ml2.plugin.SecurityGroupServerNotifierRpcMixin._notify_sg_on_port_change-1990879', 'neutron.plugins.ml2.ovo_rpc._ObjectChangeHandler.handle_event-445565', 'neutron.api.rpc.agentnotifiers.dhcp_rpc_agent_api.DhcpAgentNotifyAPI._native_event_send_dhcp_notification-995246', 'neutron.db.l3_dvrscheduler_db._notify_l3_agent_new_port-8750918530542'] for port, after_create {{(pid=99519) _notify_loop /usr/local/lib/python3.8/dist-packages/neutron_lib/callbacks/manager.py:192}}
Jul 29 20:48:31.153539 dv-cinder-801633-3-iscsi neutron-server[99520]: DEBUG neutron_lib.callbacks.manager [None req-aa78bcb8-1142-4611-90f5-50f18f7b980b admin admin] Notify callbacks [] for security_group, before_create {{(pid=99520) _notify_loop /usr/local/lib/python3.8/dist-packages/neutron_lib/callbacks/manager.py:192}}
Jul 29 20:48:31.180199 dv-cinder-801633-3-iscsi neutron-server[99520]: DEBUG neutron.wsgi [-] (99520) accepted ('10.222.0.26', 56536) {{(pid=99520) server /usr/local/lib/python3.8/dist-packages/eventlet/wsgi.py:982}}
Jul 29 20:48:31.187143 dv-cinder-801633-3-iscsi neutron-server[99521]: DEBUG neutron.plugins.ml2.rpc [None req-90b1d944-ed49-4477-b012-cd0a99be9d3b None None] Device 39053ded-5e72-4342-8909-b6cb747296b6 no longer exists at agent hyperv_hv-cinder-80163 {{(pid=99521) update_device_down /opt/stack/neutron/neutron/plugins/ml2/rpc.py:259}}
Jul 29 20:48:31.227415 dv-cinder-801633-3-iscsi neutron-server[99519]: DEBUG neutron.api.rpc.handlers.resources_rpc [None req-0f63fddd-5d93-4a8c-ba57-8a38660e7c1f tempest-VolumesNegativeTest-605091968 tempest-VolumesNegativeTest-605091968-project] Pushing event updated for resources: {'Port': ['ID=429cadbf-ca1d-43d0-867c-0f42f1b91be6,revision_number=1']} {{(pid=99519) push /opt/stack/neutron/neutron/api/rpc/handlers/resources_rpc.py:237}}
Jul 29 20:48:31.241027 dv-cinder-801633-3-iscsi neutron-server[99519]: DEBUG neutron.scheduler.dhcp_agent_scheduler [req-2a425fbd-610a-4349-94f5-14a33a2d39d6 req-0f63fddd-5d93-4a8c-ba57-8a38660e7c1f tempest-VolumesNegativeTest-605091968 tempest-VolumesNegativeTest-605091968-project] Network 9925604b-8532-405f-99e5-c3be6975ab20 is already hosted by enough agents. {{(pid=99519) _get_dhcp_agents_hosting_network /opt/stack/neutron/neutron/scheduler/dhcp_agent_scheduler.py:275}}
Jul 29 20:48:31.242103 dv-cinder-801633-3-iscsi neutron-server[99519]: DEBUG neutron.scheduler.base_scheduler [req-2a425fbd-610a-4349-94f5-14a33a2d39d6 req-0f63fddd-5d93-4a8c-ba57-8a38660e7c1f tempest-VolumesNegativeTest-605091968 tempest-VolumesNegativeTest-605091968-project] Resources bound (agent type, host, resource id): {{(pid=99519) schedule /opt/stack/neutron/neutron/scheduler/base_scheduler.py:57}}
