Jul 22 23:59:40.464374 dv-cinder-801633-1-iscsi neutron-server[92928]: DEBUG neutron_lib.callbacks.manager [None req-6440abad-822c-4d75-8b17-643b7d9a00a0 admin admin] Notify callbacks ['neutron.plugins.ml2.ovo_rpc._ObjectChangeHandler.handle_event-613254'] for security_group, after_delete {{(pid=92928) _notify_loop /usr/local/lib/python3.8/dist-packages/neutron_lib/callbacks/manager.py:192}}
Jul 22 23:59:40.468392 dv-cinder-801633-1-iscsi neutron-server[92928]: DEBUG neutron_lib.callbacks.manager [None req-6440abad-822c-4d75-8b17-643b7d9a00a0 admin admin] Notify callbacks [] for security_group, before_response {{(pid=92928) _notify_loop /usr/local/lib/python3.8/dist-packages/neutron_lib/callbacks/manager.py:192}}
Jul 22 23:59:40.469557 dv-cinder-801633-1-iscsi neutron-server[92928]: INFO neutron.wsgi [None req-6440abad-822c-4d75-8b17-643b7d9a00a0 admin admin] 10.222.0.39 "DELETE /v2.0/security-groups/37dbb2dc-4854-4ed5-ac04-3f724b4352b7 HTTP/1.1" status: 204 len: 168 time: 0.1415200
Jul 22 23:59:40.486594 dv-cinder-801633-1-iscsi neutron-server[92928]: DEBUG neutron.api.rpc.handlers.resources_rpc [None req-6440abad-822c-4d75-8b17-643b7d9a00a0 admin admin] Pushing event deleted for resources: {'SecurityGroup': ['ID=37dbb2dc-4854-4ed5-ac04-3f724b4352b7,revision_number=None']} {{(pid=92928) push /opt/stack/neutron/neutron/api/rpc/handlers/resources_rpc.py:237}}
Jul 22 23:59:40.819311 dv-cinder-801633-1-iscsi neutron-server[92929]: DEBUG neutron.wsgi [-] (92929) accepted ('10.222.0.39', 46552) {{(pid=92929) server /usr/local/lib/python3.8/dist-packages/eventlet/wsgi.py:982}}
Jul 22 23:59:40.864309 dv-cinder-801633-1-iscsi neutron-server[92929]: INFO neutron.wsgi [None req-888ab495-283f-4464-921b-431933943cc3 admin admin] 10.222.0.39 "GET /v2.0/security-groups?tenant_id=88f939c944d148feb0363f1fd4b5ce0f&name=default HTTP/1.1" status: 200 len: 2979 time: 0.0438082
Jul 22 23:59:40.867026 dv-cinder-801633-1-iscsi neutron-server[92928]: DEBUG neutron.wsgi [-] (92928) accepted ('10.222.0.39', 46554) {{(pid=92928) server /usr/local/lib/python3.8/dist-packages/eventlet/wsgi.py:982}}
Jul 22 23:59:40.927551 dv-cinder-801633-1-iscsi neutron-server[92928]: DEBUG neutron_lib.callbacks.manager [None req-807e0431-0c4a-461f-8674-5af5e96765d6 admin admin] Notify callbacks [] for security_group, before_delete {{(pid=92928) _notify_loop /usr/local/lib/python3.8/dist-packages/neutron_lib/callbacks/manager.py:192}}
Jul 22 23:59:40.948579 dv-cinder-801633-1-iscsi neutron-server[92928]: DEBUG neutron_lib.callbacks.manager [None req-807e0431-0c4a-461f-8674-5af5e96765d6 admin admin] Notify callbacks [] for security_group, precommit_delete {{(pid=92928) _notify_loop /usr/local/lib/python3.8/dist-packages/neutron_lib/callbacks/manager.py:192}}
Jul 22 23:59:40.967315 dv-cinder-801633-1-iscsi neutron-server[92929]: INFO neutron.wsgi [req-ac11cc55-a244-4b16-8a10-c10a37c40424 req-8160ec79-ba38-47cf-bf0c-d8b122749bb8 tempest-ServerRescueNegativeTestJSON-1166732934 tempest-ServerRescueNegativeTestJSON-1166732934-project] 10.222.0.39 "GET /v2.0/ports?device_id=2081bfb4-1f91-4a5e-804e-e521636a0962 HTTP/1.1" status: 200 len: 210 time: 0.0300238
Jul 22 23:59:41.004899 dv-cinder-801633-1-iscsi neutron-server[92928]: DEBUG neutron_lib.callbacks.manager [None req-807e0431-0c4a-461f-8674-5af5e96765d6 admin admin] Notify callbacks ['neutron.plugins.ml2.ovo_rpc._ObjectChangeHandler.handle_event-613254'] for security_group, after_delete {{(pid=92928) _notify_loop /usr/local/lib/python3.8/dist-packages/neutron_lib/callbacks/manager.py:192}}
Jul 22 23:59:41.007452 dv-cinder-801633-1-iscsi neutron-server[92928]: DEBUG neutron_lib.callbacks.manager [None req-807e0431-0c4a-461f-8674-5af5e96765d6 admin admin] Notify callbacks [] for security_group, before_response {{(pid=92928) _notify_loop /usr/local/lib/python3.8/dist-packages/neutron_lib/callbacks/manager.py:192}}
Jul 22 23:59:41.009215 dv-cinder-801633-1-iscsi neutron-server[92928]: INFO neutron.wsgi [None req-807e0431-0c4a-461f-8674-5af5e96765d6 admin admin] 10.222.0.39 "DELETE /v2.0/security-groups/9e3af03f-a0af-400a-a46a-8de414dc8e03 HTTP/1.1" status: 204 len: 168 time: 0.1403189
Jul 22 23:59:41.016469 dv-cinder-801633-1-iscsi neutron-server[92928]: DEBUG neutron.api.rpc.handlers.resources_rpc [None req-807e0431-0c4a-461f-8674-5af5e96765d6 admin admin] Pushing event deleted for resources: {'SecurityGroup': ['ID=9e3af03f-a0af-400a-a46a-8de414dc8e03,revision_number=None']} {{(pid=92928) push /opt/stack/neutron/neutron/api/rpc/handlers/resources_rpc.py:237}}
Jul 22 23:59:41.110652 dv-cinder-801633-1-iscsi neutron-server[92929]: DEBUG neutron.pecan_wsgi.hooks.policy_enforcement [req-88e34844-74b8-4589-a8c8-1fdf62704ed0 req-ea5aa4a0-8aed-49a4-8471-5bcbce2fe335 tempest-AttachVolumeNegativeTest-523794153 tempest-AttachVolumeNegativeTest-523794153-project] Attributes excluded by policy engine: ['standard_attr_id', 'binding:profile', 'binding:host_id', 'binding:vif_type', 'binding:vif_details'] {{(pid=92929) _exclude_attributes_by_policy /opt/stack/neutron/neutron/pecan_wsgi/hooks/policy_enforcement.py:255}}
Jul 22 23:59:41.112886 dv-cinder-801633-1-iscsi neutron-server[92929]: INFO neutron.wsgi [req-88e34844-74b8-4589-a8c8-1fdf62704ed0 req-ea5aa4a0-8aed-49a4-8471-5bcbce2fe335 tempest-AttachVolumeNegativeTest-523794153 tempest-AttachVolumeNegativeTest-523794153-project] 10.222.0.39 "GET /v2.0/ports?device_id=77540639-b8cc-4319-a1b3-486c8eea55ed HTTP/1.1" status: 200 len: 944 time: 0.0743017
Jul 22 23:59:41.154691 dv-cinder-801633-1-iscsi neutron-server[92929]: INFO neutron.wsgi [req-88e34844-74b8-4589-a8c8-1fdf62704ed0 req-ab76c496-7caf-4a7c-8067-58e1569c6ca5 tempest-AttachVolumeNegativeTest-523794153 tempest-AttachVolumeNegativeTest-523794153-project] 10.222.0.39 "GET /v2.0/security-groups?id=32fcfcc4-1878-435d-be89-07f1906d0e56&fields=id&fields=name HTTP/1.1" status: 200 len: 286 time: 0.0319712
Jul 22 23:59:41.347854 dv-cinder-801633-1-iscsi neutron-server[92929]: INFO neutron.wsgi [req-8d7d0fcf-fb9e-4c97-bd3e-b61c7b83a693 req-10893f2d-f51e-47af-a44e-60ecb17c62b1 tempest-AttachVolumeShelveTestJSON-1880518140 tempest-AttachVolumeShelveTestJSON-1880518140-project] 10.222.0.39 "GET /v2.0/ports?device_id=b00ad517-d439-4e46-baea-326a99c78336 HTTP/1.1" status: 200 len: 210 time: 0.0303802
Jul 22 23:59:41.596748 dv-cinder-801633-1-iscsi neutron-server[92929]: DEBUG neutron.pecan_wsgi.hooks.policy_enforcement [req-9eb95697-6f9f-47d8-af50-5beee2cd061f req-a8c6a261-28a6-436a-94c9-5a6d3a0176c6 tempest-DeleteServersTestJSON-765607716 tempest-DeleteServersTestJSON-765607716-project] Attributes excluded by policy engine: ['standard_attr_id', 'binding:profile', 'binding:host_id', 'binding:vif_type', 'binding:vif_details'] {{(pid=92929) _exclude_attributes_by_policy /opt/stack/neutron/neutron/pecan_wsgi/hooks/policy_enforcement.py:255}}
Jul 22 23:59:41.598212 dv-cinder-801633-1-iscsi neutron-server[92929]: INFO neutron.wsgi [req-9eb95697-6f9f-47d8-af50-5beee2cd061f req-a8c6a261-28a6-436a-94c9-5a6d3a0176c6 tempest-DeleteServersTestJSON-765607716 tempest-DeleteServersTestJSON-765607716-project] 10.222.0.39 "GET /v2.0/ports?device_id=15d022d9-eb4b-46a9-bbfc-0effc7fa8aab HTTP/1.1" status: 200 len: 943 time: 0.0666614
Jul 22 23:59:41.635170 dv-cinder-801633-1-iscsi neutron-server[92929]: INFO neutron.wsgi [req-9eb95697-6f9f-47d8-af50-5beee2cd061f req-c4739af4-12ca-487f-9c54-d956d12f46d1 tempest-DeleteServersTestJSON-765607716 tempest-DeleteServersTestJSON-765607716-project] 10.222.0.39 "GET /v2.0/security-groups?id=19db2738-9f54-45b5-940c-6904b0a32ff0&fields=id&fields=name HTTP/1.1" status: 200 len: 286 time: 0.0311184
Jul 22 23:59:42.068879 dv-cinder-801633-1-iscsi neutron-server[92929]: INFO neutron.wsgi [req-2c51153f-c198-4b87-8e55-ccd7f709d0df req-67e7cc78-8e48-4e15-9989-ce31782f7e6a tempest-ServerRescueNegativeTestJSON-1166732934 tempest-ServerRescueNegativeTestJSON-1166732934-project] 10.222.0.39 "GET /v2.0/ports?device_id=2081bfb4-1f91-4a5e-804e-e521636a0962 HTTP/1.1" status: 200 len: 210 time: 0.0317223
Jul 22 23:59:42.289236 dv-cinder-801633-1-iscsi neutron-server[92929]: DEBUG neutron.pecan_wsgi.hooks.policy_enforcement [req-75d4fdcd-39d0-4a6e-88d8-28fd2808cd6f req-f99b6b66-c14f-4b84-bce2-8651cf8a0f8e tempest-AttachVolumeNegativeTest-523794153 tempest-AttachVolumeNegativeTest-523794153-project] Attributes excluded by policy engine: ['standard_attr_id', 'binding:profile', 'binding:host_id', 'binding:vif_type', 'binding:vif_details'] {{(pid=92929) _exclude_attributes_by_policy /opt/stack/neutron/neutron/pecan_wsgi/hooks/policy_enforcement.py:255}}
Jul 22 23:59:42.290729 dv-cinder-801633-1-iscsi neutron-server[92929]: INFO neutron.wsgi [req-75d4fdcd-39d0-4a6e-88d8-28fd2808cd6f req-f99b6b66-c14f-4b84-bce2-8651cf8a0f8e tempest-AttachVolumeNegativeTest-523794153 tempest-AttachVolumeNegativeTest-523794153-project] 10.222.0.39 "GET /v2.0/ports?device_id=77540639-b8cc-4319-a1b3-486c8eea55ed HTTP/1.1" status: 200 len: 944 time: 0.0653434
Jul 22 23:59:42.333054 dv-cinder-801633-1-iscsi neutron-server[92929]: INFO neutron.wsgi [req-75d4fdcd-39d0-4a6e-88d8-28fd2808cd6f req-2dfc05cb-05d8-4d53-a2f4-f4943778db6b tempest-AttachVolumeNegativeTest-523794153 tempest-AttachVolumeNegativeTest-523794153-project] 10.222.0.39 "GET /v2.0/security-groups?id=32fcfcc4-1878-435d-be89-07f1906d0e56&fields=id&fields=name HTTP/1.1" status: 200 len: 286 time: 0.0352714
Jul 22 23:59:42.538378 dv-cinder-801633-1-iscsi neutron-server[92928]: DEBUG neutron.pecan_wsgi.hooks.policy_enforcement [req-18deb877-7d91-4e42-af3e-9537685433f6 req-d6a1c166-c808-43b7-bfae-8133ba9573b4 service neutron] Attributes excluded by policy engine: ['standard_attr_id'] {{(pid=92928) _exclude_attributes_by_policy /opt/stack/neutron/neutron/pecan_wsgi/hooks/policy_enforcement.py:255}}
Jul 22 23:59:42.544335 dv-cinder-801633-1-iscsi neutron-server[92928]: INFO neutron.wsgi [req-18deb877-7d91-4e42-af3e-9537685433f6 req-d6a1c166-c808-43b7-bfae-8133ba9573b4 service neutron] 10.222.0.41 "GET /v2.0/ports?tenant_id=135d974554f54c518ffeb672745ff2c3&device_id=15d022d9-eb4b-46a9-bbfc-0effc7fa8aab HTTP/1.1" status: 200 len: 1096 time: 0.1223888
Jul 22 23:59:42.580039 dv-cinder-801633-1-iscsi neutron-server[92929]: INFO neutron.wsgi [req-8c25fcca-97be-4b0d-8604-269ed09873ca req-ee31c096-4ada-4566-b8a8-f12106c812dd tempest-AttachVolumeShelveTestJSON-1880518140 tempest-AttachVolumeShelveTestJSON-1880518140-project] 10.222.0.39 "GET /v2.0/ports?device_id=b00ad517-d439-4e46-baea-326a99c78336 HTTP/1.1" status: 200 len: 210 time: 0.1018314
Jul 22 23:59:42.651225 dv-cinder-801633-1-iscsi neutron-server[92929]: DEBUG neutron.pecan_wsgi.hooks.policy_enforcement [req-8a615c8d-0933-49f6-b092-835c4712c621 req-42b60ac2-1974-468e-b209-20d45aa347bc service neutron] Attributes excluded by policy engine: ['standard_attr_id'] {{(pid=92929) _exclude_attributes_by_policy /opt/stack/neutron/neutron/pecan_wsgi/hooks/policy_enforcement.py:255}}
Jul 22 23:59:42.653462 dv-cinder-801633-1-iscsi neutron-server[92929]: INFO neutron.wsgi [req-8a615c8d-0933-49f6-b092-835c4712c621 req-42b60ac2-1974-468e-b209-20d45aa347bc service neutron] 10.222.0.41 "GET /v2.0/ports?tenant_id=7f6108e573844cbdacd61435f6dacdf8&device_id=77540639-b8cc-4319-a1b3-486c8eea55ed HTTP/1.1" status: 200 len: 1097 time: 0.2310021
Jul 22 23:59:42.788681 dv-cinder-801633-1-iscsi neutron-server[92928]: DEBUG neutron.pecan_wsgi.hooks.policy_enforcement [req-18deb877-7d91-4e42-af3e-9537685433f6 req-8cef48d6-d44c-4601-8458-f1ea8f47538b service neutron] Attributes excluded by policy engine: ['standard_attr_id', 'vlan_transparent'] {{(pid=92928) _exclude_attributes_by_policy /opt/stack/neutron/neutron/pecan_wsgi/hooks/policy_enforcement.py:255}}
Jul 22 23:59:42.791639 dv-cinder-801633-1-iscsi neutron-server[92928]: INFO neutron.wsgi [req-18deb877-7d91-4e42-af3e-9537685433f6 req-8cef48d6-d44c-4601-8458-f1ea8f47538b service neutron] 10.222.0.41 "GET /v2.0/networks?tenant_id=135d974554f54c518ffeb672745ff2c3&shared=False HTTP/1.1" status: 200 len: 913 time: 0.2323439
Jul 22 23:59:42.874827 dv-cinder-801633-1-iscsi neutron-server[92930]: DEBUG neutron_lib.callbacks.manager [None req-cea25828-edb3-419b-9df4-3d9a3a12026e None None] Notify callbacks ['neutron.services.segments.db._update_segment_host_mapping_for_agent-8770848347679', 'neutron.plugins.ml2.plugin.Ml2Plugin._retry_binding_revived_agents-2092884'] for agent, after_update {{(pid=92930) _notify_loop /usr/local/lib/python3.8/dist-packages/neutron_lib/callbacks/manager.py:192}}
Jul 22 23:59:43.003211 dv-cinder-801633-1-iscsi neutron-server[92929]: DEBUG neutron.wsgi [-] (92929) accepted ('10.222.0.41', 64149) {{(pid=92929) server /usr/local/lib/python3.8/dist-packages/eventlet/wsgi.py:982}}
Jul 22 23:59:43.169274 dv-cinder-801633-1-iscsi neutron-server[92929]: DEBUG neutron.wsgi [-] (92929) accepted ('10.222.0.39', 46650) {{(pid=92929) server /usr/local/lib/python3.8/dist-packages/eventlet/wsgi.py:982}}
Jul 22 23:59:43.337638 dv-cinder-801633-1-iscsi neutron-server[92929]: DEBUG neutron.pecan_wsgi.hooks.policy_enforcement [req-8a615c8d-0933-49f6-b092-835c4712c621 req-df0a8a18-53e4-45e2-8f50-d995f740975c service neutron] Attributes excluded by policy engine: ['standard_attr_id', 'vlan_transparent'] {{(pid=92929) _exclude_attributes_by_policy /opt/stack/neutron/neutron/pecan_wsgi/hooks/policy_enforcement.py:255}}
Jul 22 23:59:43.341749 dv-cinder-801633-1-iscsi neutron-server[92929]: INFO neutron.wsgi [req-8a615c8d-0933-49f6-b092-835c4712c621 req-df0a8a18-53e4-45e2-8f50-d995f740975c service neutron] 10.222.0.41 "GET /v2.0/networks?tenant_id=7f6108e573844cbdacd61435f6dacdf8&shared=False HTTP/1.1" status: 200 len: 915 time: 0.6691182
Jul 22 23:59:43.368340 dv-cinder-801633-1-iscsi neutron-server[92929]: INFO neutron.wsgi [req-cf5ecaa6-39a6-4d75-9695-90967b521de1 req-a4c653a3-66cd-4d93-b06b-5121b8c576aa tempest-ServerRescueNegativeTestJSON-1166732934 tempest-ServerRescueNegativeTestJSON-1166732934-project] 10.222.0.39 "GET /v2.0/ports?device_id=2081bfb4-1f91-4a5e-804e-e521636a0962 HTTP/1.1" status: 200 len: 210 time: 0.1610587
Jul 22 23:59:43.462696 dv-cinder-801633-1-iscsi neutron-server[92928]: DEBUG neutron.pecan_wsgi.hooks.policy_enforcement [req-18deb877-7d91-4e42-af3e-9537685433f6 req-ab678b26-969c-4ed9-9153-612f6d3b4640 service neutron] Attributes excluded by policy engine: ['standard_attr_id', 'vlan_transparent'] {{(pid=92928) _exclude_attributes_by_policy /opt/stack/neutron/neutron/pecan_wsgi/hooks/policy_enforcement.py:255}}
Jul 22 23:59:43.464661 dv-cinder-801633-1-iscsi neutron-server[92928]: INFO neutron.wsgi [req-18deb877-7d91-4e42-af3e-9537685433f6 req-ab678b26-969c-4ed9-9153-612f6d3b4640 service neutron] 10.222.0.41 "GET /v2.0/networks?shared=True HTTP/1.1" status: 200 len: 870 time: 0.6510987
Jul 22 23:59:43.465660 dv-cinder-801633-1-iscsi neutron-server[92928]: DEBUG neutron.wsgi [-] (92928) accepted ('10.222.0.41', 64152) {{(pid=92928) server /usr/local/lib/python3.8/dist-packages/eventlet/wsgi.py:982}}
Jul 22 23:59:43.707864 dv-cinder-801633-1-iscsi neutron-server[92928]: DEBUG neutron.pecan_wsgi.hooks.policy_enforcement [req-7b2b40e5-4d03-46ab-93ea-308e5b7fb8c1 req-33b24f8c-e1ae-4691-8b8f-363b0f08fd62 tempest-ServerRescueNegativeTestJSON-1166732934 tempest-ServerRescueNegativeTestJSON-1166732934-project] Attributes excluded by policy engine: ['standard_attr_id', 'vlan_transparent', 'provider:network_type', 'provider:physical_network', 'provider:segmentation_id'] {{(pid=92928) _exclude_attributes_by_policy /opt/stack/neutron/neutron/pecan_wsgi/hooks/policy_enforcement.py:255}}
Jul 22 23:59:43.709520 dv-cinder-801633-1-iscsi neutron-server[92928]: INFO neutron.wsgi [req-7b2b40e5-4d03-46ab-93ea-308e5b7fb8c1 req-33b24f8c-e1ae-4691-8b8f-363b0f08fd62 tempest-ServerRescueNegativeTestJSON-1166732934 tempest-ServerRescueNegativeTestJSON-1166732934-project] 10.222.0.41 "GET /v2.0/networks?id=e43b07a7-ce43-4b1e-9658-3b973dd6f115 HTTP/1.1" status: 200 len: 819 time: 0.2428858
Jul 22 23:59:43.718813 dv-cinder-801633-1-iscsi neutron-server[92928]: DEBUG neutron.pecan_wsgi.hooks.policy_enforcement [req-78c2c696-0d0e-481f-9c1e-280b1998f593 req-ba13e492-a7a0-413a-84c2-b960aa9f76df service neutron] Attributes excluded by policy engine: ['standard_attr_id'] {{(pid=92928) _exclude_attributes_by_policy /opt/stack/neutron/neutron/pecan_wsgi/hooks/policy_enforcement.py:255}}
Jul 22 23:59:43.720581 dv-cinder-801633-1-iscsi neutron-server[92928]: INFO neutron.wsgi [req-78c2c696-0d0e-481f-9c1e-280b1998f593 req-ba13e492-a7a0-413a-84c2-b960aa9f76df service neutron] 10.222.0.41 "GET /v2.0/ports?tenant_id=135d974554f54c518ffeb672745ff2c3&device_id=15d022d9-eb4b-46a9-bbfc-0effc7fa8aab HTTP/1.1" status: 200 len: 1096 time: 0.1955843
Jul 22 23:59:43.725864 dv-cinder-801633-1-iscsi neutron-server[92928]: DEBUG neutron.api.v2.base [req-7b2b40e5-4d03-46ab-93ea-308e5b7fb8c1 req-b11987e2-803d-4dac-ac52-7df6bcc3e863 tempest-ServerRescueNegativeTestJSON-1166732934 tempest-ServerRescueNegativeTestJSON-1166732934-project] Request body: {'port': {'device_id': '2081bfb4-1f91-4a5e-804e-e521636a0962', 'network_id': 'e43b07a7-ce43-4b1e-9658-3b973dd6f115', 'admin_state_up': True, 'tenant_id': 'ddcd263763bc4c92a9f6474efa29337f'}} {{(pid=92928) prepare_request_body /opt/stack/neutron/neutron/api/v2/base.py:729}}
Jul 22 23:59:43.773811 dv-cinder-801633-1-iscsi neutron-server[92929]: DEBUG neutron_lib.callbacks.manager [None req-3b0155ac-ddb0-4f3d-928c-18c2f4fb14d3 admin admin] Notify callbacks [] for security_group, before_create {{(pid=92929) _notify_loop /usr/local/lib/python3.8/dist-packages/neutron_lib/callbacks/manager.py:192}}
Jul 22 23:59:43.817617 dv-cinder-801633-1-iscsi neutron-server[92929]: DEBUG neutron.pecan_wsgi.hooks.policy_enforcement [req-5be21de0-9e4f-45fb-9aa4-5bfc08518a29 req-3756fc7a-606f-435c-a2c6-662993b14515 tempest-DeleteServersTestJSON-765607716 tempest-DeleteServersTestJSON-765607716-project] Attributes excluded by policy engine: ['standard_attr_id', 'binding:profile', 'binding:host_id', 'binding:vif_type', 'binding:vif_details'] {{(pid=92929) _exclude_attributes_by_policy /opt/stack/neutron/neutron/pecan_wsgi/hooks/policy_enforcement.py:255}}
Jul 22 23:59:43.819421 dv-cinder-801633-1-iscsi neutron-server[92929]: INFO neutron.wsgi [req-5be21de0-9e4f-45fb-9aa4-5bfc08518a29 req-3756fc7a-606f-435c-a2c6-662993b14515 tempest-DeleteServersTestJSON-765607716 tempest-DeleteServersTestJSON-765607716-project] 10.222.0.39 "GET /v2.0/ports?device_id=15d022d9-eb4b-46a9-bbfc-0effc7fa8aab HTTP/1.1" status: 200 len: 943 time: 1.0576797
Jul 22 23:59:43.826149 dv-cinder-801633-1-iscsi neutron-server[92929]: DEBUG neutron.pecan_wsgi.hooks.policy_enforcement [req-8a615c8d-0933-49f6-b092-835c4712c621 req-20b98748-645b-4346-b0b1-6e94a3452ac0 service neutron] Attributes excluded by policy engine: ['standard_attr_id', 'vlan_transparent'] {{(pid=92929) _exclude_attributes_by_policy /opt/stack/neutron/neutron/pecan_wsgi/hooks/policy_enforcement.py:255}}
Jul 22 23:59:43.827709 dv-cinder-801633-1-iscsi neutron-server[92929]: INFO neutron.wsgi [req-8a615c8d-0933-49f6-b092-835c4712c621 req-20b98748-645b-4346-b0b1-6e94a3452ac0 service neutron] 10.222.0.41 "GET /v2.0/networks?shared=True HTTP/1.1" status: 200 len: 870 time: 0.4594626
Jul 22 23:59:43.829506 dv-cinder-801633-1-iscsi neutron-server[92928]: INFO neutron.wsgi [req-78c2c696-0d0e-481f-9c1e-280b1998f593 req-e5593a1b-31b0-48bf-81c0-f13b737a8614 service neutron] 10.222.0.41 "GET /v2.0/floatingips?fixed_ip_address=172.20.0.7&port_id=dc7ff055-90d5-4e27-adcc-19dc2ba3c0f9 HTTP/1.1" status: 200 len: 217 time: 0.0864480
Jul 22 23:59:43.903255 dv-cinder-801633-1-iscsi neutron-server[92929]: DEBUG neutron.pecan_wsgi.hooks.policy_enforcement [req-55e3843e-d8f1-408f-8083-bcdc5baedf43 req-6018cd07-055d-44d4-9d8a-b1e74b83376b tempest-ServerRescueNegativeTestJSON-1166732934 tempest-ServerRescueNegativeTestJSON-1166732934-project] Attributes excluded by policy engine: ['standard_attr_id', 'vlan_transparent', 'provider:network_type', 'provider:physical_network', 'provider:segmentation_id'] {{(pid=92929) _exclude_attributes_by_policy /opt/stack/neutron/neutron/pecan_wsgi/hooks/policy_enforcement.py:255}}
Jul 22 23:59:43.904961 dv-cinder-801633-1-iscsi neutron-server[92929]: INFO neutron.wsgi [req-55e3843e-d8f1-408f-8083-bcdc5baedf43 req-6018cd07-055d-44d4-9d8a-b1e74b83376b tempest-ServerRescueNegativeTestJSON-1166732934 tempest-ServerRescueNegativeTestJSON-1166732934-project] 10.222.0.41 "GET /v2.0/networks?id=e43b07a7-ce43-4b1e-9658-3b973dd6f115 HTTP/1.1" status: 200 len: 819 time: 0.7474196
Jul 22 23:59:43.924120 dv-cinder-801633-1-iscsi neutron-server[92928]: DEBUG neutron.wsgi [-] (92928) accepted ('10.222.0.41', 64158) {{(pid=92928) server /usr/local/lib/python3.8/dist-packages/eventlet/wsgi.py:982}}
Jul 22 23:59:43.975063 dv-cinder-801633-1-iscsi neutron-server[92929]: DEBUG neutron.api.v2.base [req-55e3843e-d8f1-408f-8083-bcdc5baedf43 req-8bce1cf3-e949-4cba-881e-c9d950c0b011 tempest-ServerRescueNegativeTestJSON-1166732934 tempest-ServerRescueNegativeTestJSON-1166732934-project] Request body: {'port': {'device_id': '449c13fc-84a8-42cc-9af2-ea2116c5c23c', 'network_id': 'e43b07a7-ce43-4b1e-9658-3b973dd6f115', 'admin_state_up': True, 'tenant_id': 'ddcd263763bc4c92a9f6474efa29337f'}} {{(pid=92929) prepare_request_body /opt/stack/neutron/neutron/api/v2/base.py:729}}
Jul 22 23:59:44.038354 dv-cinder-801633-1-iscsi neutron-server[92928]: DEBUG neutron.pecan_wsgi.hooks.policy_enforcement [req-78c2c696-0d0e-481f-9c1e-280b1998f593 req-4fca4cdc-722c-4953-8ce6-cdd342587ffe service neutron] Attributes excluded by policy engine: ['standard_attr_id', 'shared', 'segment_id'] {{(pid=92928) _exclude_attributes_by_policy /opt/stack/neutron/neutron/pecan_wsgi/hooks/policy_enforcement.py:255}}
Jul 22 23:59:44.039801 dv-cinder-801633-1-iscsi neutron-server[92928]: INFO neutron.wsgi [req-78c2c696-0d0e-481f-9c1e-280b1998f593 req-4fca4cdc-722c-4953-8ce6-cdd342587ffe service neutron] 10.222.0.41 "GET /v2.0/subnets?id=db9b5eaf-f7b7-41d7-ad44-6d20d8924777 HTTP/1.1" status: 200 len: 852 time: 0.1751206
Jul 22 23:59:44.112089 dv-cinder-801633-1-iscsi neutron-server[92928]: INFO neutron.wsgi [req-78c2c696-0d0e-481f-9c1e-280b1998f593 req-ff8a042d-c10d-4290-a57d-2069b6857a63 service neutron] 10.222.0.41 "GET /v2.0/ports?network_id=ad2263d6-6737-4251-b2bd-eb41eb63c1fa&device_owner=network%3Adhcp HTTP/1.1" status: 200 len: 210 time: 0.0649898
Jul 22 23:59:44.118883 dv-cinder-801633-1-iscsi neutron-server[92928]: DEBUG neutron.pecan_wsgi.hooks.policy_enforcement [req-70f31a36-19a3-4343-9932-883fe6fc4737 req-c59a204a-f529-40d1-a810-4aec3ca3d401 service neutron] Attributes excluded by policy engine: ['standard_attr_id'] {{(pid=92928) _exclude_attributes_by_policy /opt/stack/neutron/neutron/pecan_wsgi/hooks/policy_enforcement.py:255}}
Jul 22 23:59:44.120634 dv-cinder-801633-1-iscsi neutron-server[92928]: INFO neutron.wsgi [req-70f31a36-19a3-4343-9932-883fe6fc4737 req-c59a204a-f529-40d1-a810-4aec3ca3d401 service neutron] 10.222.0.41 "GET /v2.0/ports?tenant_id=7f6108e573844cbdacd61435f6dacdf8&device_id=77540639-b8cc-4319-a1b3-486c8eea55ed HTTP/1.1" status: 200 len: 1097 time: 0.1915522
Jul 22 23:59:44.167307 dv-cinder-801633-1-iscsi neutron-server[92929]: INFO neutron.wsgi [req-5be21de0-9e4f-45fb-9aa4-5bfc08518a29 req-9927afd8-84b2-4897-9268-9a4c910363bd tempest-DeleteServersTestJSON-765607716 tempest-DeleteServersTestJSON-765607716-project] 10.222.0.39 "GET /v2.0/security-groups?id=19db2738-9f54-45b5-940c-6904b0a32ff0&fields=id&fields=name HTTP/1.1" status: 200 len: 286 time: 0.3355565
Jul 22 23:59:44.183635 dv-cinder-801633-1-iscsi neutron-server[92928]: INFO neutron.wsgi [req-70f31a36-19a3-4343-9932-883fe6fc4737 req-a7412054-524d-4e49-a54b-0b6873d4d8fd service neutron] 10.222.0.41 "GET /v2.0/floatingips?fixed_ip_address=172.20.0.11&port_id=cd036e22-f774-4552-ad68-2199de5302c2 HTTP/1.1" status: 200 len: 217 time: 0.0525789
Jul 22 23:59:44.195013 dv-cinder-801633-1-iscsi neutron-server[92929]: DEBUG neutron.pecan_wsgi.hooks.policy_enforcement [req-d6825c36-712a-4502-90df-eee57f5eb7c6 req-41688645-8a10-4084-8da4-6c2dbf90b6a7 tempest-AttachVolumeNegativeTest-523794153 tempest-AttachVolumeNegativeTest-523794153-project] Attributes excluded by policy engine: ['standard_attr_id', 'binding:profile', 'binding:host_id', 'binding:vif_type', 'binding:vif_details'] {{(pid=92929) _exclude_attributes_by_policy /opt/stack/neutron/neutron/pecan_wsgi/hooks/policy_enforcement.py:255}}
Jul 22 23:59:44.201950 dv-cinder-801633-1-iscsi neutron-server[92929]: INFO neutron.wsgi [req-d6825c36-712a-4502-90df-eee57f5eb7c6 req-41688645-8a10-4084-8da4-6c2dbf90b6a7 tempest-AttachVolumeNegativeTest-523794153 tempest-AttachVolumeNegativeTest-523794153-project] 10.222.0.39 "GET /v2.0/ports?device_id=77540639-b8cc-4319-a1b3-486c8eea55ed HTTP/1.1" status: 200 len: 944 time: 0.5718298
Jul 22 23:59:44.286205 dv-cinder-801633-1-iscsi neutron-server[92928]: DEBUG neutron.pecan_wsgi.hooks.policy_enforcement [req-70f31a36-19a3-4343-9932-883fe6fc4737 req-104c7e1c-4de1-4819-8580-bb2d0e58ecaf service neutron] Attributes excluded by policy engine: ['standard_attr_id', 'shared', 'segment_id'] {{(pid=92928) _exclude_attributes_by_policy /opt/stack/neutron/neutron/pecan_wsgi/hooks/policy_enforcement.py:255}}
Jul 22 23:59:44.287676 dv-cinder-801633-1-iscsi neutron-server[92928]: INFO neutron.wsgi [req-70f31a36-19a3-4343-9932-883fe6fc4737 req-104c7e1c-4de1-4819-8580-bb2d0e58ecaf service neutron] 10.222.0.41 "GET /v2.0/subnets?id=8112aa32-d31c-4ba1-902b-52e0136b5a44 HTTP/1.1" status: 200 len: 854 time: 0.0956910
Jul 22 23:59:44.289491 dv-cinder-801633-1-iscsi neutron-server[92928]: INFO neutron.wsgi [req-78c2c696-0d0e-481f-9c1e-280b1998f593 req-1292de02-1dcf-4ea0-bb5e-482f36a903e0 service neutron] 10.222.0.41 "GET /v2.0/networks/ad2263d6-6737-4251-b2bd-eb41eb63c1fa?fields=segments HTTP/1.1" status: 200 len: 212 time: 0.1660604
Jul 22 23:59:44.330187 dv-cinder-801633-1-iscsi neutron-server[92929]: DEBUG neutron.pecan_wsgi.hooks.policy_enforcement [req-674ec60a-2f9d-499f-9847-233bbb3ab7bd req-57ca0b85-d8a9-4b5d-9b44-56d52c4361cb tempest-AttachVolumeShelveTestJSON-1880518140 tempest-AttachVolumeShelveTestJSON-1880518140-project] Attributes excluded by policy engine: ['standard_attr_id', 'vlan_transparent', 'provider:network_type', 'provider:physical_network', 'provider:segmentation_id'] {{(pid=92929) _exclude_attributes_by_policy /opt/stack/neutron/neutron/pecan_wsgi/hooks/policy_enforcement.py:255}}
Jul 22 23:59:44.332231 dv-cinder-801633-1-iscsi neutron-server[92929]: INFO neutron.wsgi [req-674ec60a-2f9d-499f-9847-233bbb3ab7bd req-57ca0b85-d8a9-4b5d-9b44-56d52c4361cb tempest-AttachVolumeShelveTestJSON-1880518140 tempest-AttachVolumeShelveTestJSON-1880518140-project] 10.222.0.41 "GET /v2.0/networks?id=d72d623f-3714-41dc-869a-b358bd7c89e7 HTTP/1.1" status: 200 len: 816 time: 0.4262090
Jul 22 23:59:44.338197 dv-cinder-801633-1-iscsi neutron-server[92929]: INFO neutron.wsgi [req-c9c329d6-2c00-4a6c-8f7f-5b68849d13b3 req-8a74ae27-eba1-42a5-b69e-00c705c103ba tempest-AttachVolumeShelveTestJSON-1880518140 tempest-AttachVolumeShelveTestJSON-1880518140-project] 10.222.0.39 "GET /v2.0/ports?device_id=b00ad517-d439-4e46-baea-326a99c78336 HTTP/1.1" status: 200 len: 210 time: 0.0738688
Jul 22 23:59:44.343328 dv-cinder-801633-1-iscsi neutron-server[92929]: INFO neutron.wsgi [req-d6825c36-712a-4502-90df-eee57f5eb7c6 req-8781b280-658d-46f0-a304-0ffa85f8ab5e tempest-AttachVolumeNegativeTest-523794153 tempest-AttachVolumeNegativeTest-523794153-project] 10.222.0.39 "GET /v2.0/security-groups?id=32fcfcc4-1878-435d-be89-07f1906d0e56&fields=id&fields=name HTTP/1.1" status: 200 len: 286 time: 0.1405203
Jul 22 23:59:44.343723 dv-cinder-801633-1-iscsi neutron-server[92928]: INFO neutron.wsgi [req-70f31a36-19a3-4343-9932-883fe6fc4737 req-a2a69b4d-110c-44d6-8897-901a2636b096 service neutron] 10.222.0.41 "GET /v2.0/ports?network_id=5700993c-28e3-4cd1-83be-0cd328b486c1&device_owner=network%3Adhcp HTTP/1.1" status: 200 len: 210 time: 0.0447910
Jul 22 23:59:44.385935 dv-cinder-801633-1-iscsi neutron-server[92929]: DEBUG neutron_lib.callbacks.manager [None req-3b0155ac-ddb0-4f3d-928c-18c2f4fb14d3 admin admin] Notify callbacks [] for security_group, precommit_create {{(pid=92929) _notify_loop /usr/local/lib/python3.8/dist-packages/neutron_lib/callbacks/manager.py:192}}
Jul 22 23:59:44.405678 dv-cinder-801633-1-iscsi neutron-server[92929]: DEBUG neutron_lib.callbacks.manager [None req-3b0155ac-ddb0-4f3d-928c-18c2f4fb14d3 admin admin] Notify callbacks ['neutron.plugins.ml2.ovo_rpc._ObjectChangeHandler.handle_event-613254'] for security_group, after_create {{(pid=92929) _notify_loop /usr/local/lib/python3.8/dist-packages/neutron_lib/callbacks/manager.py:192}}
Jul 22 23:59:44.453879 dv-cinder-801633-1-iscsi neutron-server[92929]: INFO neutron.wsgi [req-674ec60a-2f9d-499f-9847-233bbb3ab7bd req-78c90c87-000d-4113-a092-85d84ef9626a tempest-AttachVolumeShelveTestJSON-1880518140 tempest-AttachVolumeShelveTestJSON-1880518140-project] 10.222.0.41 "GET /v2.0/security-groups?fields=id&fields=name&tenant_id=0c9a6a7d54ce41219d8c6a9c4be2d52f HTTP/1.1" status: 200 len: 379 time: 0.0955436
Jul 22 23:59:44.472270 dv-cinder-801633-1-iscsi neutron-server[92928]: DEBUG neutron.pecan_wsgi.hooks.quota_enforcement [req-7b2b40e5-4d03-46ab-93ea-308e5b7fb8c1 req-b11987e2-803d-4dac-ac52-7df6bcc3e863 tempest-ServerRescueNegativeTestJSON-1166732934 tempest-ServerRescueNegativeTestJSON-1166732934-project] Made reservation on behalf of ddcd263763bc4c92a9f6474efa29337f for: {'port': 1} {{(pid=92928) before /opt/stack/neutron/neutron/pecan_wsgi/hooks/quota_enforcement.py:53}}
Jul 22 23:59:44.475909 dv-cinder-801633-1-iscsi neutron-server[92928]: DEBUG neutron_lib.callbacks.manager [req-7b2b40e5-4d03-46ab-93ea-308e5b7fb8c1 req-b11987e2-803d-4dac-ac52-7df6bcc3e863 tempest-ServerRescueNegativeTestJSON-1166732934 tempest-ServerRescueNegativeTestJSON-1166732934-project] Notify callbacks ['neutron.plugins.ml2.plugin.SecurityGroupDbMixin._ensure_default_security_group_handler-1596348'] for port, before_create {{(pid=92928) _notify_loop /usr/local/lib/python3.8/dist-packages/neutron_lib/callbacks/manager.py:192}}
Jul 22 23:59:44.482429 dv-cinder-801633-1-iscsi neutron-server[92929]: INFO neutron.wsgi [None req-3b0155ac-ddb0-4f3d-928c-18c2f4fb14d3 admin admin] 10.222.0.39 "GET /v2.0/security-groups?tenant_id=62f78bb77565483f933f671b192b6c38&name=default HTTP/1.1" status: 200 len: 2979 time: 1.3020520
Jul 22 23:59:44.488874 dv-cinder-801633-1-iscsi neutron-server[92928]: DEBUG neutron.wsgi [-] (92928) accepted ('10.222.0.39', 46698) {{(pid=92928) server /usr/local/lib/python3.8/dist-packages/eventlet/wsgi.py:982}}
Jul 22 23:59:44.490611 dv-cinder-801633-1-iscsi neutron-server[92929]: DEBUG neutron.api.v2.base [req-674ec60a-2f9d-499f-9847-233bbb3ab7bd req-9075f126-fd80-4954-a854-808a90f56181 tempest-AttachVolumeShelveTestJSON-1880518140 tempest-AttachVolumeShelveTestJSON-1880518140-project] Request body: {'port': {'device_id': 'b00ad517-d439-4e46-baea-326a99c78336', 'network_id': 'd72d623f-3714-41dc-869a-b358bd7c89e7', 'admin_state_up': True, 'tenant_id': '0c9a6a7d54ce41219d8c6a9c4be2d52f', 'security_groups': ['c9bab7f6-bd3d-40fc-a566-35e147037465']}} {{(pid=92929) prepare_request_body /opt/stack/neutron/neutron/api/v2/base.py:729}}
Jul 22 23:59:44.494774 dv-cinder-801633-1-iscsi neutron-server[92929]: INFO neutron.wsgi [req-9ded9a65-ed24-4b5b-941f-ca2c3dd28cff req-f4639840-a8a0-4cd4-8636-6f72d8c106f8 tempest-ServerRescueNegativeTestJSON-1166732934 tempest-ServerRescueNegativeTestJSON-1166732934-project] 10.222.0.39 "GET /v2.0/ports?device_id=2081bfb4-1f91-4a5e-804e-e521636a0962 HTTP/1.1" status: 200 len: 210 time: 0.0660431
Jul 22 23:59:44.511089 dv-cinder-801633-1-iscsi neutron-server[92928]: INFO neutron.wsgi [req-78c2c696-0d0e-481f-9c1e-280b1998f593 req-9ce9063c-cef1-4e1c-8c59-b22ffee33865 service neutron] 10.222.0.41 "GET /v2.0/networks/ad2263d6-6737-4251-b2bd-eb41eb63c1fa?fields=provider%3Aphysical_network&fields=provider%3Anetwork_type HTTP/1.1" status: 200 len: 281 time: 0.2037554
Jul 22 23:59:44.527297 dv-cinder-801633-1-iscsi neutron-server[92929]: DEBUG neutron.api.rpc.handlers.resources_rpc [None req-3b0155ac-ddb0-4f3d-928c-18c2f4fb14d3 admin admin] Pushing event updated for resources: {'SecurityGroup': ['ID=aec2f7a0-d821-4024-b896-5d85da74528e,revision_number=1']} {{(pid=92929) push /opt/stack/neutron/neutron/api/rpc/handlers/resources_rpc.py:237}}
Jul 22 23:59:44.532235 dv-cinder-801633-1-iscsi neutron-server[92929]: DEBUG neutron.pecan_wsgi.hooks.quota_enforcement [req-55e3843e-d8f1-408f-8083-bcdc5baedf43 req-8bce1cf3-e949-4cba-881e-c9d950c0b011 tempest-ServerRescueNegativeTestJSON-1166732934 tempest-ServerRescueNegativeTestJSON-1166732934-project] Made reservation on behalf of ddcd263763bc4c92a9f6474efa29337f for: {'port': 1} {{(pid=92929) before /opt/stack/neutron/neutron/pecan_wsgi/hooks/quota_enforcement.py:53}}
Jul 22 23:59:44.535937 dv-cinder-801633-1-iscsi neutron-server[92929]: DEBUG neutron_lib.callbacks.manager [req-55e3843e-d8f1-408f-8083-bcdc5baedf43 req-8bce1cf3-e949-4cba-881e-c9d950c0b011 tempest-ServerRescueNegativeTestJSON-1166732934 tempest-ServerRescueNegativeTestJSON-1166732934-project] Notify callbacks ['neutron.plugins.ml2.plugin.SecurityGroupDbMixin._ensure_default_security_group_handler-1596348'] for port, before_create {{(pid=92929) _notify_loop /usr/local/lib/python3.8/dist-packages/neutron_lib/callbacks/manager.py:192}}
Jul 22 23:59:44.552680 dv-cinder-801633-1-iscsi neutron-server[92928]: INFO neutron.wsgi [req-70f31a36-19a3-4343-9932-883fe6fc4737 req-a72dee92-9186-42ad-a21b-38f96e9444a0 service neutron] 10.222.0.41 "GET /v2.0/networks/5700993c-28e3-4cd1-83be-0cd328b486c1?fields=segments HTTP/1.1" status: 200 len: 212 time: 0.1938159
Jul 22 23:59:44.688221 dv-cinder-801633-1-iscsi neutron-server[92929]: DEBUG neutron.pecan_wsgi.hooks.quota_enforcement [req-674ec60a-2f9d-499f-9847-233bbb3ab7bd req-9075f126-fd80-4954-a854-808a90f56181 tempest-AttachVolumeShelveTestJSON-1880518140 tempest-AttachVolumeShelveTestJSON-1880518140-project] Made reservation on behalf of 0c9a6a7d54ce41219d8c6a9c4be2d52f for: {'port': 1} {{(pid=92929) before /opt/stack/neutron/neutron/pecan_wsgi/hooks/quota_enforcement.py:53}}
Jul 22 23:59:44.691876 dv-cinder-801633-1-iscsi neutron-server[92929]: DEBUG neutron_lib.callbacks.manager [req-674ec60a-2f9d-499f-9847-233bbb3ab7bd req-9075f126-fd80-4954-a854-808a90f56181 tempest-AttachVolumeShelveTestJSON-1880518140 tempest-AttachVolumeShelveTestJSON-1880518140-project] Notify callbacks ['neutron.plugins.ml2.plugin.SecurityGroupDbMixin._ensure_default_security_group_handler-1596348'] for port, before_create {{(pid=92929) _notify_loop /usr/local/lib/python3.8/dist-packages/neutron_lib/callbacks/manager.py:192}}
Jul 22 23:59:44.704827 dv-cinder-801633-1-iscsi neutron-server[92928]: DEBUG neutron_lib.callbacks.manager [None req-bef0b0da-9ffb-4f04-b5eb-9cf20a29ebcf admin admin] Notify callbacks [] for security_group, before_delete {{(pid=92928) _notify_loop /usr/local/lib/python3.8/dist-packages/neutron_lib/callbacks/manager.py:192}}
Jul 22 23:59:44.754883 dv-cinder-801633-1-iscsi neutron-server[92928]: DEBUG neutron_lib.callbacks.manager [None req-bef0b0da-9ffb-4f04-b5eb-9cf20a29ebcf admin admin] Notify callbacks [] for security_group, precommit_delete {{(pid=92928) _notify_loop /usr/local/lib/python3.8/dist-packages/neutron_lib/callbacks/manager.py:192}}
Jul 22 23:59:44.777122 dv-cinder-801633-1-iscsi neutron-server[92928]: DEBUG neutron.db.db_base_plugin_common [req-7b2b40e5-4d03-46ab-93ea-308e5b7fb8c1 req-b11987e2-803d-4dac-ac52-7df6bcc3e863 tempest-ServerRescueNegativeTestJSON-1166732934 tempest-ServerRescueNegativeTestJSON-1166732934-project] Allocated IP 172.20.0.4 (e43b07a7-ce43-4b1e-9658-3b973dd6f115/b46c9846-edc3-41e8-94f2-6b7e2b3aa469/734aa7b2-0b50-44c2-9b80-3e6695a9c985) {{(pid=92928) _store_ip_allocation /opt/stack/neutron/neutron/db/db_base_plugin_common.py:131}}
Jul 22 23:59:44.791635 dv-cinder-801633-1-iscsi neutron-server[92928]: INFO neutron.wsgi [req-70f31a36-19a3-4343-9932-883fe6fc4737 req-2597d2a4-a4a0-4d28-8cd2-d8f1393a433d service neutron] 10.222.0.41 "GET /v2.0/networks/5700993c-28e3-4cd1-83be-0cd328b486c1?fields=provider%3Aphysical_network&fields=provider%3Anetwork_type HTTP/1.1" status: 200 len: 281 time: 0.2018199
Jul 22 23:59:44.852370 dv-cinder-801633-1-iscsi neutron-server[92929]: DEBUG neutron.db.db_base_plugin_common [req-674ec60a-2f9d-499f-9847-233bbb3ab7bd req-9075f126-fd80-4954-a854-808a90f56181 tempest-AttachVolumeShelveTestJSON-1880518140 tempest-AttachVolumeShelveTestJSON-1880518140-project] Allocated IP 172.20.0.5 (d72d623f-3714-41dc-869a-b358bd7c89e7/739940cf-291e-44ac-8d89-078a7a2a023d/098f35db-a672-4d57-aad6-fe2d70ff99bf) {{(pid=92929) _store_ip_allocation /opt/stack/neutron/neutron/db/db_base_plugin_common.py:131}}
Jul 22 23:59:44.860129 dv-cinder-801633-1-iscsi neutron-server[92928]: DEBUG neutron_lib.callbacks.manager [None req-bef0b0da-9ffb-4f04-b5eb-9cf20a29ebcf admin admin] Notify callbacks ['neutron.plugins.ml2.ovo_rpc._ObjectChangeHandler.handle_event-613254'] for security_group, after_delete {{(pid=92928) _notify_loop /usr/local/lib/python3.8/dist-packages/neutron_lib/callbacks/manager.py:192}}
Jul 22 23:59:44.862646 dv-cinder-801633-1-iscsi neutron-server[92928]: DEBUG neutron_lib.callbacks.manager [None req-bef0b0da-9ffb-4f04-b5eb-9cf20a29ebcf admin admin] Notify callbacks [] for security_group, before_response {{(pid=92928) _notify_loop /usr/local/lib/python3.8/dist-packages/neutron_lib/callbacks/manager.py:192}}
Jul 22 23:59:44.863791 dv-cinder-801633-1-iscsi neutron-server[92928]: INFO neutron.wsgi [None req-bef0b0da-9ffb-4f04-b5eb-9cf20a29ebcf admin admin] 10.222.0.39 "DELETE /v2.0/security-groups/aec2f7a0-d821-4024-b896-5d85da74528e HTTP/1.1" status: 204 len: 168 time: 0.3684046
Jul 22 23:59:44.889017 dv-cinder-801633-1-iscsi neutron-server[92928]: DEBUG neutron.api.rpc.handlers.resources_rpc [None req-bef0b0da-9ffb-4f04-b5eb-9cf20a29ebcf admin admin] Pushing event deleted for resources: {'SecurityGroup': ['ID=aec2f7a0-d821-4024-b896-5d85da74528e,revision_number=None']} {{(pid=92928) push /opt/stack/neutron/neutron/api/rpc/handlers/resources_rpc.py:237}}
Jul 22 23:59:44.978323 dv-cinder-801633-1-iscsi neutron-server[92928]: DEBUG neutron_lib.callbacks.manager [req-7b2b40e5-4d03-46ab-93ea-308e5b7fb8c1 req-b11987e2-803d-4dac-ac52-7df6bcc3e863 tempest-ServerRescueNegativeTestJSON-1166732934 tempest-ServerRescueNegativeTestJSON-1166732934-project] Notify callbacks [] for port, precommit_create {{(pid=92928) _notify_loop /usr/local/lib/python3.8/dist-packages/neutron_lib/callbacks/manager.py:192}}
Jul 22 23:59:45.016766 dv-cinder-801633-1-iscsi neutron-server[92929]: DEBUG neutron_lib.callbacks.manager [req-674ec60a-2f9d-499f-9847-233bbb3ab7bd req-9075f126-fd80-4954-a854-808a90f56181 tempest-AttachVolumeShelveTestJSON-1880518140 tempest-AttachVolumeShelveTestJSON-1880518140-project] Notify callbacks [] for port, precommit_create {{(pid=92929) _notify_loop /usr/local/lib/python3.8/dist-packages/neutron_lib/callbacks/manager.py:192}}
Jul 22 23:59:45.025054 dv-cinder-801633-1-iscsi neutron-server[92928]: DEBUG neutron_lib.callbacks.manager [req-7b2b40e5-4d03-46ab-93ea-308e5b7fb8c1 req-b11987e2-803d-4dac-ac52-7df6bcc3e863 tempest-ServerRescueNegativeTestJSON-1166732934 tempest-ServerRescueNegativeTestJSON-1166732934-project] Notify callbacks ['neutron.plugins.ml2.plugin.SecurityGroupServerNotifierRpcMixin._notify_sg_on_port_change-1594651', 'neutron.plugins.ml2.ovo_rpc._ObjectChangeHandler.handle_event-423749', 'neutron.api.rpc.agentnotifiers.dhcp_rpc_agent_api.DhcpAgentNotifyAPI._native_event_send_dhcp_notification-583107', 'neutron.db.l3_dvrscheduler_db._notify_l3_agent_new_port-8770847830649', 'neutron.services.segments.plugin.NovaSegmentNotifier._notify_port_created_or_deleted-6971876'] for port, after_create {{(pid=92928) _notify_loop /usr/local/lib/python3.8/dist-packages/neutron_lib/callbacks/manager.py:192}}
Jul 22 23:59:45.055490 dv-cinder-801633-1-iscsi neutron-server[92929]: DEBUG neutron.db.provisioning_blocks [req-674ec60a-2f9d-499f-9847-233bbb3ab7bd req-9075f126-fd80-4954-a854-808a90f56181 tempest-AttachVolumeShelveTestJSON-1880518140 tempest-AttachVolumeShelveTestJSON-1880518140-project] Transition to ACTIVE for port object 098f35db-a672-4d57-aad6-fe2d70ff99bf will not be triggered until provisioned by entity DHCP. {{(pid=92929) add_provisioning_component /opt/stack/neutron/neutron/db/provisioning_blocks.py:73}}
Jul 22 23:59:45.087741 dv-cinder-801633-1-iscsi neutron-server[92928]: DEBUG neutron.scheduler.dhcp_agent_scheduler [req-7b2b40e5-4d03-46ab-93ea-308e5b7fb8c1 req-b11987e2-803d-4dac-ac52-7df6bcc3e863 tempest-ServerRescueNegativeTestJSON-1166732934 tempest-ServerRescueNegativeTestJSON-1166732934-project] Network e43b07a7-ce43-4b1e-9658-3b973dd6f115 is already hosted by enough agents. {{(pid=92928) _get_dhcp_agents_hosting_network /opt/stack/neutron/neutron/scheduler/dhcp_agent_scheduler.py:275}}
Jul 22 23:59:45.089697 dv-cinder-801633-1-iscsi neutron-server[92929]: DEBUG neutron.db.db_base_plugin_common [req-55e3843e-d8f1-408f-8083-bcdc5baedf43 req-8bce1cf3-e949-4cba-881e-c9d950c0b011 tempest-ServerRescueNegativeTestJSON-1166732934 tempest-ServerRescueNegativeTestJSON-1166732934-project] Allocated IP 172.20.0.10 (e43b07a7-ce43-4b1e-9658-3b973dd6f115/b46c9846-edc3-41e8-94f2-6b7e2b3aa469/a3de38ce-0291-4f90-b7a4-385558346fba) {{(pid=92929) _store_ip_allocation /opt/stack/neutron/neutron/db/db_base_plugin_common.py:131}}
Jul 22 23:59:45.099312 dv-cinder-801633-1-iscsi neutron-server[92928]: DEBUG neutron.scheduler.base_scheduler [req-7b2b40e5-4d03-46ab-93ea-308e5b7fb8c1 req-b11987e2-803d-4dac-ac52-7df6bcc3e863 tempest-ServerRescueNegativeTestJSON-1166732934 tempest-ServerRescueNegativeTestJSON-1166732934-project] Resources bound (agent type, host, resource id): {{(pid=92928) schedule /opt/stack/neutron/neutron/scheduler/base_scheduler.py:57}}
Jul 22 23:59:45.104188 dv-cinder-801633-1-iscsi neutron-server[92928]: DEBUG neutron.db.l3_dvrscheduler_db [req-7b2b40e5-4d03-46ab-93ea-308e5b7fb8c1 req-b11987e2-803d-4dac-ac52-7df6bcc3e863 tempest-ServerRescueNegativeTestJSON-1166732934 tempest-ServerRescueNegativeTestJSON-1166732934-project] Received port after_create {{(pid=92928) _notify_l3_agent_new_port /opt/stack/neutron/neutron/db/l3_dvrscheduler_db.py:535}}
Jul 22 23:59:45.143656 dv-cinder-801633-1-iscsi neutron-server[92929]: DEBUG neutron_lib.callbacks.manager [req-674ec60a-2f9d-499f-9847-233bbb3ab7bd req-9075f126-fd80-4954-a854-808a90f56181 tempest-AttachVolumeShelveTestJSON-1880518140 tempest-AttachVolumeShelveTestJSON-1880518140-project] Notify callbacks ['neutron.plugins.ml2.plugin.SecurityGroupServerNotifierRpcMixin._notify_sg_on_port_change-1594651', 'neutron.plugins.ml2.ovo_rpc._ObjectChangeHandler.handle_event-423749', 'neutron.api.rpc.agentnotifiers.dhcp_rpc_agent_api.DhcpAgentNotifyAPI._native_event_send_dhcp_notification-583107', 'neutron.db.l3_dvrscheduler_db._notify_l3_agent_new_port-8770847830649'] for port, after_create {{(pid=92929) _notify_loop /usr/local/lib/python3.8/dist-packages/neutron_lib/callbacks/manager.py:192}}
Jul 22 23:59:45.155056 dv-cinder-801633-1-iscsi neutron-server[92928]: DEBUG neutron.api.rpc.handlers.resources_rpc [None req-b11987e2-803d-4dac-ac52-7df6bcc3e863 tempest-ServerRescueNegativeTestJSON-1166732934 tempest-ServerRescueNegativeTestJSON-1166732934-project] Pushing event updated for resources: {'Port': ['ID=734aa7b2-0b50-44c2-9b80-3e6695a9c985,revision_number=1']} {{(pid=92928) push /opt/stack/neutron/neutron/api/rpc/handlers/resources_rpc.py:237}}
Jul 22 23:59:45.200956 dv-cinder-801633-1-iscsi neutron-server[92928]: DEBUG neutron.pecan_wsgi.hooks.policy_enforcement [req-7b2b40e5-4d03-46ab-93ea-308e5b7fb8c1 req-b11987e2-803d-4dac-ac52-7df6bcc3e863 tempest-ServerRescueNegativeTestJSON-1166732934 tempest-ServerRescueNegativeTestJSON-1166732934-project] Attributes excluded by policy engine: ['standard_attr_id', 'binding:profile', 'binding:host_id', 'binding:vif_type', 'binding:vif_details', 'network'] {{(pid=92928) _exclude_attributes_by_policy /opt/stack/neutron/neutron/pecan_wsgi/hooks/policy_enforcement.py:255}}
Jul 22 23:59:45.201448 dv-cinder-801633-1-iscsi neutron-server[92928]: DEBUG neutron_lib.callbacks.manager [req-7b2b40e5-4d03-46ab-93ea-308e5b7fb8c1 req-b11987e2-803d-4dac-ac52-7df6bcc3e863 tempest-ServerRescueNegativeTestJSON-1166732934 tempest-ServerRescueNegativeTestJSON-1166732934-project] Notify callbacks ['neutron.notifiers.nova.Notifier._send_nova_notification-223904', 'neutron.api.rpc.agentnotifiers.dhcp_rpc_agent_api.DhcpAgentNotifyAPI._send_dhcp_notification-583121'] for port, before_response {{(pid=92928) _notify_loop /usr/local/lib/python3.8/dist-packages/neutron_lib/callbacks/manager.py:192}}
Jul 22 23:59:45.219329 dv-cinder-801633-1-iscsi neutron-server[92928]: INFO neutron.wsgi [req-7b2b40e5-4d03-46ab-93ea-308e5b7fb8c1 req-b11987e2-803d-4dac-ac52-7df6bcc3e863 tempest-ServerRescueNegativeTestJSON-1166732934 tempest-ServerRescueNegativeTestJSON-1166732934-project] 10.222.0.41 "POST /v2.0/ports HTTP/1.1" status: 201 len: 933 time: 1.4974217
Jul 22 23:59:45.230040 dv-cinder-801633-1-iscsi neutron-server[92929]: DEBUG neutron.scheduler.dhcp_agent_scheduler [req-674ec60a-2f9d-499f-9847-233bbb3ab7bd req-9075f126-fd80-4954-a854-808a90f56181 tempest-AttachVolumeShelveTestJSON-1880518140 tempest-AttachVolumeShelveTestJSON-1880518140-project] Network d72d623f-3714-41dc-869a-b358bd7c89e7 is already hosted by enough agents. {{(pid=92929) _get_dhcp_agents_hosting_network /opt/stack/neutron/neutron/scheduler/dhcp_agent_scheduler.py:275}}
Jul 22 23:59:45.237633 dv-cinder-801633-1-iscsi neutron-server[92929]: DEBUG neutron.scheduler.base_scheduler [req-674ec60a-2f9d-499f-9847-233bbb3ab7bd req-9075f126-fd80-4954-a854-808a90f56181 tempest-AttachVolumeShelveTestJSON-1880518140 tempest-AttachVolumeShelveTestJSON-1880518140-project] Resources bound (agent type, host, resource id): {{(pid=92929) schedule /opt/stack/neutron/neutron/scheduler/base_scheduler.py:57}}
Jul 22 23:59:45.242016 dv-cinder-801633-1-iscsi neutron-server[92929]: DEBUG neutron.db.l3_dvrscheduler_db [req-674ec60a-2f9d-499f-9847-233bbb3ab7bd req-9075f126-fd80-4954-a854-808a90f56181 tempest-AttachVolumeShelveTestJSON-1880518140 tempest-AttachVolumeShelveTestJSON-1880518140-project] Received port after_create {{(pid=92929) _notify_l3_agent_new_port /opt/stack/neutron/neutron/db/l3_dvrscheduler_db.py:535}}
Jul 22 23:59:45.247587 dv-cinder-801633-1-iscsi neutron-server[92929]: DEBUG neutron.pecan_wsgi.hooks.policy_enforcement [req-674ec60a-2f9d-499f-9847-233bbb3ab7bd req-9075f126-fd80-4954-a854-808a90f56181 tempest-AttachVolumeShelveTestJSON-1880518140 tempest-AttachVolumeShelveTestJSON-1880518140-project] Attributes excluded by policy engine: ['standard_attr_id', 'binding:profile', 'binding:host_id', 'binding:vif_type', 'binding:vif_details', 'network'] {{(pid=92929) _exclude_attributes_by_policy /opt/stack/neutron/neutron/pecan_wsgi/hooks/policy_enforcement.py:255}}
Jul 22 23:59:45.248390 dv-cinder-801633-1-iscsi neutron-server[92929]: DEBUG neutron_lib.callbacks.manager [req-674ec60a-2f9d-499f-9847-233bbb3ab7bd req-9075f126-fd80-4954-a854-808a90f56181 tempest-AttachVolumeShelveTestJSON-1880518140 tempest-AttachVolumeShelveTestJSON-1880518140-project] Notify callbacks ['neutron.notifiers.nova.Notifier._send_nova_notification-223904', 'neutron.api.rpc.agentnotifiers.dhcp_rpc_agent_api.DhcpAgentNotifyAPI._send_dhcp_notification-583121'] for port, before_response {{(pid=92929) _notify_loop /usr/local/lib/python3.8/dist-packages/neutron_lib/callbacks/manager.py:192}}
Jul 22 23:59:45.251180 dv-cinder-801633-1-iscsi neutron-server[92929]: DEBUG neutron.api.rpc.handlers.resources_rpc [None req-9075f126-fd80-4954-a854-808a90f56181 tempest-AttachVolumeShelveTestJSON-1880518140 tempest-AttachVolumeShelveTestJSON-1880518140-project] Pushing event updated for resources: {'Port': ['ID=098f35db-a672-4d57-aad6-fe2d70ff99bf,revision_number=1']} {{(pid=92929) push /opt/stack/neutron/neutron/api/rpc/handlers/resources_rpc.py:237}}
Jul 22 23:59:45.312508 dv-cinder-801633-1-iscsi neutron-server[92929]: INFO neutron.wsgi [req-674ec60a-2f9d-499f-9847-233bbb3ab7bd req-9075f126-fd80-4954-a854-808a90f56181 tempest-AttachVolumeShelveTestJSON-1880518140 tempest-AttachVolumeShelveTestJSON-1880518140-project] 10.222.0.41 "POST /v2.0/ports HTTP/1.1" status: 201 len: 933 time: 0.8325970
Jul 22 23:59:45.323632 dv-cinder-801633-1-iscsi neutron-server[92928]: DEBUG neutron.wsgi [-] (92928) accepted ('10.222.0.39', 46732) {{(pid=92928) server /usr/local/lib/python3.8/dist-packages/eventlet/wsgi.py:982}}
Jul 22 23:59:45.342283 dv-cinder-801633-1-iscsi neutron-server[92928]: DEBUG neutron_lib.callbacks.manager [None req-c0043ae2-c5f8-4e8f-8c7f-6a0adee46b55 admin admin] Notify callbacks [] for security_group, before_create {{(pid=92928) _notify_loop /usr/local/lib/python3.8/dist-packages/neutron_lib/callbacks/manager.py:192}}
Jul 22 23:59:45.477485 dv-cinder-801633-1-iscsi neutron-server[92928]: DEBUG neutron_lib.callbacks.manager [None req-c0043ae2-c5f8-4e8f-8c7f-6a0adee46b55 admin admin] Notify callbacks [] for security_group, precommit_create {{(pid=92928) _notify_loop /usr/local/lib/python3.8/dist-packages/neutron_lib/callbacks/manager.py:192}}
Jul 22 23:59:45.481731 dv-cinder-801633-1-iscsi neutron-server[92928]: DEBUG neutron_lib.callbacks.manager [None req-c0043ae2-c5f8-4e8f-8c7f-6a0adee46b55 admin admin] Notify callbacks ['neutron.plugins.ml2.ovo_rpc._ObjectChangeHandler.handle_event-613254'] for security_group, after_create {{(pid=92928) _notify_loop /usr/local/lib/python3.8/dist-packages/neutron_lib/callbacks/manager.py:192}}
