Jul 28 05:10:13.168749 dv-cinder-801617-3-smb devstack@c-api.service[99977]: INFO cinder.api.openstack.wsgi [None req-82373ff1-aaa7-4ea3-8fa2-2086333714e7 tempest-VolumeRetypeWithoutMigrationTest-2035674155 tempest-VolumeRetypeWithoutMigrationTest-2035674155-project-admin] http://10.222.0.25/volume/v3/51dc170514134403a384a5c44d26eb7b/volumes/ae334452-81b0-4402-8314-1e159ccba5cd returned with HTTP 200
Jul 28 05:10:13.171663 dv-cinder-801617-3-smb devstack@c-api.service[99977]: [pid: 99977|app: 0|req: 162/340] 10.222.0.25 () {58 vars in 1325 bytes} [Wed Jul 28 05:10:13 2021] GET /volume/v3/51dc170514134403a384a5c44d26eb7b/volumes/ae334452-81b0-4402-8314-1e159ccba5cd => generated 1093 bytes in 93 msecs (HTTP/1.1 200) 7 headers in 286 bytes (1 switches on core 0)
Jul 28 05:10:13.190138 dv-cinder-801617-3-smb devstack@c-api.service[99977]: INFO cinder.api.openstack.wsgi [None req-4dfd6074-2c75-4a0e-8212-ded6b1eb31ed tempest-VolumeRetypeWithoutMigrationTest-2035674155 tempest-VolumeRetypeWithoutMigrationTest-2035674155-project-admin] GET http://10.222.0.25/volume/v3/51dc170514134403a384a5c44d26eb7b/volumes?all_tenants=True&name=tempest-VolumeRetypeWithoutMigrationTest-Volume-1693677278
Jul 28 05:10:13.192464 dv-cinder-801617-3-smb devstack@c-api.service[99977]: DEBUG cinder.api.openstack.wsgi [None req-4dfd6074-2c75-4a0e-8212-ded6b1eb31ed tempest-VolumeRetypeWithoutMigrationTest-2035674155 tempest-VolumeRetypeWithoutMigrationTest-2035674155-project-admin] Empty body provided in request {{(pid=99977) get_body /opt/stack/cinder/cinder/api/openstack/wsgi.py:703}}
Jul 28 05:10:13.192852 dv-cinder-801617-3-smb devstack@c-api.service[99977]: /usr/local/lib/python3.8/dist-packages/webob/acceptparse.py:1047: DeprecationWarning: The behavior of AcceptValidHeader.best_match is currently being maintained for backward compatibility, but it will be deprecated in the future, as it does not conform to the RFC.
Jul 28 05:10:13.192852 dv-cinder-801617-3-smb devstack@c-api.service[99977]: warnings.warn(
Jul 28 05:10:13.193503 dv-cinder-801617-3-smb devstack@c-api.service[99977]: DEBUG cinder.api.openstack.wsgi [None req-4dfd6074-2c75-4a0e-8212-ded6b1eb31ed tempest-VolumeRetypeWithoutMigrationTest-2035674155 tempest-VolumeRetypeWithoutMigrationTest-2035674155-project-admin] Calling method 'index' {{(pid=99977) _process_stack /opt/stack/cinder/cinder/api/openstack/wsgi.py:856}}
Jul 28 05:10:13.197399 dv-cinder-801617-3-smb devstack@c-api.service[99977]: DEBUG cinder.volume.api [None req-4dfd6074-2c75-4a0e-8212-ded6b1eb31ed tempest-VolumeRetypeWithoutMigrationTest-2035674155 tempest-VolumeRetypeWithoutMigrationTest-2035674155-project-admin] Searching by: MultiDict([('display_name', 'tempest-VolumeRetypeWithoutMigrationTest-Volume-1693677278'), ('all_tenants', True)]). {{(pid=99977) get_all /opt/stack/cinder/cinder/volume/api.py:617}}
Jul 28 05:10:13.256169 dv-cinder-801617-3-smb devstack@c-api.service[99977]: INFO cinder.volume.api [None req-4dfd6074-2c75-4a0e-8212-ded6b1eb31ed tempest-VolumeRetypeWithoutMigrationTest-2035674155 tempest-VolumeRetypeWithoutMigrationTest-2035674155-project-admin] Get all volumes completed successfully.
Jul 28 05:10:13.257907 dv-cinder-801617-3-smb devstack@c-api.service[99977]: INFO cinder.api.openstack.wsgi [None req-4dfd6074-2c75-4a0e-8212-ded6b1eb31ed tempest-VolumeRetypeWithoutMigrationTest-2035674155 tempest-VolumeRetypeWithoutMigrationTest-2035674155-project-admin] http://10.222.0.25/volume/v3/51dc170514134403a384a5c44d26eb7b/volumes?all_tenants=True&name=tempest-VolumeRetypeWithoutMigrationTest-Volume-1693677278 returned with HTTP 200
Jul 28 05:10:13.264985 dv-cinder-801617-3-smb devstack@c-api.service[99977]: [pid: 99977|app: 0|req: 163/341] 10.222.0.25 () {58 vars in 1375 bytes} [Wed Jul 28 05:10:13 2021] GET /volume/v3/51dc170514134403a384a5c44d26eb7b/volumes?all_tenants=True&name=tempest-VolumeRetypeWithoutMigrationTest-Volume-1693677278 => generated 413 bytes in 73 msecs (HTTP/1.1 200) 7 headers in 285 bytes (1 switches on core 0)
Jul 28 05:10:13.268603 dv-cinder-801617-3-smb devstack@c-api.service[99977]: INFO cinder.api.openstack.wsgi [None req-fa3e4fd2-49af-4412-afc1-06a16761c217 tempest-VolumesListAdminTestJSON-863328131 tempest-VolumesListAdminTestJSON-863328131-project] GET http://10.222.0.25/volume/v3/1f16737e475041cdaf7e33c86a28ff6d/volumes/cf8340dc-901a-4f7b-9c91-b4e216f20d4f
Jul 28 05:10:13.269148 dv-cinder-801617-3-smb devstack@c-api.service[99977]: DEBUG cinder.api.openstack.wsgi [None req-fa3e4fd2-49af-4412-afc1-06a16761c217 tempest-VolumesListAdminTestJSON-863328131 tempest-VolumesListAdminTestJSON-863328131-project] Empty body provided in request {{(pid=99977) get_body /opt/stack/cinder/cinder/api/openstack/wsgi.py:703}}
Jul 28 05:10:13.269331 dv-cinder-801617-3-smb devstack@c-api.service[99977]: /usr/local/lib/python3.8/dist-packages/webob/acceptparse.py:1047: DeprecationWarning: The behavior of AcceptValidHeader.best_match is currently being maintained for backward compatibility, but it will be deprecated in the future, as it does not conform to the RFC.
Jul 28 05:10:13.269331 dv-cinder-801617-3-smb devstack@c-api.service[99977]: warnings.warn(
Jul 28 05:10:13.269743 dv-cinder-801617-3-smb devstack@c-api.service[99977]: DEBUG cinder.api.openstack.wsgi [None req-fa3e4fd2-49af-4412-afc1-06a16761c217 tempest-VolumesListAdminTestJSON-863328131 tempest-VolumesListAdminTestJSON-863328131-project] Calling method 'show' {{(pid=99977) _process_stack /opt/stack/cinder/cinder/api/openstack/wsgi.py:856}}
Jul 28 05:10:13.281130 dv-cinder-801617-3-smb devstack@c-api.service[99977]: INFO cinder.api.openstack.wsgi [None req-fa3e4fd2-49af-4412-afc1-06a16761c217 tempest-VolumesListAdminTestJSON-863328131 tempest-VolumesListAdminTestJSON-863328131-project] http://10.222.0.25/volume/v3/1f16737e475041cdaf7e33c86a28ff6d/volumes/cf8340dc-901a-4f7b-9c91-b4e216f20d4f returned with HTTP 404
Jul 28 05:10:13.283203 dv-cinder-801617-3-smb devstack@c-api.service[99977]: [pid: 99977|app: 0|req: 164/342] 10.222.0.25 () {58 vars in 1325 bytes} [Wed Jul 28 05:10:13 2021] GET /volume/v3/1f16737e475041cdaf7e33c86a28ff6d/volumes/cf8340dc-901a-4f7b-9c91-b4e216f20d4f => generated 109 bytes in 23 msecs (HTTP/1.1 404) 7 headers in 292 bytes (1 switches on core 0)
Jul 28 05:10:13.287352 dv-cinder-801617-3-smb devstack@c-api.service[99977]: INFO cinder.api.openstack.wsgi [None req-3d2c3519-5261-4585-b287-fec692c3f490 tempest-VolumeRetypeWithoutMigrationTest-88911495 tempest-VolumeRetypeWithoutMigrationTest-88911495-project] DELETE http://10.222.0.25/volume/v3/ac868a28fd81406192f5366fc47401b2/volumes/ae334452-81b0-4402-8314-1e159ccba5cd
Jul 28 05:10:13.287890 dv-cinder-801617-3-smb devstack@c-api.service[99977]: DEBUG cinder.api.openstack.wsgi [None req-3d2c3519-5261-4585-b287-fec692c3f490 tempest-VolumeRetypeWithoutMigrationTest-88911495 tempest-VolumeRetypeWithoutMigrationTest-88911495-project] Empty body provided in request {{(pid=99977) get_body /opt/stack/cinder/cinder/api/openstack/wsgi.py:703}}
Jul 28 05:10:13.288405 dv-cinder-801617-3-smb devstack@c-api.service[99977]: DEBUG cinder.api.openstack.wsgi [None req-3d2c3519-5261-4585-b287-fec692c3f490 tempest-VolumeRetypeWithoutMigrationTest-88911495 tempest-VolumeRetypeWithoutMigrationTest-88911495-project] Calling method 'delete' {{(pid=99977) _process_stack /opt/stack/cinder/cinder/api/openstack/wsgi.py:856}}
Jul 28 05:10:13.288865 dv-cinder-801617-3-smb devstack@c-api.service[99977]: INFO cinder.api.v3.volumes [None req-3d2c3519-5261-4585-b287-fec692c3f490 tempest-VolumeRetypeWithoutMigrationTest-88911495 tempest-VolumeRetypeWithoutMigrationTest-88911495-project] Delete volume with id: ae334452-81b0-4402-8314-1e159ccba5cd
Jul 28 05:10:13.304390 dv-cinder-801617-3-smb devstack@c-api.service[99977]: /usr/local/lib/python3.8/dist-packages/oslo_context/context.py:105: DeprecationWarning: Policy enforcement is depending on the value of is_admin. This key is deprecated. Please update your policy file to use the standard policy values.
Jul 28 05:10:13.304390 dv-cinder-801617-3-smb devstack@c-api.service[99977]: warnings.warn('Policy enforcement is depending on the value of '
Jul 28 05:10:13.305804 dv-cinder-801617-3-smb devstack@c-api.service[99977]: INFO cinder.volume.api [None req-3d2c3519-5261-4585-b287-fec692c3f490 tempest-VolumeRetypeWithoutMigrationTest-88911495 tempest-VolumeRetypeWithoutMigrationTest-88911495-project] Volume info retrieved successfully.
Jul 28 05:10:13.339724 dv-cinder-801617-3-smb devstack@c-api.service[99977]: INFO cinder.volume.api [None req-3d2c3519-5261-4585-b287-fec692c3f490 tempest-VolumeRetypeWithoutMigrationTest-88911495 tempest-VolumeRetypeWithoutMigrationTest-88911495-project] Delete volume request issued successfully.
Jul 28 05:10:13.340401 dv-cinder-801617-3-smb devstack@c-api.service[99977]: INFO cinder.api.openstack.wsgi [None req-3d2c3519-5261-4585-b287-fec692c3f490 tempest-VolumeRetypeWithoutMigrationTest-88911495 tempest-VolumeRetypeWithoutMigrationTest-88911495-project] http://10.222.0.25/volume/v3/ac868a28fd81406192f5366fc47401b2/volumes/ae334452-81b0-4402-8314-1e159ccba5cd returned with HTTP 202
Jul 28 05:10:13.344461 dv-cinder-801617-3-smb devstack@c-api.service[99977]: [pid: 99977|app: 0|req: 165/343] 10.222.0.25 () {58 vars in 1328 bytes} [Wed Jul 28 05:10:13 2021] DELETE /volume/v3/ac868a28fd81406192f5366fc47401b2/volumes/ae334452-81b0-4402-8314-1e159ccba5cd => generated 0 bytes in 58 msecs (HTTP/1.1 202) 6 headers in 233 bytes (1 switches on core 0)
Jul 28 05:10:13.350385 dv-cinder-801617-3-smb devstack@c-api.service[99977]: INFO cinder.api.openstack.wsgi [None req-6b37f79a-bd37-43e9-b439-9000df708d36 tempest-VolumesListAdminTestJSON-863328131 tempest-VolumesListAdminTestJSON-863328131-project] DELETE http://10.222.0.25/volume/v3/1f16737e475041cdaf7e33c86a28ff6d/volumes/16a7ef77-84dd-4741-98dd-3f25eab67654
Jul 28 05:10:13.351883 dv-cinder-801617-3-smb devstack@c-api.service[99977]: DEBUG cinder.api.openstack.wsgi [None req-6b37f79a-bd37-43e9-b439-9000df708d36 tempest-VolumesListAdminTestJSON-863328131 tempest-VolumesListAdminTestJSON-863328131-project] Empty body provided in request {{(pid=99977) get_body /opt/stack/cinder/cinder/api/openstack/wsgi.py:703}}
Jul 28 05:10:13.351883 dv-cinder-801617-3-smb devstack@c-api.service[99977]: /usr/local/lib/python3.8/dist-packages/webob/acceptparse.py:1047: DeprecationWarning: The behavior of AcceptValidHeader.best_match is currently being maintained for backward compatibility, but it will be deprecated in the future, as it does not conform to the RFC.
Jul 28 05:10:13.351883 dv-cinder-801617-3-smb devstack@c-api.service[99977]: warnings.warn(
Jul 28 05:10:13.352299 dv-cinder-801617-3-smb devstack@c-api.service[99977]: DEBUG cinder.api.openstack.wsgi [None req-6b37f79a-bd37-43e9-b439-9000df708d36 tempest-VolumesListAdminTestJSON-863328131 tempest-VolumesListAdminTestJSON-863328131-project] Calling method 'delete' {{(pid=99977) _process_stack /opt/stack/cinder/cinder/api/openstack/wsgi.py:856}}
Jul 28 05:10:13.352776 dv-cinder-801617-3-smb devstack@c-api.service[99977]: INFO cinder.api.v3.volumes [None req-6b37f79a-bd37-43e9-b439-9000df708d36 tempest-VolumesListAdminTestJSON-863328131 tempest-VolumesListAdminTestJSON-863328131-project] Delete volume with id: 16a7ef77-84dd-4741-98dd-3f25eab67654
Jul 28 05:10:13.375126 dv-cinder-801617-3-smb devstack@c-api.service[99977]: /usr/local/lib/python3.8/dist-packages/oslo_context/context.py:105: DeprecationWarning: Policy enforcement is depending on the value of is_admin. This key is deprecated. Please update your policy file to use the standard policy values.
Jul 28 05:10:13.375126 dv-cinder-801617-3-smb devstack@c-api.service[99977]: warnings.warn('Policy enforcement is depending on the value of '
Jul 28 05:10:13.376105 dv-cinder-801617-3-smb devstack@c-api.service[99977]: INFO cinder.volume.api [None req-6b37f79a-bd37-43e9-b439-9000df708d36 tempest-VolumesListAdminTestJSON-863328131 tempest-VolumesListAdminTestJSON-863328131-project] Volume info retrieved successfully.
Jul 28 05:10:13.423189 dv-cinder-801617-3-smb devstack@c-api.service[99977]: INFO cinder.volume.api [None req-6b37f79a-bd37-43e9-b439-9000df708d36 tempest-VolumesListAdminTestJSON-863328131 tempest-VolumesListAdminTestJSON-863328131-project] Delete volume request issued successfully.
Jul 28 05:10:13.423640 dv-cinder-801617-3-smb devstack@c-api.service[99977]: INFO cinder.api.openstack.wsgi [None req-6b37f79a-bd37-43e9-b439-9000df708d36 tempest-VolumesListAdminTestJSON-863328131 tempest-VolumesListAdminTestJSON-863328131-project] http://10.222.0.25/volume/v3/1f16737e475041cdaf7e33c86a28ff6d/volumes/16a7ef77-84dd-4741-98dd-3f25eab67654 returned with HTTP 202
Jul 28 05:10:13.424810 dv-cinder-801617-3-smb devstack@c-api.service[99977]: [pid: 99977|app: 0|req: 166/344] 10.222.0.25 () {58 vars in 1328 bytes} [Wed Jul 28 05:10:13 2021] DELETE /volume/v3/1f16737e475041cdaf7e33c86a28ff6d/volumes/16a7ef77-84dd-4741-98dd-3f25eab67654 => generated 0 bytes in 82 msecs (HTTP/1.1 202) 6 headers in 233 bytes (1 switches on core 0)
Jul 28 05:10:13.432282 dv-cinder-801617-3-smb devstack@c-api.service[99977]: INFO cinder.api.openstack.wsgi [None req-acfe2d12-0075-4d23-b4b2-3940a552b925 tempest-VolumeRetypeWithoutMigrationTest-88911495 tempest-VolumeRetypeWithoutMigrationTest-88911495-project] GET http://10.222.0.25/volume/v3/ac868a28fd81406192f5366fc47401b2/volumes/ae334452-81b0-4402-8314-1e159ccba5cd
Jul 28 05:10:13.433709 dv-cinder-801617-3-smb devstack@c-api.service[99977]: DEBUG cinder.api.openstack.wsgi [None req-acfe2d12-0075-4d23-b4b2-3940a552b925 tempest-VolumeRetypeWithoutMigrationTest-88911495 tempest-VolumeRetypeWithoutMigrationTest-88911495-project] Empty body provided in request {{(pid=99977) get_body /opt/stack/cinder/cinder/api/openstack/wsgi.py:703}}
Jul 28 05:10:13.433883 dv-cinder-801617-3-smb devstack@c-api.service[99977]: /usr/local/lib/python3.8/dist-packages/webob/acceptparse.py:1047: DeprecationWarning: The behavior of AcceptValidHeader.best_match is currently being maintained for backward compatibility, but it will be deprecated in the future, as it does not conform to the RFC.
Jul 28 05:10:13.433883 dv-cinder-801617-3-smb devstack@c-api.service[99977]: warnings.warn(
Jul 28 05:10:13.434250 dv-cinder-801617-3-smb devstack@c-api.service[99977]: DEBUG cinder.api.openstack.wsgi [None req-acfe2d12-0075-4d23-b4b2-3940a552b925 tempest-VolumeRetypeWithoutMigrationTest-88911495 tempest-VolumeRetypeWithoutMigrationTest-88911495-project] Calling method 'show' {{(pid=99977) _process_stack /opt/stack/cinder/cinder/api/openstack/wsgi.py:856}}
Jul 28 05:10:13.458082 dv-cinder-801617-3-smb devstack@c-api.service[99978]: INFO cinder.api.openstack.wsgi [None req-5a1e8ec9-f8cc-46a5-b452-26aebd4e8887 tempest-ExtraSpecsNegativeTest-1410426262 tempest-ExtraSpecsNegativeTest-1410426262-project-admin] POST http://10.222.0.25/volume/v3/e7a28502fad5498bb9fdb146a6d00e9b/types
Jul 28 05:10:13.459216 dv-cinder-801617-3-smb devstack@c-api.service[99978]: /usr/local/lib/python3.8/dist-packages/webob/acceptparse.py:1047: DeprecationWarning: The behavior of AcceptValidHeader.best_match is currently being maintained for backward compatibility, but it will be deprecated in the future, as it does not conform to the RFC.
Jul 28 05:10:13.459216 dv-cinder-801617-3-smb devstack@c-api.service[99978]: warnings.warn(
Jul 28 05:10:13.459643 dv-cinder-801617-3-smb devstack@c-api.service[99978]: DEBUG cinder.api.openstack.wsgi [None req-5a1e8ec9-f8cc-46a5-b452-26aebd4e8887 tempest-ExtraSpecsNegativeTest-1410426262 tempest-ExtraSpecsNegativeTest-1410426262-project-admin] Action: 'create', calling method: _create, body: {"volume_type": {"name": "tempest-ExtraSpecsNegativeTest-volume-type-493574354", "extra_specs": {"spec1": "val1"}}} {{(pid=99978) _process_stack /opt/stack/cinder/cinder/api/openstack/wsgi.py:854}}
Jul 28 05:10:13.485393 dv-cinder-801617-3-smb devstack@c-api.service[99977]: /usr/local/lib/python3.8/dist-packages/oslo_context/context.py:105: DeprecationWarning: Policy enforcement is depending on the value of is_admin. This key is deprecated. Please update your policy file to use the standard policy values.
Jul 28 05:10:13.485393 dv-cinder-801617-3-smb devstack@c-api.service[99977]: warnings.warn('Policy enforcement is depending on the value of '
Jul 28 05:10:13.504325 dv-cinder-801617-3-smb devstack@c-api.service[99977]: INFO cinder.api.openstack.wsgi [None req-acfe2d12-0075-4d23-b4b2-3940a552b925 tempest-VolumeRetypeWithoutMigrationTest-88911495 tempest-VolumeRetypeWithoutMigrationTest-88911495-project] http://10.222.0.25/volume/v3/ac868a28fd81406192f5366fc47401b2/volumes/ae334452-81b0-4402-8314-1e159ccba5cd returned with HTTP 404
Jul 28 05:10:13.510012 dv-cinder-801617-3-smb devstack@c-api.service[99977]: [pid: 99977|app: 0|req: 167/345] 10.222.0.25 () {58 vars in 1325 bytes} [Wed Jul 28 05:10:13 2021] GET /volume/v3/ac868a28fd81406192f5366fc47401b2/volumes/ae334452-81b0-4402-8314-1e159ccba5cd => generated 109 bytes in 82 msecs (HTTP/1.1 404) 7 headers in 292 bytes (1 switches on core 0)
Jul 28 05:10:13.511591 dv-cinder-801617-3-smb devstack@c-api.service[99978]: INFO cinder.api.openstack.wsgi [None req-5a1e8ec9-f8cc-46a5-b452-26aebd4e8887 tempest-ExtraSpecsNegativeTest-1410426262 tempest-ExtraSpecsNegativeTest-1410426262-project-admin] http://10.222.0.25/volume/v3/e7a28502fad5498bb9fdb146a6d00e9b/types returned with HTTP 200
Jul 28 05:10:13.513462 dv-cinder-801617-3-smb devstack@c-api.service[99978]: [pid: 99978|app: 0|req: 179/346] 10.222.0.25 () {60 vars in 1230 bytes} [Wed Jul 28 05:10:13 2021] POST /volume/v3/e7a28502fad5498bb9fdb146a6d00e9b/types => generated 242 bytes in 332 msecs (HTTP/1.1 200) 7 headers in 285 bytes (2 switches on core 0)
Jul 28 05:10:13.519204 dv-cinder-801617-3-smb devstack@c-api.service[99978]: INFO cinder.api.openstack.wsgi [None req-2f6d7364-561d-4918-8da4-94aef8929153 tempest-VolumeRetypeWithoutMigrationTest-2035674155 tempest-VolumeRetypeWithoutMigrationTest-2035674155-project-admin] DELETE http://10.222.0.25/volume/v3/51dc170514134403a384a5c44d26eb7b/types/d3ac6a23-ccbc-444a-a39e-04782528dead
Jul 28 05:10:13.520152 dv-cinder-801617-3-smb devstack@c-api.service[99978]: DEBUG cinder.api.openstack.wsgi [None req-2f6d7364-561d-4918-8da4-94aef8929153 tempest-VolumeRetypeWithoutMigrationTest-2035674155 tempest-VolumeRetypeWithoutMigrationTest-2035674155-project-admin] Empty body provided in request {{(pid=99978) get_body /opt/stack/cinder/cinder/api/openstack/wsgi.py:703}}
Jul 28 05:10:13.520369 dv-cinder-801617-3-smb devstack@c-api.service[99977]: INFO cinder.api.openstack.wsgi [None req-fcc36402-0ce9-474e-8c0f-1d92a405f07c tempest-VolumesListAdminTestJSON-863328131 tempest-VolumesListAdminTestJSON-863328131-project] GET http://10.222.0.25/volume/v3/1f16737e475041cdaf7e33c86a28ff6d/volumes/16a7ef77-84dd-4741-98dd-3f25eab67654
Jul 28 05:10:13.521302 dv-cinder-801617-3-smb devstack@c-api.service[99978]: DEBUG cinder.api.openstack.wsgi [None req-2f6d7364-561d-4918-8da4-94aef8929153 tempest-VolumeRetypeWithoutMigrationTest-2035674155 tempest-VolumeRetypeWithoutMigrationTest-2035674155-project-admin] Calling method '_delete' {{(pid=99978) _process_stack /opt/stack/cinder/cinder/api/openstack/wsgi.py:856}}
Jul 28 05:10:13.522122 dv-cinder-801617-3-smb devstack@c-api.service[99977]: DEBUG cinder.api.openstack.wsgi [None req-fcc36402-0ce9-474e-8c0f-1d92a405f07c tempest-VolumesListAdminTestJSON-863328131 tempest-VolumesListAdminTestJSON-863328131-project] Empty body provided in request {{(pid=99977) get_body /opt/stack/cinder/cinder/api/openstack/wsgi.py:703}}
Jul 28 05:10:13.522303 dv-cinder-801617-3-smb devstack@c-api.service[99977]: /usr/local/lib/python3.8/dist-packages/webob/acceptparse.py:1047: DeprecationWarning: The behavior of AcceptValidHeader.best_match is currently being maintained for backward compatibility, but it will be deprecated in the future, as it does not conform to the RFC.
Jul 28 05:10:13.522303 dv-cinder-801617-3-smb devstack@c-api.service[99977]: warnings.warn(
Jul 28 05:10:13.524594 dv-cinder-801617-3-smb devstack@c-api.service[99977]: DEBUG cinder.api.openstack.wsgi [None req-fcc36402-0ce9-474e-8c0f-1d92a405f07c tempest-VolumesListAdminTestJSON-863328131 tempest-VolumesListAdminTestJSON-863328131-project] Calling method 'show' {{(pid=99977) _process_stack /opt/stack/cinder/cinder/api/openstack/wsgi.py:856}}
Jul 28 05:10:13.550169 dv-cinder-801617-3-smb devstack@c-api.service[99977]: /usr/local/lib/python3.8/dist-packages/oslo_context/context.py:105: DeprecationWarning: Policy enforcement is depending on the value of is_admin. This key is deprecated. Please update your policy file to use the standard policy values.
Jul 28 05:10:13.550169 dv-cinder-801617-3-smb devstack@c-api.service[99977]: warnings.warn('Policy enforcement is depending on the value of '
Jul 28 05:10:13.574910 dv-cinder-801617-3-smb devstack@c-api.service[99977]: INFO cinder.volume.api [None req-fcc36402-0ce9-474e-8c0f-1d92a405f07c tempest-VolumesListAdminTestJSON-863328131 tempest-VolumesListAdminTestJSON-863328131-project] Volume info retrieved successfully.
Jul 28 05:10:13.587165 dv-cinder-801617-3-smb devstack@c-api.service[99978]: INFO cinder.api.openstack.wsgi [None req-2f6d7364-561d-4918-8da4-94aef8929153 tempest-VolumeRetypeWithoutMigrationTest-2035674155 tempest-VolumeRetypeWithoutMigrationTest-2035674155-project-admin] http://10.222.0.25/volume/v3/51dc170514134403a384a5c44d26eb7b/types/d3ac6a23-ccbc-444a-a39e-04782528dead returned with HTTP 202
Jul 28 05:10:13.588573 dv-cinder-801617-3-smb devstack@c-api.service[99978]: [pid: 99978|app: 0|req: 180/347] 10.222.0.25 () {58 vars in 1322 bytes} [Wed Jul 28 05:10:13 2021] DELETE /volume/v3/51dc170514134403a384a5c44d26eb7b/types/d3ac6a23-ccbc-444a-a39e-04782528dead => generated 0 bytes in 74 msecs (HTTP/1.1 202) 6 headers in 233 bytes (1 switches on core 0)
Jul 28 05:10:13.615856 dv-cinder-801617-3-smb devstack@c-api.service[99977]: INFO cinder.api.openstack.wsgi [None req-fcc36402-0ce9-474e-8c0f-1d92a405f07c tempest-VolumesListAdminTestJSON-863328131 tempest-VolumesListAdminTestJSON-863328131-project] http://10.222.0.25/volume/v3/1f16737e475041cdaf7e33c86a28ff6d/volumes/16a7ef77-84dd-4741-98dd-3f25eab67654 returned with HTTP 200
Jul 28 05:10:13.619289 dv-cinder-801617-3-smb devstack@c-api.service[99978]: INFO cinder.api.openstack.wsgi [None req-26d75d1f-3cbb-4b01-b2d5-74836acc1fbd tempest-ExtraSpecsNegativeTest-1410426262 tempest-ExtraSpecsNegativeTest-1410426262-project-admin] POST http://10.222.0.25/volume/v3/e7a28502fad5498bb9fdb146a6d00e9b/types/cee9718a-160e-46eb-a5d5-24f15eae2031/extra_specs
Jul 28 05:10:13.620659 dv-cinder-801617-3-smb devstack@c-api.service[99978]: DEBUG cinder.api.openstack.wsgi [None req-26d75d1f-3cbb-4b01-b2d5-74836acc1fbd tempest-ExtraSpecsNegativeTest-1410426262 tempest-ExtraSpecsNegativeTest-1410426262-project-admin] Action: 'create', calling method: create, body: {"extra_specs": ["invalid"]} {{(pid=99978) _process_stack /opt/stack/cinder/cinder/api/openstack/wsgi.py:854}}
Jul 28 05:10:13.622086 dv-cinder-801617-3-smb devstack@c-api.service[99978]: INFO cinder.api.openstack.wsgi [None req-26d75d1f-3cbb-4b01-b2d5-74836acc1fbd tempest-ExtraSpecsNegativeTest-1410426262 tempest-ExtraSpecsNegativeTest-1410426262-project-admin] http://10.222.0.25/volume/v3/e7a28502fad5498bb9fdb146a6d00e9b/types/cee9718a-160e-46eb-a5d5-24f15eae2031/extra_specs returned with HTTP 400
Jul 28 05:10:13.623652 dv-cinder-801617-3-smb devstack@c-api.service[99978]: [pid: 99978|app: 0|req: 181/348] 10.222.0.25 () {60 vars in 1376 bytes} [Wed Jul 28 05:10:13 2021] POST /volume/v3/e7a28502fad5498bb9fdb146a6d00e9b/types/cee9718a-160e-46eb-a5d5-24f15eae2031/extra_specs => generated 146 bytes in 31 msecs (HTTP/1.1 400) 7 headers in 294 bytes (1 switches on core 0)
Jul 28 05:10:13.626049 dv-cinder-801617-3-smb devstack@c-api.service[99977]: [pid: 99977|app: 0|req: 168/349] 10.222.0.25 () {58 vars in 1325 bytes} [Wed Jul 28 05:10:13 2021] GET /volume/v3/1f16737e475041cdaf7e33c86a28ff6d/volumes/16a7ef77-84dd-4741-98dd-3f25eab67654 => generated 915 bytes in 118 msecs (HTTP/1.1 200) 7 headers in 285 bytes (1 switches on core 0)
Jul 28 05:10:13.631773 dv-cinder-801617-3-smb devstack@c-api.service[99978]: INFO cinder.api.openstack.wsgi [None req-36dd8983-edf7-4b9d-9ddc-008ea6689ba6 tempest-VolumeRetypeWithoutMigrationTest-2035674155 tempest-VolumeRetypeWithoutMigrationTest-2035674155-project-admin] GET http://10.222.0.25/volume/v3/51dc170514134403a384a5c44d26eb7b/types/d3ac6a23-ccbc-444a-a39e-04782528dead
Jul 28 05:10:13.636317 dv-cinder-801617-3-smb devstack@c-api.service[99978]: DEBUG cinder.api.openstack.wsgi [None req-36dd8983-edf7-4b9d-9ddc-008ea6689ba6 tempest-VolumeRetypeWithoutMigrationTest-2035674155 tempest-VolumeRetypeWithoutMigrationTest-2035674155-project-admin] Empty body provided in request {{(pid=99978) get_body /opt/stack/cinder/cinder/api/openstack/wsgi.py:703}}
Jul 28 05:10:13.638075 dv-cinder-801617-3-smb devstack@c-api.service[99978]: DEBUG cinder.api.openstack.wsgi [None req-36dd8983-edf7-4b9d-9ddc-008ea6689ba6 tempest-VolumeRetypeWithoutMigrationTest-2035674155 tempest-VolumeRetypeWithoutMigrationTest-2035674155-project-admin] Calling method 'show' {{(pid=99978) _process_stack /opt/stack/cinder/cinder/api/openstack/wsgi.py:856}}
Jul 28 05:10:13.644524 dv-cinder-801617-3-smb devstack@c-api.service[99978]: INFO cinder.api.openstack.wsgi [None req-36dd8983-edf7-4b9d-9ddc-008ea6689ba6 tempest-VolumeRetypeWithoutMigrationTest-2035674155 tempest-VolumeRetypeWithoutMigrationTest-2035674155-project-admin] http://10.222.0.25/volume/v3/51dc170514134403a384a5c44d26eb7b/types/d3ac6a23-ccbc-444a-a39e-04782528dead returned with HTTP 404
Jul 28 05:10:13.647053 dv-cinder-801617-3-smb devstack@c-api.service[99978]: [pid: 99978|app: 0|req: 182/350] 10.222.0.25 () {58 vars in 1319 bytes} [Wed Jul 28 05:10:13 2021] GET /volume/v3/51dc170514134403a384a5c44d26eb7b/types/d3ac6a23-ccbc-444a-a39e-04782528dead => generated 114 bytes in 22 msecs (HTTP/1.1 404) 7 headers in 292 bytes (1 switches on core 0)
Jul 28 05:10:13.647645 dv-cinder-801617-3-smb devstack@c-api.service[99977]: INFO cinder.api.openstack.wsgi [None req-ad744ef1-e6fd-4778-b987-156958e428ac tempest-ExtraSpecsNegativeTest-1410426262 tempest-ExtraSpecsNegativeTest-1410426262-project-admin] POST http://10.222.0.25/volume/v3/e7a28502fad5498bb9fdb146a6d00e9b/types/cee9718a-160e-46eb-a5d5-24f15eae2031/extra_specs
Jul 28 05:10:13.648100 dv-cinder-801617-3-smb devstack@c-api.service[99977]: /usr/local/lib/python3.8/dist-packages/webob/acceptparse.py:1047: DeprecationWarning: The behavior of AcceptValidHeader.best_match is currently being maintained for backward compatibility, but it will be deprecated in the future, as it does not conform to the RFC.
Jul 28 05:10:13.648100 dv-cinder-801617-3-smb devstack@c-api.service[99977]: warnings.warn(
Jul 28 05:10:13.648645 dv-cinder-801617-3-smb devstack@c-api.service[99977]: DEBUG cinder.api.openstack.wsgi [None req-ad744ef1-e6fd-4778-b987-156958e428ac tempest-ExtraSpecsNegativeTest-1410426262 tempest-ExtraSpecsNegativeTest-1410426262-project-admin] Action: 'create', calling method: create, body: {"extra_specs": null} {{(pid=99977) _process_stack /opt/stack/cinder/cinder/api/openstack/wsgi.py:854}}
Jul 28 05:10:13.649681 dv-cinder-801617-3-smb devstack@c-api.service[99977]: INFO cinder.api.openstack.wsgi [None req-ad744ef1-e6fd-4778-b987-156958e428ac tempest-ExtraSpecsNegativeTest-1410426262 tempest-ExtraSpecsNegativeTest-1410426262-project-admin] http://10.222.0.25/volume/v3/e7a28502fad5498bb9fdb146a6d00e9b/types/cee9718a-160e-46eb-a5d5-24f15eae2031/extra_specs returned with HTTP 400
Jul 28 05:10:13.653713 dv-cinder-801617-3-smb devstack@c-api.service[99977]: [pid: 99977|app: 0|req: 169/351] 10.222.0.25 () {60 vars in 1376 bytes} [Wed Jul 28 05:10:13 2021] POST /volume/v3/e7a28502fad5498bb9fdb146a6d00e9b/types/cee9718a-160e-46eb-a5d5-24f15eae2031/extra_specs => generated 132 bytes in 23 msecs (HTTP/1.1 400) 7 headers in 294 bytes (1 switches on core 0)
Jul 28 05:10:13.655209 dv-cinder-801617-3-smb devstack@c-api.service[99978]: INFO cinder.api.openstack.wsgi [None req-5953c351-f4a7-4897-bdf1-282f86e363d5 tempest-VolumeRetypeWithoutMigrationTest-2035674155 tempest-VolumeRetypeWithoutMigrationTest-2035674155-project-admin] DELETE http://10.222.0.25/volume/v3/51dc170514134403a384a5c44d26eb7b/types/178ad733-12bc-40ca-9cb2-ac41968d56f3
Jul 28 05:10:13.655730 dv-cinder-801617-3-smb devstack@c-api.service[99978]: DEBUG cinder.api.openstack.wsgi [None req-5953c351-f4a7-4897-bdf1-282f86e363d5 tempest-VolumeRetypeWithoutMigrationTest-2035674155 tempest-VolumeRetypeWithoutMigrationTest-2035674155-project-admin] Empty body provided in request {{(pid=99978) get_body /opt/stack/cinder/cinder/api/openstack/wsgi.py:703}}
Jul 28 05:10:13.656170 dv-cinder-801617-3-smb devstack@c-api.service[99978]: DEBUG cinder.api.openstack.wsgi [None req-5953c351-f4a7-4897-bdf1-282f86e363d5 tempest-VolumeRetypeWithoutMigrationTest-2035674155 tempest-VolumeRetypeWithoutMigrationTest-2035674155-project-admin] Calling method '_delete' {{(pid=99978) _process_stack /opt/stack/cinder/cinder/api/openstack/wsgi.py:856}}
Jul 28 05:10:13.670855 dv-cinder-801617-3-smb devstack@c-api.service[99977]: INFO cinder.api.openstack.wsgi [None req-cf35b545-78a8-453f-ba97-b5d6ac4fc2d3 tempest-ExtraSpecsNegativeTest-1410426262 tempest-ExtraSpecsNegativeTest-1410426262-project-admin] POST http://10.222.0.25/volume/v3/e7a28502fad5498bb9fdb146a6d00e9b/types/11910608-1d8b-48aa-becf-186a1801000d/extra_specs
Jul 28 05:10:13.677382 dv-cinder-801617-3-smb devstack@c-api.service[99977]: DEBUG cinder.api.openstack.wsgi [None req-cf35b545-78a8-453f-ba97-b5d6ac4fc2d3 tempest-ExtraSpecsNegativeTest-1410426262 tempest-ExtraSpecsNegativeTest-1410426262-project-admin] Action: 'create', calling method: create, body: {"extra_specs": {"spec2": "val1"}} {{(pid=99977) _process_stack /opt/stack/cinder/cinder/api/openstack/wsgi.py:854}}
Jul 28 05:10:13.742878 dv-cinder-801617-3-smb devstack@c-api.service[99978]: INFO cinder.api.openstack.wsgi [None req-5953c351-f4a7-4897-bdf1-282f86e363d5 tempest-VolumeRetypeWithoutMigrationTest-2035674155 tempest-VolumeRetypeWithoutMigrationTest-2035674155-project-admin] http://10.222.0.25/volume/v3/51dc170514134403a384a5c44d26eb7b/types/178ad733-12bc-40ca-9cb2-ac41968d56f3 returned with HTTP 202
Jul 28 05:10:13.745044 dv-cinder-801617-3-smb devstack@c-api.service[99978]: [pid: 99978|app: 0|req: 183/352] 10.222.0.25 () {58 vars in 1322 bytes} [Wed Jul 28 05:10:13 2021] DELETE /volume/v3/51dc170514134403a384a5c44d26eb7b/types/178ad733-12bc-40ca-9cb2-ac41968d56f3 => generated 0 bytes in 94 msecs (HTTP/1.1 202) 6 headers in 233 bytes (1 switches on core 0)
Jul 28 05:10:13.773068 dv-cinder-801617-3-smb devstack@c-api.service[99978]: INFO cinder.api.openstack.wsgi [req-e63f4494-5249-4d8a-8951-9a158af5145d req-1829f5ff-acd9-4c5b-9d88-d4deb9d62358 tempest-DeleteServersTestJSON-1632208673 tempest-DeleteServersTestJSON-1632208673-project] DELETE http://10.222.0.25/volume/v3/96291ce4c2304060becda086d5f2e583/attachments/8b3670c7-fda8-485b-bab5-653a34b867b2
Jul 28 05:10:13.774815 dv-cinder-801617-3-smb devstack@c-api.service[99978]: DEBUG cinder.api.openstack.wsgi [req-e63f4494-5249-4d8a-8951-9a158af5145d req-1829f5ff-acd9-4c5b-9d88-d4deb9d62358 tempest-DeleteServersTestJSON-1632208673 tempest-DeleteServersTestJSON-1632208673-project] Empty body provided in request {{(pid=99978) get_body /opt/stack/cinder/cinder/api/openstack/wsgi.py:703}}
Jul 28 05:10:13.775434 dv-cinder-801617-3-smb devstack@c-api.service[99978]: DEBUG cinder.api.openstack.wsgi [req-e63f4494-5249-4d8a-8951-9a158af5145d req-1829f5ff-acd9-4c5b-9d88-d4deb9d62358 tempest-DeleteServersTestJSON-1632208673 tempest-DeleteServersTestJSON-1632208673-project] Calling method 'version_select' {{(pid=99978) _process_stack /opt/stack/cinder/cinder/api/openstack/wsgi.py:856}}
Jul 28 05:10:13.808168 dv-cinder-801617-3-smb devstack@c-api.service[99978]: /usr/local/lib/python3.8/dist-packages/oslo_context/context.py:105: DeprecationWarning: Policy enforcement is depending on the value of is_admin. This key is deprecated. Please update your policy file to use the standard policy values.
Jul 28 05:10:13.808168 dv-cinder-801617-3-smb devstack@c-api.service[99978]: warnings.warn('Policy enforcement is depending on the value of '
Jul 28 05:10:13.817177 dv-cinder-801617-3-smb devstack@c-api.service[99977]: INFO cinder.api.openstack.wsgi [None req-cf35b545-78a8-453f-ba97-b5d6ac4fc2d3 tempest-ExtraSpecsNegativeTest-1410426262 tempest-ExtraSpecsNegativeTest-1410426262-project-admin] http://10.222.0.25/volume/v3/e7a28502fad5498bb9fdb146a6d00e9b/types/11910608-1d8b-48aa-becf-186a1801000d/extra_specs returned with HTTP 404
Jul 28 05:10:13.818154 dv-cinder-801617-3-smb devstack@c-api.service[99977]: [pid: 99977|app: 0|req: 170/353] 10.222.0.25 () {60 vars in 1376 bytes} [Wed Jul 28 05:10:13 2021] POST /volume/v3/e7a28502fad5498bb9fdb146a6d00e9b/types/11910608-1d8b-48aa-becf-186a1801000d/extra_specs => generated 114 bytes in 160 msecs (HTTP/1.1 404) 7 headers in 292 bytes (1 switches on core 0)
Jul 28 05:10:13.824974 dv-cinder-801617-3-smb devstack@c-api.service[99977]: INFO cinder.api.openstack.wsgi [None req-6ad767f7-c58f-4f93-9ac5-d0919140c663 tempest-VolumeRetypeWithoutMigrationTest-2035674155 tempest-VolumeRetypeWithoutMigrationTest-2035674155-project-admin] GET http://10.222.0.25/volume/v3/51dc170514134403a384a5c44d26eb7b/types/178ad733-12bc-40ca-9cb2-ac41968d56f3
Jul 28 05:10:13.825435 dv-cinder-801617-3-smb devstack@c-api.service[99977]: DEBUG cinder.api.openstack.wsgi [None req-6ad767f7-c58f-4f93-9ac5-d0919140c663 tempest-VolumeRetypeWithoutMigrationTest-2035674155 tempest-VolumeRetypeWithoutMigrationTest-2035674155-project-admin] Empty body provided in request {{(pid=99977) get_body /opt/stack/cinder/cinder/api/openstack/wsgi.py:703}}
Jul 28 05:10:13.825845 dv-cinder-801617-3-smb devstack@c-api.service[99977]: DEBUG cinder.api.openstack.wsgi [None req-6ad767f7-c58f-4f93-9ac5-d0919140c663 tempest-VolumeRetypeWithoutMigrationTest-2035674155 tempest-VolumeRetypeWithoutMigrationTest-2035674155-project-admin] Calling method 'show' {{(pid=99977) _process_stack /opt/stack/cinder/cinder/api/openstack/wsgi.py:856}}
Jul 28 05:10:13.844365 dv-cinder-801617-3-smb devstack@c-api.service[99977]: INFO cinder.api.openstack.wsgi [None req-6ad767f7-c58f-4f93-9ac5-d0919140c663 tempest-VolumeRetypeWithoutMigrationTest-2035674155 tempest-VolumeRetypeWithoutMigrationTest-2035674155-project-admin] http://10.222.0.25/volume/v3/51dc170514134403a384a5c44d26eb7b/types/178ad733-12bc-40ca-9cb2-ac41968d56f3 returned with HTTP 404
Jul 28 05:10:13.845320 dv-cinder-801617-3-smb devstack@c-api.service[99977]: [pid: 99977|app: 0|req: 171/354] 10.222.0.25 () {58 vars in 1319 bytes} [Wed Jul 28 05:10:13 2021] GET /volume/v3/51dc170514134403a384a5c44d26eb7b/types/178ad733-12bc-40ca-9cb2-ac41968d56f3 => generated 114 bytes in 26 msecs (HTTP/1.1 404) 7 headers in 292 bytes (1 switches on core 0)
Jul 28 05:10:13.854588 dv-cinder-801617-3-smb devstack@c-api.service[99977]: INFO cinder.api.openstack.wsgi [None req-b7a7d24d-b3a5-4713-82cc-53bc9e7c993e tempest-ExtraSpecsNegativeTest-1410426262 tempest-ExtraSpecsNegativeTest-1410426262-project-admin] DELETE http://10.222.0.25/volume/v3/e7a28502fad5498bb9fdb146a6d00e9b/types/1f9dbf64-5fce-4d9a-b71e-6eb6fe47eaee/extra_specs/spec1
Jul 28 05:10:13.857673 dv-cinder-801617-3-smb devstack@c-api.service[99977]: DEBUG cinder.api.openstack.wsgi [None req-b7a7d24d-b3a5-4713-82cc-53bc9e7c993e tempest-ExtraSpecsNegativeTest-1410426262 tempest-ExtraSpecsNegativeTest-1410426262-project-admin] Empty body provided in request {{(pid=99977) get_body /opt/stack/cinder/cinder/api/openstack/wsgi.py:703}}
Jul 28 05:10:13.862689 dv-cinder-801617-3-smb devstack@c-api.service[99977]: DEBUG cinder.api.openstack.wsgi [None req-b7a7d24d-b3a5-4713-82cc-53bc9e7c993e tempest-ExtraSpecsNegativeTest-1410426262 tempest-ExtraSpecsNegativeTest-1410426262-project-admin] Calling method 'delete' {{(pid=99977) _process_stack /opt/stack/cinder/cinder/api/openstack/wsgi.py:856}}
Jul 28 05:10:13.874105 dv-cinder-801617-3-smb devstack@c-api.service[99977]: INFO cinder.api.openstack.wsgi [None req-b7a7d24d-b3a5-4713-82cc-53bc9e7c993e tempest-ExtraSpecsNegativeTest-1410426262 tempest-ExtraSpecsNegativeTest-1410426262-project-admin] http://10.222.0.25/volume/v3/e7a28502fad5498bb9fdb146a6d00e9b/types/1f9dbf64-5fce-4d9a-b71e-6eb6fe47eaee/extra_specs/spec1 returned with HTTP 404
Jul 28 05:10:13.879552 dv-cinder-801617-3-smb devstack@c-api.service[99977]: [pid: 99977|app: 0|req: 172/355] 10.222.0.25 () {58 vars in 1376 bytes} [Wed Jul 28 05:10:13 2021] DELETE /volume/v3/e7a28502fad5498bb9fdb146a6d00e9b/types/1f9dbf64-5fce-4d9a-b71e-6eb6fe47eaee/extra_specs/spec1 => generated 114 bytes in 34 msecs (HTTP/1.1 404) 7 headers in 292 bytes (1 switches on core 0)
Jul 28 05:10:13.895557 dv-cinder-801617-3-smb devstack@c-api.service[99978]: DEBUG cinder.volume.api [req-e63f4494-5249-4d8a-8951-9a158af5145d req-1829f5ff-acd9-4c5b-9d88-d4deb9d62358 tempest-DeleteServersTestJSON-1632208673 tempest-DeleteServersTestJSON-1632208673-project] Remaining volume attachments: VolumeAttachmentList(objects=[]) {{(pid=99978) attachment_delete /opt/stack/cinder/cinder/volume/api.py:2269}}
Jul 28 05:10:13.895919 dv-cinder-801617-3-smb devstack@c-api.service[99978]: DEBUG cinder.volume.api [req-e63f4494-5249-4d8a-8951-9a158af5145d req-1829f5ff-acd9-4c5b-9d88-d4deb9d62358 tempest-DeleteServersTestJSON-1632208673 tempest-DeleteServersTestJSON-1632208673-project] Pending status list for volume during attachment-delete: [] {{(pid=99978) attachment_delete /opt/stack/cinder/cinder/volume/api.py:2281}}
Jul 28 05:10:13.906079 dv-cinder-801617-3-smb devstack@c-api.service[99977]: INFO cinder.api.openstack.wsgi [None req-a9c0803e-f789-4de3-978f-55cdbebe1d03 tempest-ExtraSpecsNegativeTest-1410426262 tempest-ExtraSpecsNegativeTest-1410426262-project-admin] GET http://10.222.0.25/volume/v3/e7a28502fad5498bb9fdb146a6d00e9b/types/cee9718a-160e-46eb-a5d5-24f15eae2031/extra_specs/nonexistent_extra_spec_name
Jul 28 05:10:13.907261 dv-cinder-801617-3-smb devstack@c-api.service[99977]: DEBUG cinder.api.openstack.wsgi [None req-a9c0803e-f789-4de3-978f-55cdbebe1d03 tempest-ExtraSpecsNegativeTest-1410426262 tempest-ExtraSpecsNegativeTest-1410426262-project-admin] Empty body provided in request {{(pid=99977) get_body /opt/stack/cinder/cinder/api/openstack/wsgi.py:703}}
Jul 28 05:10:13.908863 dv-cinder-801617-3-smb devstack@c-api.service[99977]: DEBUG cinder.api.openstack.wsgi [None req-a9c0803e-f789-4de3-978f-55cdbebe1d03 tempest-ExtraSpecsNegativeTest-1410426262 tempest-ExtraSpecsNegativeTest-1410426262-project-admin] Calling method 'show' {{(pid=99977) _process_stack /opt/stack/cinder/cinder/api/openstack/wsgi.py:856}}
Jul 28 05:10:13.912362 dv-cinder-801617-3-smb devstack@c-api.service[99978]: INFO cinder.api.openstack.wsgi [req-e63f4494-5249-4d8a-8951-9a158af5145d req-1829f5ff-acd9-4c5b-9d88-d4deb9d62358 tempest-DeleteServersTestJSON-1632208673 tempest-DeleteServersTestJSON-1632208673-project] http://10.222.0.25/volume/v3/96291ce4c2304060becda086d5f2e583/attachments/8b3670c7-fda8-485b-bab5-653a34b867b2 returned with HTTP 200
Jul 28 05:10:13.913215 dv-cinder-801617-3-smb devstack@c-api.service[99978]: [pid: 99978|app: 0|req: 184/356] 10.222.0.30 () {62 vars in 1447 bytes} [Wed Jul 28 05:10:13 2021] DELETE /volume/v3/96291ce4c2304060becda086d5f2e583/attachments/8b3670c7-fda8-485b-bab5-653a34b867b2 => generated 19 bytes in 167 msecs (HTTP/1.1 200) 7 headers in 285 bytes (2 switches on core 0)
Jul 28 05:10:13.952358 dv-cinder-801617-3-smb devstack@c-api.service[99977]: INFO cinder.api.openstack.wsgi [None req-a9c0803e-f789-4de3-978f-55cdbebe1d03 tempest-ExtraSpecsNegativeTest-1410426262 tempest-ExtraSpecsNegativeTest-1410426262-project-admin] http://10.222.0.25/volume/v3/e7a28502fad5498bb9fdb146a6d00e9b/types/cee9718a-160e-46eb-a5d5-24f15eae2031/extra_specs/nonexistent_extra_spec_name returned with HTTP 404
Jul 28 05:10:13.953318 dv-cinder-801617-3-smb devstack@c-api.service[99977]: [pid: 99977|app: 0|req: 173/357] 10.222.0.25 () {58 vars in 1439 bytes} [Wed Jul 28 05:10:13 2021] GET /volume/v3/e7a28502fad5498bb9fdb146a6d00e9b/types/cee9718a-160e-46eb-a5d5-24f15eae2031/extra_specs/nonexistent_extra_spec_name => generated 151 bytes in 68 msecs (HTTP/1.1 404) 7 headers in 292 bytes (1 switches on core 0)
Jul 28 05:10:13.964178 dv-cinder-801617-3-smb devstack@c-api.service[99978]: INFO cinder.api.openstack.wsgi [None req-4f168e41-2127-4b99-b373-b8a1a91f1c17 tempest-ExtraSpecsNegativeTest-1410426262 tempest-ExtraSpecsNegativeTest-1410426262-project-admin] GET http://10.222.0.25/volume/v3/e7a28502fad5498bb9fdb146a6d00e9b/types/cd0e0ff8-9966-4f00-ba5e-b2d2455cff25/extra_specs/spec1
Jul 28 05:10:13.964630 dv-cinder-801617-3-smb devstack@c-api.service[99978]: DEBUG cinder.api.openstack.wsgi [None req-4f168e41-2127-4b99-b373-b8a1a91f1c17 tempest-ExtraSpecsNegativeTest-1410426262 tempest-ExtraSpecsNegativeTest-1410426262-project-admin] Empty body provided in request {{(pid=99978) get_body /opt/stack/cinder/cinder/api/openstack/wsgi.py:703}}
Jul 28 05:10:13.964805 dv-cinder-801617-3-smb devstack@c-api.service[99978]: /usr/local/lib/python3.8/dist-packages/webob/acceptparse.py:1047: DeprecationWarning: The behavior of AcceptValidHeader.best_match is currently being maintained for backward compatibility, but it will be deprecated in the future, as it does not conform to the RFC.
Jul 28 05:10:13.964805 dv-cinder-801617-3-smb devstack@c-api.service[99978]: warnings.warn(
Jul 28 05:10:13.965124 dv-cinder-801617-3-smb devstack@c-api.service[99978]: DEBUG cinder.api.openstack.wsgi [None req-4f168e41-2127-4b99-b373-b8a1a91f1c17 tempest-ExtraSpecsNegativeTest-1410426262 tempest-ExtraSpecsNegativeTest-1410426262-project-admin] Calling method 'show' {{(pid=99978) _process_stack /opt/stack/cinder/cinder/api/openstack/wsgi.py:856}}
Jul 28 05:10:13.979536 dv-cinder-801617-3-smb devstack@c-api.service[99978]: INFO cinder.api.openstack.wsgi [None req-4f168e41-2127-4b99-b373-b8a1a91f1c17 tempest-ExtraSpecsNegativeTest-1410426262 tempest-ExtraSpecsNegativeTest-1410426262-project-admin] http://10.222.0.25/volume/v3/e7a28502fad5498bb9fdb146a6d00e9b/types/cd0e0ff8-9966-4f00-ba5e-b2d2455cff25/extra_specs/spec1 returned with HTTP 404
Jul 28 05:10:13.980813 dv-cinder-801617-3-smb devstack@c-api.service[99978]: [pid: 99978|app: 0|req: 185/358] 10.222.0.25 () {58 vars in 1373 bytes} [Wed Jul 28 05:10:13 2021] GET /volume/v3/e7a28502fad5498bb9fdb146a6d00e9b/types/cd0e0ff8-9966-4f00-ba5e-b2d2455cff25/extra_specs/spec1 => generated 114 bytes in 22 msecs (HTTP/1.1 404) 7 headers in 292 bytes (1 switches on core 0)
Jul 28 05:10:13.991604 dv-cinder-801617-3-smb devstack@c-api.service[99977]: INFO cinder.api.openstack.wsgi [None req-b58a17f2-c35c-4ce0-99b5-11017152df87 tempest-ExtraSpecsNegativeTest-1410426262 tempest-ExtraSpecsNegativeTest-1410426262-project-admin] GET http://10.222.0.25/volume/v3/e7a28502fad5498bb9fdb146a6d00e9b/types/49452b64-534c-4540-aa36-a3b10039e25e/extra_specs
Jul 28 05:10:13.992320 dv-cinder-801617-3-smb devstack@c-api.service[99977]: DEBUG cinder.api.openstack.wsgi [None req-b58a17f2-c35c-4ce0-99b5-11017152df87 tempest-ExtraSpecsNegativeTest-1410426262 tempest-ExtraSpecsNegativeTest-1410426262-project-admin] Empty body provided in request {{(pid=99977) get_body /opt/stack/cinder/cinder/api/openstack/wsgi.py:703}}
Jul 28 05:10:13.992898 dv-cinder-801617-3-smb devstack@c-api.service[99977]: DEBUG cinder.api.openstack.wsgi [None req-b58a17f2-c35c-4ce0-99b5-11017152df87 tempest-ExtraSpecsNegativeTest-1410426262 tempest-ExtraSpecsNegativeTest-1410426262-project-admin] Calling method 'index' {{(pid=99977) _process_stack /opt/stack/cinder/cinder/api/openstack/wsgi.py:856}}
Jul 28 05:10:14.005196 dv-cinder-801617-3-smb devstack@c-api.service[99977]: INFO cinder.api.openstack.wsgi [None req-b58a17f2-c35c-4ce0-99b5-11017152df87 tempest-ExtraSpecsNegativeTest-1410426262 tempest-ExtraSpecsNegativeTest-1410426262-project-admin] http://10.222.0.25/volume/v3/e7a28502fad5498bb9fdb146a6d00e9b/types/49452b64-534c-4540-aa36-a3b10039e25e/extra_specs returned with HTTP 404
Jul 28 05:10:14.006469 dv-cinder-801617-3-smb devstack@c-api.service[99977]: [pid: 99977|app: 0|req: 174/359] 10.222.0.25 () {58 vars in 1355 bytes} [Wed Jul 28 05:10:13 2021] GET /volume/v3/e7a28502fad5498bb9fdb146a6d00e9b/types/49452b64-534c-4540-aa36-a3b10039e25e/extra_specs => generated 114 bytes in 21 msecs (HTTP/1.1 404) 7 headers in 292 bytes (1 switches on core 0)
Jul 28 05:10:14.017344 dv-cinder-801617-3-smb devstack@c-api.service[99978]: INFO cinder.api.openstack.wsgi [None req-d4f307e0-a409-4d15-bd05-ede4198164f2 tempest-ExtraSpecsNegativeTest-1410426262 tempest-ExtraSpecsNegativeTest-1410426262-project-admin] PUT http://10.222.0.25/volume/v3/e7a28502fad5498bb9fdb146a6d00e9b/types/cee9718a-160e-46eb-a5d5-24f15eae2031/extra_specs/spec1
Jul 28 05:10:14.018289 dv-cinder-801617-3-smb devstack@c-api.service[99978]: DEBUG cinder.api.openstack.wsgi [None req-d4f307e0-a409-4d15-bd05-ede4198164f2 tempest-ExtraSpecsNegativeTest-1410426262 tempest-ExtraSpecsNegativeTest-1410426262-project-admin] Action: 'update', calling method: update, body: {"spec1": "val2", "spec2": "val1"} {{(pid=99978) _process_stack /opt/stack/cinder/cinder/api/openstack/wsgi.py:854}}
Jul 28 05:10:14.019844 dv-cinder-801617-3-smb devstack@c-api.service[99978]: INFO cinder.api.openstack.wsgi [None req-d4f307e0-a409-4d15-bd05-ede4198164f2 tempest-ExtraSpecsNegativeTest-1410426262 tempest-ExtraSpecsNegativeTest-1410426262-project-admin] http://10.222.0.25/volume/v3/e7a28502fad5498bb9fdb146a6d00e9b/types/cee9718a-160e-46eb-a5d5-24f15eae2031/extra_specs/spec1 returned with HTTP 400
Jul 28 05:10:14.020740 dv-cinder-801617-3-smb devstack@c-api.service[99978]: [pid: 99978|app: 0|req: 186/360] 10.222.0.25 () {60 vars in 1393 bytes} [Wed Jul 28 05:10:14 2021] PUT /volume/v3/e7a28502fad5498bb9fdb146a6d00e9b/types/cee9718a-160e-46eb-a5d5-24f15eae2031/extra_specs/spec1 => generated 102 bytes in 9 msecs (HTTP/1.1 400) 7 headers in 294 bytes (2 switches on core 0)
Jul 28 05:10:14.031293 dv-cinder-801617-3-smb devstack@c-api.service[99977]: INFO cinder.api.openstack.wsgi [None req-06debbf6-ea7c-478f-948a-17f86ec196d4 tempest-ExtraSpecsNegativeTest-1410426262 tempest-ExtraSpecsNegativeTest-1410426262-project-admin] PUT http://10.222.0.25/volume/v3/e7a28502fad5498bb9fdb146a6d00e9b/types/cee9718a-160e-46eb-a5d5-24f15eae2031/extra_specs/spec1
Jul 28 05:10:14.032003 dv-cinder-801617-3-smb devstack@c-api.service[99977]: DEBUG cinder.api.openstack.wsgi [None req-06debbf6-ea7c-478f-948a-17f86ec196d4 tempest-ExtraSpecsNegativeTest-1410426262 tempest-ExtraSpecsNegativeTest-1410426262-project-admin] Action: 'update', calling method: update, body: null {{(pid=99977) _process_stack /opt/stack/cinder/cinder/api/openstack/wsgi.py:854}}
Jul 28 05:10:14.032831 dv-cinder-801617-3-smb devstack@c-api.service[99977]: INFO cinder.api.openstack.wsgi [None req-06debbf6-ea7c-478f-948a-17f86ec196d4 tempest-ExtraSpecsNegativeTest-1410426262 tempest-ExtraSpecsNegativeTest-1410426262-project-admin] http://10.222.0.25/volume/v3/e7a28502fad5498bb9fdb146a6d00e9b/types/cee9718a-160e-46eb-a5d5-24f15eae2031/extra_specs/spec1 returned with HTTP 400
Jul 28 05:10:14.034009 dv-cinder-801617-3-smb devstack@c-api.service[99977]: [pid: 99977|app: 0|req: 175/361] 10.222.0.25 () {60 vars in 1392 bytes} [Wed Jul 28 05:10:14 2021] PUT /volume/v3/e7a28502fad5498bb9fdb146a6d00e9b/types/cee9718a-160e-46eb-a5d5-24f15eae2031/extra_specs/spec1 => generated 72 bytes in 8 msecs (HTTP/1.1 400) 7 headers in 293 bytes (2 switches on core 0)
Jul 28 05:10:14.043692 dv-cinder-801617-3-smb devstack@c-api.service[99978]: INFO cinder.api.openstack.wsgi [None req-3f0c1f85-a19b-4f1c-98d4-b4c44a9bf6b3 tempest-ExtraSpecsNegativeTest-1410426262 tempest-ExtraSpecsNegativeTest-1410426262-project-admin] PUT http://10.222.0.25/volume/v3/e7a28502fad5498bb9fdb146a6d00e9b/types/cee9718a-160e-46eb-a5d5-24f15eae2031/extra_specs/None
Jul 28 05:10:14.044366 dv-cinder-801617-3-smb devstack@c-api.service[99978]: DEBUG cinder.api.openstack.wsgi [None req-3f0c1f85-a19b-4f1c-98d4-b4c44a9bf6b3 tempest-ExtraSpecsNegativeTest-1410426262 tempest-ExtraSpecsNegativeTest-1410426262-project-admin] Action: 'update', calling method: update, body: {"spec1": "val2"} {{(pid=99978) _process_stack /opt/stack/cinder/cinder/api/openstack/wsgi.py:854}}
Jul 28 05:10:14.099211 dv-cinder-801617-3-smb devstack@c-api.service[99978]: INFO cinder.api.openstack.wsgi [None req-3f0c1f85-a19b-4f1c-98d4-b4c44a9bf6b3 tempest-ExtraSpecsNegativeTest-1410426262 tempest-ExtraSpecsNegativeTest-1410426262-project-admin] HTTP exception thrown: Request body and URI mismatch
Jul 28 05:10:14.099897 dv-cinder-801617-3-smb devstack@c-api.service[99978]: INFO cinder.api.openstack.wsgi [None req-3f0c1f85-a19b-4f1c-98d4-b4c44a9bf6b3 tempest-ExtraSpecsNegativeTest-1410426262 tempest-ExtraSpecsNegativeTest-1410426262-project-admin] http://10.222.0.25/volume/v3/e7a28502fad5498bb9fdb146a6d00e9b/types/cee9718a-160e-46eb-a5d5-24f15eae2031/extra_specs/None returned with HTTP 400
Jul 28 05:10:14.101367 dv-cinder-801617-3-smb devstack@c-api.service[99978]: [pid: 99978|app: 0|req: 187/362] 10.222.0.25 () {60 vars in 1390 bytes} [Wed Jul 28 05:10:14 2021] PUT /volume/v3/e7a28502fad5498bb9fdb146a6d00e9b/types/cee9718a-160e-46eb-a5d5-24f15eae2031/extra_specs/None => generated 73 bytes in 63 msecs (HTTP/1.1 400) 7 headers in 293 bytes (2 switches on core 0)
