Jul 28 05:09:53.417023 dv-cinder-801617-3-smb devstack@c-api.service[99977]: INFO cinder.api.openstack.wsgi [None req-3489d355-8a37-4307-b05c-183257ba8fa8 tempest-SnapshotsActionsTest-839668578 tempest-SnapshotsActionsTest-839668578-project-admin] POST http://10.222.0.25/volume/v3/4ff4e6bfcfe246d3af65925d6f88b1bf/snapshots/4642c734-6013-4584-b54b-dbeffec15f39/action
Jul 28 05:09:53.417693 dv-cinder-801617-3-smb devstack@c-api.service[99977]: /usr/local/lib/python3.8/dist-packages/webob/acceptparse.py:1047: DeprecationWarning: The behavior of AcceptValidHeader.best_match is currently being maintained for backward compatibility, but it will be deprecated in the future, as it does not conform to the RFC.
Jul 28 05:09:53.417693 dv-cinder-801617-3-smb devstack@c-api.service[99977]: warnings.warn(
Jul 28 05:09:53.419726 dv-cinder-801617-3-smb devstack@c-api.service[99977]: DEBUG cinder.api.openstack.wsgi [None req-3489d355-8a37-4307-b05c-183257ba8fa8 tempest-SnapshotsActionsTest-839668578 tempest-SnapshotsActionsTest-839668578-project-admin] Action body: b'{"os-reset_status": {"status": "error"}}' {{(pid=99977) get_method /opt/stack/cinder/cinder/api/openstack/wsgi.py:971}}
Jul 28 05:09:53.421270 dv-cinder-801617-3-smb devstack@c-api.service[99977]: DEBUG cinder.api.openstack.wsgi [None req-3489d355-8a37-4307-b05c-183257ba8fa8 tempest-SnapshotsActionsTest-839668578 tempest-SnapshotsActionsTest-839668578-project-admin] Action: 'action', calling method: _reset_status, body: {"os-reset_status": {"status": "error"}} {{(pid=99977) _process_stack /opt/stack/cinder/cinder/api/openstack/wsgi.py:854}}
Jul 28 05:09:53.424769 dv-cinder-801617-3-smb devstack@c-api.service[99977]: DEBUG cinder.api.contrib.admin_actions [None req-3489d355-8a37-4307-b05c-183257ba8fa8 tempest-SnapshotsActionsTest-839668578 tempest-SnapshotsActionsTest-839668578-project-admin] Updating snapshot '4642c734-6013-4584-b54b-dbeffec15f39' with '{'status': 'error'}' {{(pid=99977) _reset_status /opt/stack/cinder/cinder/api/contrib/admin_actions.py:100}}
Jul 28 05:09:53.469638 dv-cinder-801617-3-smb devstack@c-api.service[99977]: /usr/local/lib/python3.8/dist-packages/oslo_context/context.py:105: DeprecationWarning: Policy enforcement is depending on the value of is_admin. This key is deprecated. Please update your policy file to use the standard policy values.
Jul 28 05:09:53.469638 dv-cinder-801617-3-smb devstack@c-api.service[99977]: warnings.warn('Policy enforcement is depending on the value of '
Jul 28 05:09:53.527892 dv-cinder-801617-3-smb devstack@c-api.service[99977]: INFO cinder.api.openstack.wsgi [None req-3489d355-8a37-4307-b05c-183257ba8fa8 tempest-SnapshotsActionsTest-839668578 tempest-SnapshotsActionsTest-839668578-project-admin] http://10.222.0.25/volume/v3/4ff4e6bfcfe246d3af65925d6f88b1bf/snapshots/4642c734-6013-4584-b54b-dbeffec15f39/action returned with HTTP 202
Jul 28 05:09:53.530783 dv-cinder-801617-3-smb devstack@c-api.service[99977]: [pid: 99977|app: 0|req: 66/155] 10.222.0.25 () {60 vars in 1373 bytes} [Wed Jul 28 05:09:53 2021] POST /volume/v3/4ff4e6bfcfe246d3af65925d6f88b1bf/snapshots/4642c734-6013-4584-b54b-dbeffec15f39/action => generated 0 bytes in 130 msecs (HTTP/1.1 202) 7 headers in 289 bytes (1 switches on core 0)
Jul 28 05:09:53.540426 dv-cinder-801617-3-smb devstack@c-api.service[99977]: INFO cinder.api.openstack.wsgi [None req-caa00ea0-625d-4348-ac9f-0516ad129cb9 tempest-GroupSnapshotsTest-229684414 tempest-GroupSnapshotsTest-229684414-project] GET http://10.222.0.25/volume/v3/e967674d6dd049208216e56fa8a7517a/group_snapshots/02df3299-bf43-4313-8ea9-f3593d71e8bf
Jul 28 05:09:53.541050 dv-cinder-801617-3-smb devstack@c-api.service[99977]: DEBUG cinder.api.openstack.wsgi [None req-caa00ea0-625d-4348-ac9f-0516ad129cb9 tempest-GroupSnapshotsTest-229684414 tempest-GroupSnapshotsTest-229684414-project] Empty body provided in request {{(pid=99977) get_body /opt/stack/cinder/cinder/api/openstack/wsgi.py:703}}
Jul 28 05:09:53.541175 dv-cinder-801617-3-smb devstack@c-api.service[99977]: /usr/local/lib/python3.8/dist-packages/webob/acceptparse.py:1047: DeprecationWarning: The behavior of AcceptValidHeader.best_match is currently being maintained for backward compatibility, but it will be deprecated in the future, as it does not conform to the RFC.
Jul 28 05:09:53.541175 dv-cinder-801617-3-smb devstack@c-api.service[99977]: warnings.warn(
Jul 28 05:09:53.541520 dv-cinder-801617-3-smb devstack@c-api.service[99977]: DEBUG cinder.api.openstack.wsgi [None req-caa00ea0-625d-4348-ac9f-0516ad129cb9 tempest-GroupSnapshotsTest-229684414 tempest-GroupSnapshotsTest-229684414-project] Calling method 'version_select' {{(pid=99977) _process_stack /opt/stack/cinder/cinder/api/openstack/wsgi.py:856}}
Jul 28 05:09:53.541871 dv-cinder-801617-3-smb devstack@c-api.service[99977]: DEBUG cinder.api.v3.group_snapshots [None req-caa00ea0-625d-4348-ac9f-0516ad129cb9 tempest-GroupSnapshotsTest-229684414 tempest-GroupSnapshotsTest-229684414-project] show called for member 02df3299-bf43-4313-8ea9-f3593d71e8bf {{(pid=99977) show /opt/stack/cinder/cinder/api/v3/group_snapshots.py:58}}
Jul 28 05:09:53.561049 dv-cinder-801617-3-smb devstack@c-api.service[99977]: /usr/local/lib/python3.8/dist-packages/oslo_context/context.py:105: DeprecationWarning: Policy enforcement is depending on the value of is_admin. This key is deprecated. Please update your policy file to use the standard policy values.
Jul 28 05:09:53.561049 dv-cinder-801617-3-smb devstack@c-api.service[99977]: warnings.warn('Policy enforcement is depending on the value of '
Jul 28 05:09:53.563657 dv-cinder-801617-3-smb devstack@c-api.service[99978]: INFO cinder.api.openstack.wsgi [None req-4a8b39cc-b052-4894-90f4-25452490057e tempest-VolumeQuotasNegativeTestJSON-1661347101 tempest-VolumeQuotasNegativeTestJSON-1661347101-project] POST http://10.222.0.25/volume/v3/25e5b8ef13d24aeb977a00f54709a47b/volumes
Jul 28 05:09:53.563818 dv-cinder-801617-3-smb devstack@c-api.service[99978]: /usr/local/lib/python3.8/dist-packages/webob/acceptparse.py:1047: DeprecationWarning: The behavior of AcceptValidHeader.best_match is currently being maintained for backward compatibility, but it will be deprecated in the future, as it does not conform to the RFC.
Jul 28 05:09:53.563818 dv-cinder-801617-3-smb devstack@c-api.service[99978]: warnings.warn(
Jul 28 05:09:53.564390 dv-cinder-801617-3-smb devstack@c-api.service[99978]: DEBUG cinder.api.openstack.wsgi [None req-4a8b39cc-b052-4894-90f4-25452490057e tempest-VolumeQuotasNegativeTestJSON-1661347101 tempest-VolumeQuotasNegativeTestJSON-1661347101-project] Action: 'create', calling method: create, body: {"volume": {"size": 1, "name": "tempest-VolumeQuotasNegativeTestJSON-Volume-233785105"}} {{(pid=99978) _process_stack /opt/stack/cinder/cinder/api/openstack/wsgi.py:854}}
Jul 28 05:09:53.565595 dv-cinder-801617-3-smb devstack@c-api.service[99978]: DEBUG cinder.api.v3.volumes [None req-4a8b39cc-b052-4894-90f4-25452490057e tempest-VolumeQuotasNegativeTestJSON-1661347101 tempest-VolumeQuotasNegativeTestJSON-1661347101-project] Create volume request body: {'volume': {'size': 1, 'name': 'tempest-VolumeQuotasNegativeTestJSON-Volume-233785105'}} {{(pid=99978) create /opt/stack/cinder/cinder/api/v3/volumes.py:290}}
Jul 28 05:09:53.566154 dv-cinder-801617-3-smb devstack@c-api.service[99978]: INFO cinder.api.v3.volumes [None req-4a8b39cc-b052-4894-90f4-25452490057e tempest-VolumeQuotasNegativeTestJSON-1661347101 tempest-VolumeQuotasNegativeTestJSON-1661347101-project] Create volume of 1 GB
Jul 28 05:09:53.566792 dv-cinder-801617-3-smb devstack@c-api.service[99978]: /usr/local/lib/python3.8/dist-packages/oslo_context/context.py:105: DeprecationWarning: Policy enforcement is depending on the value of is_admin. This key is deprecated. Please update your policy file to use the standard policy values.
Jul 28 05:09:53.566792 dv-cinder-801617-3-smb devstack@c-api.service[99978]: warnings.warn('Policy enforcement is depending on the value of '
Jul 28 05:09:53.572423 dv-cinder-801617-3-smb devstack@c-api.service[99977]: INFO cinder.api.openstack.wsgi [None req-caa00ea0-625d-4348-ac9f-0516ad129cb9 tempest-GroupSnapshotsTest-229684414 tempest-GroupSnapshotsTest-229684414-project] http://10.222.0.25/volume/v3/e967674d6dd049208216e56fa8a7517a/group_snapshots/02df3299-bf43-4313-8ea9-f3593d71e8bf returned with HTTP 200
Jul 28 05:09:53.573913 dv-cinder-801617-3-smb devstack@c-api.service[99978]: INFO cinder.volume.api [None req-4a8b39cc-b052-4894-90f4-25452490057e tempest-VolumeQuotasNegativeTestJSON-1661347101 tempest-VolumeQuotasNegativeTestJSON-1661347101-project] Availability Zones retrieved successfully.
Jul 28 05:09:53.581087 dv-cinder-801617-3-smb devstack@c-api.service[99977]: [pid: 99977|app: 0|req: 67/156] 10.222.0.25 () {60 vars in 1390 bytes} [Wed Jul 28 05:09:53 2021] GET /volume/v3/e967674d6dd049208216e56fa8a7517a/group_snapshots/02df3299-bf43-4313-8ea9-f3593d71e8bf => generated 326 bytes in 49 msecs (HTTP/1.1 200) 7 headers in 286 bytes (1 switches on core 0)
Jul 28 05:09:53.587328 dv-cinder-801617-3-smb devstack@c-api.service[99977]: INFO cinder.api.openstack.wsgi [None req-2b984767-0422-43aa-92dc-5341e30b0733 tempest-VolumesTestJSON-1549375945 tempest-VolumesTestJSON-1549375945-project] GET http://10.222.0.25/volume/v3/5426e92ee6d047e99e3708f5b1c7d3fd/volumes/9edab057-b0ea-40e4-829c-23cae06c664f
Jul 28 05:09:53.588328 dv-cinder-801617-3-smb devstack@c-api.service[99977]: DEBUG cinder.api.openstack.wsgi [None req-2b984767-0422-43aa-92dc-5341e30b0733 tempest-VolumesTestJSON-1549375945 tempest-VolumesTestJSON-1549375945-project] Empty body provided in request {{(pid=99977) get_body /opt/stack/cinder/cinder/api/openstack/wsgi.py:703}}
Jul 28 05:09:53.588328 dv-cinder-801617-3-smb devstack@c-api.service[99977]: /usr/local/lib/python3.8/dist-packages/webob/acceptparse.py:1047: DeprecationWarning: The behavior of AcceptValidHeader.best_match is currently being maintained for backward compatibility, but it will be deprecated in the future, as it does not conform to the RFC.
Jul 28 05:09:53.588328 dv-cinder-801617-3-smb devstack@c-api.service[99977]: warnings.warn(
Jul 28 05:09:53.588328 dv-cinder-801617-3-smb devstack@c-api.service[99977]: DEBUG cinder.api.openstack.wsgi [None req-2b984767-0422-43aa-92dc-5341e30b0733 tempest-VolumesTestJSON-1549375945 tempest-VolumesTestJSON-1549375945-project] Calling method 'show' {{(pid=99977) _process_stack /opt/stack/cinder/cinder/api/openstack/wsgi.py:856}}
Jul 28 05:09:53.593490 dv-cinder-801617-3-smb devstack@c-api.service[99978]: DEBUG cinder.volume.api [None req-4a8b39cc-b052-4894-90f4-25452490057e tempest-VolumeQuotasNegativeTestJSON-1661347101 tempest-VolumeQuotasNegativeTestJSON-1661347101-project] Flow 'volume_create_api' (95828bec-f6da-473b-908d-97062fce8f1b) transitioned into state 'RUNNING' from state 'PENDING' {{(pid=99978) _flow_receiver /usr/local/lib/python3.8/dist-packages/taskflow/listeners/logging.py:141}}
Jul 28 05:09:53.596431 dv-cinder-801617-3-smb devstack@c-api.service[99978]: DEBUG cinder.volume.api [None req-4a8b39cc-b052-4894-90f4-25452490057e tempest-VolumeQuotasNegativeTestJSON-1661347101 tempest-VolumeQuotasNegativeTestJSON-1661347101-project] Task 'cinder.volume.flows.api.create_volume.ExtractVolumeRequestTask;volume:create' (7abaa1ab-37b1-470b-ae74-5ba4a2cbb5df) transitioned into state 'RUNNING' from state 'PENDING' {{(pid=99978) _task_receiver /usr/local/lib/python3.8/dist-packages/taskflow/listeners/logging.py:190}}
Jul 28 05:09:53.598708 dv-cinder-801617-3-smb devstack@c-api.service[99978]: DEBUG cinder.volume.flows.api.create_volume [None req-4a8b39cc-b052-4894-90f4-25452490057e tempest-VolumeQuotasNegativeTestJSON-1661347101 tempest-VolumeQuotasNegativeTestJSON-1661347101-project] Validating volume size '1' using validate_int {{(pid=99978) _extract_size /opt/stack/cinder/cinder/volume/flows/api/create_volume.py:201}}
Jul 28 05:09:53.626131 dv-cinder-801617-3-smb devstack@c-api.service[99977]: /usr/local/lib/python3.8/dist-packages/oslo_context/context.py:105: DeprecationWarning: Policy enforcement is depending on the value of is_admin. This key is deprecated. Please update your policy file to use the standard policy values.
Jul 28 05:09:53.626131 dv-cinder-801617-3-smb devstack@c-api.service[99977]: warnings.warn('Policy enforcement is depending on the value of '
Jul 28 05:09:53.641260 dv-cinder-801617-3-smb devstack@c-api.service[99978]: DEBUG cinder.volume.api [None req-4a8b39cc-b052-4894-90f4-25452490057e tempest-VolumeQuotasNegativeTestJSON-1661347101 tempest-VolumeQuotasNegativeTestJSON-1661347101-project] Task 'cinder.volume.flows.api.create_volume.ExtractVolumeRequestTask;volume:create' (7abaa1ab-37b1-470b-ae74-5ba4a2cbb5df) transitioned into state 'SUCCESS' from state 'RUNNING' with result '{'size': 1, 'snapshot_id': None, 'source_volid': None, 'volume_type': VolumeType(created_at=2021-07-28T05:00:27Z,deleted=False,deleted_at=None,description='Default Volume Type',extra_specs={},id=75b554de-c948-4729-a46a-c81407a0d06a,is_public=True,name='__DEFAULT__',projects=[],qos_specs=,qos_specs_id=None,updated_at=2021-07-28T05:00:27Z), 'volume_type_id': '75b554de-c948-4729-a46a-c81407a0d06a', 'encryption_key_id': None, 'qos_specs': None, 'consistencygroup_id': None, 'cgsnapshot_id': None, 'group_id': None, 'replication_status': 'disabled', 'refresh_az': False, 'backup_id': None, 'multiattach': False, 'availability_zones': ['nova']}' {{(pid=99978) _task_receiver /usr/local/lib/python3.8/dist-packages/taskflow/listeners/logging.py:178}}
Jul 28 05:09:53.641540 dv-cinder-801617-3-smb devstack@c-api.service[99977]: INFO cinder.volume.api [None req-2b984767-0422-43aa-92dc-5341e30b0733 tempest-VolumesTestJSON-1549375945 tempest-VolumesTestJSON-1549375945-project] Volume info retrieved successfully.
Jul 28 05:09:53.644228 dv-cinder-801617-3-smb devstack@c-api.service[99978]: DEBUG cinder.volume.api [None req-4a8b39cc-b052-4894-90f4-25452490057e tempest-VolumeQuotasNegativeTestJSON-1661347101 tempest-VolumeQuotasNegativeTestJSON-1661347101-project] Task 'cinder.volume.flows.api.create_volume.QuotaReserveTask;volume:create' (55ca9ca0-4d58-43e1-8812-872046631237) transitioned into state 'RUNNING' from state 'PENDING' {{(pid=99978) _task_receiver /usr/local/lib/python3.8/dist-packages/taskflow/listeners/logging.py:190}}
Jul 28 05:09:53.685711 dv-cinder-801617-3-smb devstack@c-api.service[99977]: INFO cinder.api.openstack.wsgi [None req-2b984767-0422-43aa-92dc-5341e30b0733 tempest-VolumesTestJSON-1549375945 tempest-VolumesTestJSON-1549375945-project] http://10.222.0.25/volume/v3/5426e92ee6d047e99e3708f5b1c7d3fd/volumes/9edab057-b0ea-40e4-829c-23cae06c664f returned with HTTP 200
Jul 28 05:09:53.688019 dv-cinder-801617-3-smb devstack@c-api.service[99977]: [pid: 99977|app: 0|req: 68/157] 10.222.0.25 () {58 vars in 1325 bytes} [Wed Jul 28 05:09:53 2021] GET /volume/v3/5426e92ee6d047e99e3708f5b1c7d3fd/volumes/9edab057-b0ea-40e4-829c-23cae06c664f => generated 921 bytes in 105 msecs (HTTP/1.1 200) 7 headers in 285 bytes (1 switches on core 0)
Jul 28 05:09:53.697733 dv-cinder-801617-3-smb devstack@c-api.service[99977]: INFO cinder.api.openstack.wsgi [None req-da91f978-b6e0-4ef1-88ab-7be360c72f20 tempest-SnapshotsActionsTest-1631042078 tempest-SnapshotsActionsTest-1631042078-project] GET http://10.222.0.25/volume/v3/3631a4f08d85432a9075e04bfe24e3d7/snapshots/4642c734-6013-4584-b54b-dbeffec15f39
Jul 28 05:09:53.698368 dv-cinder-801617-3-smb devstack@c-api.service[99977]: DEBUG cinder.api.openstack.wsgi [None req-da91f978-b6e0-4ef1-88ab-7be360c72f20 tempest-SnapshotsActionsTest-1631042078 tempest-SnapshotsActionsTest-1631042078-project] Empty body provided in request {{(pid=99977) get_body /opt/stack/cinder/cinder/api/openstack/wsgi.py:703}}
Jul 28 05:09:53.698368 dv-cinder-801617-3-smb devstack@c-api.service[99977]: /usr/local/lib/python3.8/dist-packages/webob/acceptparse.py:1047: DeprecationWarning: The behavior of AcceptValidHeader.best_match is currently being maintained for backward compatibility, but it will be deprecated in the future, as it does not conform to the RFC.
Jul 28 05:09:53.698368 dv-cinder-801617-3-smb devstack@c-api.service[99977]: warnings.warn(
Jul 28 05:09:53.698698 dv-cinder-801617-3-smb devstack@c-api.service[99977]: DEBUG cinder.api.openstack.wsgi [None req-da91f978-b6e0-4ef1-88ab-7be360c72f20 tempest-SnapshotsActionsTest-1631042078 tempest-SnapshotsActionsTest-1631042078-project] Calling method 'show' {{(pid=99977) _process_stack /opt/stack/cinder/cinder/api/openstack/wsgi.py:856}}
Jul 28 05:09:53.723377 dv-cinder-801617-3-smb devstack@c-api.service[99977]: /usr/local/lib/python3.8/dist-packages/oslo_context/context.py:105: DeprecationWarning: Policy enforcement is depending on the value of is_admin. This key is deprecated. Please update your policy file to use the standard policy values.
Jul 28 05:09:53.723377 dv-cinder-801617-3-smb devstack@c-api.service[99977]: warnings.warn('Policy enforcement is depending on the value of '
Jul 28 05:09:53.727681 dv-cinder-801617-3-smb devstack@c-api.service[99977]: INFO cinder.volume.api [None req-da91f978-b6e0-4ef1-88ab-7be360c72f20 tempest-SnapshotsActionsTest-1631042078 tempest-SnapshotsActionsTest-1631042078-project] Snapshot retrieved successfully.
Jul 28 05:09:53.733465 dv-cinder-801617-3-smb devstack@c-api.service[99977]: INFO cinder.api.openstack.wsgi [None req-da91f978-b6e0-4ef1-88ab-7be360c72f20 tempest-SnapshotsActionsTest-1631042078 tempest-SnapshotsActionsTest-1631042078-project] http://10.222.0.25/volume/v3/3631a4f08d85432a9075e04bfe24e3d7/snapshots/4642c734-6013-4584-b54b-dbeffec15f39 returned with HTTP 200
Jul 28 05:09:53.734721 dv-cinder-801617-3-smb devstack@c-api.service[99977]: [pid: 99977|app: 0|req: 69/158] 10.222.0.25 () {58 vars in 1331 bytes} [Wed Jul 28 05:09:53 2021] GET /volume/v3/3631a4f08d85432a9075e04bfe24e3d7/snapshots/4642c734-6013-4584-b54b-dbeffec15f39 => generated 564 bytes in 47 msecs (HTTP/1.1 200) 7 headers in 285 bytes (1 switches on core 0)
Jul 28 05:09:53.749136 dv-cinder-801617-3-smb devstack@c-api.service[99977]: INFO cinder.api.openstack.wsgi [None req-6c866e3f-4f6b-4464-acce-7aa4bcc5c526 tempest-SnapshotsActionsTest-839668578 tempest-SnapshotsActionsTest-839668578-project-admin] POST http://10.222.0.25/volume/v3/4ff4e6bfcfe246d3af65925d6f88b1bf/snapshots/4642c734-6013-4584-b54b-dbeffec15f39/action
Jul 28 05:09:53.749595 dv-cinder-801617-3-smb devstack@c-api.service[99977]: /usr/local/lib/python3.8/dist-packages/webob/acceptparse.py:1047: DeprecationWarning: The behavior of AcceptValidHeader.best_match is currently being maintained for backward compatibility, but it will be deprecated in the future, as it does not conform to the RFC.
Jul 28 05:09:53.749595 dv-cinder-801617-3-smb devstack@c-api.service[99977]: warnings.warn(
Jul 28 05:09:53.749990 dv-cinder-801617-3-smb devstack@c-api.service[99977]: DEBUG cinder.api.openstack.wsgi [None req-6c866e3f-4f6b-4464-acce-7aa4bcc5c526 tempest-SnapshotsActionsTest-839668578 tempest-SnapshotsActionsTest-839668578-project-admin] Action body: b'{"os-force_delete": {}}' {{(pid=99977) get_method /opt/stack/cinder/cinder/api/openstack/wsgi.py:971}}
Jul 28 05:09:53.750527 dv-cinder-801617-3-smb devstack@c-api.service[99977]: DEBUG cinder.api.openstack.wsgi [None req-6c866e3f-4f6b-4464-acce-7aa4bcc5c526 tempest-SnapshotsActionsTest-839668578 tempest-SnapshotsActionsTest-839668578-project-admin] Action: 'action', calling method: _force_delete, body: {"os-force_delete": {}} {{(pid=99977) _process_stack /opt/stack/cinder/cinder/api/openstack/wsgi.py:854}}
Jul 28 05:09:53.782284 dv-cinder-801617-3-smb devstack@c-api.service[99978]: DEBUG cinder.quota [None req-4a8b39cc-b052-4894-90f4-25452490057e tempest-VolumeQuotasNegativeTestJSON-1661347101 tempest-VolumeQuotasNegativeTestJSON-1661347101-project] Created reservations ['f68e07e3-bd46-4183-a999-7984b23f95e8', '3655f890-f899-44b2-9342-f663bf84479b', '0be08554-ca8a-4796-9545-f4adc7afa0b9', '7988ff75-84e5-4d45-8ad6-0c743a90fbd3'] {{(pid=99978) reserve /opt/stack/cinder/cinder/quota.py:755}}
Jul 28 05:09:53.786887 dv-cinder-801617-3-smb devstack@c-api.service[99978]: DEBUG cinder.volume.api [None req-4a8b39cc-b052-4894-90f4-25452490057e tempest-VolumeQuotasNegativeTestJSON-1661347101 tempest-VolumeQuotasNegativeTestJSON-1661347101-project] Task 'cinder.volume.flows.api.create_volume.QuotaReserveTask;volume:create' (55ca9ca0-4d58-43e1-8812-872046631237) transitioned into state 'SUCCESS' from state 'RUNNING' with result '{'reservations': ['f68e07e3-bd46-4183-a999-7984b23f95e8', '3655f890-f899-44b2-9342-f663bf84479b', '0be08554-ca8a-4796-9545-f4adc7afa0b9', '7988ff75-84e5-4d45-8ad6-0c743a90fbd3']}' {{(pid=99978) _task_receiver /usr/local/lib/python3.8/dist-packages/taskflow/listeners/logging.py:178}}
Jul 28 05:09:53.790215 dv-cinder-801617-3-smb devstack@c-api.service[99978]: DEBUG cinder.volume.api [None req-4a8b39cc-b052-4894-90f4-25452490057e tempest-VolumeQuotasNegativeTestJSON-1661347101 tempest-VolumeQuotasNegativeTestJSON-1661347101-project] Task 'cinder.volume.flows.api.create_volume.EntryCreateTask;volume:create' (30aed70b-7c89-4b5d-8072-003b5879fb3b) transitioned into state 'RUNNING' from state 'PENDING' {{(pid=99978) _task_receiver /usr/local/lib/python3.8/dist-packages/taskflow/listeners/logging.py:190}}
Jul 28 05:09:53.793115 dv-cinder-801617-3-smb devstack@c-api.service[99977]: /usr/local/lib/python3.8/dist-packages/oslo_context/context.py:105: DeprecationWarning: Policy enforcement is depending on the value of is_admin. This key is deprecated. Please update your policy file to use the standard policy values.
Jul 28 05:09:53.793115 dv-cinder-801617-3-smb devstack@c-api.service[99977]: warnings.warn('Policy enforcement is depending on the value of '
Jul 28 05:09:53.795690 dv-cinder-801617-3-smb devstack@c-api.service[99977]: INFO cinder.volume.api [None req-6c866e3f-4f6b-4464-acce-7aa4bcc5c526 tempest-SnapshotsActionsTest-839668578 tempest-SnapshotsActionsTest-839668578-project-admin] Snapshot retrieved successfully.
Jul 28 05:09:53.825846 dv-cinder-801617-3-smb devstack@c-api.service[99978]: DEBUG cinder.volume.api [None req-4a8b39cc-b052-4894-90f4-25452490057e tempest-VolumeQuotasNegativeTestJSON-1661347101 tempest-VolumeQuotasNegativeTestJSON-1661347101-project] Task 'cinder.volume.flows.api.create_volume.EntryCreateTask;volume:create' (30aed70b-7c89-4b5d-8072-003b5879fb3b) transitioned into state 'SUCCESS' from state 'RUNNING' with result '{'volume_id': '127c5624-74f0-4ef8-b8a0-865ad33585e0', 'volume_properties': VolumeProperties(attach_status='detached',availability_zone='nova',cgsnapshot_id=None,consistencygroup_id=None,display_description=None,display_name='tempest-VolumeQuotasNegativeTestJSON-Volume-233785105',encryption_key_id=None,group_id=None,group_type_id=,metadata={},multiattach=False,project_id='25e5b8ef13d24aeb977a00f54709a47b',qos_specs=None,replication_status=,reservations=['f68e07e3-bd46-4183-a999-7984b23f95e8','3655f890-f899-44b2-9342-f663bf84479b','0be08554-ca8a-4796-9545-f4adc7afa0b9','7988ff75-84e5-4d45-8ad6-0c743a90fbd3'],size=1,snapshot_id=None,source_replicaid=,source_volid=None,status='creating',user_id='ec0b8c11e1b846129795ad32c422538f',volume_type_id=75b554de-c948-4729-a46a-c81407a0d06a), 'volume': Volume(_name_id=None,admin_metadata=,attach_status='detached',availability_zone='nova',bootable=False,cluster=,cluster_name=None,consistencygroup=,consistencygroup_id=None,created_at=2021-07-28T05:09:53Z,deleted=False,deleted_at=None,display_description=None,display_name='tempest-VolumeQuotasNegativeTestJSON-Volume-233785105',ec2_id=None,encryption_key_id=None,glance_metadata=,group=,group_id=None,host=None,id=127c5624-74f0-4ef8-b8a0-865ad33585e0,launched_at=None,metadata={},migration_status=None,multiattach=False,previous_status=None,project_id='25e5b8ef13d24aeb977a00f54709a47b',provider_auth=None,provider_geometry=None,provider_id=None,provider_location=None,replication_driver_data=None,replication_extended_status=None,replication_status=None,scheduled_at=None,service_uuid=None,shared_targets=True,size=1,snapshot_id=None,snapshots=,source_volid=None,status='creating',terminated_at=None,updated_at=None,user_id='ec0b8c11e1b846129795ad32c422538f',volume_attachment=,volume_type=VolumeType(75b554de-c948-4729-a46a-c81407a0d06a),volume_type_id=75b554de-c948-4729-a46a-c81407a0d06a)}' {{(pid=99978) _task_receiver /usr/local/lib/python3.8/dist-packages/taskflow/listeners/logging.py:178}}
Jul 28 05:09:53.828566 dv-cinder-801617-3-smb devstack@c-api.service[99978]: DEBUG cinder.volume.api [None req-4a8b39cc-b052-4894-90f4-25452490057e tempest-VolumeQuotasNegativeTestJSON-1661347101 tempest-VolumeQuotasNegativeTestJSON-1661347101-project] Task 'cinder.volume.flows.api.create_volume.QuotaCommitTask;volume:create' (7eba99f7-a385-44d8-adb4-d5265862ae97) transitioned into state 'RUNNING' from state 'PENDING' {{(pid=99978) _task_receiver /usr/local/lib/python3.8/dist-packages/taskflow/listeners/logging.py:190}}
Jul 28 05:09:53.865794 dv-cinder-801617-3-smb devstack@c-api.service[99978]: DEBUG cinder.volume.api [None req-4a8b39cc-b052-4894-90f4-25452490057e tempest-VolumeQuotasNegativeTestJSON-1661347101 tempest-VolumeQuotasNegativeTestJSON-1661347101-project] Task 'cinder.volume.flows.api.create_volume.QuotaCommitTask;volume:create' (7eba99f7-a385-44d8-adb4-d5265862ae97) transitioned into state 'SUCCESS' from state 'RUNNING' with result '{'volume_properties': VolumeProperties(attach_status='detached',availability_zone='nova',cgsnapshot_id=None,consistencygroup_id=None,display_description=None,display_name='tempest-VolumeQuotasNegativeTestJSON-Volume-233785105',encryption_key_id=None,group_id=None,group_type_id=,metadata={},multiattach=False,project_id='25e5b8ef13d24aeb977a00f54709a47b',qos_specs=None,replication_status=,reservations=['f68e07e3-bd46-4183-a999-7984b23f95e8','3655f890-f899-44b2-9342-f663bf84479b','0be08554-ca8a-4796-9545-f4adc7afa0b9','7988ff75-84e5-4d45-8ad6-0c743a90fbd3'],size=1,snapshot_id=None,source_replicaid=,source_volid=None,status='creating',user_id='ec0b8c11e1b846129795ad32c422538f',volume_type_id=75b554de-c948-4729-a46a-c81407a0d06a)}' {{(pid=99978) _task_receiver /usr/local/lib/python3.8/dist-packages/taskflow/listeners/logging.py:178}}
Jul 28 05:09:53.868308 dv-cinder-801617-3-smb devstack@c-api.service[99978]: DEBUG cinder.volume.api [None req-4a8b39cc-b052-4894-90f4-25452490057e tempest-VolumeQuotasNegativeTestJSON-1661347101 tempest-VolumeQuotasNegativeTestJSON-1661347101-project] Task 'cinder.volume.flows.api.create_volume.VolumeCastTask;volume:create' (b82afad9-a554-4225-bd8d-00665609a135) transitioned into state 'RUNNING' from state 'PENDING' {{(pid=99978) _task_receiver /usr/local/lib/python3.8/dist-packages/taskflow/listeners/logging.py:190}}
Jul 28 05:09:53.874031 dv-cinder-801617-3-smb devstack@c-api.service[99977]: INFO cinder.volume.api [None req-6c866e3f-4f6b-4464-acce-7aa4bcc5c526 tempest-SnapshotsActionsTest-839668578 tempest-SnapshotsActionsTest-839668578-project-admin] Snapshot delete request issued successfully.
Jul 28 05:09:53.874498 dv-cinder-801617-3-smb devstack@c-api.service[99977]: INFO cinder.api.openstack.wsgi [None req-6c866e3f-4f6b-4464-acce-7aa4bcc5c526 tempest-SnapshotsActionsTest-839668578 tempest-SnapshotsActionsTest-839668578-project-admin] http://10.222.0.25/volume/v3/4ff4e6bfcfe246d3af65925d6f88b1bf/snapshots/4642c734-6013-4584-b54b-dbeffec15f39/action returned with HTTP 202
Jul 28 05:09:53.878287 dv-cinder-801617-3-smb devstack@c-api.service[99977]: [pid: 99977|app: 0|req: 70/159] 10.222.0.25 () {60 vars in 1373 bytes} [Wed Jul 28 05:09:53 2021] POST /volume/v3/4ff4e6bfcfe246d3af65925d6f88b1bf/snapshots/4642c734-6013-4584-b54b-dbeffec15f39/action => generated 0 bytes in 132 msecs (HTTP/1.1 202) 7 headers in 289 bytes (1 switches on core 0)
Jul 28 05:09:53.895505 dv-cinder-801617-3-smb devstack@c-api.service[99977]: INFO cinder.api.openstack.wsgi [None req-847fb357-7b58-4817-bae3-389f9a3d98b8 tempest-SnapshotsActionsTest-1631042078 tempest-SnapshotsActionsTest-1631042078-project] GET http://10.222.0.25/volume/v3/3631a4f08d85432a9075e04bfe24e3d7/snapshots/4642c734-6013-4584-b54b-dbeffec15f39
Jul 28 05:09:53.895986 dv-cinder-801617-3-smb devstack@c-api.service[99977]: DEBUG cinder.api.openstack.wsgi [None req-847fb357-7b58-4817-bae3-389f9a3d98b8 tempest-SnapshotsActionsTest-1631042078 tempest-SnapshotsActionsTest-1631042078-project] Empty body provided in request {{(pid=99977) get_body /opt/stack/cinder/cinder/api/openstack/wsgi.py:703}}
Jul 28 05:09:53.896208 dv-cinder-801617-3-smb devstack@c-api.service[99977]: /usr/local/lib/python3.8/dist-packages/webob/acceptparse.py:1047: DeprecationWarning: The behavior of AcceptValidHeader.best_match is currently being maintained for backward compatibility, but it will be deprecated in the future, as it does not conform to the RFC.
Jul 28 05:09:53.896208 dv-cinder-801617-3-smb devstack@c-api.service[99977]: warnings.warn(
Jul 28 05:09:53.896503 dv-cinder-801617-3-smb devstack@c-api.service[99977]: DEBUG cinder.api.openstack.wsgi [None req-847fb357-7b58-4817-bae3-389f9a3d98b8 tempest-SnapshotsActionsTest-1631042078 tempest-SnapshotsActionsTest-1631042078-project] Calling method 'show' {{(pid=99977) _process_stack /opt/stack/cinder/cinder/api/openstack/wsgi.py:856}}
Jul 28 05:09:53.896605 dv-cinder-801617-3-smb devstack@c-api.service[99978]: DEBUG cinder.volume.api [None req-4a8b39cc-b052-4894-90f4-25452490057e tempest-VolumeQuotasNegativeTestJSON-1661347101 tempest-VolumeQuotasNegativeTestJSON-1661347101-project] Task 'cinder.volume.flows.api.create_volume.VolumeCastTask;volume:create' (b82afad9-a554-4225-bd8d-00665609a135) transitioned into state 'SUCCESS' from state 'RUNNING' with result 'None' {{(pid=99978) _task_receiver /usr/local/lib/python3.8/dist-packages/taskflow/listeners/logging.py:178}}
Jul 28 05:09:53.899860 dv-cinder-801617-3-smb devstack@c-api.service[99978]: DEBUG cinder.volume.api [None req-4a8b39cc-b052-4894-90f4-25452490057e tempest-VolumeQuotasNegativeTestJSON-1661347101 tempest-VolumeQuotasNegativeTestJSON-1661347101-project] Flow 'volume_create_api' (95828bec-f6da-473b-908d-97062fce8f1b) transitioned into state 'SUCCESS' from state 'RUNNING' {{(pid=99978) _flow_receiver /usr/local/lib/python3.8/dist-packages/taskflow/listeners/logging.py:141}}
Jul 28 05:09:53.901081 dv-cinder-801617-3-smb devstack@c-api.service[99978]: INFO cinder.volume.api [None req-4a8b39cc-b052-4894-90f4-25452490057e tempest-VolumeQuotasNegativeTestJSON-1661347101 tempest-VolumeQuotasNegativeTestJSON-1661347101-project] Create volume request issued successfully.
Jul 28 05:09:53.907305 dv-cinder-801617-3-smb devstack@c-api.service[99977]: /usr/local/lib/python3.8/dist-packages/oslo_context/context.py:105: DeprecationWarning: Policy enforcement is depending on the value of is_admin. This key is deprecated. Please update your policy file to use the standard policy values.
Jul 28 05:09:53.907305 dv-cinder-801617-3-smb devstack@c-api.service[99977]: warnings.warn('Policy enforcement is depending on the value of '
Jul 28 05:09:53.908896 dv-cinder-801617-3-smb devstack@c-api.service[99977]: INFO cinder.volume.api [None req-847fb357-7b58-4817-bae3-389f9a3d98b8 tempest-SnapshotsActionsTest-1631042078 tempest-SnapshotsActionsTest-1631042078-project] Snapshot retrieved successfully.
Jul 28 05:09:53.909917 dv-cinder-801617-3-smb devstack@c-api.service[99978]: INFO cinder.api.openstack.wsgi [None req-4a8b39cc-b052-4894-90f4-25452490057e tempest-VolumeQuotasNegativeTestJSON-1661347101 tempest-VolumeQuotasNegativeTestJSON-1661347101-project] http://10.222.0.25/volume/v3/25e5b8ef13d24aeb977a00f54709a47b/volumes returned with HTTP 202
Jul 28 05:09:53.911856 dv-cinder-801617-3-smb devstack@c-api.service[99978]: [pid: 99978|app: 0|req: 90/160] 10.222.0.25 () {60 vars in 1235 bytes} [Wed Jul 28 05:09:53 2021] POST /volume/v3/25e5b8ef13d24aeb977a00f54709a47b/volumes => generated 827 bytes in 590 msecs (HTTP/1.1 202) 7 headers in 291 bytes (1 switches on core 0)
Jul 28 05:09:53.912334 dv-cinder-801617-3-smb devstack@c-api.service[99977]: INFO cinder.api.openstack.wsgi [None req-847fb357-7b58-4817-bae3-389f9a3d98b8 tempest-SnapshotsActionsTest-1631042078 tempest-SnapshotsActionsTest-1631042078-project] http://10.222.0.25/volume/v3/3631a4f08d85432a9075e04bfe24e3d7/snapshots/4642c734-6013-4584-b54b-dbeffec15f39 returned with HTTP 200
Jul 28 05:09:53.914178 dv-cinder-801617-3-smb devstack@c-api.service[99977]: [pid: 99977|app: 0|req: 71/161] 10.222.0.25 () {58 vars in 1331 bytes} [Wed Jul 28 05:09:53 2021] GET /volume/v3/3631a4f08d85432a9075e04bfe24e3d7/snapshots/4642c734-6013-4584-b54b-dbeffec15f39 => generated 567 bytes in 32 msecs (HTTP/1.1 200) 7 headers in 285 bytes (1 switches on core 0)
Jul 28 05:09:53.928208 dv-cinder-801617-3-smb devstack@c-api.service[99978]: INFO cinder.api.openstack.wsgi [None req-4cd31832-30f5-4053-8e93-4e6f99f5c87b tempest-VolumeQuotasNegativeTestJSON-1661347101 tempest-VolumeQuotasNegativeTestJSON-1661347101-project] GET http://10.222.0.25/volume/v3/25e5b8ef13d24aeb977a00f54709a47b/volumes/127c5624-74f0-4ef8-b8a0-865ad33585e0
Jul 28 05:09:53.929025 dv-cinder-801617-3-smb devstack@c-api.service[99978]: DEBUG cinder.api.openstack.wsgi [None req-4cd31832-30f5-4053-8e93-4e6f99f5c87b tempest-VolumeQuotasNegativeTestJSON-1661347101 tempest-VolumeQuotasNegativeTestJSON-1661347101-project] Empty body provided in request {{(pid=99978) get_body /opt/stack/cinder/cinder/api/openstack/wsgi.py:703}}
Jul 28 05:09:53.930008 dv-cinder-801617-3-smb devstack@c-api.service[99978]: /usr/local/lib/python3.8/dist-packages/webob/acceptparse.py:1047: DeprecationWarning: The behavior of AcceptValidHeader.best_match is currently being maintained for backward compatibility, but it will be deprecated in the future, as it does not conform to the RFC.
Jul 28 05:09:53.930008 dv-cinder-801617-3-smb devstack@c-api.service[99978]: warnings.warn(
Jul 28 05:09:53.930816 dv-cinder-801617-3-smb devstack@c-api.service[99978]: DEBUG cinder.api.openstack.wsgi [None req-4cd31832-30f5-4053-8e93-4e6f99f5c87b tempest-VolumeQuotasNegativeTestJSON-1661347101 tempest-VolumeQuotasNegativeTestJSON-1661347101-project] Calling method 'show' {{(pid=99978) _process_stack /opt/stack/cinder/cinder/api/openstack/wsgi.py:856}}
Jul 28 05:09:53.948063 dv-cinder-801617-3-smb devstack@c-api.service[99978]: /usr/local/lib/python3.8/dist-packages/oslo_context/context.py:105: DeprecationWarning: Policy enforcement is depending on the value of is_admin. This key is deprecated. Please update your policy file to use the standard policy values.
Jul 28 05:09:53.948063 dv-cinder-801617-3-smb devstack@c-api.service[99978]: warnings.warn('Policy enforcement is depending on the value of '
Jul 28 05:09:53.965826 dv-cinder-801617-3-smb devstack@c-api.service[99978]: INFO cinder.volume.api [None req-4cd31832-30f5-4053-8e93-4e6f99f5c87b tempest-VolumeQuotasNegativeTestJSON-1661347101 tempest-VolumeQuotasNegativeTestJSON-1661347101-project] Volume info retrieved successfully.
Jul 28 05:09:53.991428 dv-cinder-801617-3-smb devstack@c-api.service[99978]: INFO cinder.api.openstack.wsgi [None req-4cd31832-30f5-4053-8e93-4e6f99f5c87b tempest-VolumeQuotasNegativeTestJSON-1661347101 tempest-VolumeQuotasNegativeTestJSON-1661347101-project] http://10.222.0.25/volume/v3/25e5b8ef13d24aeb977a00f54709a47b/volumes/127c5624-74f0-4ef8-b8a0-865ad33585e0 returned with HTTP 200
Jul 28 05:09:53.993014 dv-cinder-801617-3-smb devstack@c-api.service[99978]: [pid: 99978|app: 0|req: 91/162] 10.222.0.25 () {58 vars in 1325 bytes} [Wed Jul 28 05:09:53 2021] GET /volume/v3/25e5b8ef13d24aeb977a00f54709a47b/volumes/127c5624-74f0-4ef8-b8a0-865ad33585e0 => generated 895 bytes in 69 msecs (HTTP/1.1 200) 7 headers in 285 bytes (1 switches on core 0)
Jul 28 05:09:54.585035 dv-cinder-801617-3-smb devstack@c-api.service[99977]: INFO cinder.api.openstack.wsgi [None req-33dce156-eac8-496e-be43-38e80d5851e2 tempest-GroupSnapshotsTest-229684414 tempest-GroupSnapshotsTest-229684414-project] GET http://10.222.0.25/volume/v3/e967674d6dd049208216e56fa8a7517a/group_snapshots/02df3299-bf43-4313-8ea9-f3593d71e8bf
Jul 28 05:09:54.586139 dv-cinder-801617-3-smb devstack@c-api.service[99977]: DEBUG cinder.api.openstack.wsgi [None req-33dce156-eac8-496e-be43-38e80d5851e2 tempest-GroupSnapshotsTest-229684414 tempest-GroupSnapshotsTest-229684414-project] Empty body provided in request {{(pid=99977) get_body /opt/stack/cinder/cinder/api/openstack/wsgi.py:703}}
Jul 28 05:09:54.586373 dv-cinder-801617-3-smb devstack@c-api.service[99977]: /usr/local/lib/python3.8/dist-packages/webob/acceptparse.py:1047: DeprecationWarning: The behavior of AcceptValidHeader.best_match is currently being maintained for backward compatibility, but it will be deprecated in the future, as it does not conform to the RFC.
Jul 28 05:09:54.586373 dv-cinder-801617-3-smb devstack@c-api.service[99977]: warnings.warn(
Jul 28 05:09:54.587004 dv-cinder-801617-3-smb devstack@c-api.service[99977]: DEBUG cinder.api.openstack.wsgi [None req-33dce156-eac8-496e-be43-38e80d5851e2 tempest-GroupSnapshotsTest-229684414 tempest-GroupSnapshotsTest-229684414-project] Calling method 'version_select' {{(pid=99977) _process_stack /opt/stack/cinder/cinder/api/openstack/wsgi.py:856}}
Jul 28 05:09:54.588342 dv-cinder-801617-3-smb devstack@c-api.service[99977]: DEBUG cinder.api.v3.group_snapshots [None req-33dce156-eac8-496e-be43-38e80d5851e2 tempest-GroupSnapshotsTest-229684414 tempest-GroupSnapshotsTest-229684414-project] show called for member 02df3299-bf43-4313-8ea9-f3593d71e8bf {{(pid=99977) show /opt/stack/cinder/cinder/api/v3/group_snapshots.py:58}}
Jul 28 05:09:54.595450 dv-cinder-801617-3-smb devstack@c-api.service[99977]: /usr/local/lib/python3.8/dist-packages/oslo_context/context.py:105: DeprecationWarning: Policy enforcement is depending on the value of is_admin. This key is deprecated. Please update your policy file to use the standard policy values.
Jul 28 05:09:54.595450 dv-cinder-801617-3-smb devstack@c-api.service[99977]: warnings.warn('Policy enforcement is depending on the value of '
Jul 28 05:09:54.603209 dv-cinder-801617-3-smb devstack@c-api.service[99977]: INFO cinder.api.openstack.wsgi [None req-33dce156-eac8-496e-be43-38e80d5851e2 tempest-GroupSnapshotsTest-229684414 tempest-GroupSnapshotsTest-229684414-project] http://10.222.0.25/volume/v3/e967674d6dd049208216e56fa8a7517a/group_snapshots/02df3299-bf43-4313-8ea9-f3593d71e8bf returned with HTTP 200
Jul 28 05:09:54.610009 dv-cinder-801617-3-smb devstack@c-api.service[99977]: [pid: 99977|app: 0|req: 72/163] 10.222.0.25 () {60 vars in 1390 bytes} [Wed Jul 28 05:09:54 2021] GET /volume/v3/e967674d6dd049208216e56fa8a7517a/group_snapshots/02df3299-bf43-4313-8ea9-f3593d71e8bf => generated 327 bytes in 30 msecs (HTTP/1.1 200) 7 headers in 286 bytes (1 switches on core 0)
Jul 28 05:09:54.614548 dv-cinder-801617-3-smb devstack@c-api.service[99978]: INFO cinder.api.openstack.wsgi [None req-a5304a79-2b4b-4f88-a4c9-98039f7fd577 tempest-GroupSnapshotsTest-229684414 tempest-GroupSnapshotsTest-229684414-project] GET http://10.222.0.25/volume/v3/e967674d6dd049208216e56fa8a7517a/snapshots/detail
Jul 28 05:09:54.615657 dv-cinder-801617-3-smb devstack@c-api.service[99978]: DEBUG cinder.api.openstack.wsgi [None req-a5304a79-2b4b-4f88-a4c9-98039f7fd577 tempest-GroupSnapshotsTest-229684414 tempest-GroupSnapshotsTest-229684414-project] Empty body provided in request {{(pid=99978) get_body /opt/stack/cinder/cinder/api/openstack/wsgi.py:703}}
Jul 28 05:09:54.616017 dv-cinder-801617-3-smb devstack@c-api.service[99978]: /usr/local/lib/python3.8/dist-packages/webob/acceptparse.py:1047: DeprecationWarning: The behavior of AcceptValidHeader.best_match is currently being maintained for backward compatibility, but it will be deprecated in the future, as it does not conform to the RFC.
Jul 28 05:09:54.616017 dv-cinder-801617-3-smb devstack@c-api.service[99978]: warnings.warn(
Jul 28 05:09:54.616575 dv-cinder-801617-3-smb devstack@c-api.service[99978]: DEBUG cinder.api.openstack.wsgi [None req-a5304a79-2b4b-4f88-a4c9-98039f7fd577 tempest-GroupSnapshotsTest-229684414 tempest-GroupSnapshotsTest-229684414-project] Calling method 'detail' {{(pid=99978) _process_stack /opt/stack/cinder/cinder/api/openstack/wsgi.py:856}}
Jul 28 05:09:54.617419 dv-cinder-801617-3-smb devstack@c-api.service[99978]: DEBUG cinder.api.api_utils [None req-a5304a79-2b4b-4f88-a4c9-98039f7fd577 tempest-GroupSnapshotsTest-229684414 tempest-GroupSnapshotsTest-229684414-project] Removing options '' from query. {{(pid=99978) remove_invalid_filter_options /opt/stack/cinder/cinder/api/api_utils.py:73}}
Jul 28 05:09:54.619783 dv-cinder-801617-3-smb devstack@c-api.service[99978]: DEBUG cinder.db.sqlalchemy.api [None req-a5304a79-2b4b-4f88-a4c9-98039f7fd577 tempest-GroupSnapshotsTest-229684414 tempest-GroupSnapshotsTest-229684414-project] Building query based on filter {{(pid=99978) _process_snaps_filters /opt/stack/cinder/cinder/db/sqlalchemy/api.py:3138}}
Jul 28 05:09:54.636266 dv-cinder-801617-3-smb devstack@c-api.service[99978]: INFO cinder.volume.api [None req-a5304a79-2b4b-4f88-a4c9-98039f7fd577 tempest-GroupSnapshotsTest-229684414 tempest-GroupSnapshotsTest-229684414-project] Get all snapshots completed successfully.
Jul 28 05:09:54.641051 dv-cinder-801617-3-smb devstack@c-api.service[99978]: /usr/local/lib/python3.8/dist-packages/oslo_context/context.py:105: DeprecationWarning: Policy enforcement is depending on the value of is_admin. This key is deprecated. Please update your policy file to use the standard policy values.
Jul 28 05:09:54.641051 dv-cinder-801617-3-smb devstack@c-api.service[99978]: warnings.warn('Policy enforcement is depending on the value of '
Jul 28 05:09:54.646524 dv-cinder-801617-3-smb devstack@c-api.service[99978]: INFO cinder.api.openstack.wsgi [None req-a5304a79-2b4b-4f88-a4c9-98039f7fd577 tempest-GroupSnapshotsTest-229684414 tempest-GroupSnapshotsTest-229684414-project] http://10.222.0.25/volume/v3/e967674d6dd049208216e56fa8a7517a/snapshots/detail returned with HTTP 200
Jul 28 05:09:54.649803 dv-cinder-801617-3-smb devstack@c-api.service[99978]: [pid: 99978|app: 0|req: 92/164] 10.222.0.25 () {58 vars in 1241 bytes} [Wed Jul 28 05:09:54 2021] GET /volume/v3/e967674d6dd049208216e56fa8a7517a/snapshots/detail => generated 1063 bytes in 40 msecs (HTTP/1.1 200) 7 headers in 286 bytes (2 switches on core 0)
Jul 28 05:09:54.665560 dv-cinder-801617-3-smb devstack@c-api.service[99977]: INFO cinder.api.openstack.wsgi [None req-6950663b-5f04-45c2-9a48-ff7e3e797519 tempest-GroupSnapshotsTest-229684414 tempest-GroupSnapshotsTest-229684414-project] GET http://10.222.0.25/volume/v3/e967674d6dd049208216e56fa8a7517a/snapshots/7b3141f1-3060-47fc-83cb-77c08da7d064
Jul 28 05:09:54.666674 dv-cinder-801617-3-smb devstack@c-api.service[99977]: DEBUG cinder.api.openstack.wsgi [None req-6950663b-5f04-45c2-9a48-ff7e3e797519 tempest-GroupSnapshotsTest-229684414 tempest-GroupSnapshotsTest-229684414-project] Empty body provided in request {{(pid=99977) get_body /opt/stack/cinder/cinder/api/openstack/wsgi.py:703}}
Jul 28 05:09:54.667088 dv-cinder-801617-3-smb devstack@c-api.service[99977]: /usr/local/lib/python3.8/dist-packages/webob/acceptparse.py:1047: DeprecationWarning: The behavior of AcceptValidHeader.best_match is currently being maintained for backward compatibility, but it will be deprecated in the future, as it does not conform to the RFC.
Jul 28 05:09:54.667088 dv-cinder-801617-3-smb devstack@c-api.service[99977]: warnings.warn(
Jul 28 05:09:54.668443 dv-cinder-801617-3-smb devstack@c-api.service[99977]: DEBUG cinder.api.openstack.wsgi [None req-6950663b-5f04-45c2-9a48-ff7e3e797519 tempest-GroupSnapshotsTest-229684414 tempest-GroupSnapshotsTest-229684414-project] Calling method 'show' {{(pid=99977) _process_stack /opt/stack/cinder/cinder/api/openstack/wsgi.py:856}}
Jul 28 05:09:54.681581 dv-cinder-801617-3-smb devstack@c-api.service[99977]: /usr/local/lib/python3.8/dist-packages/oslo_context/context.py:105: DeprecationWarning: Policy enforcement is depending on the value of is_admin. This key is deprecated. Please update your policy file to use the standard policy values.
Jul 28 05:09:54.681581 dv-cinder-801617-3-smb devstack@c-api.service[99977]: warnings.warn('Policy enforcement is depending on the value of '
Jul 28 05:09:54.683134 dv-cinder-801617-3-smb devstack@c-api.service[99977]: INFO cinder.volume.api [None req-6950663b-5f04-45c2-9a48-ff7e3e797519 tempest-GroupSnapshotsTest-229684414 tempest-GroupSnapshotsTest-229684414-project] Snapshot retrieved successfully.
Jul 28 05:09:54.685266 dv-cinder-801617-3-smb devstack@c-api.service[99977]: INFO cinder.api.openstack.wsgi [None req-6950663b-5f04-45c2-9a48-ff7e3e797519 tempest-GroupSnapshotsTest-229684414 tempest-GroupSnapshotsTest-229684414-project] http://10.222.0.25/volume/v3/e967674d6dd049208216e56fa8a7517a/snapshots/7b3141f1-3060-47fc-83cb-77c08da7d064 returned with HTTP 200
Jul 28 05:09:54.686197 dv-cinder-801617-3-smb devstack@c-api.service[99977]: [pid: 99977|app: 0|req: 73/165] 10.222.0.25 () {58 vars in 1331 bytes} [Wed Jul 28 05:09:54 2021] GET /volume/v3/e967674d6dd049208216e56fa8a7517a/snapshots/7b3141f1-3060-47fc-83cb-77c08da7d064 => generated 536 bytes in 29 msecs (HTTP/1.1 200) 7 headers in 285 bytes (1 switches on core 0)
Jul 28 05:09:54.699203 dv-cinder-801617-3-smb devstack@c-api.service[99978]: INFO cinder.api.openstack.wsgi [None req-2a668e97-a448-4951-9692-1d49df0da34e tempest-GroupSnapshotsTest-229684414 tempest-GroupSnapshotsTest-229684414-project] GET http://10.222.0.25/volume/v3/e967674d6dd049208216e56fa8a7517a/snapshots/22545cb1-3a6b-493f-9783-3e87ffed8763
Jul 28 05:09:54.699805 dv-cinder-801617-3-smb devstack@c-api.service[99978]: DEBUG cinder.api.openstack.wsgi [None req-2a668e97-a448-4951-9692-1d49df0da34e tempest-GroupSnapshotsTest-229684414 tempest-GroupSnapshotsTest-229684414-project] Empty body provided in request {{(pid=99978) get_body /opt/stack/cinder/cinder/api/openstack/wsgi.py:703}}
Jul 28 05:09:54.700068 dv-cinder-801617-3-smb devstack@c-api.service[99978]: /usr/local/lib/python3.8/dist-packages/webob/acceptparse.py:1047: DeprecationWarning: The behavior of AcceptValidHeader.best_match is currently being maintained for backward compatibility, but it will be deprecated in the future, as it does not conform to the RFC.
Jul 28 05:09:54.700068 dv-cinder-801617-3-smb devstack@c-api.service[99978]: warnings.warn(
Jul 28 05:09:54.704042 dv-cinder-801617-3-smb devstack@c-api.service[99977]: INFO cinder.api.openstack.wsgi [None req-a34b42f6-4b7a-4689-931a-5380db2c3dcf tempest-VolumesTestJSON-1549375945 tempest-VolumesTestJSON-1549375945-project] GET http://10.222.0.25/volume/v3/5426e92ee6d047e99e3708f5b1c7d3fd/volumes/9edab057-b0ea-40e4-829c-23cae06c664f
Jul 28 05:09:54.704759 dv-cinder-801617-3-smb devstack@c-api.service[99977]: DEBUG cinder.api.openstack.wsgi [None req-a34b42f6-4b7a-4689-931a-5380db2c3dcf tempest-VolumesTestJSON-1549375945 tempest-VolumesTestJSON-1549375945-project] Empty body provided in request {{(pid=99977) get_body /opt/stack/cinder/cinder/api/openstack/wsgi.py:703}}
Jul 28 05:09:54.705144 dv-cinder-801617-3-smb devstack@c-api.service[99977]: /usr/local/lib/python3.8/dist-packages/webob/acceptparse.py:1047: DeprecationWarning: The behavior of AcceptValidHeader.best_match is currently being maintained for backward compatibility, but it will be deprecated in the future, as it does not conform to the RFC.
Jul 28 05:09:54.705144 dv-cinder-801617-3-smb devstack@c-api.service[99977]: warnings.warn(
Jul 28 05:09:54.706044 dv-cinder-801617-3-smb devstack@c-api.service[99977]: DEBUG cinder.api.openstack.wsgi [None req-a34b42f6-4b7a-4689-931a-5380db2c3dcf tempest-VolumesTestJSON-1549375945 tempest-VolumesTestJSON-1549375945-project] Calling method 'show' {{(pid=99977) _process_stack /opt/stack/cinder/cinder/api/openstack/wsgi.py:856}}
Jul 28 05:09:54.709340 dv-cinder-801617-3-smb devstack@c-api.service[99978]: DEBUG cinder.api.openstack.wsgi [None req-2a668e97-a448-4951-9692-1d49df0da34e tempest-GroupSnapshotsTest-229684414 tempest-GroupSnapshotsTest-229684414-project] Calling method 'show' {{(pid=99978) _process_stack /opt/stack/cinder/cinder/api/openstack/wsgi.py:856}}
Jul 28 05:09:54.720518 dv-cinder-801617-3-smb devstack@c-api.service[99978]: /usr/local/lib/python3.8/dist-packages/oslo_context/context.py:105: DeprecationWarning: Policy enforcement is depending on the value of is_admin. This key is deprecated. Please update your policy file to use the standard policy values.
Jul 28 05:09:54.720518 dv-cinder-801617-3-smb devstack@c-api.service[99978]: warnings.warn('Policy enforcement is depending on the value of '
Jul 28 05:09:54.721903 dv-cinder-801617-3-smb devstack@c-api.service[99978]: INFO cinder.volume.api [None req-2a668e97-a448-4951-9692-1d49df0da34e tempest-GroupSnapshotsTest-229684414 tempest-GroupSnapshotsTest-229684414-project] Snapshot retrieved successfully.
Jul 28 05:09:54.724084 dv-cinder-801617-3-smb devstack@c-api.service[99978]: INFO cinder.api.openstack.wsgi [None req-2a668e97-a448-4951-9692-1d49df0da34e tempest-GroupSnapshotsTest-229684414 tempest-GroupSnapshotsTest-229684414-project] http://10.222.0.25/volume/v3/e967674d6dd049208216e56fa8a7517a/snapshots/22545cb1-3a6b-493f-9783-3e87ffed8763 returned with HTTP 200
Jul 28 05:09:54.725040 dv-cinder-801617-3-smb devstack@c-api.service[99978]: [pid: 99978|app: 0|req: 93/166] 10.222.0.25 () {58 vars in 1331 bytes} [Wed Jul 28 05:09:54 2021] GET /volume/v3/e967674d6dd049208216e56fa8a7517a/snapshots/22545cb1-3a6b-493f-9783-3e87ffed8763 => generated 536 bytes in 33 msecs (HTTP/1.1 200) 7 headers in 285 bytes (1 switches on core 0)
