Jul 28 05:10:34.209210 dv-cinder-801617-3-iscsi devstack@c-api.service[100017]: INFO cinder.api.contrib.volume_transfer [None req-de3e63df-1105-47d1-9154-09f37f7c1fc6 tempest-VolumesTransfersTest-708339257 tempest-VolumesTransfersTest-708339257-project] Creating transfer of volume 979ba5fc-4b03-4fb0-85a6-1e29a8e95242
Jul 28 05:10:34.209510 dv-cinder-801617-3-iscsi devstack@c-api.service[100017]: INFO cinder.transfer.api [None req-de3e63df-1105-47d1-9154-09f37f7c1fc6 tempest-VolumesTransfersTest-708339257 tempest-VolumesTransfersTest-708339257-project] Generating transfer record for volume 979ba5fc-4b03-4fb0-85a6-1e29a8e95242
Jul 28 05:10:34.210187 dv-cinder-801617-3-iscsi devstack@c-api.service[100016]: /usr/local/lib/python3.8/dist-packages/oslo_context/context.py:105: DeprecationWarning: Policy enforcement is depending on the value of is_admin. This key is deprecated. Please update your policy file to use the standard policy values.
Jul 28 05:10:34.210187 dv-cinder-801617-3-iscsi devstack@c-api.service[100016]: warnings.warn('Policy enforcement is depending on the value of '
Jul 28 05:10:34.211151 dv-cinder-801617-3-iscsi devstack@c-api.service[100016]: INFO cinder.volume.api [req-29386227-9f37-4977-a319-e3609f8547c4 req-6ac4f653-b752-4698-9561-0bd4cde3e6ee tempest-VolumesSnapshotsTestJSON-1354724612 tempest-VolumesSnapshotsTestJSON-1354724612-project] Snapshot retrieved successfully.
Jul 28 05:10:34.223063 dv-cinder-801617-3-iscsi devstack@c-api.service[100017]: /usr/local/lib/python3.8/dist-packages/oslo_context/context.py:105: DeprecationWarning: Policy enforcement is depending on the value of is_admin. This key is deprecated. Please update your policy file to use the standard policy values.
Jul 28 05:10:34.223063 dv-cinder-801617-3-iscsi devstack@c-api.service[100017]: warnings.warn('Policy enforcement is depending on the value of '
Jul 28 05:10:34.249364 dv-cinder-801617-3-iscsi devstack@c-api.service[100016]: INFO cinder.volume.api [req-29386227-9f37-4977-a319-e3609f8547c4 req-6ac4f653-b752-4698-9561-0bd4cde3e6ee tempest-VolumesSnapshotsTestJSON-1354724612 tempest-VolumesSnapshotsTestJSON-1354724612-project] Snapshot delete request issued successfully.
Jul 28 05:10:34.249779 dv-cinder-801617-3-iscsi devstack@c-api.service[100017]: INFO cinder.api.openstack.wsgi [None req-de3e63df-1105-47d1-9154-09f37f7c1fc6 tempest-VolumesTransfersTest-708339257 tempest-VolumesTransfersTest-708339257-project] http://10.222.0.13/volume/v3/44a29275be194f7a8f22a431bfdf9038/os-volume-transfer returned with HTTP 202
Jul 28 05:10:34.249967 dv-cinder-801617-3-iscsi devstack@c-api.service[100016]: INFO cinder.api.openstack.wsgi [req-29386227-9f37-4977-a319-e3609f8547c4 req-6ac4f653-b752-4698-9561-0bd4cde3e6ee tempest-VolumesSnapshotsTestJSON-1354724612 tempest-VolumesSnapshotsTestJSON-1354724612-project] http://10.222.0.13/volume/v3/0884eec9715644e385fe3a08ccacdf5f/snapshots/b3fb62ba-b83b-43fe-b950-ecfeb4b3ee5f returned with HTTP 202
Jul 28 05:10:34.251605 dv-cinder-801617-3-iscsi devstack@c-api.service[100017]: [pid: 100017|app: 0|req: 231/484] 10.222.0.13 () {60 vars in 1268 bytes} [Wed Jul 28 05:10:34 2021] POST /volume/v3/44a29275be194f7a8f22a431bfdf9038/os-volume-transfer => generated 507 bytes in 49 msecs (HTTP/1.1 202) 7 headers in 291 bytes (2 switches on core 0)
Jul 28 05:10:34.253834 dv-cinder-801617-3-iscsi devstack@c-api.service[100016]: [pid: 100016|app: 0|req: 253/484] 10.222.0.13 () {62 vars in 1607 bytes} [Wed Jul 28 05:10:34 2021] DELETE /volume/v3/0884eec9715644e385fe3a08ccacdf5f/snapshots/b3fb62ba-b83b-43fe-b950-ecfeb4b3ee5f => generated 0 bytes in 57 msecs (HTTP/1.1 202) 6 headers in 233 bytes (2 switches on core 0)
Jul 28 05:10:34.260578 dv-cinder-801617-3-iscsi devstack@c-api.service[100017]: INFO cinder.api.openstack.wsgi [None req-056bd79a-421d-4209-bbb9-bbfc948d6d28 tempest-VolumesTransfersTest-708339257 tempest-VolumesTransfersTest-708339257-project] GET http://10.222.0.13/volume/v3/44a29275be194f7a8f22a431bfdf9038/volumes/979ba5fc-4b03-4fb0-85a6-1e29a8e95242
Jul 28 05:10:34.261022 dv-cinder-801617-3-iscsi devstack@c-api.service[100017]: DEBUG cinder.api.openstack.wsgi [None req-056bd79a-421d-4209-bbb9-bbfc948d6d28 tempest-VolumesTransfersTest-708339257 tempest-VolumesTransfersTest-708339257-project] Empty body provided in request {{(pid=100017) get_body /opt/stack/cinder/cinder/api/openstack/wsgi.py:703}}
Jul 28 05:10:34.261194 dv-cinder-801617-3-iscsi devstack@c-api.service[100017]: /usr/local/lib/python3.8/dist-packages/webob/acceptparse.py:1047: DeprecationWarning: The behavior of AcceptValidHeader.best_match is currently being maintained for backward compatibility, but it will be deprecated in the future, as it does not conform to the RFC.
Jul 28 05:10:34.261194 dv-cinder-801617-3-iscsi devstack@c-api.service[100017]: warnings.warn(
Jul 28 05:10:34.261593 dv-cinder-801617-3-iscsi devstack@c-api.service[100017]: DEBUG cinder.api.openstack.wsgi [None req-056bd79a-421d-4209-bbb9-bbfc948d6d28 tempest-VolumesTransfersTest-708339257 tempest-VolumesTransfersTest-708339257-project] Calling method 'show' {{(pid=100017) _process_stack /opt/stack/cinder/cinder/api/openstack/wsgi.py:856}}
Jul 28 05:10:34.275144 dv-cinder-801617-3-iscsi devstack@c-api.service[100016]: INFO cinder.api.openstack.wsgi [req-fa52c6df-ac53-464e-a1f9-1aefbfaae560 req-9b57c69f-5b41-4265-a61e-0f542cdf7829 tempest-VolumesSnapshotsTestJSON-1354724612 tempest-VolumesSnapshotsTestJSON-1354724612-project] GET http://10.222.0.13/volume/v3/0884eec9715644e385fe3a08ccacdf5f/snapshots/b3fb62ba-b83b-43fe-b950-ecfeb4b3ee5f
Jul 28 05:10:34.275762 dv-cinder-801617-3-iscsi devstack@c-api.service[100016]: DEBUG cinder.api.openstack.wsgi [req-fa52c6df-ac53-464e-a1f9-1aefbfaae560 req-9b57c69f-5b41-4265-a61e-0f542cdf7829 tempest-VolumesSnapshotsTestJSON-1354724612 tempest-VolumesSnapshotsTestJSON-1354724612-project] Empty body provided in request {{(pid=100016) get_body /opt/stack/cinder/cinder/api/openstack/wsgi.py:703}}
Jul 28 05:10:34.276031 dv-cinder-801617-3-iscsi devstack@c-api.service[100016]: /usr/local/lib/python3.8/dist-packages/webob/acceptparse.py:1047: DeprecationWarning: The behavior of AcceptValidHeader.best_match is currently being maintained for backward compatibility, but it will be deprecated in the future, as it does not conform to the RFC.
Jul 28 05:10:34.276031 dv-cinder-801617-3-iscsi devstack@c-api.service[100016]: warnings.warn(
Jul 28 05:10:34.276509 dv-cinder-801617-3-iscsi devstack@c-api.service[100016]: DEBUG cinder.api.openstack.wsgi [req-fa52c6df-ac53-464e-a1f9-1aefbfaae560 req-9b57c69f-5b41-4265-a61e-0f542cdf7829 tempest-VolumesSnapshotsTestJSON-1354724612 tempest-VolumesSnapshotsTestJSON-1354724612-project] Calling method 'show' {{(pid=100016) _process_stack /opt/stack/cinder/cinder/api/openstack/wsgi.py:856}}
Jul 28 05:10:34.277553 dv-cinder-801617-3-iscsi devstack@c-api.service[100017]: /usr/local/lib/python3.8/dist-packages/oslo_context/context.py:105: DeprecationWarning: Policy enforcement is depending on the value of is_admin. This key is deprecated. Please update your policy file to use the standard policy values.
Jul 28 05:10:34.277553 dv-cinder-801617-3-iscsi devstack@c-api.service[100017]: warnings.warn('Policy enforcement is depending on the value of '
Jul 28 05:10:34.284540 dv-cinder-801617-3-iscsi devstack@c-api.service[100017]: INFO cinder.volume.api [None req-056bd79a-421d-4209-bbb9-bbfc948d6d28 tempest-VolumesTransfersTest-708339257 tempest-VolumesTransfersTest-708339257-project] Volume info retrieved successfully.
Jul 28 05:10:34.286074 dv-cinder-801617-3-iscsi devstack@c-api.service[100016]: /usr/local/lib/python3.8/dist-packages/oslo_context/context.py:105: DeprecationWarning: Policy enforcement is depending on the value of is_admin. This key is deprecated. Please update your policy file to use the standard policy values.
Jul 28 05:10:34.286074 dv-cinder-801617-3-iscsi devstack@c-api.service[100016]: warnings.warn('Policy enforcement is depending on the value of '
Jul 28 05:10:34.287067 dv-cinder-801617-3-iscsi devstack@c-api.service[100016]: INFO cinder.volume.api [req-fa52c6df-ac53-464e-a1f9-1aefbfaae560 req-9b57c69f-5b41-4265-a61e-0f542cdf7829 tempest-VolumesSnapshotsTestJSON-1354724612 tempest-VolumesSnapshotsTestJSON-1354724612-project] Snapshot retrieved successfully.
Jul 28 05:10:34.288927 dv-cinder-801617-3-iscsi devstack@c-api.service[100016]: INFO cinder.api.openstack.wsgi [req-fa52c6df-ac53-464e-a1f9-1aefbfaae560 req-9b57c69f-5b41-4265-a61e-0f542cdf7829 tempest-VolumesSnapshotsTestJSON-1354724612 tempest-VolumesSnapshotsTestJSON-1354724612-project] http://10.222.0.13/volume/v3/0884eec9715644e385fe3a08ccacdf5f/snapshots/b3fb62ba-b83b-43fe-b950-ecfeb4b3ee5f returned with HTTP 200
Jul 28 05:10:34.289751 dv-cinder-801617-3-iscsi devstack@c-api.service[100016]: [pid: 100016|app: 0|req: 254/485] 10.222.0.13 () {60 vars in 1585 bytes} [Wed Jul 28 05:10:34 2021] GET /volume/v3/0884eec9715644e385fe3a08ccacdf5f/snapshots/b3fb62ba-b83b-43fe-b950-ecfeb4b3ee5f => generated 467 bytes in 20 msecs (HTTP/1.1 200) 7 headers in 285 bytes (2 switches on core 0)
Jul 28 05:10:34.299079 dv-cinder-801617-3-iscsi devstack@c-api.service[100017]: INFO cinder.api.openstack.wsgi [None req-056bd79a-421d-4209-bbb9-bbfc948d6d28 tempest-VolumesTransfersTest-708339257 tempest-VolumesTransfersTest-708339257-project] http://10.222.0.13/volume/v3/44a29275be194f7a8f22a431bfdf9038/volumes/979ba5fc-4b03-4fb0-85a6-1e29a8e95242 returned with HTTP 200
Jul 28 05:10:34.299951 dv-cinder-801617-3-iscsi devstack@c-api.service[100017]: [pid: 100017|app: 0|req: 232/486] 10.222.0.13 () {58 vars in 1325 bytes} [Wed Jul 28 05:10:34 2021] GET /volume/v3/44a29275be194f7a8f22a431bfdf9038/volumes/979ba5fc-4b03-4fb0-85a6-1e29a8e95242 => generated 920 bytes in 43 msecs (HTTP/1.1 200) 7 headers in 285 bytes (1 switches on core 0)
Jul 28 05:10:34.315334 dv-cinder-801617-3-iscsi devstack@c-api.service[100016]: INFO cinder.api.openstack.wsgi [None req-52464576-eb03-45ec-91b8-bae54630d7fc tempest-VolumesTransfersTest-708339257 tempest-VolumesTransfersTest-708339257-project] GET http://10.222.0.13/volume/v3/44a29275be194f7a8f22a431bfdf9038/os-volume-transfer/bc7cfa76-dc98-4a7b-89f4-a0692cbc8c34
Jul 28 05:10:34.315884 dv-cinder-801617-3-iscsi devstack@c-api.service[100016]: DEBUG cinder.api.openstack.wsgi [None req-52464576-eb03-45ec-91b8-bae54630d7fc tempest-VolumesTransfersTest-708339257 tempest-VolumesTransfersTest-708339257-project] Empty body provided in request {{(pid=100016) get_body /opt/stack/cinder/cinder/api/openstack/wsgi.py:703}}
Jul 28 05:10:34.316051 dv-cinder-801617-3-iscsi devstack@c-api.service[100016]: /usr/local/lib/python3.8/dist-packages/webob/acceptparse.py:1047: DeprecationWarning: The behavior of AcceptValidHeader.best_match is currently being maintained for backward compatibility, but it will be deprecated in the future, as it does not conform to the RFC.
Jul 28 05:10:34.316051 dv-cinder-801617-3-iscsi devstack@c-api.service[100016]: warnings.warn(
Jul 28 05:10:34.316366 dv-cinder-801617-3-iscsi devstack@c-api.service[100016]: DEBUG cinder.api.openstack.wsgi [None req-52464576-eb03-45ec-91b8-bae54630d7fc tempest-VolumesTransfersTest-708339257 tempest-VolumesTransfersTest-708339257-project] Calling method 'show' {{(pid=100016) _process_stack /opt/stack/cinder/cinder/api/openstack/wsgi.py:856}}
Jul 28 05:10:34.327190 dv-cinder-801617-3-iscsi devstack@c-api.service[100016]: INFO cinder.api.openstack.wsgi [None req-52464576-eb03-45ec-91b8-bae54630d7fc tempest-VolumesTransfersTest-708339257 tempest-VolumesTransfersTest-708339257-project] http://10.222.0.13/volume/v3/44a29275be194f7a8f22a431bfdf9038/os-volume-transfer/bc7cfa76-dc98-4a7b-89f4-a0692cbc8c34 returned with HTTP 200
Jul 28 05:10:34.327934 dv-cinder-801617-3-iscsi devstack@c-api.service[100016]: [pid: 100016|app: 0|req: 255/487] 10.222.0.13 () {58 vars in 1358 bytes} [Wed Jul 28 05:10:34 2021] GET /volume/v3/44a29275be194f7a8f22a431bfdf9038/os-volume-transfer/bc7cfa76-dc98-4a7b-89f4-a0692cbc8c34 => generated 475 bytes in 18 msecs (HTTP/1.1 200) 7 headers in 285 bytes (2 switches on core 0)
Jul 28 05:10:34.338809 dv-cinder-801617-3-iscsi devstack@c-api.service[100017]: INFO cinder.api.openstack.wsgi [None req-58c9d28a-e471-4631-84d9-6661f01bb348 tempest-VolumesTransfersTest-708339257 tempest-VolumesTransfersTest-708339257-project] GET http://10.222.0.13/volume/v3/44a29275be194f7a8f22a431bfdf9038/os-volume-transfer
Jul 28 05:10:34.339253 dv-cinder-801617-3-iscsi devstack@c-api.service[100017]: DEBUG cinder.api.openstack.wsgi [None req-58c9d28a-e471-4631-84d9-6661f01bb348 tempest-VolumesTransfersTest-708339257 tempest-VolumesTransfersTest-708339257-project] Empty body provided in request {{(pid=100017) get_body /opt/stack/cinder/cinder/api/openstack/wsgi.py:703}}
Jul 28 05:10:34.339468 dv-cinder-801617-3-iscsi devstack@c-api.service[100017]: /usr/local/lib/python3.8/dist-packages/webob/acceptparse.py:1047: DeprecationWarning: The behavior of AcceptValidHeader.best_match is currently being maintained for backward compatibility, but it will be deprecated in the future, as it does not conform to the RFC.
Jul 28 05:10:34.339468 dv-cinder-801617-3-iscsi devstack@c-api.service[100017]: warnings.warn(
Jul 28 05:10:34.339779 dv-cinder-801617-3-iscsi devstack@c-api.service[100017]: DEBUG cinder.api.openstack.wsgi [None req-58c9d28a-e471-4631-84d9-6661f01bb348 tempest-VolumesTransfersTest-708339257 tempest-VolumesTransfersTest-708339257-project] Calling method 'index' {{(pid=100017) _process_stack /opt/stack/cinder/cinder/api/openstack/wsgi.py:856}}
Jul 28 05:10:34.340142 dv-cinder-801617-3-iscsi devstack@c-api.service[100017]: DEBUG cinder.api.contrib.volume_transfer [None req-58c9d28a-e471-4631-84d9-6661f01bb348 tempest-VolumesTransfersTest-708339257 tempest-VolumesTransfersTest-708339257-project] Listing volume transfers {{(pid=100017) _get_transfers /opt/stack/cinder/cinder/api/contrib/volume_transfer.py:63}}
Jul 28 05:10:34.349938 dv-cinder-801617-3-iscsi devstack@c-api.service[100017]: INFO cinder.api.openstack.wsgi [None req-58c9d28a-e471-4631-84d9-6661f01bb348 tempest-VolumesTransfersTest-708339257 tempest-VolumesTransfersTest-708339257-project] http://10.222.0.13/volume/v3/44a29275be194f7a8f22a431bfdf9038/os-volume-transfer returned with HTTP 200
Jul 28 05:10:34.350624 dv-cinder-801617-3-iscsi devstack@c-api.service[100017]: [pid: 100017|app: 0|req: 233/488] 10.222.0.13 () {58 vars in 1247 bytes} [Wed Jul 28 05:10:34 2021] GET /volume/v3/44a29275be194f7a8f22a431bfdf9038/os-volume-transfer => generated 434 bytes in 17 msecs (HTTP/1.1 200) 7 headers in 285 bytes (1 switches on core 0)
Jul 28 05:10:34.437980 dv-cinder-801617-3-iscsi devstack@c-api.service[100017]: INFO cinder.api.openstack.wsgi [None req-d83cbd64-9807-42ca-b6d1-f08393355df4 tempest-VolumesExtendTest-1197920594 tempest-VolumesExtendTest-1197920594-project] GET http://10.222.0.13/volume/v3/5ab428f06cba453f84467aa65cef2788/volumes/7e34ef80-562e-4181-93b8-3973fa99675f
Jul 28 05:10:34.438448 dv-cinder-801617-3-iscsi devstack@c-api.service[100017]: DEBUG cinder.api.openstack.wsgi [None req-d83cbd64-9807-42ca-b6d1-f08393355df4 tempest-VolumesExtendTest-1197920594 tempest-VolumesExtendTest-1197920594-project] Empty body provided in request {{(pid=100017) get_body /opt/stack/cinder/cinder/api/openstack/wsgi.py:703}}
Jul 28 05:10:34.438859 dv-cinder-801617-3-iscsi devstack@c-api.service[100017]: DEBUG cinder.api.openstack.wsgi [None req-d83cbd64-9807-42ca-b6d1-f08393355df4 tempest-VolumesExtendTest-1197920594 tempest-VolumesExtendTest-1197920594-project] Calling method 'show' {{(pid=100017) _process_stack /opt/stack/cinder/cinder/api/openstack/wsgi.py:856}}
Jul 28 05:10:34.444811 dv-cinder-801617-3-iscsi devstack@c-api.service[100016]: INFO cinder.api.openstack.wsgi [None req-73fcb9e7-7e73-4b8c-a4d9-51792d2a596c tempest-VolumesTransfersTest-83741782 tempest-VolumesTransfersTest-83741782-project] POST http://10.222.0.13/volume/v3/b3c4207fd2b04465a52c51a8ea4595e3/os-volume-transfer/bc7cfa76-dc98-4a7b-89f4-a0692cbc8c34/accept
Jul 28 05:10:34.445488 dv-cinder-801617-3-iscsi devstack@c-api.service[100016]: DEBUG cinder.api.openstack.wsgi [None req-73fcb9e7-7e73-4b8c-a4d9-51792d2a596c tempest-VolumesTransfersTest-83741782 tempest-VolumesTransfersTest-83741782-project] Action: 'accept', calling method: accept, body: {"accept": {"auth_key": "56c45a516faf92dc"}} {{(pid=100016) _process_stack /opt/stack/cinder/cinder/api/openstack/wsgi.py:854}}
Jul 28 05:10:34.446268 dv-cinder-801617-3-iscsi devstack@c-api.service[100016]: DEBUG cinder.api.contrib.volume_transfer [None req-73fcb9e7-7e73-4b8c-a4d9-51792d2a596c tempest-VolumesTransfersTest-83741782 tempest-VolumesTransfersTest-83741782-project] Accepting volume transfer bc7cfa76-dc98-4a7b-89f4-a0692cbc8c34 {{(pid=100016) accept /opt/stack/cinder/cinder/api/contrib/volume_transfer.py:115}}
Jul 28 05:10:34.447095 dv-cinder-801617-3-iscsi devstack@c-api.service[100016]: INFO cinder.api.contrib.volume_transfer [None req-73fcb9e7-7e73-4b8c-a4d9-51792d2a596c tempest-VolumesTransfersTest-83741782 tempest-VolumesTransfersTest-83741782-project] Accepting transfer bc7cfa76-dc98-4a7b-89f4-a0692cbc8c34
Jul 28 05:10:34.452798 dv-cinder-801617-3-iscsi devstack@c-api.service[100017]: /usr/local/lib/python3.8/dist-packages/oslo_context/context.py:105: DeprecationWarning: Policy enforcement is depending on the value of is_admin. This key is deprecated. Please update your policy file to use the standard policy values.
Jul 28 05:10:34.452798 dv-cinder-801617-3-iscsi devstack@c-api.service[100017]: warnings.warn('Policy enforcement is depending on the value of '
Jul 28 05:10:34.459709 dv-cinder-801617-3-iscsi devstack@c-api.service[100017]: INFO cinder.volume.api [None req-d83cbd64-9807-42ca-b6d1-f08393355df4 tempest-VolumesExtendTest-1197920594 tempest-VolumesExtendTest-1197920594-project] Volume info retrieved successfully.
Jul 28 05:10:34.473921 dv-cinder-801617-3-iscsi devstack@c-api.service[100017]: INFO cinder.api.openstack.wsgi [None req-d83cbd64-9807-42ca-b6d1-f08393355df4 tempest-VolumesExtendTest-1197920594 tempest-VolumesExtendTest-1197920594-project] http://10.222.0.13/volume/v3/5ab428f06cba453f84467aa65cef2788/volumes/7e34ef80-562e-4181-93b8-3973fa99675f returned with HTTP 200
Jul 28 05:10:34.474816 dv-cinder-801617-3-iscsi devstack@c-api.service[100017]: [pid: 100017|app: 0|req: 234/489] 10.222.0.13 () {58 vars in 1325 bytes} [Wed Jul 28 05:10:34 2021] GET /volume/v3/5ab428f06cba453f84467aa65cef2788/volumes/7e34ef80-562e-4181-93b8-3973fa99675f => generated 970 bytes in 40 msecs (HTTP/1.1 200) 7 headers in 285 bytes (2 switches on core 0)
Jul 28 05:10:34.550312 dv-cinder-801617-3-iscsi devstack@c-api.service[100016]: DEBUG cinder.quota [None req-73fcb9e7-7e73-4b8c-a4d9-51792d2a596c tempest-VolumesTransfersTest-83741782 tempest-VolumesTransfersTest-83741782-project] Created reservations ['a01fdcec-74cc-4a95-92d3-0ee79edf61a8', '67052fd4-edc2-4dcf-a263-a242c558c252', '76ae8feb-372d-45dd-9302-7c379568b8a1', '3e7a21e6-0be9-4720-90b5-3b1cb3544619'] {{(pid=100016) reserve /opt/stack/cinder/cinder/quota.py:755}}
Jul 28 05:10:34.581686 dv-cinder-801617-3-iscsi devstack@c-api.service[100016]: DEBUG cinder.quota [None req-73fcb9e7-7e73-4b8c-a4d9-51792d2a596c tempest-VolumesTransfersTest-83741782 tempest-VolumesTransfersTest-83741782-project] Created reservations ['dd008c26-5da6-4888-a4b2-174f33d926b3', '1c9380b8-6f3d-4b8c-90ac-6687e0f790d0', 'f5d8207f-9b4a-408b-a40c-c3e7422b0be7', '2cc2050b-5e90-4835-b1d0-2875e5988401'] {{(pid=100016) reserve /opt/stack/cinder/cinder/quota.py:755}}
Jul 28 05:10:34.641545 dv-cinder-801617-3-iscsi devstack@c-api.service[100016]: DEBUG cinder.quota [None req-73fcb9e7-7e73-4b8c-a4d9-51792d2a596c tempest-VolumesTransfersTest-83741782 tempest-VolumesTransfersTest-83741782-project] Created reservations ['43327a5c-bf1c-4a67-b25f-f6ab58f68027', 'bb12b85b-44f4-425f-896b-c738e9e032ff', '572b65d7-3a75-4f01-811e-802f2e7563c8', 'b721db95-4bab-4b4e-b920-78be2442b433'] {{(pid=100016) reserve /opt/stack/cinder/cinder/quota.py:755}}
Jul 28 05:10:34.691335 dv-cinder-801617-3-iscsi devstack@c-api.service[100016]: DEBUG cinder.quota [None req-73fcb9e7-7e73-4b8c-a4d9-51792d2a596c tempest-VolumesTransfersTest-83741782 tempest-VolumesTransfersTest-83741782-project] Created reservations ['6a32c192-332a-4d59-a136-c2ae829d7c1c', '935809eb-c58b-4c2e-8907-3d7238febfad', 'e1745229-ec1c-4868-817b-1d4b92f252bc', 'd9757b68-6b17-4f01-b7f2-547b5e817551'] {{(pid=100016) reserve /opt/stack/cinder/cinder/quota.py:755}}
Jul 28 05:10:34.693417 dv-cinder-801617-3-iscsi devstack@c-api.service[100016]: /usr/local/lib/python3.8/dist-packages/oslo_context/context.py:105: DeprecationWarning: Policy enforcement is depending on the value of is_admin. This key is deprecated. Please update your policy file to use the standard policy values.
Jul 28 05:10:34.693417 dv-cinder-801617-3-iscsi devstack@c-api.service[100016]: warnings.warn('Policy enforcement is depending on the value of '
Jul 28 05:10:34.740350 dv-cinder-801617-3-iscsi devstack@c-api.service[100016]: INFO cinder.volume.api [None req-73fcb9e7-7e73-4b8c-a4d9-51792d2a596c tempest-VolumesTransfersTest-83741782 tempest-VolumesTransfersTest-83741782-project] Transfer volume completed successfully.
Jul 28 05:10:34.743924 dv-cinder-801617-3-iscsi devstack@c-api.service[100017]: INFO cinder.api.openstack.wsgi [None req-bbc54e47-62e6-4cf7-a267-5080c7acc0e7 tempest-TestVolumeBootPattern-1938690791 tempest-TestVolumeBootPattern-1938690791-project] GET http://10.222.0.13/volume/v3/a552f7ab2976456ea67918bb2395079f/volumes/e96884f9-86dc-4d3c-80a4-343ee1d595fa
Jul 28 05:10:34.744592 dv-cinder-801617-3-iscsi devstack@c-api.service[100017]: DEBUG cinder.api.openstack.wsgi [None req-bbc54e47-62e6-4cf7-a267-5080c7acc0e7 tempest-TestVolumeBootPattern-1938690791 tempest-TestVolumeBootPattern-1938690791-project] Empty body provided in request {{(pid=100017) get_body /opt/stack/cinder/cinder/api/openstack/wsgi.py:703}}
Jul 28 05:10:34.744767 dv-cinder-801617-3-iscsi devstack@c-api.service[100017]: /usr/local/lib/python3.8/dist-packages/webob/acceptparse.py:1047: DeprecationWarning: The behavior of AcceptValidHeader.best_match is currently being maintained for backward compatibility, but it will be deprecated in the future, as it does not conform to the RFC.
Jul 28 05:10:34.744767 dv-cinder-801617-3-iscsi devstack@c-api.service[100017]: warnings.warn(
Jul 28 05:10:34.745086 dv-cinder-801617-3-iscsi devstack@c-api.service[100017]: DEBUG cinder.api.openstack.wsgi [None req-bbc54e47-62e6-4cf7-a267-5080c7acc0e7 tempest-TestVolumeBootPattern-1938690791 tempest-TestVolumeBootPattern-1938690791-project] Calling method 'show' {{(pid=100017) _process_stack /opt/stack/cinder/cinder/api/openstack/wsgi.py:856}}
Jul 28 05:10:34.759846 dv-cinder-801617-3-iscsi devstack@c-api.service[100017]: /usr/local/lib/python3.8/dist-packages/oslo_context/context.py:105: DeprecationWarning: Policy enforcement is depending on the value of is_admin. This key is deprecated. Please update your policy file to use the standard policy values.
Jul 28 05:10:34.759846 dv-cinder-801617-3-iscsi devstack@c-api.service[100017]: warnings.warn('Policy enforcement is depending on the value of '
Jul 28 05:10:34.767398 dv-cinder-801617-3-iscsi devstack@c-api.service[100017]: INFO cinder.volume.api [None req-bbc54e47-62e6-4cf7-a267-5080c7acc0e7 tempest-TestVolumeBootPattern-1938690791 tempest-TestVolumeBootPattern-1938690791-project] Volume info retrieved successfully.
Jul 28 05:10:34.781238 dv-cinder-801617-3-iscsi devstack@c-api.service[100017]: INFO cinder.api.openstack.wsgi [None req-bbc54e47-62e6-4cf7-a267-5080c7acc0e7 tempest-TestVolumeBootPattern-1938690791 tempest-TestVolumeBootPattern-1938690791-project] http://10.222.0.13/volume/v3/a552f7ab2976456ea67918bb2395079f/volumes/e96884f9-86dc-4d3c-80a4-343ee1d595fa returned with HTTP 200
Jul 28 05:10:34.782167 dv-cinder-801617-3-iscsi devstack@c-api.service[100017]: [pid: 100017|app: 0|req: 235/490] 10.222.0.13 () {58 vars in 1325 bytes} [Wed Jul 28 05:10:34 2021] GET /volume/v3/a552f7ab2976456ea67918bb2395079f/volumes/e96884f9-86dc-4d3c-80a4-343ee1d595fa => generated 980 bytes in 42 msecs (HTTP/1.1 200) 7 headers in 285 bytes (2 switches on core 0)
Jul 28 05:10:34.843757 dv-cinder-801617-3-iscsi devstack@c-api.service[100016]: INFO cinder.transfer.api [None req-73fcb9e7-7e73-4b8c-a4d9-51792d2a596c tempest-VolumesTransfersTest-83741782 tempest-VolumesTransfersTest-83741782-project] Volume 979ba5fc-4b03-4fb0-85a6-1e29a8e95242 has been transferred.
Jul 28 05:10:34.856230 dv-cinder-801617-3-iscsi devstack@c-api.service[100016]: INFO cinder.api.openstack.wsgi [None req-73fcb9e7-7e73-4b8c-a4d9-51792d2a596c tempest-VolumesTransfersTest-83741782 tempest-VolumesTransfersTest-83741782-project] http://10.222.0.13/volume/v3/b3c4207fd2b04465a52c51a8ea4595e3/os-volume-transfer/bc7cfa76-dc98-4a7b-89f4-a0692cbc8c34/accept returned with HTTP 202
Jul 28 05:10:34.856998 dv-cinder-801617-3-iscsi devstack@c-api.service[100016]: [pid: 100016|app: 0|req: 256/491] 10.222.0.13 () {60 vars in 1400 bytes} [Wed Jul 28 05:10:34 2021] POST /volume/v3/b3c4207fd2b04465a52c51a8ea4595e3/os-volume-transfer/bc7cfa76-dc98-4a7b-89f4-a0692cbc8c34/accept => generated 431 bytes in 501 msecs (HTTP/1.1 202) 7 headers in 291 bytes (1 switches on core 0)
Jul 28 05:10:34.866257 dv-cinder-801617-3-iscsi devstack@c-api.service[100017]: INFO cinder.api.openstack.wsgi [None req-74f4818b-645f-4fee-bc15-33c90d3d419f tempest-VolumesTransfersTest-83741782 tempest-VolumesTransfersTest-83741782-project] GET http://10.222.0.13/volume/v3/b3c4207fd2b04465a52c51a8ea4595e3/volumes/979ba5fc-4b03-4fb0-85a6-1e29a8e95242
Jul 28 05:10:34.866711 dv-cinder-801617-3-iscsi devstack@c-api.service[100017]: DEBUG cinder.api.openstack.wsgi [None req-74f4818b-645f-4fee-bc15-33c90d3d419f tempest-VolumesTransfersTest-83741782 tempest-VolumesTransfersTest-83741782-project] Empty body provided in request {{(pid=100017) get_body /opt/stack/cinder/cinder/api/openstack/wsgi.py:703}}
Jul 28 05:10:34.866947 dv-cinder-801617-3-iscsi devstack@c-api.service[100017]: /usr/local/lib/python3.8/dist-packages/webob/acceptparse.py:1047: DeprecationWarning: The behavior of AcceptValidHeader.best_match is currently being maintained for backward compatibility, but it will be deprecated in the future, as it does not conform to the RFC.
Jul 28 05:10:34.866947 dv-cinder-801617-3-iscsi devstack@c-api.service[100017]: warnings.warn(
Jul 28 05:10:34.867235 dv-cinder-801617-3-iscsi devstack@c-api.service[100017]: DEBUG cinder.api.openstack.wsgi [None req-74f4818b-645f-4fee-bc15-33c90d3d419f tempest-VolumesTransfersTest-83741782 tempest-VolumesTransfersTest-83741782-project] Calling method 'show' {{(pid=100017) _process_stack /opt/stack/cinder/cinder/api/openstack/wsgi.py:856}}
Jul 28 05:10:34.880537 dv-cinder-801617-3-iscsi devstack@c-api.service[100017]: /usr/local/lib/python3.8/dist-packages/oslo_context/context.py:105: DeprecationWarning: Policy enforcement is depending on the value of is_admin. This key is deprecated. Please update your policy file to use the standard policy values.
Jul 28 05:10:34.880537 dv-cinder-801617-3-iscsi devstack@c-api.service[100017]: warnings.warn('Policy enforcement is depending on the value of '
Jul 28 05:10:34.887649 dv-cinder-801617-3-iscsi devstack@c-api.service[100017]: INFO cinder.volume.api [None req-74f4818b-645f-4fee-bc15-33c90d3d419f tempest-VolumesTransfersTest-83741782 tempest-VolumesTransfersTest-83741782-project] Volume info retrieved successfully.
Jul 28 05:10:34.903657 dv-cinder-801617-3-iscsi devstack@c-api.service[100017]: INFO cinder.api.openstack.wsgi [None req-74f4818b-645f-4fee-bc15-33c90d3d419f tempest-VolumesTransfersTest-83741782 tempest-VolumesTransfersTest-83741782-project] http://10.222.0.13/volume/v3/b3c4207fd2b04465a52c51a8ea4595e3/volumes/979ba5fc-4b03-4fb0-85a6-1e29a8e95242 returned with HTTP 200
Jul 28 05:10:34.904378 dv-cinder-801617-3-iscsi devstack@c-api.service[100017]: [pid: 100017|app: 0|req: 236/492] 10.222.0.13 () {58 vars in 1325 bytes} [Wed Jul 28 05:10:34 2021] GET /volume/v3/b3c4207fd2b04465a52c51a8ea4595e3/volumes/979ba5fc-4b03-4fb0-85a6-1e29a8e95242 => generated 912 bytes in 42 msecs (HTTP/1.1 200) 7 headers in 285 bytes (1 switches on core 0)
Jul 28 05:10:34.918016 dv-cinder-801617-3-iscsi devstack@c-api.service[100016]: INFO cinder.api.openstack.wsgi [None req-7212cb53-cce9-46d6-a259-924f318569be tempest-VolumesTransfersTest-83741782 tempest-VolumesTransfersTest-83741782-project] GET http://10.222.0.13/volume/v3/b3c4207fd2b04465a52c51a8ea4595e3/volumes/979ba5fc-4b03-4fb0-85a6-1e29a8e95242
Jul 28 05:10:34.918468 dv-cinder-801617-3-iscsi devstack@c-api.service[100016]: DEBUG cinder.api.openstack.wsgi [None req-7212cb53-cce9-46d6-a259-924f318569be tempest-VolumesTransfersTest-83741782 tempest-VolumesTransfersTest-83741782-project] Empty body provided in request {{(pid=100016) get_body /opt/stack/cinder/cinder/api/openstack/wsgi.py:703}}
Jul 28 05:10:34.918640 dv-cinder-801617-3-iscsi devstack@c-api.service[100016]: /usr/local/lib/python3.8/dist-packages/webob/acceptparse.py:1047: DeprecationWarning: The behavior of AcceptValidHeader.best_match is currently being maintained for backward compatibility, but it will be deprecated in the future, as it does not conform to the RFC.
Jul 28 05:10:34.918640 dv-cinder-801617-3-iscsi devstack@c-api.service[100016]: warnings.warn(
Jul 28 05:10:34.918958 dv-cinder-801617-3-iscsi devstack@c-api.service[100016]: DEBUG cinder.api.openstack.wsgi [None req-7212cb53-cce9-46d6-a259-924f318569be tempest-VolumesTransfersTest-83741782 tempest-VolumesTransfersTest-83741782-project] Calling method 'show' {{(pid=100016) _process_stack /opt/stack/cinder/cinder/api/openstack/wsgi.py:856}}
Jul 28 05:10:34.932255 dv-cinder-801617-3-iscsi devstack@c-api.service[100016]: /usr/local/lib/python3.8/dist-packages/oslo_context/context.py:105: DeprecationWarning: Policy enforcement is depending on the value of is_admin. This key is deprecated. Please update your policy file to use the standard policy values.
Jul 28 05:10:34.932255 dv-cinder-801617-3-iscsi devstack@c-api.service[100016]: warnings.warn('Policy enforcement is depending on the value of '
Jul 28 05:10:34.938870 dv-cinder-801617-3-iscsi devstack@c-api.service[100016]: INFO cinder.volume.api [None req-7212cb53-cce9-46d6-a259-924f318569be tempest-VolumesTransfersTest-83741782 tempest-VolumesTransfersTest-83741782-project] Volume info retrieved successfully.
Jul 28 05:10:34.952865 dv-cinder-801617-3-iscsi devstack@c-api.service[100016]: INFO cinder.api.openstack.wsgi [None req-7212cb53-cce9-46d6-a259-924f318569be tempest-VolumesTransfersTest-83741782 tempest-VolumesTransfersTest-83741782-project] http://10.222.0.13/volume/v3/b3c4207fd2b04465a52c51a8ea4595e3/volumes/979ba5fc-4b03-4fb0-85a6-1e29a8e95242 returned with HTTP 200
Jul 28 05:10:34.953552 dv-cinder-801617-3-iscsi devstack@c-api.service[100016]: [pid: 100016|app: 0|req: 257/493] 10.222.0.13 () {58 vars in 1325 bytes} [Wed Jul 28 05:10:34 2021] GET /volume/v3/b3c4207fd2b04465a52c51a8ea4595e3/volumes/979ba5fc-4b03-4fb0-85a6-1e29a8e95242 => generated 912 bytes in 39 msecs (HTTP/1.1 200) 7 headers in 285 bytes (1 switches on core 0)
Jul 28 05:10:34.968689 dv-cinder-801617-3-iscsi devstack@c-api.service[100017]: INFO cinder.api.openstack.wsgi [None req-99716e70-1ecc-4dca-9c6d-fe6c03434a8d tempest-VolumesTransfersTest-708339257 tempest-VolumesTransfersTest-708339257-project] DELETE http://10.222.0.13/volume/v3/44a29275be194f7a8f22a431bfdf9038/os-volume-transfer/bc7cfa76-dc98-4a7b-89f4-a0692cbc8c34
Jul 28 05:10:34.969132 dv-cinder-801617-3-iscsi devstack@c-api.service[100017]: DEBUG cinder.api.openstack.wsgi [None req-99716e70-1ecc-4dca-9c6d-fe6c03434a8d tempest-VolumesTransfersTest-708339257 tempest-VolumesTransfersTest-708339257-project] Empty body provided in request {{(pid=100017) get_body /opt/stack/cinder/cinder/api/openstack/wsgi.py:703}}
Jul 28 05:10:34.969302 dv-cinder-801617-3-iscsi devstack@c-api.service[100017]: /usr/local/lib/python3.8/dist-packages/webob/acceptparse.py:1047: DeprecationWarning: The behavior of AcceptValidHeader.best_match is currently being maintained for backward compatibility, but it will be deprecated in the future, as it does not conform to the RFC.
Jul 28 05:10:34.969302 dv-cinder-801617-3-iscsi devstack@c-api.service[100017]: warnings.warn(
Jul 28 05:10:34.969617 dv-cinder-801617-3-iscsi devstack@c-api.service[100017]: DEBUG cinder.api.openstack.wsgi [None req-99716e70-1ecc-4dca-9c6d-fe6c03434a8d tempest-VolumesTransfersTest-708339257 tempest-VolumesTransfersTest-708339257-project] Calling method 'delete' {{(pid=100017) _process_stack /opt/stack/cinder/cinder/api/openstack/wsgi.py:856}}
Jul 28 05:10:34.969917 dv-cinder-801617-3-iscsi devstack@c-api.service[100017]: INFO cinder.api.contrib.volume_transfer [None req-99716e70-1ecc-4dca-9c6d-fe6c03434a8d tempest-VolumesTransfersTest-708339257 tempest-VolumesTransfersTest-708339257-project] Delete transfer with id: bc7cfa76-dc98-4a7b-89f4-a0692cbc8c34
Jul 28 05:10:34.975826 dv-cinder-801617-3-iscsi devstack@c-api.service[100017]: INFO cinder.api.openstack.wsgi [None req-99716e70-1ecc-4dca-9c6d-fe6c03434a8d tempest-VolumesTransfersTest-708339257 tempest-VolumesTransfersTest-708339257-project] http://10.222.0.13/volume/v3/44a29275be194f7a8f22a431bfdf9038/os-volume-transfer/bc7cfa76-dc98-4a7b-89f4-a0692cbc8c34 returned with HTTP 404
Jul 28 05:10:34.976641 dv-cinder-801617-3-iscsi devstack@c-api.service[100017]: [pid: 100017|app: 0|req: 237/494] 10.222.0.13 () {58 vars in 1361 bytes} [Wed Jul 28 05:10:34 2021] DELETE /volume/v3/44a29275be194f7a8f22a431bfdf9038/os-volume-transfer/bc7cfa76-dc98-4a7b-89f4-a0692cbc8c34 => generated 111 bytes in 13 msecs (HTTP/1.1 404) 7 headers in 292 bytes (1 switches on core 0)
Jul 28 05:10:35.023443 dv-cinder-801617-3-iscsi devstack@c-api.service[100016]: INFO cinder.api.openstack.wsgi [None req-2efeed6b-9835-46f1-9c0c-25b5d56460b9 tempest-VolumesTransfersTest-1877070213 tempest-VolumesTransfersTest-1877070213-project-admin] DELETE http://10.222.0.13/volume/v3/b074a4e88c38498e8eda84cb75e39e63/volumes/979ba5fc-4b03-4fb0-85a6-1e29a8e95242
Jul 28 05:10:35.023905 dv-cinder-801617-3-iscsi devstack@c-api.service[100016]: DEBUG cinder.api.openstack.wsgi [None req-2efeed6b-9835-46f1-9c0c-25b5d56460b9 tempest-VolumesTransfersTest-1877070213 tempest-VolumesTransfersTest-1877070213-project-admin] Empty body provided in request {{(pid=100016) get_body /opt/stack/cinder/cinder/api/openstack/wsgi.py:703}}
Jul 28 05:10:35.024074 dv-cinder-801617-3-iscsi devstack@c-api.service[100016]: /usr/local/lib/python3.8/dist-packages/webob/acceptparse.py:1047: DeprecationWarning: The behavior of AcceptValidHeader.best_match is currently being maintained for backward compatibility, but it will be deprecated in the future, as it does not conform to the RFC.
Jul 28 05:10:35.024074 dv-cinder-801617-3-iscsi devstack@c-api.service[100016]: warnings.warn(
Jul 28 05:10:35.024430 dv-cinder-801617-3-iscsi devstack@c-api.service[100016]: DEBUG cinder.api.openstack.wsgi [None req-2efeed6b-9835-46f1-9c0c-25b5d56460b9 tempest-VolumesTransfersTest-1877070213 tempest-VolumesTransfersTest-1877070213-project-admin] Calling method 'delete' {{(pid=100016) _process_stack /opt/stack/cinder/cinder/api/openstack/wsgi.py:856}}
Jul 28 05:10:35.024942 dv-cinder-801617-3-iscsi devstack@c-api.service[100016]: INFO cinder.api.v3.volumes [None req-2efeed6b-9835-46f1-9c0c-25b5d56460b9 tempest-VolumesTransfersTest-1877070213 tempest-VolumesTransfersTest-1877070213-project-admin] Delete volume with id: 979ba5fc-4b03-4fb0-85a6-1e29a8e95242
Jul 28 05:10:35.038091 dv-cinder-801617-3-iscsi devstack@c-api.service[100016]: /usr/local/lib/python3.8/dist-packages/oslo_context/context.py:105: DeprecationWarning: Policy enforcement is depending on the value of is_admin. This key is deprecated. Please update your policy file to use the standard policy values.
Jul 28 05:10:35.038091 dv-cinder-801617-3-iscsi devstack@c-api.service[100016]: warnings.warn('Policy enforcement is depending on the value of '
Jul 28 05:10:35.038778 dv-cinder-801617-3-iscsi devstack@c-api.service[100016]: INFO cinder.volume.api [None req-2efeed6b-9835-46f1-9c0c-25b5d56460b9 tempest-VolumesTransfersTest-1877070213 tempest-VolumesTransfersTest-1877070213-project-admin] Volume info retrieved successfully.
Jul 28 05:10:35.063241 dv-cinder-801617-3-iscsi devstack@c-api.service[100016]: INFO cinder.volume.api [None req-2efeed6b-9835-46f1-9c0c-25b5d56460b9 tempest-VolumesTransfersTest-1877070213 tempest-VolumesTransfersTest-1877070213-project-admin] Delete volume request issued successfully.
Jul 28 05:10:35.063687 dv-cinder-801617-3-iscsi devstack@c-api.service[100016]: INFO cinder.api.openstack.wsgi [None req-2efeed6b-9835-46f1-9c0c-25b5d56460b9 tempest-VolumesTransfersTest-1877070213 tempest-VolumesTransfersTest-1877070213-project-admin] http://10.222.0.13/volume/v3/b074a4e88c38498e8eda84cb75e39e63/volumes/979ba5fc-4b03-4fb0-85a6-1e29a8e95242 returned with HTTP 202
Jul 28 05:10:35.064442 dv-cinder-801617-3-iscsi devstack@c-api.service[100016]: [pid: 100016|app: 0|req: 258/495] 10.222.0.13 () {58 vars in 1328 bytes} [Wed Jul 28 05:10:34 2021] DELETE /volume/v3/b074a4e88c38498e8eda84cb75e39e63/volumes/979ba5fc-4b03-4fb0-85a6-1e29a8e95242 => generated 0 bytes in 85 msecs (HTTP/1.1 202) 6 headers in 233 bytes (1 switches on core 0)
Jul 28 05:10:35.072990 dv-cinder-801617-3-iscsi devstack@c-api.service[100017]: INFO cinder.api.openstack.wsgi [None req-fa9a37dc-922a-4a96-865a-5e7681df38c2 tempest-VolumesTransfersTest-1877070213 tempest-VolumesTransfersTest-1877070213-project-admin] GET http://10.222.0.13/volume/v3/b074a4e88c38498e8eda84cb75e39e63/volumes/979ba5fc-4b03-4fb0-85a6-1e29a8e95242
Jul 28 05:10:35.073441 dv-cinder-801617-3-iscsi devstack@c-api.service[100017]: DEBUG cinder.api.openstack.wsgi [None req-fa9a37dc-922a-4a96-865a-5e7681df38c2 tempest-VolumesTransfersTest-1877070213 tempest-VolumesTransfersTest-1877070213-project-admin] Empty body provided in request {{(pid=100017) get_body /opt/stack/cinder/cinder/api/openstack/wsgi.py:703}}
Jul 28 05:10:35.073892 dv-cinder-801617-3-iscsi devstack@c-api.service[100017]: DEBUG cinder.api.openstack.wsgi [None req-fa9a37dc-922a-4a96-865a-5e7681df38c2 tempest-VolumesTransfersTest-1877070213 tempest-VolumesTransfersTest-1877070213-project-admin] Calling method 'show' {{(pid=100017) _process_stack /opt/stack/cinder/cinder/api/openstack/wsgi.py:856}}
Jul 28 05:10:35.090202 dv-cinder-801617-3-iscsi devstack@c-api.service[100017]: /usr/local/lib/python3.8/dist-packages/oslo_context/context.py:105: DeprecationWarning: Policy enforcement is depending on the value of is_admin. This key is deprecated. Please update your policy file to use the standard policy values.
Jul 28 05:10:35.090202 dv-cinder-801617-3-iscsi devstack@c-api.service[100017]: warnings.warn('Policy enforcement is depending on the value of '
Jul 28 05:10:35.097400 dv-cinder-801617-3-iscsi devstack@c-api.service[100017]: INFO cinder.volume.api [None req-fa9a37dc-922a-4a96-865a-5e7681df38c2 tempest-VolumesTransfersTest-1877070213 tempest-VolumesTransfersTest-1877070213-project-admin] Volume info retrieved successfully.
Jul 28 05:10:35.112182 dv-cinder-801617-3-iscsi devstack@c-api.service[100017]: INFO cinder.api.openstack.wsgi [None req-fa9a37dc-922a-4a96-865a-5e7681df38c2 tempest-VolumesTransfersTest-1877070213 tempest-VolumesTransfersTest-1877070213-project-admin] http://10.222.0.13/volume/v3/b074a4e88c38498e8eda84cb75e39e63/volumes/979ba5fc-4b03-4fb0-85a6-1e29a8e95242 returned with HTTP 200
Jul 28 05:10:35.113040 dv-cinder-801617-3-iscsi devstack@c-api.service[100017]: [pid: 100017|app: 0|req: 238/496] 10.222.0.13 () {58 vars in 1325 bytes} [Wed Jul 28 05:10:35 2021] GET /volume/v3/b074a4e88c38498e8eda84cb75e39e63/volumes/979ba5fc-4b03-4fb0-85a6-1e29a8e95242 => generated 1087 bytes in 45 msecs (HTTP/1.1 200) 7 headers in 286 bytes (1 switches on core 0)
Jul 28 05:10:35.317245 dv-cinder-801617-3-iscsi devstack@c-api.service[100016]: INFO cinder.api.openstack.wsgi [req-a3eaa780-b7c5-4993-83b4-c1658dfa8ad6 req-56aa69fa-559b-4657-b44d-69247296b01d tempest-VolumesSnapshotsTestJSON-1354724612 tempest-VolumesSnapshotsTestJSON-1354724612-project] GET http://10.222.0.13/volume/v3/0884eec9715644e385fe3a08ccacdf5f/snapshots/b3fb62ba-b83b-43fe-b950-ecfeb4b3ee5f
Jul 28 05:10:35.317697 dv-cinder-801617-3-iscsi devstack@c-api.service[100016]: DEBUG cinder.api.openstack.wsgi [req-a3eaa780-b7c5-4993-83b4-c1658dfa8ad6 req-56aa69fa-559b-4657-b44d-69247296b01d tempest-VolumesSnapshotsTestJSON-1354724612 tempest-VolumesSnapshotsTestJSON-1354724612-project] Empty body provided in request {{(pid=100016) get_body /opt/stack/cinder/cinder/api/openstack/wsgi.py:703}}
Jul 28 05:10:35.317869 dv-cinder-801617-3-iscsi devstack@c-api.service[100016]: /usr/local/lib/python3.8/dist-packages/webob/acceptparse.py:1047: DeprecationWarning: The behavior of AcceptValidHeader.best_match is currently being maintained for backward compatibility, but it will be deprecated in the future, as it does not conform to the RFC.
Jul 28 05:10:35.317869 dv-cinder-801617-3-iscsi devstack@c-api.service[100016]: warnings.warn(
Jul 28 05:10:35.318191 dv-cinder-801617-3-iscsi devstack@c-api.service[100016]: DEBUG cinder.api.openstack.wsgi [req-a3eaa780-b7c5-4993-83b4-c1658dfa8ad6 req-56aa69fa-559b-4657-b44d-69247296b01d tempest-VolumesSnapshotsTestJSON-1354724612 tempest-VolumesSnapshotsTestJSON-1354724612-project] Calling method 'show' {{(pid=100016) _process_stack /opt/stack/cinder/cinder/api/openstack/wsgi.py:856}}
Jul 28 05:10:35.325578 dv-cinder-801617-3-iscsi devstack@c-api.service[100016]: INFO cinder.api.openstack.wsgi [req-a3eaa780-b7c5-4993-83b4-c1658dfa8ad6 req-56aa69fa-559b-4657-b44d-69247296b01d tempest-VolumesSnapshotsTestJSON-1354724612 tempest-VolumesSnapshotsTestJSON-1354724612-project] http://10.222.0.13/volume/v3/0884eec9715644e385fe3a08ccacdf5f/snapshots/b3fb62ba-b83b-43fe-b950-ecfeb4b3ee5f returned with HTTP 404
Jul 28 05:10:35.326459 dv-cinder-801617-3-iscsi devstack@c-api.service[100016]: [pid: 100016|app: 0|req: 259/497] 10.222.0.13 () {60 vars in 1585 bytes} [Wed Jul 28 05:10:35 2021] GET /volume/v3/0884eec9715644e385fe3a08ccacdf5f/snapshots/b3fb62ba-b83b-43fe-b950-ecfeb4b3ee5f => generated 111 bytes in 14 msecs (HTTP/1.1 404) 7 headers in 292 bytes (1 switches on core 0)
Jul 28 05:10:35.349519 dv-cinder-801617-3-iscsi devstack@c-api.service[100017]: INFO cinder.api.openstack.wsgi [req-ef532247-9a24-45ef-b9bd-d3675d8fe3be req-cd10d327-8011-45eb-8f5a-2f6e74ed88e9 tempest-VolumesSnapshotsTestJSON-1354724612 tempest-VolumesSnapshotsTestJSON-1354724612-project] DELETE http://10.222.0.13/volume/v3/0884eec9715644e385fe3a08ccacdf5f/volumes/fe4ed120-01db-4f8a-8fcd-c9e8cc42dfa3
Jul 28 05:10:35.350055 dv-cinder-801617-3-iscsi devstack@c-api.service[100017]: DEBUG cinder.api.openstack.wsgi [req-ef532247-9a24-45ef-b9bd-d3675d8fe3be req-cd10d327-8011-45eb-8f5a-2f6e74ed88e9 tempest-VolumesSnapshotsTestJSON-1354724612 tempest-VolumesSnapshotsTestJSON-1354724612-project] Empty body provided in request {{(pid=100017) get_body /opt/stack/cinder/cinder/api/openstack/wsgi.py:703}}
Jul 28 05:10:35.350147 dv-cinder-801617-3-iscsi devstack@c-api.service[100017]: /usr/local/lib/python3.8/dist-packages/webob/acceptparse.py:1047: DeprecationWarning: The behavior of AcceptValidHeader.best_match is currently being maintained for backward compatibility, but it will be deprecated in the future, as it does not conform to the RFC.
Jul 28 05:10:35.350147 dv-cinder-801617-3-iscsi devstack@c-api.service[100017]: warnings.warn(
Jul 28 05:10:35.350473 dv-cinder-801617-3-iscsi devstack@c-api.service[100017]: DEBUG cinder.api.openstack.wsgi [req-ef532247-9a24-45ef-b9bd-d3675d8fe3be req-cd10d327-8011-45eb-8f5a-2f6e74ed88e9 tempest-VolumesSnapshotsTestJSON-1354724612 tempest-VolumesSnapshotsTestJSON-1354724612-project] Calling method 'delete' {{(pid=100017) _process_stack /opt/stack/cinder/cinder/api/openstack/wsgi.py:856}}
Jul 28 05:10:35.350959 dv-cinder-801617-3-iscsi devstack@c-api.service[100017]: INFO cinder.api.v3.volumes [req-ef532247-9a24-45ef-b9bd-d3675d8fe3be req-cd10d327-8011-45eb-8f5a-2f6e74ed88e9 tempest-VolumesSnapshotsTestJSON-1354724612 tempest-VolumesSnapshotsTestJSON-1354724612-project] Delete volume with id: fe4ed120-01db-4f8a-8fcd-c9e8cc42dfa3
Jul 28 05:10:35.365314 dv-cinder-801617-3-iscsi devstack@c-api.service[100017]: /usr/local/lib/python3.8/dist-packages/oslo_context/context.py:105: DeprecationWarning: Policy enforcement is depending on the value of is_admin. This key is deprecated. Please update your policy file to use the standard policy values.
Jul 28 05:10:35.365314 dv-cinder-801617-3-iscsi devstack@c-api.service[100017]: warnings.warn('Policy enforcement is depending on the value of '
Jul 28 05:10:35.366364 dv-cinder-801617-3-iscsi devstack@c-api.service[100017]: INFO cinder.volume.api [req-ef532247-9a24-45ef-b9bd-d3675d8fe3be req-cd10d327-8011-45eb-8f5a-2f6e74ed88e9 tempest-VolumesSnapshotsTestJSON-1354724612 tempest-VolumesSnapshotsTestJSON-1354724612-project] Volume info retrieved successfully.
Jul 28 05:10:35.393690 dv-cinder-801617-3-iscsi devstack@c-api.service[100017]: INFO cinder.volume.api [req-ef532247-9a24-45ef-b9bd-d3675d8fe3be req-cd10d327-8011-45eb-8f5a-2f6e74ed88e9 tempest-VolumesSnapshotsTestJSON-1354724612 tempest-VolumesSnapshotsTestJSON-1354724612-project] Delete volume request issued successfully.
Jul 28 05:10:35.394113 dv-cinder-801617-3-iscsi devstack@c-api.service[100017]: INFO cinder.api.openstack.wsgi [req-ef532247-9a24-45ef-b9bd-d3675d8fe3be req-cd10d327-8011-45eb-8f5a-2f6e74ed88e9 tempest-VolumesSnapshotsTestJSON-1354724612 tempest-VolumesSnapshotsTestJSON-1354724612-project] http://10.222.0.13/volume/v3/0884eec9715644e385fe3a08ccacdf5f/volumes/fe4ed120-01db-4f8a-8fcd-c9e8cc42dfa3 returned with HTTP 202
Jul 28 05:10:35.394886 dv-cinder-801617-3-iscsi devstack@c-api.service[100017]: [pid: 100017|app: 0|req: 239/498] 10.222.0.13 () {62 vars in 1601 bytes} [Wed Jul 28 05:10:35 2021] DELETE /volume/v3/0884eec9715644e385fe3a08ccacdf5f/volumes/fe4ed120-01db-4f8a-8fcd-c9e8cc42dfa3 => generated 0 bytes in 49 msecs (HTTP/1.1 202) 6 headers in 233 bytes (1 switches on core 0)
Jul 28 05:10:35.419439 dv-cinder-801617-3-iscsi devstack@c-api.service[100016]: INFO cinder.api.openstack.wsgi [req-ddd71d7d-31e1-452b-b4e4-bd3405246dc3 req-1154edce-dfde-4b41-af2e-bbc3ce7f35d4 tempest-VolumesSnapshotsTestJSON-1354724612 tempest-VolumesSnapshotsTestJSON-1354724612-project] GET http://10.222.0.13/volume/v3/0884eec9715644e385fe3a08ccacdf5f/volumes/fe4ed120-01db-4f8a-8fcd-c9e8cc42dfa3
Jul 28 05:10:35.419898 dv-cinder-801617-3-iscsi devstack@c-api.service[100016]: DEBUG cinder.api.openstack.wsgi [req-ddd71d7d-31e1-452b-b4e4-bd3405246dc3 req-1154edce-dfde-4b41-af2e-bbc3ce7f35d4 tempest-VolumesSnapshotsTestJSON-1354724612 tempest-VolumesSnapshotsTestJSON-1354724612-project] Empty body provided in request {{(pid=100016) get_body /opt/stack/cinder/cinder/api/openstack/wsgi.py:703}}
Jul 28 05:10:35.420308 dv-cinder-801617-3-iscsi devstack@c-api.service[100016]: DEBUG cinder.api.openstack.wsgi [req-ddd71d7d-31e1-452b-b4e4-bd3405246dc3 req-1154edce-dfde-4b41-af2e-bbc3ce7f35d4 tempest-VolumesSnapshotsTestJSON-1354724612 tempest-VolumesSnapshotsTestJSON-1354724612-project] Calling method 'show' {{(pid=100016) _process_stack /opt/stack/cinder/cinder/api/openstack/wsgi.py:856}}
Jul 28 05:10:35.434439 dv-cinder-801617-3-iscsi devstack@c-api.service[100016]: /usr/local/lib/python3.8/dist-packages/oslo_context/context.py:105: DeprecationWarning: Policy enforcement is depending on the value of is_admin. This key is deprecated. Please update your policy file to use the standard policy values.
Jul 28 05:10:35.434439 dv-cinder-801617-3-iscsi devstack@c-api.service[100016]: warnings.warn('Policy enforcement is depending on the value of '
Jul 28 05:10:35.442950 dv-cinder-801617-3-iscsi devstack@c-api.service[100016]: INFO cinder.volume.api [req-ddd71d7d-31e1-452b-b4e4-bd3405246dc3 req-1154edce-dfde-4b41-af2e-bbc3ce7f35d4 tempest-VolumesSnapshotsTestJSON-1354724612 tempest-VolumesSnapshotsTestJSON-1354724612-project] Volume info retrieved successfully.
Jul 28 05:10:35.456752 dv-cinder-801617-3-iscsi devstack@c-api.service[100016]: INFO cinder.api.openstack.wsgi [req-ddd71d7d-31e1-452b-b4e4-bd3405246dc3 req-1154edce-dfde-4b41-af2e-bbc3ce7f35d4 tempest-VolumesSnapshotsTestJSON-1354724612 tempest-VolumesSnapshotsTestJSON-1354724612-project] http://10.222.0.13/volume/v3/0884eec9715644e385fe3a08ccacdf5f/volumes/fe4ed120-01db-4f8a-8fcd-c9e8cc42dfa3 returned with HTTP 200
Jul 28 05:10:35.457486 dv-cinder-801617-3-iscsi devstack@c-api.service[100016]: [pid: 100016|app: 0|req: 260/499] 10.222.0.13 () {60 vars in 1579 bytes} [Wed Jul 28 05:10:35 2021] GET /volume/v3/0884eec9715644e385fe3a08ccacdf5f/volumes/fe4ed120-01db-4f8a-8fcd-c9e8cc42dfa3 => generated 915 bytes in 42 msecs (HTTP/1.1 200) 7 headers in 285 bytes (1 switches on core 0)
Jul 28 05:10:35.489296 dv-cinder-801617-3-iscsi devstack@c-api.service[100017]: INFO cinder.api.openstack.wsgi [None req-d15ee944-131e-45c1-a016-217bdfbefb6f tempest-VolumesExtendTest-1197920594 tempest-VolumesExtendTest-1197920594-project] GET http://10.222.0.13/volume/v3/5ab428f06cba453f84467aa65cef2788/volumes/7e34ef80-562e-4181-93b8-3973fa99675f
Jul 28 05:10:35.489891 dv-cinder-801617-3-iscsi devstack@c-api.service[100017]: DEBUG cinder.api.openstack.wsgi [None req-d15ee944-131e-45c1-a016-217bdfbefb6f tempest-VolumesExtendTest-1197920594 tempest-VolumesExtendTest-1197920594-project] Empty body provided in request {{(pid=100017) get_body /opt/stack/cinder/cinder/api/openstack/wsgi.py:703}}
