Sep 27 21:19:04.650803 dv-cinder-801522-4-iscsi devstack@n-api.service[288846]: DEBUG nova.api.openstack.wsgi_app [-] oslo_messaging_notifications.retry = -1 {{(pid=288846) log_opt_values /usr/local/lib/python3.8/dist-packages/oslo_config/cfg.py:2609}}
Sep 27 21:19:04.650886 dv-cinder-801522-4-iscsi devstack@n-api.service[288845]: DEBUG nova.api.openstack.wsgi_app [-] oslo_messaging_rabbit.direct_mandatory_flag = True {{(pid=288845) log_opt_values /usr/local/lib/python3.8/dist-packages/oslo_config/cfg.py:2609}}
Sep 27 21:19:04.650961 dv-cinder-801522-4-iscsi devstack@n-api.service[288846]: DEBUG nova.api.openstack.wsgi_app [-] oslo_messaging_notifications.topics = ['notifications'] {{(pid=288846) log_opt_values /usr/local/lib/python3.8/dist-packages/oslo_config/cfg.py:2609}}
Sep 27 21:19:04.651039 dv-cinder-801522-4-iscsi devstack@n-api.service[288845]: DEBUG nova.api.openstack.wsgi_app [-] oslo_messaging_rabbit.enable_cancel_on_failover = False {{(pid=288845) log_opt_values /usr/local/lib/python3.8/dist-packages/oslo_config/cfg.py:2609}}
Sep 27 21:19:04.651120 dv-cinder-801522-4-iscsi devstack@n-api.service[288846]: DEBUG nova.api.openstack.wsgi_app [-] oslo_messaging_notifications.transport_url = **** {{(pid=288846) log_opt_values /usr/local/lib/python3.8/dist-packages/oslo_config/cfg.py:2609}}
Sep 27 21:19:04.651193 dv-cinder-801522-4-iscsi devstack@n-api.service[288845]: DEBUG nova.api.openstack.wsgi_app [-] oslo_messaging_rabbit.heartbeat_in_pthread = True {{(pid=288845) log_opt_values /usr/local/lib/python3.8/dist-packages/oslo_config/cfg.py:2609}}
Sep 27 21:19:04.651273 dv-cinder-801522-4-iscsi devstack@n-api.service[288846]: DEBUG nova.api.openstack.wsgi_app [-] ******************************************************************************** {{(pid=288846) log_opt_values /usr/local/lib/python3.8/dist-packages/oslo_config/cfg.py:2613}}
Sep 27 21:19:04.651347 dv-cinder-801522-4-iscsi devstack@n-api.service[288845]: DEBUG nova.api.openstack.wsgi_app [-] oslo_messaging_rabbit.heartbeat_rate = 3 {{(pid=288845) log_opt_values /usr/local/lib/python3.8/dist-packages/oslo_config/cfg.py:2609}}
Sep 27 21:19:04.651347 dv-cinder-801522-4-iscsi devstack@n-api.service[288845]: DEBUG nova.api.openstack.wsgi_app [-] oslo_messaging_rabbit.heartbeat_timeout_threshold = 600 {{(pid=288845) log_opt_values /usr/local/lib/python3.8/dist-packages/oslo_config/cfg.py:2609}}
Sep 27 21:19:04.651347 dv-cinder-801522-4-iscsi devstack@n-api.service[288845]: DEBUG nova.api.openstack.wsgi_app [-] oslo_messaging_rabbit.kombu_compression = None {{(pid=288845) log_opt_values /usr/local/lib/python3.8/dist-packages/oslo_config/cfg.py:2609}}
Sep 27 21:19:04.651347 dv-cinder-801522-4-iscsi devstack@n-api.service[288845]: DEBUG nova.api.openstack.wsgi_app [-] oslo_messaging_rabbit.kombu_failover_strategy = round-robin {{(pid=288845) log_opt_values /usr/local/lib/python3.8/dist-packages/oslo_config/cfg.py:2609}}
Sep 27 21:19:04.651347 dv-cinder-801522-4-iscsi devstack@n-api.service[288845]: DEBUG nova.api.openstack.wsgi_app [-] oslo_messaging_rabbit.kombu_missing_consumer_retry_timeout = 60 {{(pid=288845) log_opt_values /usr/local/lib/python3.8/dist-packages/oslo_config/cfg.py:2609}}
Sep 27 21:19:04.651347 dv-cinder-801522-4-iscsi devstack@n-api.service[288845]: DEBUG nova.api.openstack.wsgi_app [-] oslo_messaging_rabbit.kombu_reconnect_delay = 1.0 {{(pid=288845) log_opt_values /usr/local/lib/python3.8/dist-packages/oslo_config/cfg.py:2609}}
Sep 27 21:19:04.651776 dv-cinder-801522-4-iscsi devstack@n-api.service[288845]: DEBUG nova.api.openstack.wsgi_app [-] oslo_messaging_rabbit.rabbit_ha_queues = False {{(pid=288845) log_opt_values /usr/local/lib/python3.8/dist-packages/oslo_config/cfg.py:2609}}
Sep 27 21:19:04.651860 dv-cinder-801522-4-iscsi devstack@n-api.service[288845]: DEBUG nova.api.openstack.wsgi_app [-] oslo_messaging_rabbit.rabbit_interval_max = 30 {{(pid=288845) log_opt_values /usr/local/lib/python3.8/dist-packages/oslo_config/cfg.py:2609}}
Sep 27 21:19:04.652210 dv-cinder-801522-4-iscsi devstack@n-api.service[288845]: DEBUG nova.api.openstack.wsgi_app [-] oslo_messaging_rabbit.rabbit_login_method = AMQPLAIN {{(pid=288845) log_opt_values /usr/local/lib/python3.8/dist-packages/oslo_config/cfg.py:2609}}
Sep 27 21:19:04.652657 dv-cinder-801522-4-iscsi devstack@n-api.service[288845]: DEBUG nova.api.openstack.wsgi_app [-] oslo_messaging_rabbit.rabbit_qos_prefetch_count = 0 {{(pid=288845) log_opt_values /usr/local/lib/python3.8/dist-packages/oslo_config/cfg.py:2609}}
Sep 27 21:19:04.653134 dv-cinder-801522-4-iscsi devstack@n-api.service[288845]: DEBUG nova.api.openstack.wsgi_app [-] oslo_messaging_rabbit.rabbit_retry_backoff = 2 {{(pid=288845) log_opt_values /usr/local/lib/python3.8/dist-packages/oslo_config/cfg.py:2609}}
Sep 27 21:19:04.653474 dv-cinder-801522-4-iscsi devstack@n-api.service[288845]: DEBUG nova.api.openstack.wsgi_app [-] oslo_messaging_rabbit.rabbit_retry_interval = 1 {{(pid=288845) log_opt_values /usr/local/lib/python3.8/dist-packages/oslo_config/cfg.py:2609}}
Sep 27 21:19:04.653801 dv-cinder-801522-4-iscsi devstack@n-api.service[288845]: DEBUG nova.api.openstack.wsgi_app [-] oslo_messaging_rabbit.rabbit_transient_queues_ttl = 1800 {{(pid=288845) log_opt_values /usr/local/lib/python3.8/dist-packages/oslo_config/cfg.py:2609}}
Sep 27 21:19:04.654138 dv-cinder-801522-4-iscsi devstack@n-api.service[288845]: DEBUG nova.api.openstack.wsgi_app [-] oslo_messaging_rabbit.rpc_conn_pool_size = 30 {{(pid=288845) log_opt_values /usr/local/lib/python3.8/dist-packages/oslo_config/cfg.py:2609}}
Sep 27 21:19:04.654471 dv-cinder-801522-4-iscsi devstack@n-api.service[288845]: DEBUG nova.api.openstack.wsgi_app [-] oslo_messaging_rabbit.ssl = False {{(pid=288845) log_opt_values /usr/local/lib/python3.8/dist-packages/oslo_config/cfg.py:2609}}
Sep 27 21:19:04.654815 dv-cinder-801522-4-iscsi devstack@n-api.service[288845]: DEBUG nova.api.openstack.wsgi_app [-] oslo_messaging_rabbit.ssl_ca_file = {{(pid=288845) log_opt_values /usr/local/lib/python3.8/dist-packages/oslo_config/cfg.py:2609}}
Sep 27 21:19:04.655166 dv-cinder-801522-4-iscsi devstack@n-api.service[288845]: DEBUG nova.api.openstack.wsgi_app [-] oslo_messaging_rabbit.ssl_cert_file = {{(pid=288845) log_opt_values /usr/local/lib/python3.8/dist-packages/oslo_config/cfg.py:2609}}
Sep 27 21:19:04.655506 dv-cinder-801522-4-iscsi devstack@n-api.service[288845]: DEBUG nova.api.openstack.wsgi_app [-] oslo_messaging_rabbit.ssl_key_file = {{(pid=288845) log_opt_values /usr/local/lib/python3.8/dist-packages/oslo_config/cfg.py:2609}}
Sep 27 21:19:04.655877 dv-cinder-801522-4-iscsi devstack@n-api.service[288845]: DEBUG nova.api.openstack.wsgi_app [-] oslo_messaging_rabbit.ssl_version = {{(pid=288845) log_opt_values /usr/local/lib/python3.8/dist-packages/oslo_config/cfg.py:2609}}
Sep 27 21:19:04.656247 dv-cinder-801522-4-iscsi devstack@n-api.service[288845]: DEBUG nova.api.openstack.wsgi_app [-] oslo_messaging_notifications.driver = ['messagingv2'] {{(pid=288845) log_opt_values /usr/local/lib/python3.8/dist-packages/oslo_config/cfg.py:2609}}
Sep 27 21:19:04.656578 dv-cinder-801522-4-iscsi devstack@n-api.service[288845]: DEBUG nova.api.openstack.wsgi_app [-] oslo_messaging_notifications.retry = -1 {{(pid=288845) log_opt_values /usr/local/lib/python3.8/dist-packages/oslo_config/cfg.py:2609}}
Sep 27 21:19:04.656948 dv-cinder-801522-4-iscsi devstack@n-api.service[288845]: DEBUG nova.api.openstack.wsgi_app [-] oslo_messaging_notifications.topics = ['notifications'] {{(pid=288845) log_opt_values /usr/local/lib/python3.8/dist-packages/oslo_config/cfg.py:2609}}
Sep 27 21:19:04.657287 dv-cinder-801522-4-iscsi devstack@n-api.service[288845]: DEBUG nova.api.openstack.wsgi_app [-] oslo_messaging_notifications.transport_url = **** {{(pid=288845) log_opt_values /usr/local/lib/python3.8/dist-packages/oslo_config/cfg.py:2609}}
Sep 27 21:19:04.657545 dv-cinder-801522-4-iscsi devstack@n-api.service[288845]: DEBUG nova.api.openstack.wsgi_app [-] ******************************************************************************** {{(pid=288845) log_opt_values /usr/local/lib/python3.8/dist-packages/oslo_config/cfg.py:2613}}
Sep 27 21:19:04.672654 dv-cinder-801522-4-iscsi devstack@n-api.service[288846]: DEBUG oslo_db.sqlalchemy.engines [None req-24cda972-ef75-4e0e-a85a-7d0c3c0068c2 None None] MySQL server mode set to STRICT_TRANS_TABLES,STRICT_ALL_TABLES,NO_ZERO_IN_DATE,NO_ZERO_DATE,ERROR_FOR_DIVISION_BY_ZERO,TRADITIONAL,NO_ENGINE_SUBSTITUTION {{(pid=288846) _check_effective_sql_mode /usr/local/lib/python3.8/dist-packages/oslo_db/sqlalchemy/engines.py:314}}
Sep 27 21:19:04.680299 dv-cinder-801522-4-iscsi devstack@n-api.service[288845]: DEBUG oslo_db.sqlalchemy.engines [None req-d4eefb12-5441-4e1f-bf94-c9e8f63c7391 None None] MySQL server mode set to STRICT_TRANS_TABLES,STRICT_ALL_TABLES,NO_ZERO_IN_DATE,NO_ZERO_DATE,ERROR_FOR_DIVISION_BY_ZERO,TRADITIONAL,NO_ENGINE_SUBSTITUTION {{(pid=288845) _check_effective_sql_mode /usr/local/lib/python3.8/dist-packages/oslo_db/sqlalchemy/engines.py:314}}
Sep 27 21:19:04.859496 dv-cinder-801522-4-iscsi devstack@n-api.service[288846]: DEBUG nova.context [None req-24cda972-ef75-4e0e-a85a-7d0c3c0068c2 None None] Found 2 cells: 00000000-0000-0000-0000-000000000000(cell0),1d2f6780-2f07-439f-b2bc-baa2781d4eb1(cell1) {{(pid=288846) load_cells /opt/stack/nova/nova/context.py:464}}
Sep 27 21:19:04.860327 dv-cinder-801522-4-iscsi devstack@n-api.service[288845]: DEBUG nova.context [None req-d4eefb12-5441-4e1f-bf94-c9e8f63c7391 None None] Found 2 cells: 00000000-0000-0000-0000-000000000000(cell0),1d2f6780-2f07-439f-b2bc-baa2781d4eb1(cell1) {{(pid=288845) load_cells /opt/stack/nova/nova/context.py:464}}
Sep 27 21:19:04.863901 dv-cinder-801522-4-iscsi devstack@n-api.service[288846]: DEBUG oslo_concurrency.lockutils [None req-24cda972-ef75-4e0e-a85a-7d0c3c0068c2 None None] Lock "00000000-0000-0000-0000-000000000000" acquired by "nova.context.set_target_cell..get_or_set_cached_cell_and_set_connections" :: waited 0.000s {{(pid=288846) inner /usr/local/lib/python3.8/dist-packages/oslo_concurrency/lockutils.py:355}}
Sep 27 21:19:04.864736 dv-cinder-801522-4-iscsi devstack@n-api.service[288845]: DEBUG oslo_concurrency.lockutils [None req-d4eefb12-5441-4e1f-bf94-c9e8f63c7391 None None] Lock "00000000-0000-0000-0000-000000000000" acquired by "nova.context.set_target_cell..get_or_set_cached_cell_and_set_connections" :: waited 0.000s {{(pid=288845) inner /usr/local/lib/python3.8/dist-packages/oslo_concurrency/lockutils.py:355}}
Sep 27 21:19:04.865502 dv-cinder-801522-4-iscsi devstack@n-api.service[288846]: DEBUG oslo_concurrency.lockutils [None req-24cda972-ef75-4e0e-a85a-7d0c3c0068c2 None None] Lock "00000000-0000-0000-0000-000000000000" released by "nova.context.set_target_cell..get_or_set_cached_cell_and_set_connections" :: held 0.002s {{(pid=288846) inner /usr/local/lib/python3.8/dist-packages/oslo_concurrency/lockutils.py:367}}
Sep 27 21:19:04.866325 dv-cinder-801522-4-iscsi devstack@n-api.service[288845]: DEBUG oslo_concurrency.lockutils [None req-d4eefb12-5441-4e1f-bf94-c9e8f63c7391 None None] Lock "00000000-0000-0000-0000-000000000000" released by "nova.context.set_target_cell..get_or_set_cached_cell_and_set_connections" :: held 0.002s {{(pid=288845) inner /usr/local/lib/python3.8/dist-packages/oslo_concurrency/lockutils.py:367}}
Sep 27 21:19:04.866444 dv-cinder-801522-4-iscsi devstack@n-api.service[288846]: DEBUG oslo_concurrency.lockutils [None req-24cda972-ef75-4e0e-a85a-7d0c3c0068c2 None None] Lock "1d2f6780-2f07-439f-b2bc-baa2781d4eb1" acquired by "nova.context.set_target_cell..get_or_set_cached_cell_and_set_connections" :: waited 0.000s {{(pid=288846) inner /usr/local/lib/python3.8/dist-packages/oslo_concurrency/lockutils.py:355}}
Sep 27 21:19:04.867174 dv-cinder-801522-4-iscsi devstack@n-api.service[288845]: DEBUG oslo_concurrency.lockutils [None req-d4eefb12-5441-4e1f-bf94-c9e8f63c7391 None None] Lock "1d2f6780-2f07-439f-b2bc-baa2781d4eb1" acquired by "nova.context.set_target_cell..get_or_set_cached_cell_and_set_connections" :: waited 0.000s {{(pid=288845) inner /usr/local/lib/python3.8/dist-packages/oslo_concurrency/lockutils.py:355}}
Sep 27 21:19:04.868325 dv-cinder-801522-4-iscsi devstack@n-api.service[288846]: DEBUG oslo_concurrency.lockutils [None req-24cda972-ef75-4e0e-a85a-7d0c3c0068c2 None None] Lock "1d2f6780-2f07-439f-b2bc-baa2781d4eb1" released by "nova.context.set_target_cell..get_or_set_cached_cell_and_set_connections" :: held 0.002s {{(pid=288846) inner /usr/local/lib/python3.8/dist-packages/oslo_concurrency/lockutils.py:367}}
Sep 27 21:19:04.869192 dv-cinder-801522-4-iscsi devstack@n-api.service[288845]: DEBUG oslo_concurrency.lockutils [None req-d4eefb12-5441-4e1f-bf94-c9e8f63c7391 None None] Lock "1d2f6780-2f07-439f-b2bc-baa2781d4eb1" released by "nova.context.set_target_cell..get_or_set_cached_cell_and_set_connections" :: held 0.002s {{(pid=288845) inner /usr/local/lib/python3.8/dist-packages/oslo_concurrency/lockutils.py:367}}
Sep 27 21:19:04.880531 dv-cinder-801522-4-iscsi devstack@n-api.service[288846]: DEBUG oslo_db.sqlalchemy.engines [None req-24cda972-ef75-4e0e-a85a-7d0c3c0068c2 None None] MySQL server mode set to STRICT_TRANS_TABLES,STRICT_ALL_TABLES,NO_ZERO_IN_DATE,NO_ZERO_DATE,ERROR_FOR_DIVISION_BY_ZERO,TRADITIONAL,NO_ENGINE_SUBSTITUTION {{(pid=288846) _check_effective_sql_mode /usr/local/lib/python3.8/dist-packages/oslo_db/sqlalchemy/engines.py:314}}
Sep 27 21:19:04.882976 dv-cinder-801522-4-iscsi devstack@n-api.service[288846]: DEBUG oslo_db.sqlalchemy.engines [None req-24cda972-ef75-4e0e-a85a-7d0c3c0068c2 None None] MySQL server mode set to STRICT_TRANS_TABLES,STRICT_ALL_TABLES,NO_ZERO_IN_DATE,NO_ZERO_DATE,ERROR_FOR_DIVISION_BY_ZERO,TRADITIONAL,NO_ENGINE_SUBSTITUTION {{(pid=288846) _check_effective_sql_mode /usr/local/lib/python3.8/dist-packages/oslo_db/sqlalchemy/engines.py:314}}
Sep 27 21:19:04.886183 dv-cinder-801522-4-iscsi devstack@n-api.service[288845]: DEBUG oslo_db.sqlalchemy.engines [None req-d4eefb12-5441-4e1f-bf94-c9e8f63c7391 None None] MySQL server mode set to STRICT_TRANS_TABLES,STRICT_ALL_TABLES,NO_ZERO_IN_DATE,NO_ZERO_DATE,ERROR_FOR_DIVISION_BY_ZERO,TRADITIONAL,NO_ENGINE_SUBSTITUTION {{(pid=288845) _check_effective_sql_mode /usr/local/lib/python3.8/dist-packages/oslo_db/sqlalchemy/engines.py:314}}
Sep 27 21:19:04.891276 dv-cinder-801522-4-iscsi devstack@n-api.service[288845]: DEBUG oslo_db.sqlalchemy.engines [None req-d4eefb12-5441-4e1f-bf94-c9e8f63c7391 None None] MySQL server mode set to STRICT_TRANS_TABLES,STRICT_ALL_TABLES,NO_ZERO_IN_DATE,NO_ZERO_DATE,ERROR_FOR_DIVISION_BY_ZERO,TRADITIONAL,NO_ENGINE_SUBSTITUTION {{(pid=288845) _check_effective_sql_mode /usr/local/lib/python3.8/dist-packages/oslo_db/sqlalchemy/engines.py:314}}
Sep 27 21:19:05.159550 dv-cinder-801522-4-iscsi devstack@n-api.service[288846]: DEBUG oslo_db.sqlalchemy.engines [None req-24cda972-ef75-4e0e-a85a-7d0c3c0068c2 None None] MySQL server mode set to STRICT_TRANS_TABLES,STRICT_ALL_TABLES,NO_ZERO_IN_DATE,NO_ZERO_DATE,ERROR_FOR_DIVISION_BY_ZERO,TRADITIONAL,NO_ENGINE_SUBSTITUTION {{(pid=288846) _check_effective_sql_mode /usr/local/lib/python3.8/dist-packages/oslo_db/sqlalchemy/engines.py:314}}
Sep 27 21:19:05.167373 dv-cinder-801522-4-iscsi devstack@n-api.service[288845]: DEBUG oslo_db.sqlalchemy.engines [None req-d4eefb12-5441-4e1f-bf94-c9e8f63c7391 None None] MySQL server mode set to STRICT_TRANS_TABLES,STRICT_ALL_TABLES,NO_ZERO_IN_DATE,NO_ZERO_DATE,ERROR_FOR_DIVISION_BY_ZERO,TRADITIONAL,NO_ENGINE_SUBSTITUTION {{(pid=288845) _check_effective_sql_mode /usr/local/lib/python3.8/dist-packages/oslo_db/sqlalchemy/engines.py:314}}
Sep 27 21:19:05.511651 dv-cinder-801522-4-iscsi devstack@n-api.service[288845]: WARNING keystonemiddleware.auth_token [None req-d4eefb12-5441-4e1f-bf94-c9e8f63c7391 None None] AuthToken middleware is set with keystone_authtoken.service_token_roles_required set to False. This is backwards compatible but deprecated behaviour. Please set this to True.
Sep 27 21:19:05.517176 dv-cinder-801522-4-iscsi devstack@n-api.service[288846]: WARNING keystonemiddleware.auth_token [None req-24cda972-ef75-4e0e-a85a-7d0c3c0068c2 None None] AuthToken middleware is set with keystone_authtoken.service_token_roles_required set to False. This is backwards compatible but deprecated behaviour. Please set this to True.
Sep 27 21:19:05.518631 dv-cinder-801522-4-iscsi devstack@n-api.service[288845]: WARNING keystonemiddleware.auth_token [None req-d4eefb12-5441-4e1f-bf94-c9e8f63c7391 None None] Configuring www_authenticate_uri to point to the public identity endpoint is required; clients may not be able to authenticate against an admin endpoint
Sep 27 21:19:05.524870 dv-cinder-801522-4-iscsi devstack@n-api.service[288846]: WARNING keystonemiddleware.auth_token [None req-24cda972-ef75-4e0e-a85a-7d0c3c0068c2 None None] Configuring www_authenticate_uri to point to the public identity endpoint is required; clients may not be able to authenticate against an admin endpoint
Sep 27 21:19:05.875320 dv-cinder-801522-4-iscsi devstack@n-api.service[288845]: WARNING keystonemiddleware.auth_token [None req-d4eefb12-5441-4e1f-bf94-c9e8f63c7391 None None] AuthToken middleware is set with keystone_authtoken.service_token_roles_required set to False. This is backwards compatible but deprecated behaviour. Please set this to True.
Sep 27 21:19:05.880888 dv-cinder-801522-4-iscsi devstack@n-api.service[288845]: WARNING keystonemiddleware.auth_token [None req-d4eefb12-5441-4e1f-bf94-c9e8f63c7391 None None] Configuring www_authenticate_uri to point to the public identity endpoint is required; clients may not be able to authenticate against an admin endpoint
Sep 27 21:19:05.888069 dv-cinder-801522-4-iscsi devstack@n-api.service[288845]: WSGI app 0 (mountpoint='') ready in 6 seconds on interpreter 0x558d837129c0 pid: 288845 (default app)
Sep 27 21:19:05.890403 dv-cinder-801522-4-iscsi devstack@n-api.service[288845]: DEBUG nova.api.openstack.wsgi [None req-d4eefb12-5441-4e1f-bf94-c9e8f63c7391 None None] Calling method '>' {{(pid=288845) _process_stack /opt/stack/nova/nova/api/openstack/wsgi.py:513}}
Sep 27 21:19:05.891647 dv-cinder-801522-4-iscsi devstack@n-api.service[288845]: INFO nova.api.openstack.requestlog [None req-d4eefb12-5441-4e1f-bf94-c9e8f63c7391 None None] 10.222.0.23 "GET /comput/v2.1/" status: 200 len: 387 microversion: 2.1 time: 0.001906
Sep 27 21:19:05.892244 dv-cinder-801522-4-iscsi devstack@n-api.service[288845]: [pid: 288845|app: 0|req: 1/1] 10.222.0.23 () {50 vars in 789 bytes} [Mon Sep 27 21:19:05 2021] GET /compute/v2.1/ => generated 387 bytes in 3 msecs (HTTP/1.1 200) 9 headers in 357 bytes (1 switches on core 0)
Sep 27 21:19:05.897302 dv-cinder-801522-4-iscsi devstack@n-api.service[288846]: WARNING keystonemiddleware.auth_token [None req-24cda972-ef75-4e0e-a85a-7d0c3c0068c2 None None] AuthToken middleware is set with keystone_authtoken.service_token_roles_required set to False. This is backwards compatible but deprecated behaviour. Please set this to True.
Sep 27 21:19:05.903220 dv-cinder-801522-4-iscsi devstack@n-api.service[288846]: WARNING keystonemiddleware.auth_token [None req-24cda972-ef75-4e0e-a85a-7d0c3c0068c2 None None] Configuring www_authenticate_uri to point to the public identity endpoint is required; clients may not be able to authenticate against an admin endpoint
Sep 27 21:19:05.909583 dv-cinder-801522-4-iscsi devstack@n-api.service[288846]: WSGI app 0 (mountpoint='') ready in 6 seconds on interpreter 0x558d837129c0 pid: 288846 (default app)
Sep 27 21:20:28.809723 dv-cinder-801522-4-iscsi devstack@n-api.service[288845]: DEBUG nova.api.openstack.wsgi [None req-d4eefb12-5441-4e1f-bf94-c9e8f63c7391 None None] Calling method '>' {{(pid=288845) _process_stack /opt/stack/nova/nova/api/openstack/wsgi.py:513}}
Sep 27 21:20:28.810752 dv-cinder-801522-4-iscsi devstack@n-api.service[288845]: INFO nova.api.openstack.requestlog [None req-d4eefb12-5441-4e1f-bf94-c9e8f63c7391 None None] 10.222.0.23 "GET /comput/v2.1" status: 200 len: 387 microversion: 2.1 time: 0.001483
Sep 27 21:20:28.811157 dv-cinder-801522-4-iscsi devstack@n-api.service[288845]: [pid: 288845|app: 0|req: 2/2] 10.222.0.23 () {54 vars in 931 bytes} [Mon Sep 27 21:20:28 2021] GET /compute/v2.1 => generated 387 bytes in 2 msecs (HTTP/1.1 200) 9 headers in 357 bytes (2 switches on core 0)
Sep 27 21:20:29.255284 dv-cinder-801522-4-iscsi devstack@n-api.service[288846]: DEBUG nova.api.openstack.wsgi [None req-d4eee76a-2ddc-473d-9657-a3c25ac22d3d admin admin] Calling method '>' {{(pid=288846) _process_stack /opt/stack/nova/nova/api/openstack/wsgi.py:513}}
Sep 27 21:20:29.285218 dv-cinder-801522-4-iscsi devstack@n-api.service[288846]: INFO nova.api.openstack.requestlog [None req-d4eee76a-2ddc-473d-9657-a3c25ac22d3d admin admin] 10.222.0.23 "GET /comput/v2.1/flavors/detail?is_public=True" status: 200 len: 15 microversion: 2.61 time: 0.466335
Sep 27 21:20:29.285959 dv-cinder-801522-4-iscsi devstack@n-api.service[288846]: [pid: 288846|app: 0|req: 1/3] 10.222.0.23 () {60 vars in 1292 bytes} [Mon Sep 27 21:20:28 2021] GET /compute/v2.1/flavors/detail?is_public=True => generated 15 bytes in 468 msecs (HTTP/1.1 200) 9 headers in 358 bytes (2 switches on core 0)
Sep 27 21:20:31.549039 dv-cinder-801522-4-iscsi devstack@n-api.service[288845]: DEBUG nova.api.openstack.wsgi [None req-d4eefb12-5441-4e1f-bf94-c9e8f63c7391 None None] Calling method '>' {{(pid=288845) _process_stack /opt/stack/nova/nova/api/openstack/wsgi.py:513}}
Sep 27 21:20:31.550051 dv-cinder-801522-4-iscsi devstack@n-api.service[288845]: INFO nova.api.openstack.requestlog [None req-d4eefb12-5441-4e1f-bf94-c9e8f63c7391 None None] 10.222.0.23 "GET /comput/v2.1" status: 200 len: 387 microversion: 2.1 time: 0.001440
Sep 27 21:20:31.550499 dv-cinder-801522-4-iscsi devstack@n-api.service[288845]: [pid: 288845|app: 0|req: 3/4] 10.222.0.23 () {54 vars in 931 bytes} [Mon Sep 27 21:20:31 2021] GET /compute/v2.1 => generated 387 bytes in 2 msecs (HTTP/1.1 200) 9 headers in 357 bytes (1 switches on core 0)
Sep 27 21:20:31.613242 dv-cinder-801522-4-iscsi devstack@n-api.service[288846]: DEBUG nova.api.openstack.wsgi [None req-975cc74d-e7e2-4445-aa95-eb36724555ac admin admin] Action: 'create', calling method: >, body: {"flavor": {"rxtx_factor": 1.0, "os-flavor-access:is_public": true, "disk": 1, "swap": 0, "vcpus": 1, "OS-FLV-EXT-DATA:ephemeral": 0, "ram": 256, "name": "cirros256", "id": "c1"}} {{(pid=288846) _process_stack /opt/stack/nova/nova/api/openstack/wsgi.py:511}}
Sep 27 21:20:31.632214 dv-cinder-801522-4-iscsi devstack@n-api.service[288846]: /usr/local/lib/python3.8/dist-packages/oslo_policy/policy.py:1064: UserWarning: Policy os_compute_api:os-flavor-manage:create failed scope check. The token used to make the request was project scoped but the policy requires ['system'] scope. This behavior may change in the future where using the intended scope is required
Sep 27 21:20:31.632214 dv-cinder-801522-4-iscsi devstack@n-api.service[288846]: warnings.warn(msg)
Sep 27 21:20:31.661260 dv-cinder-801522-4-iscsi devstack@n-api.service[288846]: INFO nova.api.openstack.requestlog [None req-975cc74d-e7e2-4445-aa95-eb36724555ac admin admin] 10.222.0.23 "POST /comput/v2.1/flavors" status: 200 len: 405 microversion: 2.61 time: 0.103395
Sep 27 21:20:31.661814 dv-cinder-801522-4-iscsi devstack@n-api.service[288846]: [pid: 288846|app: 0|req: 2/5] 10.222.0.23 () {64 vars in 1283 bytes} [Mon Sep 27 21:20:31 2021] POST /compute/v2.1/flavors => generated 405 bytes in 105 msecs (HTTP/1.1 200) 9 headers in 359 bytes (2 switches on core 0)
Sep 27 21:20:31.880788 dv-cinder-801522-4-iscsi devstack@n-api.service[288845]: DEBUG nova.api.openstack.wsgi [None req-074a8d28-7f43-422f-879b-d2fcf11416b5 admin admin] Action: 'create', calling method: >, body: {"extra_specs": {"hw_rng:allowed": "True"}} {{(pid=288845) _process_stack /opt/stack/nova/nova/api/openstack/wsgi.py:511}}
Sep 27 21:20:31.883121 dv-cinder-801522-4-iscsi devstack@n-api.service[288845]: /usr/local/lib/python3.8/dist-packages/oslo_policy/policy.py:1064: UserWarning: Policy os_compute_api:os-flavor-extra-specs:create failed scope check. The token used to make the request was project scoped but the policy requires ['system'] scope. This behavior may change in the future where using the intended scope is required
Sep 27 21:20:31.883121 dv-cinder-801522-4-iscsi devstack@n-api.service[288845]: warnings.warn(msg)
Sep 27 21:20:31.937984 dv-cinder-801522-4-iscsi devstack@n-api.service[288845]: INFO nova.api.openstack.requestlog [None req-074a8d28-7f43-422f-879b-d2fcf11416b5 admin admin] 10.222.0.23 "POST /comput/v2.1/flavors/c1/os-extra_specs" status: 200 len: 43 microversion: 2.61 time: 0.266526
Sep 27 21:20:31.938759 dv-cinder-801522-4-iscsi devstack@n-api.service[288845]: [pid: 288845|app: 0|req: 4/6] 10.222.0.23 () {64 vars in 1336 bytes} [Mon Sep 27 21:20:31 2021] POST /compute/v2.1/flavors/c1/os-extra_specs => generated 43 bytes in 268 msecs (HTTP/1.1 200) 9 headers in 358 bytes (2 switches on core 0)
Sep 27 21:20:34.192479 dv-cinder-801522-4-iscsi devstack@n-api.service[288846]: DEBUG nova.api.openstack.wsgi [None req-975cc74d-e7e2-4445-aa95-eb36724555ac admin admin] Calling method '>' {{(pid=288846) _process_stack /opt/stack/nova/nova/api/openstack/wsgi.py:513}}
Sep 27 21:20:34.193506 dv-cinder-801522-4-iscsi devstack@n-api.service[288846]: INFO nova.api.openstack.requestlog [None req-975cc74d-e7e2-4445-aa95-eb36724555ac admin admin] 10.222.0.23 "GET /comput/v2.1" status: 200 len: 387 microversion: 2.1 time: 0.001519
Sep 27 21:20:34.193925 dv-cinder-801522-4-iscsi devstack@n-api.service[288846]: [pid: 288846|app: 0|req: 3/7] 10.222.0.23 () {54 vars in 931 bytes} [Mon Sep 27 21:20:34 2021] GET /compute/v2.1 => generated 387 bytes in 2 msecs (HTTP/1.1 200) 9 headers in 357 bytes (1 switches on core 0)
Sep 27 21:20:34.308147 dv-cinder-801522-4-iscsi devstack@n-api.service[288845]: DEBUG nova.api.openstack.wsgi [None req-a3cd3457-03a5-483e-9d60-b9bbf5a74780 admin admin] Action: 'create', calling method: >, body: {"flavor": {"OS-FLV-EXT-DATA:ephemeral": 0, "swap": 0, "rxtx_factor": 1.0, "os-flavor-access:is_public": true, "vcpus": 1, "id": "d1", "name": "ds512M", "disk": 5, "ram": 512}} {{(pid=288845) _process_stack /opt/stack/nova/nova/api/openstack/wsgi.py:511}}
Sep 27 21:20:34.325592 dv-cinder-801522-4-iscsi devstack@n-api.service[288845]: /usr/local/lib/python3.8/dist-packages/oslo_policy/policy.py:1064: UserWarning: Policy os_compute_api:os-flavor-manage:create failed scope check. The token used to make the request was project scoped but the policy requires ['system'] scope. This behavior may change in the future where using the intended scope is required
Sep 27 21:20:34.325592 dv-cinder-801522-4-iscsi devstack@n-api.service[288845]: warnings.warn(msg)
Sep 27 21:20:34.345813 dv-cinder-801522-4-iscsi devstack@n-api.service[288845]: INFO nova.api.openstack.requestlog [None req-a3cd3457-03a5-483e-9d60-b9bbf5a74780 admin admin] 10.222.0.23 "POST /comput/v2.1/flavors" status: 200 len: 402 microversion: 2.61 time: 0.144789
Sep 27 21:20:34.346556 dv-cinder-801522-4-iscsi devstack@n-api.service[288845]: [pid: 288845|app: 0|req: 5/8] 10.222.0.23 () {64 vars in 1283 bytes} [Mon Sep 27 21:20:34 2021] POST /compute/v2.1/flavors => generated 402 bytes in 146 msecs (HTTP/1.1 200) 9 headers in 359 bytes (1 switches on core 0)
Sep 27 21:20:34.360150 dv-cinder-801522-4-iscsi devstack@n-api.service[288846]: DEBUG nova.api.openstack.wsgi [None req-f62166a0-aca1-4a23-b0c3-683915d291b5 admin admin] Action: 'create', calling method: >, body: {"extra_specs": {"hw_rng:allowed": "True"}} {{(pid=288846) _process_stack /opt/stack/nova/nova/api/openstack/wsgi.py:511}}
Sep 27 21:20:34.362238 dv-cinder-801522-4-iscsi devstack@n-api.service[288846]: /usr/local/lib/python3.8/dist-packages/oslo_policy/policy.py:1064: UserWarning: Policy os_compute_api:os-flavor-extra-specs:create failed scope check. The token used to make the request was project scoped but the policy requires ['system'] scope. This behavior may change in the future where using the intended scope is required
Sep 27 21:20:34.362238 dv-cinder-801522-4-iscsi devstack@n-api.service[288846]: warnings.warn(msg)
Sep 27 21:20:34.398876 dv-cinder-801522-4-iscsi devstack@n-api.service[288846]: INFO nova.api.openstack.requestlog [None req-f62166a0-aca1-4a23-b0c3-683915d291b5 admin admin] 10.222.0.23 "POST /comput/v2.1/flavors/d1/os-extra_specs" status: 200 len: 43 microversion: 2.61 time: 0.042796
Sep 27 21:20:34.400327 dv-cinder-801522-4-iscsi devstack@n-api.service[288846]: [pid: 288846|app: 0|req: 4/9] 10.222.0.23 () {64 vars in 1336 bytes} [Mon Sep 27 21:20:34 2021] POST /compute/v2.1/flavors/d1/os-extra_specs => generated 43 bytes in 45 msecs (HTTP/1.1 200) 9 headers in 358 bytes (1 switches on core 0)
Sep 27 21:20:36.667108 dv-cinder-801522-4-iscsi devstack@n-api.service[288845]: DEBUG nova.api.openstack.wsgi [None req-a3cd3457-03a5-483e-9d60-b9bbf5a74780 admin admin] Calling method '>' {{(pid=288845) _process_stack /opt/stack/nova/nova/api/openstack/wsgi.py:513}}
Sep 27 21:20:36.668181 dv-cinder-801522-4-iscsi devstack@n-api.service[288845]: INFO nova.api.openstack.requestlog [None req-a3cd3457-03a5-483e-9d60-b9bbf5a74780 admin admin] 10.222.0.23 "GET /comput/v2.1" status: 200 len: 387 microversion: 2.1 time: 0.001491
Sep 27 21:20:36.668586 dv-cinder-801522-4-iscsi devstack@n-api.service[288845]: [pid: 288845|app: 0|req: 6/10] 10.222.0.23 () {54 vars in 931 bytes} [Mon Sep 27 21:20:36 2021] GET /compute/v2.1 => generated 387 bytes in 2 msecs (HTTP/1.1 200) 9 headers in 357 bytes (1 switches on core 0)
Sep 27 21:20:36.736732 dv-cinder-801522-4-iscsi devstack@n-api.service[288846]: DEBUG nova.api.openstack.wsgi [None req-cd883b76-7209-402f-af6a-d83f0778ad3f admin admin] Action: 'create', calling method: >, body: {"flavor": {"rxtx_factor": 1.0, "OS-FLV-EXT-DATA:ephemeral": 0, "disk": 10, "swap": 0, "os-flavor-access:is_public": true, "id": "d2", "vcpus": 1, "ram": 1024, "name": "ds1G"}} {{(pid=288846) _process_stack /opt/stack/nova/nova/api/openstack/wsgi.py:511}}
Sep 27 21:20:36.756934 dv-cinder-801522-4-iscsi devstack@n-api.service[288846]: INFO nova.api.openstack.requestlog [None req-cd883b76-7209-402f-af6a-d83f0778ad3f admin admin] 10.222.0.23 "POST /comput/v2.1/flavors" status: 200 len: 402 microversion: 2.61 time: 0.081863
Sep 27 21:20:36.757793 dv-cinder-801522-4-iscsi devstack@n-api.service[288846]: [pid: 288846|app: 0|req: 5/11] 10.222.0.23 () {64 vars in 1283 bytes} [Mon Sep 27 21:20:36 2021] POST /compute/v2.1/flavors => generated 402 bytes in 83 msecs (HTTP/1.1 200) 9 headers in 359 bytes (1 switches on core 0)
Sep 27 21:20:36.770544 dv-cinder-801522-4-iscsi devstack@n-api.service[288845]: DEBUG nova.api.openstack.wsgi [None req-53efccfe-a46d-431a-af1c-ff625cc17b34 admin admin] Action: 'create', calling method: >, body: {"extra_specs": {"hw_rng:allowed": "True"}} {{(pid=288845) _process_stack /opt/stack/nova/nova/api/openstack/wsgi.py:511}}
Sep 27 21:20:36.796144 dv-cinder-801522-4-iscsi devstack@n-api.service[288845]: INFO nova.api.openstack.requestlog [None req-53efccfe-a46d-431a-af1c-ff625cc17b34 admin admin] 10.222.0.23 "POST /comput/v2.1/flavors/d2/os-extra_specs" status: 200 len: 43 microversion: 2.61 time: 0.029170
Sep 27 21:20:36.797086 dv-cinder-801522-4-iscsi devstack@n-api.service[288845]: [pid: 288845|app: 0|req: 7/12] 10.222.0.23 () {64 vars in 1336 bytes} [Mon Sep 27 21:20:36 2021] POST /compute/v2.1/flavors/d2/os-extra_specs => generated 43 bytes in 31 msecs (HTTP/1.1 200) 9 headers in 358 bytes (2 switches on core 0)
Sep 27 21:20:39.083695 dv-cinder-801522-4-iscsi devstack@n-api.service[288846]: DEBUG nova.api.openstack.wsgi [None req-cd883b76-7209-402f-af6a-d83f0778ad3f admin admin] Calling method '>' {{(pid=288846) _process_stack /opt/stack/nova/nova/api/openstack/wsgi.py:513}}
Sep 27 21:20:39.084756 dv-cinder-801522-4-iscsi devstack@n-api.service[288846]: INFO nova.api.openstack.requestlog [None req-cd883b76-7209-402f-af6a-d83f0778ad3f admin admin] 10.222.0.23 "GET /comput/v2.1" status: 200 len: 387 microversion: 2.1 time: 0.001516
Sep 27 21:20:39.085169 dv-cinder-801522-4-iscsi devstack@n-api.service[288846]: [pid: 288846|app: 0|req: 6/13] 10.222.0.23 () {54 vars in 931 bytes} [Mon Sep 27 21:20:39 2021] GET /compute/v2.1 => generated 387 bytes in 3 msecs (HTTP/1.1 200) 9 headers in 357 bytes (2 switches on core 0)
Sep 27 21:20:39.151001 dv-cinder-801522-4-iscsi devstack@n-api.service[288845]: DEBUG nova.api.openstack.wsgi [None req-c93364b4-0805-4571-9a30-2238ac0d8b2d admin admin] Action: 'create', calling method: >, body: {"flavor": {"vcpus": 2, "name": "ds2G", "os-flavor-access:is_public": true, "id": "d3", "disk": 10, "OS-FLV-EXT-DATA:ephemeral": 0, "ram": 2048, "swap": 0, "rxtx_factor": 1.0}} {{(pid=288845) _process_stack /opt/stack/nova/nova/api/openstack/wsgi.py:511}}
Sep 27 21:20:39.170485 dv-cinder-801522-4-iscsi devstack@n-api.service[288845]: INFO nova.api.openstack.requestlog [None req-c93364b4-0805-4571-9a30-2238ac0d8b2d admin admin] 10.222.0.23 "POST /comput/v2.1/flavors" status: 200 len: 402 microversion: 2.61 time: 0.078394
Sep 27 21:20:39.171079 dv-cinder-801522-4-iscsi devstack@n-api.service[288845]: [pid: 288845|app: 0|req: 8/14] 10.222.0.23 () {64 vars in 1283 bytes} [Mon Sep 27 21:20:39 2021] POST /compute/v2.1/flavors => generated 402 bytes in 80 msecs (HTTP/1.1 200) 9 headers in 359 bytes (1 switches on core 0)
Sep 27 21:20:39.183856 dv-cinder-801522-4-iscsi devstack@n-api.service[288846]: DEBUG nova.api.openstack.wsgi [None req-c4624a6b-f735-44fd-beae-4b317d27999e admin admin] Action: 'create', calling method: >, body: {"extra_specs": {"hw_rng:allowed": "True"}} {{(pid=288846) _process_stack /opt/stack/nova/nova/api/openstack/wsgi.py:511}}
Sep 27 21:20:39.206452 dv-cinder-801522-4-iscsi devstack@n-api.service[288846]: INFO nova.api.openstack.requestlog [None req-c4624a6b-f735-44fd-beae-4b317d27999e admin admin] 10.222.0.23 "POST /comput/v2.1/flavors/d3/os-extra_specs" status: 200 len: 43 microversion: 2.61 time: 0.026163
Sep 27 21:20:39.207285 dv-cinder-801522-4-iscsi devstack@n-api.service[288846]: [pid: 288846|app: 0|req: 7/15] 10.222.0.23 () {64 vars in 1336 bytes} [Mon Sep 27 21:20:39 2021] POST /compute/v2.1/flavors/d3/os-extra_specs => generated 43 bytes in 28 msecs (HTTP/1.1 200) 9 headers in 358 bytes (1 switches on core 0)
Sep 27 21:20:41.474355 dv-cinder-801522-4-iscsi devstack@n-api.service[288845]: DEBUG nova.api.openstack.wsgi [None req-c93364b4-0805-4571-9a30-2238ac0d8b2d admin admin] Calling method '>' {{(pid=288845) _process_stack /opt/stack/nova/nova/api/openstack/wsgi.py:513}}
Sep 27 21:20:41.475383 dv-cinder-801522-4-iscsi devstack@n-api.service[288845]: INFO nova.api.openstack.requestlog [None req-c93364b4-0805-4571-9a30-2238ac0d8b2d admin admin] 10.222.0.23 "GET /comput/v2.1" status: 200 len: 387 microversion: 2.1 time: 0.001464
Sep 27 21:20:41.475972 dv-cinder-801522-4-iscsi devstack@n-api.service[288845]: [pid: 288845|app: 0|req: 9/16] 10.222.0.23 () {54 vars in 931 bytes} [Mon Sep 27 21:20:41 2021] GET /compute/v2.1 => generated 387 bytes in 2 msecs (HTTP/1.1 200) 9 headers in 357 bytes (1 switches on core 0)
Sep 27 21:20:41.536874 dv-cinder-801522-4-iscsi devstack@n-api.service[288846]: DEBUG nova.api.openstack.wsgi [None req-0acd3104-f5a9-428f-8cf3-ec83cc77a974 admin admin] Action: 'create', calling method: >, body: {"flavor": {"ram": 4096, "disk": 20, "OS-FLV-EXT-DATA:ephemeral": 0, "os-flavor-access:is_public": true, "vcpus": 4, "id": "d4", "name": "ds4G", "swap": 0, "rxtx_factor": 1.0}} {{(pid=288846) _process_stack /opt/stack/nova/nova/api/openstack/wsgi.py:511}}
Sep 27 21:20:41.556522 dv-cinder-801522-4-iscsi devstack@n-api.service[288846]: INFO nova.api.openstack.requestlog [None req-0acd3104-f5a9-428f-8cf3-ec83cc77a974 admin admin] 10.222.0.23 "POST /comput/v2.1/flavors" status: 200 len: 402 microversion: 2.61 time: 0.073894
Sep 27 21:20:41.557305 dv-cinder-801522-4-iscsi devstack@n-api.service[288846]: [pid: 288846|app: 0|req: 8/17] 10.222.0.23 () {64 vars in 1283 bytes} [Mon Sep 27 21:20:41 2021] POST /compute/v2.1/flavors => generated 402 bytes in 75 msecs (HTTP/1.1 200) 9 headers in 359 bytes (1 switches on core 0)
Sep 27 21:20:41.569879 dv-cinder-801522-4-iscsi devstack@n-api.service[288845]: DEBUG nova.api.openstack.wsgi [None req-25949a17-1b45-45ae-b0e8-6ed44b3e5ec5 admin admin] Action: 'create', calling method: >, body: {"extra_specs": {"hw_rng:allowed": "True"}} {{(pid=288845) _process_stack /opt/stack/nova/nova/api/openstack/wsgi.py:511}}
Sep 27 21:20:41.593333 dv-cinder-801522-4-iscsi devstack@n-api.service[288845]: INFO nova.api.openstack.requestlog [None req-25949a17-1b45-45ae-b0e8-6ed44b3e5ec5 admin admin] 10.222.0.23 "POST /comput/v2.1/flavors/d4/os-extra_specs" status: 200 len: 43 microversion: 2.61 time: 0.027194
Sep 27 21:20:41.598801 dv-cinder-801522-4-iscsi devstack@n-api.service[288845]: [pid: 288845|app: 0|req: 10/18] 10.222.0.23 () {64 vars in 1336 bytes} [Mon Sep 27 21:20:41 2021] POST /compute/v2.1/flavors/d4/os-extra_specs => generated 43 bytes in 29 msecs (HTTP/1.1 200) 9 headers in 358 bytes (1 switches on core 0)
Sep 27 21:20:43.836607 dv-cinder-801522-4-iscsi devstack@n-api.service[288846]: DEBUG nova.api.openstack.wsgi [None req-0acd3104-f5a9-428f-8cf3-ec83cc77a974 admin admin] Calling method '>' {{(pid=288846) _process_stack /opt/stack/nova/nova/api/openstack/wsgi.py:513}}
Sep 27 21:20:43.837574 dv-cinder-801522-4-iscsi devstack@n-api.service[288846]: INFO nova.api.openstack.requestlog [None req-0acd3104-f5a9-428f-8cf3-ec83cc77a974 admin admin] 10.222.0.23 "GET /comput/v2.1" status: 200 len: 387 microversion: 2.1 time: 0.002055
Sep 27 21:20:43.837989 dv-cinder-801522-4-iscsi devstack@n-api.service[288846]: [pid: 288846|app: 0|req: 9/19] 10.222.0.23 () {54 vars in 931 bytes} [Mon Sep 27 21:20:43 2021] GET /compute/v2.1 => generated 387 bytes in 3 msecs (HTTP/1.1 200) 9 headers in 357 bytes (1 switches on core 0)
Sep 27 21:20:43.902339 dv-cinder-801522-4-iscsi devstack@n-api.service[288845]: DEBUG nova.api.openstack.wsgi [None req-2ccb9a6b-154e-430d-aadc-6a928102ef9f admin admin] Calling method '>' {{(pid=288845) _process_stack /opt/stack/nova/nova/api/openstack/wsgi.py:513}}
Sep 27 21:20:43.930360 dv-cinder-801522-4-iscsi devstack@n-api.service[288845]: INFO nova.api.openstack.requestlog [None req-2ccb9a6b-154e-430d-aadc-6a928102ef9f admin admin] 10.222.0.23 "GET /comput/v2.1/flavors/detail?is_public=True" status: 200 len: 2096 microversion: 2.61 time: 0.084723
Sep 27 21:20:43.931704 dv-cinder-801522-4-iscsi devstack@n-api.service[288845]: [pid: 288845|app: 0|req: 11/20] 10.222.0.23 () {60 vars in 1292 bytes} [Mon Sep 27 21:20:43 2021] GET /compute/v2.1/flavors/detail?is_public=True => generated 2096 bytes in 87 msecs (HTTP/1.1 200) 9 headers in 360 bytes (1 switches on core 0)
Sep 27 21:20:46.170637 dv-cinder-801522-4-iscsi devstack@n-api.service[288846]: DEBUG nova.api.openstack.wsgi [None req-0acd3104-f5a9-428f-8cf3-ec83cc77a974 admin admin] Calling method '>' {{(pid=288846) _process_stack /opt/stack/nova/nova/api/openstack/wsgi.py:513}}
Sep 27 21:20:46.171689 dv-cinder-801522-4-iscsi devstack@n-api.service[288846]: INFO nova.api.openstack.requestlog [None req-0acd3104-f5a9-428f-8cf3-ec83cc77a974 admin admin] 10.222.0.23 "GET /comput/v2.1" status: 200 len: 387 microversion: 2.1 time: 0.001524
Sep 27 21:20:46.172158 dv-cinder-801522-4-iscsi devstack@n-api.service[288846]: [pid: 288846|app: 0|req: 10/21] 10.222.0.23 () {54 vars in 931 bytes} [Mon Sep 27 21:20:46 2021] GET /compute/v2.1 => generated 387 bytes in 2 msecs (HTTP/1.1 200) 9 headers in 357 bytes (1 switches on core 0)
Sep 27 21:20:46.234283 dv-cinder-801522-4-iscsi devstack@n-api.service[288845]: DEBUG nova.api.openstack.wsgi [None req-051baa4a-bb8c-4a8a-ad2e-4a0dfefe2593 admin admin] Action: 'create', calling method: >, body: {"flavor": {"os-flavor-access:is_public": true, "disk": 1, "swap": 0, "vcpus": 1, "rxtx_factor": 1.0, "OS-FLV-EXT-DATA:ephemeral": 0, "ram": 512, "id": "1", "name": "m1.tiny"}} {{(pid=288845) _process_stack /opt/stack/nova/nova/api/openstack/wsgi.py:511}}
Sep 27 21:20:46.253492 dv-cinder-801522-4-iscsi devstack@n-api.service[288845]: INFO nova.api.openstack.requestlog [None req-051baa4a-bb8c-4a8a-ad2e-4a0dfefe2593 admin admin] 10.222.0.23 "POST /comput/v2.1/flavors" status: 200 len: 400 microversion: 2.61 time: 0.074824
Sep 27 21:20:46.254184 dv-cinder-801522-4-iscsi devstack@n-api.service[288845]: [pid: 288845|app: 0|req: 12/22] 10.222.0.23 () {64 vars in 1283 bytes} [Mon Sep 27 21:20:46 2021] POST /compute/v2.1/flavors => generated 400 bytes in 76 msecs (HTTP/1.1 200) 9 headers in 359 bytes (1 switches on core 0)
Sep 27 21:20:46.266831 dv-cinder-801522-4-iscsi devstack@n-api.service[288846]: DEBUG nova.api.openstack.wsgi [None req-2911a7af-583c-42e3-a5fc-5774396693ee admin admin] Action: 'create', calling method: >, body: {"extra_specs": {"hw_rng:allowed": "True"}} {{(pid=288846) _process_stack /opt/stack/nova/nova/api/openstack/wsgi.py:511}}
Sep 27 21:20:46.290266 dv-cinder-801522-4-iscsi devstack@n-api.service[288846]: INFO nova.api.openstack.requestlog [None req-2911a7af-583c-42e3-a5fc-5774396693ee admin admin] 10.222.0.23 "POST /comput/v2.1/flavors/1/os-extra_specs" status: 200 len: 43 microversion: 2.61 time: 0.025955
Sep 27 21:20:46.291701 dv-cinder-801522-4-iscsi devstack@n-api.service[288846]: [pid: 288846|app: 0|req: 11/23] 10.222.0.23 () {64 vars in 1333 bytes} [Mon Sep 27 21:20:46 2021] POST /compute/v2.1/flavors/1/os-extra_specs => generated 43 bytes in 28 msecs (HTTP/1.1 200) 9 headers in 358 bytes (1 switches on core 0)
Sep 27 21:20:48.564008 dv-cinder-801522-4-iscsi devstack@n-api.service[288845]: DEBUG nova.api.openstack.wsgi [None req-051baa4a-bb8c-4a8a-ad2e-4a0dfefe2593 admin admin] Calling method '>' {{(pid=288845) _process_stack /opt/stack/nova/nova/api/openstack/wsgi.py:513}}
Sep 27 21:20:48.565651 dv-cinder-801522-4-iscsi devstack@n-api.service[288845]: INFO nova.api.openstack.requestlog [None req-051baa4a-bb8c-4a8a-ad2e-4a0dfefe2593 admin admin] 10.222.0.23 "GET /comput/v2.1" status: 200 len: 387 microversion: 2.1 time: 0.002192
Sep 27 21:20:48.566057 dv-cinder-801522-4-iscsi devstack@n-api.service[288845]: [pid: 288845|app: 0|req: 13/24] 10.222.0.23 () {54 vars in 931 bytes} [Mon Sep 27 21:20:48 2021] GET /compute/v2.1 => generated 387 bytes in 3 msecs (HTTP/1.1 200) 9 headers in 357 bytes (1 switches on core 0)
Sep 27 21:20:48.635287 dv-cinder-801522-4-iscsi devstack@n-api.service[288846]: DEBUG nova.api.openstack.wsgi [None req-9af36a88-a8ce-419d-90c3-cf03018fc994 admin admin] Action: 'create', calling method: >, body: {"flavor": {"vcpus": 1, "os-flavor-access:is_public": true, "id": "2", "disk": 20, "swap": 0, "rxtx_factor": 1.0, "OS-FLV-EXT-DATA:ephemeral": 0, "name": "m1.small", "ram": 2048}} {{(pid=288846) _process_stack /opt/stack/nova/nova/api/openstack/wsgi.py:511}}
Sep 27 21:20:48.657689 dv-cinder-801522-4-iscsi devstack@n-api.service[288846]: INFO nova.api.openstack.requestlog [None req-9af36a88-a8ce-419d-90c3-cf03018fc994 admin admin] 10.222.0.23 "POST /comput/v2.1/flavors" status: 200 len: 403 microversion: 2.61 time: 0.084661
Sep 27 21:20:48.658364 dv-cinder-801522-4-iscsi devstack@n-api.service[288846]: [pid: 288846|app: 0|req: 12/25] 10.222.0.23 () {64 vars in 1283 bytes} [Mon Sep 27 21:20:48 2021] POST /compute/v2.1/flavors => generated 403 bytes in 86 msecs (HTTP/1.1 200) 9 headers in 359 bytes (2 switches on core 0)
Sep 27 21:20:48.671374 dv-cinder-801522-4-iscsi devstack@n-api.service[288845]: DEBUG nova.api.openstack.wsgi [None req-eded1593-4f15-4047-b578-a9ada6931d7e admin admin] Action: 'create', calling method: >, body: {"extra_specs": {"hw_rng:allowed": "True"}} {{(pid=288845) _process_stack /opt/stack/nova/nova/api/openstack/wsgi.py:511}}
Sep 27 21:20:48.699284 dv-cinder-801522-4-iscsi devstack@n-api.service[288845]: INFO nova.api.openstack.requestlog [None req-eded1593-4f15-4047-b578-a9ada6931d7e admin admin] 10.222.0.23 "POST /comput/v2.1/flavors/2/os-extra_specs" status: 200 len: 43 microversion: 2.61 time: 0.031567
Sep 27 21:20:48.699926 dv-cinder-801522-4-iscsi devstack@n-api.service[288845]: [pid: 288845|app: 0|req: 14/26] 10.222.0.23 () {64 vars in 1333 bytes} [Mon Sep 27 21:20:48 2021] POST /compute/v2.1/flavors/2/os-extra_specs => generated 43 bytes in 33 msecs (HTTP/1.1 200) 9 headers in 358 bytes (1 switches on core 0)
Sep 27 21:20:50.951674 dv-cinder-801522-4-iscsi devstack@n-api.service[288846]: DEBUG nova.api.openstack.wsgi [None req-9af36a88-a8ce-419d-90c3-cf03018fc994 admin admin] Calling method '>' {{(pid=288846) _process_stack /opt/stack/nova/nova/api/openstack/wsgi.py:513}}
Sep 27 21:20:50.952700 dv-cinder-801522-4-iscsi devstack@n-api.service[288846]: INFO nova.api.openstack.requestlog [None req-9af36a88-a8ce-419d-90c3-cf03018fc994 admin admin] 10.222.0.23 "GET /comput/v2.1" status: 200 len: 387 microversion: 2.1 time: 0.001523
Sep 27 21:20:50.953377 dv-cinder-801522-4-iscsi devstack@n-api.service[288846]: [pid: 288846|app: 0|req: 13/27] 10.222.0.23 () {54 vars in 931 bytes} [Mon Sep 27 21:20:50 2021] GET /compute/v2.1 => generated 387 bytes in 3 msecs (HTTP/1.1 200) 9 headers in 357 bytes (1 switches on core 0)
Sep 27 21:20:51.015858 dv-cinder-801522-4-iscsi devstack@n-api.service[288845]: DEBUG nova.api.openstack.wsgi [None req-f65c56e4-e189-4444-b370-4841774dd346 admin admin] Action: 'create', calling method: >, body: {"flavor": {"vcpus": 2, "disk": 40, "id": "3", "os-flavor-access:is_public": true, "OS-FLV-EXT-DATA:ephemeral": 0, "ram": 4096, "rxtx_factor": 1.0, "name": "m1.medium", "swap": 0}} {{(pid=288845) _process_stack /opt/stack/nova/nova/api/openstack/wsgi.py:511}}
Sep 27 21:20:51.035307 dv-cinder-801522-4-iscsi devstack@n-api.service[288845]: INFO nova.api.openstack.requestlog [None req-f65c56e4-e189-4444-b370-4841774dd346 admin admin] 10.222.0.23 "POST /comput/v2.1/flavors" status: 200 len: 404 microversion: 2.61 time: 0.075367
Sep 27 21:20:51.035895 dv-cinder-801522-4-iscsi devstack@n-api.service[288845]: [pid: 288845|app: 0|req: 15/28] 10.222.0.23 () {64 vars in 1283 bytes} [Mon Sep 27 21:20:50 2021] POST /compute/v2.1/flavors => generated 404 bytes in 77 msecs (HTTP/1.1 200) 9 headers in 359 bytes (2 switches on core 0)
Sep 27 21:20:51.049314 dv-cinder-801522-4-iscsi devstack@n-api.service[288846]: DEBUG nova.api.openstack.wsgi [None req-a72254ba-d53e-4b64-98f5-31467d17c3cd admin admin] Action: 'create', calling method: >, body: {"extra_specs": {"hw_rng:allowed": "True"}} {{(pid=288846) _process_stack /opt/stack/nova/nova/api/openstack/wsgi.py:511}}
Sep 27 21:20:51.074355 dv-cinder-801522-4-iscsi devstack@n-api.service[288846]: INFO nova.api.openstack.requestlog [None req-a72254ba-d53e-4b64-98f5-31467d17c3cd admin admin] 10.222.0.23 "POST /comput/v2.1/flavors/3/os-extra_specs" status: 200 len: 43 microversion: 2.61 time: 0.029118
Sep 27 21:20:51.075180 dv-cinder-801522-4-iscsi devstack@n-api.service[288846]: [pid: 288846|app: 0|req: 14/29] 10.222.0.23 () {64 vars in 1333 bytes} [Mon Sep 27 21:20:51 2021] POST /compute/v2.1/flavors/3/os-extra_specs => generated 43 bytes in 31 msecs (HTTP/1.1 200) 9 headers in 358 bytes (1 switches on core 0)
Sep 27 21:20:53.339352 dv-cinder-801522-4-iscsi devstack@n-api.service[288845]: DEBUG nova.api.openstack.wsgi [None req-f65c56e4-e189-4444-b370-4841774dd346 admin admin] Calling method '>' {{(pid=288845) _process_stack /opt/stack/nova/nova/api/openstack/wsgi.py:513}}
Sep 27 21:20:53.340701 dv-cinder-801522-4-iscsi devstack@n-api.service[288845]: INFO nova.api.openstack.requestlog [None req-f65c56e4-e189-4444-b370-4841774dd346 admin admin] 10.222.0.23 "GET /comput/v2.1" status: 200 len: 387 microversion: 2.1 time: 0.001803
Sep 27 21:20:53.343889 dv-cinder-801522-4-iscsi devstack@n-api.service[288845]: [pid: 288845|app: 0|req: 16/30] 10.222.0.23 () {54 vars in 931 bytes} [Mon Sep 27 21:20:53 2021] GET /compute/v2.1 => generated 387 bytes in 5 msecs (HTTP/1.1 200) 9 headers in 357 bytes (1 switches on core 0)
Sep 27 21:20:53.404520 dv-cinder-801522-4-iscsi devstack@n-api.service[288846]: DEBUG nova.api.openstack.wsgi [None req-de9a3e1f-8257-4238-b40f-33ef9e796f1a admin admin] Action: 'create', calling method: >, body: {"flavor": {"vcpus": 4, "disk": 80, "name": "m1.large", "id": "4", "os-flavor-access:is_public": true, "swap": 0, "rxtx_factor": 1.0, "ram": 8192, "OS-FLV-EXT-DATA:ephemeral": 0}} {{(pid=288846) _process_stack /opt/stack/nova/nova/api/openstack/wsgi.py:511}}
Sep 27 21:20:53.424907 dv-cinder-801522-4-iscsi devstack@n-api.service[288846]: INFO nova.api.openstack.requestlog [None req-de9a3e1f-8257-4238-b40f-33ef9e796f1a admin admin] 10.222.0.23 "POST /comput/v2.1/flavors" status: 200 len: 403 microversion: 2.61 time: 0.076736
Sep 27 21:20:53.425561 dv-cinder-801522-4-iscsi devstack@n-api.service[288846]: [pid: 288846|app: 0|req: 15/31] 10.222.0.23 () {64 vars in 1283 bytes} [Mon Sep 27 21:20:53 2021] POST /compute/v2.1/flavors => generated 403 bytes in 78 msecs (HTTP/1.1 200) 9 headers in 359 bytes (1 switches on core 0)
Sep 27 21:20:53.438039 dv-cinder-801522-4-iscsi devstack@n-api.service[288845]: DEBUG nova.api.openstack.wsgi [None req-298430eb-6baa-4337-9f30-046c54325620 admin admin] Action: 'create', calling method: >, body: {"extra_specs": {"hw_rng:allowed": "True"}} {{(pid=288845) _process_stack /opt/stack/nova/nova/api/openstack/wsgi.py:511}}
Sep 27 21:20:53.464550 dv-cinder-801522-4-iscsi devstack@n-api.service[288845]: INFO nova.api.openstack.requestlog [None req-298430eb-6baa-4337-9f30-046c54325620 admin admin] 10.222.0.23 "POST /comput/v2.1/flavors/4/os-extra_specs" status: 200 len: 43 microversion: 2.61 time: 0.030284
