Sep 09 13:25:21.972219 dv-cinder-801354-9-smb devstack@c-api.service[113276]: DEBUG cinder.volume.api [None req-9615c9e2-c5b7-4228-8328-d58ce89d5c59 tempest-VolumeSnapshotQuotasNegativeTestJSON-1726992864 tempest-VolumeSnapshotQuotasNegativeTestJSON-1726992864-project] Task 'cinder.volume.flows.api.create_volume.QuotaCommitTask;volume:create' (317ba592-1bf8-4f72-b7e6-679e31dcb654) transitioned into state 'RUNNING' from state 'PENDING' {{(pid=113276) _task_receiver /usr/local/lib/python3.8/dist-packages/taskflow/listeners/logging.py:190}}
Sep 09 13:25:22.004261 dv-cinder-801354-9-smb devstack@c-api.service[113277]: INFO cinder.api.openstack.wsgi [req-f9588565-890f-4c44-90c8-814652183764 req-b0241376-3fbe-4973-9abd-5cb0b8ba3512 tempest-DeleteServersTestJSON-22480076 tempest-DeleteServersTestJSON-22480076-project] http://10.222.0.42/volume/v3/c34348399d1747e48a10c9428a36b812/attachments returned with HTTP 200
Sep 09 13:25:22.005552 dv-cinder-801354-9-smb devstack@c-api.service[113277]: [pid: 113277|app: 0|req: 165/316] 10.222.0.42 () {66 vars in 1574 bytes} [Fri Sep 9 13:25:21 2022] POST /volume/v3/c34348399d1747e48a10c9428a36b812/attachments => generated 273 bytes in 170 msecs (HTTP/1.1 200) 7 headers in 286 bytes (1 switches on core 0)
Sep 09 13:25:22.019122 dv-cinder-801354-9-smb devstack@c-api.service[113276]: DEBUG cinder.volume.api [None req-9615c9e2-c5b7-4228-8328-d58ce89d5c59 tempest-VolumeSnapshotQuotasNegativeTestJSON-1726992864 tempest-VolumeSnapshotQuotasNegativeTestJSON-1726992864-project] Task 'cinder.volume.flows.api.create_volume.QuotaCommitTask;volume:create' (317ba592-1bf8-4f72-b7e6-679e31dcb654) transitioned into state 'SUCCESS' from state 'RUNNING' with result '{'volume_properties': VolumeProperties(attach_status='detached',availability_zone='nova',cgsnapshot_id=None,consistencygroup_id=None,display_description=None,display_name='tempest-VolumeSnapshotQuotasNegativeTestJSON-Volume-1029499234',encryption_key_id=None,group_id=None,group_type_id=,metadata={},multiattach=False,project_id='c6d63d7d0d9947d795eaf9eb56fc2a55',qos_specs=None,replication_status=,reservations=['4c3511e1-bff2-44c6-ab7c-35fa7dd707f1','b8e07a4b-bad1-46bd-8c89-1618a3e5a1ce','b820b426-518c-4d3d-9892-08306a90150d','c60d362e-5f03-4afc-866c-4af9bcbfbb7e'],size=1,snapshot_id=None,source_replicaid=,source_volid=None,status='creating',user_id='f9421fcc6e2a464baea3bd4de57a30a6',volume_type_id=017dadcd-d5f8-40f4-9ce8-87510e3b1d28)}' {{(pid=113276) _task_receiver /usr/local/lib/python3.8/dist-packages/taskflow/listeners/logging.py:178}}
Sep 09 13:25:22.021122 dv-cinder-801354-9-smb devstack@c-api.service[113276]: DEBUG cinder.volume.api [None req-9615c9e2-c5b7-4228-8328-d58ce89d5c59 tempest-VolumeSnapshotQuotasNegativeTestJSON-1726992864 tempest-VolumeSnapshotQuotasNegativeTestJSON-1726992864-project] Task 'cinder.volume.flows.api.create_volume.VolumeCastTask;volume:create' (3208fd39-ac0f-4ca3-855b-96c683f65c5a) transitioned into state 'RUNNING' from state 'PENDING' {{(pid=113276) _task_receiver /usr/local/lib/python3.8/dist-packages/taskflow/listeners/logging.py:190}}
Sep 09 13:25:22.021572 dv-cinder-801354-9-smb devstack@c-api.service[113277]: DEBUG cinder.api.middleware.request_id [None req-9498a6c7-f673-4950-a885-63f3f326d07e None None] RequestId filter calling following filter/app {{(pid=113277) _context_setter /opt/stack/cinder/cinder/api/middleware/request_id.py:62}}
Sep 09 13:25:22.026598 dv-cinder-801354-9-smb devstack@c-api.service[113277]: INFO cinder.api.openstack.wsgi [None req-9498a6c7-f673-4950-a885-63f3f326d07e tempest-VolumesImageMetadata-1809198828 tempest-VolumesImageMetadata-1809198828-project] GET http://10.222.0.42/volume/v3/a37f4f6a2f0b4997a64e719944e56adb/volumes/c204e758-5701-4eef-9da8-48bd7f2b0aa2
Sep 09 13:25:22.027385 dv-cinder-801354-9-smb devstack@c-api.service[113277]: DEBUG cinder.api.openstack.wsgi [None req-9498a6c7-f673-4950-a885-63f3f326d07e tempest-VolumesImageMetadata-1809198828 tempest-VolumesImageMetadata-1809198828-project] Empty body provided in request {{(pid=113277) get_body /opt/stack/cinder/cinder/api/openstack/wsgi.py:715}}
Sep 09 13:25:22.029202 dv-cinder-801354-9-smb devstack@c-api.service[113277]: DEBUG cinder.api.openstack.wsgi [None req-9498a6c7-f673-4950-a885-63f3f326d07e tempest-VolumesImageMetadata-1809198828 tempest-VolumesImageMetadata-1809198828-project] Calling method 'show' {{(pid=113277) _process_stack /opt/stack/cinder/cinder/api/openstack/wsgi.py:868}}
Sep 09 13:25:22.059336 dv-cinder-801354-9-smb devstack@c-api.service[113276]: DEBUG cinder.volume.api [None req-9615c9e2-c5b7-4228-8328-d58ce89d5c59 tempest-VolumeSnapshotQuotasNegativeTestJSON-1726992864 tempest-VolumeSnapshotQuotasNegativeTestJSON-1726992864-project] Task 'cinder.volume.flows.api.create_volume.VolumeCastTask;volume:create' (3208fd39-ac0f-4ca3-855b-96c683f65c5a) transitioned into state 'SUCCESS' from state 'RUNNING' with result 'None' {{(pid=113276) _task_receiver /usr/local/lib/python3.8/dist-packages/taskflow/listeners/logging.py:178}}
Sep 09 13:25:22.059636 dv-cinder-801354-9-smb devstack@c-api.service[113277]: /usr/local/lib/python3.8/dist-packages/oslo_context/context.py:100: DeprecationWarning: Policy enforcement is depending on the value of is_admin. This key is deprecated. Please update your policy file to use the standard policy values.
Sep 09 13:25:22.059636 dv-cinder-801354-9-smb devstack@c-api.service[113277]: warnings.warn('Policy enforcement is depending on the value of '
Sep 09 13:25:22.069042 dv-cinder-801354-9-smb devstack@c-api.service[113276]: DEBUG cinder.volume.api [None req-9615c9e2-c5b7-4228-8328-d58ce89d5c59 tempest-VolumeSnapshotQuotasNegativeTestJSON-1726992864 tempest-VolumeSnapshotQuotasNegativeTestJSON-1726992864-project] Flow 'volume_create_api' (ccad551f-a3fe-4dad-a6f1-3e4a8e239cdd) transitioned into state 'SUCCESS' from state 'RUNNING' {{(pid=113276) _flow_receiver /usr/local/lib/python3.8/dist-packages/taskflow/listeners/logging.py:141}}
Sep 09 13:25:22.070095 dv-cinder-801354-9-smb devstack@c-api.service[113276]: INFO cinder.volume.api [None req-9615c9e2-c5b7-4228-8328-d58ce89d5c59 tempest-VolumeSnapshotQuotasNegativeTestJSON-1726992864 tempest-VolumeSnapshotQuotasNegativeTestJSON-1726992864-project] Create volume request issued successfully.
Sep 09 13:25:22.070267 dv-cinder-801354-9-smb devstack@c-api.service[113277]: INFO cinder.volume.api [None req-9498a6c7-f673-4950-a885-63f3f326d07e tempest-VolumesImageMetadata-1809198828 tempest-VolumesImageMetadata-1809198828-project] Volume info retrieved successfully.
Sep 09 13:25:22.071061 dv-cinder-801354-9-smb devstack@c-api.service[113276]: INFO cinder.api.openstack.wsgi [None req-9615c9e2-c5b7-4228-8328-d58ce89d5c59 tempest-VolumeSnapshotQuotasNegativeTestJSON-1726992864 tempest-VolumeSnapshotQuotasNegativeTestJSON-1726992864-project] http://10.222.0.42/volume/v3/c6d63d7d0d9947d795eaf9eb56fc2a55/volumes returned with HTTP 202
Sep 09 13:25:22.077460 dv-cinder-801354-9-smb devstack@c-api.service[113276]: [pid: 113276|app: 0|req: 152/317] 10.222.0.42 () {60 vars in 1235 bytes} [Fri Sep 9 13:25:21 2022] POST /volume/v3/c6d63d7d0d9947d795eaf9eb56fc2a55/volumes => generated 836 bytes in 828 msecs (HTTP/1.1 202) 7 headers in 291 bytes (1 switches on core 0)
Sep 09 13:25:22.079271 dv-cinder-801354-9-smb devstack@c-api.service[113276]: DEBUG cinder.api.middleware.request_id [None req-a6b32bac-5ea4-48d6-aa10-6db91db7e9a6 None None] RequestId filter calling following filter/app {{(pid=113276) _context_setter /opt/stack/cinder/cinder/api/middleware/request_id.py:62}}
Sep 09 13:25:22.088113 dv-cinder-801354-9-smb devstack@c-api.service[113276]: INFO cinder.api.openstack.wsgi [None req-a6b32bac-5ea4-48d6-aa10-6db91db7e9a6 tempest-DeleteServersTestJSON-22480076 tempest-DeleteServersTestJSON-22480076-project] GET http://10.222.0.42/volume/v3/c34348399d1747e48a10c9428a36b812/volumes/eb608463-5020-4158-aa3f-4282ef9b25cf
Sep 09 13:25:22.088619 dv-cinder-801354-9-smb devstack@c-api.service[113276]: DEBUG cinder.api.openstack.wsgi [None req-a6b32bac-5ea4-48d6-aa10-6db91db7e9a6 tempest-DeleteServersTestJSON-22480076 tempest-DeleteServersTestJSON-22480076-project] Empty body provided in request {{(pid=113276) get_body /opt/stack/cinder/cinder/api/openstack/wsgi.py:715}}
Sep 09 13:25:22.089046 dv-cinder-801354-9-smb devstack@c-api.service[113276]: DEBUG cinder.api.openstack.wsgi [None req-a6b32bac-5ea4-48d6-aa10-6db91db7e9a6 tempest-DeleteServersTestJSON-22480076 tempest-DeleteServersTestJSON-22480076-project] Calling method 'show' {{(pid=113276) _process_stack /opt/stack/cinder/cinder/api/openstack/wsgi.py:868}}
Sep 09 13:25:22.111694 dv-cinder-801354-9-smb devstack@c-api.service[113277]: INFO cinder.api.openstack.wsgi [None req-9498a6c7-f673-4950-a885-63f3f326d07e tempest-VolumesImageMetadata-1809198828 tempest-VolumesImageMetadata-1809198828-project] http://10.222.0.42/volume/v3/a37f4f6a2f0b4997a64e719944e56adb/volumes/c204e758-5701-4eef-9da8-48bd7f2b0aa2 returned with HTTP 200
Sep 09 13:25:22.118816 dv-cinder-801354-9-smb devstack@c-api.service[113277]: [pid: 113277|app: 0|req: 166/318] 10.222.0.42 () {58 vars in 1325 bytes} [Fri Sep 9 13:25:22 2022] GET /volume/v3/a37f4f6a2f0b4997a64e719944e56adb/volumes/c204e758-5701-4eef-9da8-48bd7f2b0aa2 => generated 912 bytes in 99 msecs (HTTP/1.1 200) 7 headers in 285 bytes (1 switches on core 0)
Sep 09 13:25:22.121420 dv-cinder-801354-9-smb devstack@c-api.service[113276]: DEBUG dbcounter [-] [113276] Writing DB stats cinder:SELECT=75,cinder:INSERT=13,cinder:UPDATE=12 {{(pid=113276) stat_writer /usr/local/lib/python3.8/dist-packages/dbcounter.py:114}}
Sep 09 13:25:22.122543 dv-cinder-801354-9-smb devstack@c-api.service[113277]: DEBUG cinder.api.middleware.request_id [None req-892eab99-832d-43dc-a6d3-951a818fd620 None None] RequestId filter calling following filter/app {{(pid=113277) _context_setter /opt/stack/cinder/cinder/api/middleware/request_id.py:62}}
Sep 09 13:25:22.133327 dv-cinder-801354-9-smb devstack@c-api.service[113276]: /usr/local/lib/python3.8/dist-packages/oslo_context/context.py:100: DeprecationWarning: Policy enforcement is depending on the value of is_admin. This key is deprecated. Please update your policy file to use the standard policy values.
Sep 09 13:25:22.133327 dv-cinder-801354-9-smb devstack@c-api.service[113276]: warnings.warn('Policy enforcement is depending on the value of '
Sep 09 13:25:22.143452 dv-cinder-801354-9-smb devstack@c-api.service[113276]: INFO cinder.volume.api [None req-a6b32bac-5ea4-48d6-aa10-6db91db7e9a6 tempest-DeleteServersTestJSON-22480076 tempest-DeleteServersTestJSON-22480076-project] Volume info retrieved successfully.
Sep 09 13:25:22.144798 dv-cinder-801354-9-smb devstack@c-api.service[113277]: INFO cinder.api.openstack.wsgi [None req-892eab99-832d-43dc-a6d3-951a818fd620 tempest-VolumeSnapshotQuotasNegativeTestJSON-1726992864 tempest-VolumeSnapshotQuotasNegativeTestJSON-1726992864-project] GET http://10.222.0.42/volume/v3/c6d63d7d0d9947d795eaf9eb56fc2a55/volumes/429ae8a9-0cd3-4e3e-bc37-1cede8375219
Sep 09 13:25:22.145272 dv-cinder-801354-9-smb devstack@c-api.service[113277]: DEBUG cinder.api.openstack.wsgi [None req-892eab99-832d-43dc-a6d3-951a818fd620 tempest-VolumeSnapshotQuotasNegativeTestJSON-1726992864 tempest-VolumeSnapshotQuotasNegativeTestJSON-1726992864-project] Empty body provided in request {{(pid=113277) get_body /opt/stack/cinder/cinder/api/openstack/wsgi.py:715}}
Sep 09 13:25:22.146481 dv-cinder-801354-9-smb devstack@c-api.service[113277]: DEBUG cinder.api.openstack.wsgi [None req-892eab99-832d-43dc-a6d3-951a818fd620 tempest-VolumeSnapshotQuotasNegativeTestJSON-1726992864 tempest-VolumeSnapshotQuotasNegativeTestJSON-1726992864-project] Calling method 'show' {{(pid=113277) _process_stack /opt/stack/cinder/cinder/api/openstack/wsgi.py:868}}
Sep 09 13:25:22.155356 dv-cinder-801354-9-smb devstack@c-api.service[113276]: INFO cinder.api.openstack.wsgi [None req-a6b32bac-5ea4-48d6-aa10-6db91db7e9a6 tempest-DeleteServersTestJSON-22480076 tempest-DeleteServersTestJSON-22480076-project] http://10.222.0.42/volume/v3/c34348399d1747e48a10c9428a36b812/volumes/eb608463-5020-4158-aa3f-4282ef9b25cf returned with HTTP 200
Sep 09 13:25:22.170247 dv-cinder-801354-9-smb devstack@c-api.service[113276]: [pid: 113276|app: 0|req: 153/319] 10.222.0.42 () {58 vars in 1325 bytes} [Fri Sep 9 13:25:22 2022] GET /volume/v3/c34348399d1747e48a10c9428a36b812/volumes/eb608463-5020-4158-aa3f-4282ef9b25cf => generated 913 bytes in 80 msecs (HTTP/1.1 200) 7 headers in 285 bytes (1 switches on core 0)
Sep 09 13:25:22.170435 dv-cinder-801354-9-smb devstack@c-api.service[113277]: /usr/local/lib/python3.8/dist-packages/oslo_context/context.py:100: DeprecationWarning: Policy enforcement is depending on the value of is_admin. This key is deprecated. Please update your policy file to use the standard policy values.
Sep 09 13:25:22.170435 dv-cinder-801354-9-smb devstack@c-api.service[113277]: warnings.warn('Policy enforcement is depending on the value of '
Sep 09 13:25:22.195809 dv-cinder-801354-9-smb devstack@c-api.service[113277]: INFO cinder.volume.api [None req-892eab99-832d-43dc-a6d3-951a818fd620 tempest-VolumeSnapshotQuotasNegativeTestJSON-1726992864 tempest-VolumeSnapshotQuotasNegativeTestJSON-1726992864-project] Volume info retrieved successfully.
Sep 09 13:25:22.223389 dv-cinder-801354-9-smb devstack@c-api.service[113276]: DEBUG cinder.api.middleware.request_id [None req-a957983e-5ebf-4ca0-9e83-d8337b962237 None None] RequestId filter calling following filter/app {{(pid=113276) _context_setter /opt/stack/cinder/cinder/api/middleware/request_id.py:62}}
Sep 09 13:25:22.228484 dv-cinder-801354-9-smb devstack@c-api.service[113277]: INFO cinder.api.openstack.wsgi [None req-892eab99-832d-43dc-a6d3-951a818fd620 tempest-VolumeSnapshotQuotasNegativeTestJSON-1726992864 tempest-VolumeSnapshotQuotasNegativeTestJSON-1726992864-project] http://10.222.0.42/volume/v3/c6d63d7d0d9947d795eaf9eb56fc2a55/volumes/429ae8a9-0cd3-4e3e-bc37-1cede8375219 returned with HTTP 200
Sep 09 13:25:22.242786 dv-cinder-801354-9-smb devstack@c-api.service[113277]: [pid: 113277|app: 0|req: 167/320] 10.222.0.42 () {58 vars in 1325 bytes} [Fri Sep 9 13:25:22 2022] GET /volume/v3/c6d63d7d0d9947d795eaf9eb56fc2a55/volumes/429ae8a9-0cd3-4e3e-bc37-1cede8375219 => generated 904 bytes in 109 msecs (HTTP/1.1 200) 7 headers in 285 bytes (1 switches on core 0)
Sep 09 13:25:22.411076 dv-cinder-801354-9-smb devstack@c-api.service[113276]: INFO cinder.api.openstack.wsgi [None req-a957983e-5ebf-4ca0-9e83-d8337b962237 tempest-VolumesTransfersTest-701521626 tempest-VolumesTransfersTest-701521626-project] POST http://10.222.0.42/volume/v3/8ea9d461eb0c4f9bb53e5286a06f019a/volumes
Sep 09 13:25:22.411807 dv-cinder-801354-9-smb devstack@c-api.service[113276]: DEBUG cinder.api.openstack.wsgi [None req-a957983e-5ebf-4ca0-9e83-d8337b962237 tempest-VolumesTransfersTest-701521626 tempest-VolumesTransfersTest-701521626-project] Action: 'create', calling method: create, body: {"volume": {"size": 1, "name": "tempest-VolumesTransfersTest-Volume-1685339591"}} {{(pid=113276) _process_stack /opt/stack/cinder/cinder/api/openstack/wsgi.py:866}}
Sep 09 13:25:22.414172 dv-cinder-801354-9-smb devstack@c-api.service[113276]: DEBUG cinder.api.v3.volumes [None req-a957983e-5ebf-4ca0-9e83-d8337b962237 tempest-VolumesTransfersTest-701521626 tempest-VolumesTransfersTest-701521626-project] Create volume request body: {'volume': {'size': 1, 'name': 'tempest-VolumesTransfersTest-Volume-1685339591'}} {{(pid=113276) create /opt/stack/cinder/cinder/api/v3/volumes.py:298}}
Sep 09 13:25:22.415043 dv-cinder-801354-9-smb devstack@c-api.service[113276]: INFO cinder.api.v3.volumes [None req-a957983e-5ebf-4ca0-9e83-d8337b962237 tempest-VolumesTransfersTest-701521626 tempest-VolumesTransfersTest-701521626-project] Create volume of 1 GB
Sep 09 13:25:22.422543 dv-cinder-801354-9-smb devstack@c-api.service[113276]: INFO cinder.volume.api [None req-a957983e-5ebf-4ca0-9e83-d8337b962237 tempest-VolumesTransfersTest-701521626 tempest-VolumesTransfersTest-701521626-project] Availability Zones retrieved successfully.
Sep 09 13:25:22.439491 dv-cinder-801354-9-smb devstack@c-api.service[113276]: DEBUG cinder.volume.api [None req-a957983e-5ebf-4ca0-9e83-d8337b962237 tempest-VolumesTransfersTest-701521626 tempest-VolumesTransfersTest-701521626-project] Flow 'volume_create_api' (83619e69-8d82-45e7-9dfc-1a53603555f3) transitioned into state 'RUNNING' from state 'PENDING' {{(pid=113276) _flow_receiver /usr/local/lib/python3.8/dist-packages/taskflow/listeners/logging.py:141}}
Sep 09 13:25:22.452986 dv-cinder-801354-9-smb devstack@c-api.service[113276]: DEBUG cinder.volume.api [None req-a957983e-5ebf-4ca0-9e83-d8337b962237 tempest-VolumesTransfersTest-701521626 tempest-VolumesTransfersTest-701521626-project] Task 'cinder.volume.flows.api.create_volume.ExtractVolumeRequestTask;volume:create' (208b43dc-c2a5-4e1d-9cce-737fb7ae4deb) transitioned into state 'RUNNING' from state 'PENDING' {{(pid=113276) _task_receiver /usr/local/lib/python3.8/dist-packages/taskflow/listeners/logging.py:190}}
Sep 09 13:25:22.455638 dv-cinder-801354-9-smb devstack@c-api.service[113276]: DEBUG cinder.volume.flows.api.create_volume [None req-a957983e-5ebf-4ca0-9e83-d8337b962237 tempest-VolumesTransfersTest-701521626 tempest-VolumesTransfersTest-701521626-project] Validating volume size '1' using validate_int {{(pid=113276) _extract_size /opt/stack/cinder/cinder/volume/flows/api/create_volume.py:228}}
Sep 09 13:25:22.461390 dv-cinder-801354-9-smb devstack@c-api.service[113277]: DEBUG cinder.api.middleware.request_id [None req-66f1365c-139b-4f25-946e-6e61668729cc None None] RequestId filter calling following filter/app {{(pid=113277) _context_setter /opt/stack/cinder/cinder/api/middleware/request_id.py:62}}
Sep 09 13:25:22.464885 dv-cinder-801354-9-smb devstack@c-api.service[113277]: INFO cinder.api.openstack.wsgi [None req-66f1365c-139b-4f25-946e-6e61668729cc tempest-SnapshotsActionsTest-1677500902 tempest-SnapshotsActionsTest-1677500902-project] GET http://10.222.0.42/volume/v3/acbf73e56a674e84a3ce16959144099e/volumes/e180a2d2-6cce-4c3f-b8aa-46d539918ed1
Sep 09 13:25:22.465591 dv-cinder-801354-9-smb devstack@c-api.service[113277]: DEBUG cinder.api.openstack.wsgi [None req-66f1365c-139b-4f25-946e-6e61668729cc tempest-SnapshotsActionsTest-1677500902 tempest-SnapshotsActionsTest-1677500902-project] Empty body provided in request {{(pid=113277) get_body /opt/stack/cinder/cinder/api/openstack/wsgi.py:715}}
Sep 09 13:25:22.466631 dv-cinder-801354-9-smb devstack@c-api.service[113277]: DEBUG cinder.api.openstack.wsgi [None req-66f1365c-139b-4f25-946e-6e61668729cc tempest-SnapshotsActionsTest-1677500902 tempest-SnapshotsActionsTest-1677500902-project] Calling method 'show' {{(pid=113277) _process_stack /opt/stack/cinder/cinder/api/openstack/wsgi.py:868}}
Sep 09 13:25:22.481406 dv-cinder-801354-9-smb devstack@c-api.service[113277]: /usr/local/lib/python3.8/dist-packages/oslo_context/context.py:100: DeprecationWarning: Policy enforcement is depending on the value of is_admin. This key is deprecated. Please update your policy file to use the standard policy values.
Sep 09 13:25:22.481406 dv-cinder-801354-9-smb devstack@c-api.service[113277]: warnings.warn('Policy enforcement is depending on the value of '
Sep 09 13:25:22.487686 dv-cinder-801354-9-smb devstack@c-api.service[113277]: INFO cinder.volume.api [None req-66f1365c-139b-4f25-946e-6e61668729cc tempest-SnapshotsActionsTest-1677500902 tempest-SnapshotsActionsTest-1677500902-project] Volume info retrieved successfully.
Sep 09 13:25:22.493737 dv-cinder-801354-9-smb devstack@c-api.service[113276]: DEBUG cinder.volume.api [None req-a957983e-5ebf-4ca0-9e83-d8337b962237 tempest-VolumesTransfersTest-701521626 tempest-VolumesTransfersTest-701521626-project] Task 'cinder.volume.flows.api.create_volume.ExtractVolumeRequestTask;volume:create' (208b43dc-c2a5-4e1d-9cce-737fb7ae4deb) transitioned into state 'SUCCESS' from state 'RUNNING' with result '{'size': 1, 'snapshot_id': None, 'source_volid': None, 'volume_type': VolumeType(created_at=2022-09-09T13:14:28Z,deleted=False,deleted_at=None,description='Default Volume Type',extra_specs={},id=017dadcd-d5f8-40f4-9ce8-87510e3b1d28,is_public=True,name='__DEFAULT__',projects=[],qos_specs=,qos_specs_id=None,updated_at=2022-09-09T13:14:28Z), 'volume_type_id': '017dadcd-d5f8-40f4-9ce8-87510e3b1d28', 'encryption_key_id': None, 'qos_specs': None, 'consistencygroup_id': None, 'cgsnapshot_id': None, 'group_id': None, 'replication_status': 'disabled', 'refresh_az': False, 'backup_id': None, 'multiattach': False, 'availability_zones': ['nova']}' {{(pid=113276) _task_receiver /usr/local/lib/python3.8/dist-packages/taskflow/listeners/logging.py:178}}
Sep 09 13:25:22.495963 dv-cinder-801354-9-smb devstack@c-api.service[113276]: DEBUG cinder.volume.api [None req-a957983e-5ebf-4ca0-9e83-d8337b962237 tempest-VolumesTransfersTest-701521626 tempest-VolumesTransfersTest-701521626-project] Task 'cinder.volume.flows.api.create_volume.QuotaReserveTask;volume:create' (f2db7d58-93e5-45b6-bc5c-980575edf9e9) transitioned into state 'RUNNING' from state 'PENDING' {{(pid=113276) _task_receiver /usr/local/lib/python3.8/dist-packages/taskflow/listeners/logging.py:190}}
Sep 09 13:25:22.498784 dv-cinder-801354-9-smb devstack@c-api.service[113277]: INFO cinder.api.openstack.wsgi [None req-66f1365c-139b-4f25-946e-6e61668729cc tempest-SnapshotsActionsTest-1677500902 tempest-SnapshotsActionsTest-1677500902-project] http://10.222.0.42/volume/v3/acbf73e56a674e84a3ce16959144099e/volumes/e180a2d2-6cce-4c3f-b8aa-46d539918ed1 returned with HTTP 200
Sep 09 13:25:22.500164 dv-cinder-801354-9-smb devstack@c-api.service[113277]: [pid: 113277|app: 0|req: 168/321] 10.222.0.42 () {58 vars in 1325 bytes} [Fri Sep 9 13:25:22 2022] GET /volume/v3/acbf73e56a674e84a3ce16959144099e/volumes/e180a2d2-6cce-4c3f-b8aa-46d539918ed1 => generated 912 bytes in 39 msecs (HTTP/1.1 200) 7 headers in 285 bytes (2 switches on core 0)
Sep 09 13:25:22.517423 dv-cinder-801354-9-smb devstack@c-api.service[113277]: DEBUG cinder.api.middleware.request_id [None req-7a630aef-f25b-4a9e-9908-a84bbfd60bde None None] RequestId filter calling following filter/app {{(pid=113277) _context_setter /opt/stack/cinder/cinder/api/middleware/request_id.py:62}}
Sep 09 13:25:22.521591 dv-cinder-801354-9-smb devstack@c-api.service[113277]: INFO cinder.api.openstack.wsgi [None req-7a630aef-f25b-4a9e-9908-a84bbfd60bde tempest-SnapshotsActionsTest-1677500902 tempest-SnapshotsActionsTest-1677500902-project] POST http://10.222.0.42/volume/v3/acbf73e56a674e84a3ce16959144099e/snapshots
Sep 09 13:25:22.522081 dv-cinder-801354-9-smb devstack@c-api.service[113277]: DEBUG cinder.api.openstack.wsgi [None req-7a630aef-f25b-4a9e-9908-a84bbfd60bde tempest-SnapshotsActionsTest-1677500902 tempest-SnapshotsActionsTest-1677500902-project] Action: 'create', calling method: create, body: {"snapshot": {"volume_id": "e180a2d2-6cce-4c3f-b8aa-46d539918ed1", "name": "tempest-SnapshotsActionsTest-Snapshot-1005438818"}} {{(pid=113277) _process_stack /opt/stack/cinder/cinder/api/openstack/wsgi.py:866}}
Sep 09 13:25:22.538648 dv-cinder-801354-9-smb devstack@c-api.service[113277]: /usr/local/lib/python3.8/dist-packages/oslo_context/context.py:100: DeprecationWarning: Policy enforcement is depending on the value of is_admin. This key is deprecated. Please update your policy file to use the standard policy values.
Sep 09 13:25:22.538648 dv-cinder-801354-9-smb devstack@c-api.service[113277]: warnings.warn('Policy enforcement is depending on the value of '
Sep 09 13:25:22.540021 dv-cinder-801354-9-smb devstack@c-api.service[113277]: INFO cinder.volume.api [None req-7a630aef-f25b-4a9e-9908-a84bbfd60bde tempest-SnapshotsActionsTest-1677500902 tempest-SnapshotsActionsTest-1677500902-project] Volume info retrieved successfully.
Sep 09 13:25:22.540131 dv-cinder-801354-9-smb devstack@c-api.service[113277]: INFO cinder.api.v3.snapshots [None req-7a630aef-f25b-4a9e-9908-a84bbfd60bde tempest-SnapshotsActionsTest-1677500902 tempest-SnapshotsActionsTest-1677500902-project] Create snapshot from volume e180a2d2-6cce-4c3f-b8aa-46d539918ed1
Sep 09 13:25:22.600173 dv-cinder-801354-9-smb devstack@c-api.service[113276]: DEBUG cinder.quota [None req-a957983e-5ebf-4ca0-9e83-d8337b962237 tempest-VolumesTransfersTest-701521626 tempest-VolumesTransfersTest-701521626-project] Created reservations ['a4e118a5-238a-41dc-bbab-b948a9b096e7', '86331459-8725-49c1-be8a-b96964a59c1b', '0585329a-7169-407e-9cb4-658e04f0c0ea', 'fbb8060f-2f07-4b52-b6e4-5f244ee89b80'] {{(pid=113276) reserve /opt/stack/cinder/cinder/quota.py:755}}
Sep 09 13:25:22.605064 dv-cinder-801354-9-smb devstack@c-api.service[113276]: DEBUG cinder.volume.api [None req-a957983e-5ebf-4ca0-9e83-d8337b962237 tempest-VolumesTransfersTest-701521626 tempest-VolumesTransfersTest-701521626-project] Task 'cinder.volume.flows.api.create_volume.QuotaReserveTask;volume:create' (f2db7d58-93e5-45b6-bc5c-980575edf9e9) transitioned into state 'SUCCESS' from state 'RUNNING' with result '{'reservations': ['a4e118a5-238a-41dc-bbab-b948a9b096e7', '86331459-8725-49c1-be8a-b96964a59c1b', '0585329a-7169-407e-9cb4-658e04f0c0ea', 'fbb8060f-2f07-4b52-b6e4-5f244ee89b80']}' {{(pid=113276) _task_receiver /usr/local/lib/python3.8/dist-packages/taskflow/listeners/logging.py:178}}
Sep 09 13:25:22.607502 dv-cinder-801354-9-smb devstack@c-api.service[113276]: DEBUG cinder.volume.api [None req-a957983e-5ebf-4ca0-9e83-d8337b962237 tempest-VolumesTransfersTest-701521626 tempest-VolumesTransfersTest-701521626-project] Task 'cinder.volume.flows.api.create_volume.EntryCreateTask;volume:create' (7171595e-a3b5-4ef5-b2aa-2643ccc1c5d4) transitioned into state 'RUNNING' from state 'PENDING' {{(pid=113276) _task_receiver /usr/local/lib/python3.8/dist-packages/taskflow/listeners/logging.py:190}}
Sep 09 13:25:22.608280 dv-cinder-801354-9-smb devstack@c-api.service[113277]: DEBUG dbcounter [-] [113277] Writing DB stats cinder:UPDATE=16,cinder:INSERT=11,cinder:SELECT=73 {{(pid=113277) stat_writer /usr/local/lib/python3.8/dist-packages/dbcounter.py:114}}
Sep 09 13:25:22.617000 dv-cinder-801354-9-smb devstack@c-api.service[113277]: DEBUG cinder.quota [None req-7a630aef-f25b-4a9e-9908-a84bbfd60bde tempest-SnapshotsActionsTest-1677500902 tempest-SnapshotsActionsTest-1677500902-project] Created reservations ['a868c20f-64fd-447c-bc1f-aa16c23a7251', 'e19d5de0-3519-472c-9192-a25fda8c412a', '4e01b00f-0200-4e54-999d-e6c7e54454a3', 'e28e6d10-d7d3-4f83-b36f-52e96cfa0811'] {{(pid=113277) reserve /opt/stack/cinder/cinder/quota.py:755}}
Sep 09 13:25:22.636300 dv-cinder-801354-9-smb devstack@c-api.service[113276]: DEBUG cinder.volume.api [None req-a957983e-5ebf-4ca0-9e83-d8337b962237 tempest-VolumesTransfersTest-701521626 tempest-VolumesTransfersTest-701521626-project] Task 'cinder.volume.flows.api.create_volume.EntryCreateTask;volume:create' (7171595e-a3b5-4ef5-b2aa-2643ccc1c5d4) transitioned into state 'SUCCESS' from state 'RUNNING' with result '{'volume_id': 'a34b49e3-c59c-4382-9b3b-ec79e85ae6dc', 'volume_properties': VolumeProperties(attach_status='detached',availability_zone='nova',cgsnapshot_id=None,consistencygroup_id=None,display_description=None,display_name='tempest-VolumesTransfersTest-Volume-1685339591',encryption_key_id=None,group_id=None,group_type_id=,metadata={},multiattach=False,project_id='8ea9d461eb0c4f9bb53e5286a06f019a',qos_specs=None,replication_status=,reservations=['a4e118a5-238a-41dc-bbab-b948a9b096e7','86331459-8725-49c1-be8a-b96964a59c1b','0585329a-7169-407e-9cb4-658e04f0c0ea','fbb8060f-2f07-4b52-b6e4-5f244ee89b80'],size=1,snapshot_id=None,source_replicaid=,source_volid=None,status='creating',user_id='339d183d10404b3783fc7fd3e8573b3d',volume_type_id=017dadcd-d5f8-40f4-9ce8-87510e3b1d28), 'volume': Volume(_name_id=None,admin_metadata=,attach_status='detached',availability_zone='nova',bootable=False,cluster=,cluster_name=None,consistencygroup=,consistencygroup_id=None,created_at=2022-09-09T13:25:22Z,deleted=False,deleted_at=None,display_description=None,display_name='tempest-VolumesTransfersTest-Volume-1685339591',ec2_id=None,encryption_key_id=None,glance_metadata=,group=,group_id=None,host=None,id=a34b49e3-c59c-4382-9b3b-ec79e85ae6dc,launched_at=None,metadata={},migration_status=None,multiattach=False,previous_status=None,project_id='8ea9d461eb0c4f9bb53e5286a06f019a',provider_auth=None,provider_geometry=None,provider_id=None,provider_location=None,replication_driver_data=None,replication_extended_status=None,replication_status=None,scheduled_at=None,service_uuid=None,shared_targets=True,size=1,snapshot_id=None,snapshots=,source_volid=None,status='creating',terminated_at=None,updated_at=None,use_quota=True,user_id='339d183d10404b3783fc7fd3e8573b3d',volume_attachment=VolumeAttachmentList,volume_type=VolumeType(017dadcd-d5f8-40f4-9ce8-87510e3b1d28),volume_type_id=017dadcd-d5f8-40f4-9ce8-87510e3b1d28)}' {{(pid=113276) _task_receiver /usr/local/lib/python3.8/dist-packages/taskflow/listeners/logging.py:178}}
Sep 09 13:25:22.639436 dv-cinder-801354-9-smb devstack@c-api.service[113276]: DEBUG cinder.volume.api [None req-a957983e-5ebf-4ca0-9e83-d8337b962237 tempest-VolumesTransfersTest-701521626 tempest-VolumesTransfersTest-701521626-project] Task 'cinder.volume.flows.api.create_volume.QuotaCommitTask;volume:create' (29534bfa-f1a1-4eb7-a0a5-1d9f39ccef8e) transitioned into state 'RUNNING' from state 'PENDING' {{(pid=113276) _task_receiver /usr/local/lib/python3.8/dist-packages/taskflow/listeners/logging.py:190}}
Sep 09 13:25:22.670946 dv-cinder-801354-9-smb devstack@c-api.service[113276]: DEBUG cinder.volume.api [None req-a957983e-5ebf-4ca0-9e83-d8337b962237 tempest-VolumesTransfersTest-701521626 tempest-VolumesTransfersTest-701521626-project] Task 'cinder.volume.flows.api.create_volume.QuotaCommitTask;volume:create' (29534bfa-f1a1-4eb7-a0a5-1d9f39ccef8e) transitioned into state 'SUCCESS' from state 'RUNNING' with result '{'volume_properties': VolumeProperties(attach_status='detached',availability_zone='nova',cgsnapshot_id=None,consistencygroup_id=None,display_description=None,display_name='tempest-VolumesTransfersTest-Volume-1685339591',encryption_key_id=None,group_id=None,group_type_id=,metadata={},multiattach=False,project_id='8ea9d461eb0c4f9bb53e5286a06f019a',qos_specs=None,replication_status=,reservations=['a4e118a5-238a-41dc-bbab-b948a9b096e7','86331459-8725-49c1-be8a-b96964a59c1b','0585329a-7169-407e-9cb4-658e04f0c0ea','fbb8060f-2f07-4b52-b6e4-5f244ee89b80'],size=1,snapshot_id=None,source_replicaid=,source_volid=None,status='creating',user_id='339d183d10404b3783fc7fd3e8573b3d',volume_type_id=017dadcd-d5f8-40f4-9ce8-87510e3b1d28)}' {{(pid=113276) _task_receiver /usr/local/lib/python3.8/dist-packages/taskflow/listeners/logging.py:178}}
Sep 09 13:25:22.674320 dv-cinder-801354-9-smb devstack@c-api.service[113276]: DEBUG cinder.volume.api [None req-a957983e-5ebf-4ca0-9e83-d8337b962237 tempest-VolumesTransfersTest-701521626 tempest-VolumesTransfersTest-701521626-project] Task 'cinder.volume.flows.api.create_volume.VolumeCastTask;volume:create' (c3030b2a-3510-440c-a1f3-d6b2a85673f1) transitioned into state 'RUNNING' from state 'PENDING' {{(pid=113276) _task_receiver /usr/local/lib/python3.8/dist-packages/taskflow/listeners/logging.py:190}}
Sep 09 13:25:22.695025 dv-cinder-801354-9-smb devstack@c-api.service[113277]: INFO cinder.volume.api [None req-7a630aef-f25b-4a9e-9908-a84bbfd60bde tempest-SnapshotsActionsTest-1677500902 tempest-SnapshotsActionsTest-1677500902-project] Snapshot create request issued successfully.
Sep 09 13:25:22.696376 dv-cinder-801354-9-smb devstack@c-api.service[113277]: INFO cinder.api.openstack.wsgi [None req-7a630aef-f25b-4a9e-9908-a84bbfd60bde tempest-SnapshotsActionsTest-1677500902 tempest-SnapshotsActionsTest-1677500902-project] http://10.222.0.42/volume/v3/acbf73e56a674e84a3ce16959144099e/snapshots returned with HTTP 202
Sep 09 13:25:22.697318 dv-cinder-801354-9-smb devstack@c-api.service[113277]: [pid: 113277|app: 0|req: 169/322] 10.222.0.42 () {60 vars in 1242 bytes} [Fri Sep 9 13:25:22 2022] POST /volume/v3/acbf73e56a674e84a3ce16959144099e/snapshots => generated 307 bytes in 181 msecs (HTTP/1.1 202) 7 headers in 291 bytes (2 switches on core 0)
Sep 09 13:25:22.699073 dv-cinder-801354-9-smb devstack@c-api.service[113277]: DEBUG cinder.api.middleware.request_id [None req-66caa1c9-bc81-433d-a9c6-f6bdf484bcba None None] RequestId filter calling following filter/app {{(pid=113277) _context_setter /opt/stack/cinder/cinder/api/middleware/request_id.py:62}}
Sep 09 13:25:22.701034 dv-cinder-801354-9-smb devstack@c-api.service[113277]: INFO cinder.api.openstack.wsgi [None req-66caa1c9-bc81-433d-a9c6-f6bdf484bcba None None] GET http://10.222.0.42/volume//
Sep 09 13:25:22.701539 dv-cinder-801354-9-smb devstack@c-api.service[113277]: DEBUG cinder.api.openstack.wsgi [None req-66caa1c9-bc81-433d-a9c6-f6bdf484bcba None None] Empty body provided in request {{(pid=113277) get_body /opt/stack/cinder/cinder/api/openstack/wsgi.py:715}}
Sep 09 13:25:22.702096 dv-cinder-801354-9-smb devstack@c-api.service[113277]: DEBUG cinder.api.openstack.wsgi [None req-66caa1c9-bc81-433d-a9c6-f6bdf484bcba None None] Calling method 'all' {{(pid=113277) _process_stack /opt/stack/cinder/cinder/api/openstack/wsgi.py:868}}
Sep 09 13:25:22.703117 dv-cinder-801354-9-smb devstack@c-api.service[113277]: INFO cinder.api.openstack.wsgi [None req-66caa1c9-bc81-433d-a9c6-f6bdf484bcba None None] http://10.222.0.42/volume// returned with HTTP 300
Sep 09 13:25:22.704128 dv-cinder-801354-9-smb devstack@c-api.service[113277]: [pid: 113277|app: 0|req: 170/323] 10.222.0.18 () {56 vars in 1098 bytes} [Fri Sep 9 13:25:22 2022] GET /volume/ => generated 386 bytes in 6 msecs (HTTP/1.1 300) 7 headers in 299 bytes (1 switches on core 0)
Sep 09 13:25:22.706361 dv-cinder-801354-9-smb devstack@c-api.service[113277]: DEBUG cinder.api.middleware.request_id [None req-cf7c9b98-fa17-4666-9f20-7c52147cad3f None None] RequestId filter calling following filter/app {{(pid=113277) _context_setter /opt/stack/cinder/cinder/api/middleware/request_id.py:62}}
Sep 09 13:25:22.710551 dv-cinder-801354-9-smb devstack@c-api.service[113276]: DEBUG cinder.volume.api [None req-a957983e-5ebf-4ca0-9e83-d8337b962237 tempest-VolumesTransfersTest-701521626 tempest-VolumesTransfersTest-701521626-project] Task 'cinder.volume.flows.api.create_volume.VolumeCastTask;volume:create' (c3030b2a-3510-440c-a1f3-d6b2a85673f1) transitioned into state 'SUCCESS' from state 'RUNNING' with result 'None' {{(pid=113276) _task_receiver /usr/local/lib/python3.8/dist-packages/taskflow/listeners/logging.py:178}}
Sep 09 13:25:22.711697 dv-cinder-801354-9-smb devstack@c-api.service[113277]: INFO cinder.api.openstack.wsgi [None req-cf7c9b98-fa17-4666-9f20-7c52147cad3f tempest-SnapshotsActionsTest-1677500902 tempest-SnapshotsActionsTest-1677500902-project] GET http://10.222.0.42/volume/v3/acbf73e56a674e84a3ce16959144099e/snapshots/7974f6eb-a05b-43a6-b962-66cbcf150382
Sep 09 13:25:22.712722 dv-cinder-801354-9-smb devstack@c-api.service[113277]: DEBUG cinder.api.openstack.wsgi [None req-cf7c9b98-fa17-4666-9f20-7c52147cad3f tempest-SnapshotsActionsTest-1677500902 tempest-SnapshotsActionsTest-1677500902-project] Empty body provided in request {{(pid=113277) get_body /opt/stack/cinder/cinder/api/openstack/wsgi.py:715}}
Sep 09 13:25:22.713407 dv-cinder-801354-9-smb devstack@c-api.service[113277]: DEBUG cinder.api.openstack.wsgi [None req-cf7c9b98-fa17-4666-9f20-7c52147cad3f tempest-SnapshotsActionsTest-1677500902 tempest-SnapshotsActionsTest-1677500902-project] Calling method 'show' {{(pid=113277) _process_stack /opt/stack/cinder/cinder/api/openstack/wsgi.py:868}}
Sep 09 13:25:22.725762 dv-cinder-801354-9-smb devstack@c-api.service[113277]: /usr/local/lib/python3.8/dist-packages/oslo_context/context.py:100: DeprecationWarning: Policy enforcement is depending on the value of is_admin. This key is deprecated. Please update your policy file to use the standard policy values.
Sep 09 13:25:22.725762 dv-cinder-801354-9-smb devstack@c-api.service[113277]: warnings.warn('Policy enforcement is depending on the value of '
Sep 09 13:25:22.726174 dv-cinder-801354-9-smb devstack@c-api.service[113276]: DEBUG cinder.volume.api [None req-a957983e-5ebf-4ca0-9e83-d8337b962237 tempest-VolumesTransfersTest-701521626 tempest-VolumesTransfersTest-701521626-project] Flow 'volume_create_api' (83619e69-8d82-45e7-9dfc-1a53603555f3) transitioned into state 'SUCCESS' from state 'RUNNING' {{(pid=113276) _flow_receiver /usr/local/lib/python3.8/dist-packages/taskflow/listeners/logging.py:141}}
Sep 09 13:25:22.726945 dv-cinder-801354-9-smb devstack@c-api.service[113276]: INFO cinder.volume.api [None req-a957983e-5ebf-4ca0-9e83-d8337b962237 tempest-VolumesTransfersTest-701521626 tempest-VolumesTransfersTest-701521626-project] Create volume request issued successfully.
Sep 09 13:25:22.727316 dv-cinder-801354-9-smb devstack@c-api.service[113277]: INFO cinder.volume.api [None req-cf7c9b98-fa17-4666-9f20-7c52147cad3f tempest-SnapshotsActionsTest-1677500902 tempest-SnapshotsActionsTest-1677500902-project] Snapshot retrieved successfully.
Sep 09 13:25:22.729641 dv-cinder-801354-9-smb devstack@c-api.service[113276]: INFO cinder.api.openstack.wsgi [None req-a957983e-5ebf-4ca0-9e83-d8337b962237 tempest-VolumesTransfersTest-701521626 tempest-VolumesTransfersTest-701521626-project] http://10.222.0.42/volume/v3/8ea9d461eb0c4f9bb53e5286a06f019a/volumes returned with HTTP 202
Sep 09 13:25:22.734587 dv-cinder-801354-9-smb devstack@c-api.service[113277]: INFO cinder.api.openstack.wsgi [None req-cf7c9b98-fa17-4666-9f20-7c52147cad3f tempest-SnapshotsActionsTest-1677500902 tempest-SnapshotsActionsTest-1677500902-project] http://10.222.0.42/volume/v3/acbf73e56a674e84a3ce16959144099e/snapshots/7974f6eb-a05b-43a6-b962-66cbcf150382 returned with HTTP 200
Sep 09 13:25:22.735779 dv-cinder-801354-9-smb devstack@c-api.service[113276]: [pid: 113276|app: 0|req: 154/324] 10.222.0.42 () {60 vars in 1235 bytes} [Fri Sep 9 13:25:22 2022] POST /volume/v3/8ea9d461eb0c4f9bb53e5286a06f019a/volumes => generated 820 bytes in 513 msecs (HTTP/1.1 202) 7 headers in 291 bytes (2 switches on core 0)
Sep 09 13:25:22.736423 dv-cinder-801354-9-smb devstack@c-api.service[113277]: [pid: 113277|app: 0|req: 171/325] 10.222.0.42 () {58 vars in 1331 bytes} [Fri Sep 9 13:25:22 2022] GET /volume/v3/acbf73e56a674e84a3ce16959144099e/snapshots/7974f6eb-a05b-43a6-b962-66cbcf150382 => generated 439 bytes in 31 msecs (HTTP/1.1 200) 7 headers in 285 bytes (2 switches on core 0)
Sep 09 13:25:22.750036 dv-cinder-801354-9-smb devstack@c-api.service[113276]: DEBUG cinder.api.middleware.request_id [None req-5847aeea-cca1-439d-886c-a208b708f9c2 None None] RequestId filter calling following filter/app {{(pid=113276) _context_setter /opt/stack/cinder/cinder/api/middleware/request_id.py:62}}
Sep 09 13:25:22.755607 dv-cinder-801354-9-smb devstack@c-api.service[113276]: INFO cinder.api.openstack.wsgi [None req-5847aeea-cca1-439d-886c-a208b708f9c2 tempest-VolumesTransfersTest-701521626 tempest-VolumesTransfersTest-701521626-project] GET http://10.222.0.42/volume/v3/8ea9d461eb0c4f9bb53e5286a06f019a/volumes/a34b49e3-c59c-4382-9b3b-ec79e85ae6dc
Sep 09 13:25:22.756530 dv-cinder-801354-9-smb devstack@c-api.service[113276]: DEBUG cinder.api.openstack.wsgi [None req-5847aeea-cca1-439d-886c-a208b708f9c2 tempest-VolumesTransfersTest-701521626 tempest-VolumesTransfersTest-701521626-project] Empty body provided in request {{(pid=113276) get_body /opt/stack/cinder/cinder/api/openstack/wsgi.py:715}}
Sep 09 13:25:22.757193 dv-cinder-801354-9-smb devstack@c-api.service[113276]: DEBUG cinder.api.openstack.wsgi [None req-5847aeea-cca1-439d-886c-a208b708f9c2 tempest-VolumesTransfersTest-701521626 tempest-VolumesTransfersTest-701521626-project] Calling method 'show' {{(pid=113276) _process_stack /opt/stack/cinder/cinder/api/openstack/wsgi.py:868}}
Sep 09 13:25:22.775483 dv-cinder-801354-9-smb devstack@c-api.service[113276]: /usr/local/lib/python3.8/dist-packages/oslo_context/context.py:100: DeprecationWarning: Policy enforcement is depending on the value of is_admin. This key is deprecated. Please update your policy file to use the standard policy values.
Sep 09 13:25:22.775483 dv-cinder-801354-9-smb devstack@c-api.service[113276]: warnings.warn('Policy enforcement is depending on the value of '
Sep 09 13:25:22.783394 dv-cinder-801354-9-smb devstack@c-api.service[113276]: INFO cinder.volume.api [None req-5847aeea-cca1-439d-886c-a208b708f9c2 tempest-VolumesTransfersTest-701521626 tempest-VolumesTransfersTest-701521626-project] Volume info retrieved successfully.
Sep 09 13:25:22.798689 dv-cinder-801354-9-smb devstack@c-api.service[113276]: INFO cinder.api.openstack.wsgi [None req-5847aeea-cca1-439d-886c-a208b708f9c2 tempest-VolumesTransfersTest-701521626 tempest-VolumesTransfersTest-701521626-project] http://10.222.0.42/volume/v3/8ea9d461eb0c4f9bb53e5286a06f019a/volumes/a34b49e3-c59c-4382-9b3b-ec79e85ae6dc returned with HTTP 200
Sep 09 13:25:22.800809 dv-cinder-801354-9-smb devstack@c-api.service[113276]: [pid: 113276|app: 0|req: 155/326] 10.222.0.42 () {58 vars in 1325 bytes} [Fri Sep 9 13:25:22 2022] GET /volume/v3/8ea9d461eb0c4f9bb53e5286a06f019a/volumes/a34b49e3-c59c-4382-9b3b-ec79e85ae6dc => generated 888 bytes in 54 msecs (HTTP/1.1 200) 7 headers in 285 bytes (1 switches on core 0)
Sep 09 13:25:23.132746 dv-cinder-801354-9-smb devstack@c-api.service[113277]: DEBUG cinder.api.middleware.request_id [None req-c7b11f0c-d550-47e5-b662-59a329a589c2 None None] RequestId filter calling following filter/app {{(pid=113277) _context_setter /opt/stack/cinder/cinder/api/middleware/request_id.py:62}}
Sep 09 13:25:23.138972 dv-cinder-801354-9-smb devstack@c-api.service[113277]: INFO cinder.api.openstack.wsgi [None req-c7b11f0c-d550-47e5-b662-59a329a589c2 tempest-VolumesImageMetadata-1809198828 tempest-VolumesImageMetadata-1809198828-project] GET http://10.222.0.42/volume/v3/a37f4f6a2f0b4997a64e719944e56adb/volumes/c204e758-5701-4eef-9da8-48bd7f2b0aa2
Sep 09 13:25:23.139617 dv-cinder-801354-9-smb devstack@c-api.service[113277]: DEBUG cinder.api.openstack.wsgi [None req-c7b11f0c-d550-47e5-b662-59a329a589c2 tempest-VolumesImageMetadata-1809198828 tempest-VolumesImageMetadata-1809198828-project] Empty body provided in request {{(pid=113277) get_body /opt/stack/cinder/cinder/api/openstack/wsgi.py:715}}
Sep 09 13:25:23.140249 dv-cinder-801354-9-smb devstack@c-api.service[113277]: DEBUG cinder.api.openstack.wsgi [None req-c7b11f0c-d550-47e5-b662-59a329a589c2 tempest-VolumesImageMetadata-1809198828 tempest-VolumesImageMetadata-1809198828-project] Calling method 'show' {{(pid=113277) _process_stack /opt/stack/cinder/cinder/api/openstack/wsgi.py:868}}
Sep 09 13:25:23.158672 dv-cinder-801354-9-smb devstack@c-api.service[113277]: /usr/local/lib/python3.8/dist-packages/oslo_context/context.py:100: DeprecationWarning: Policy enforcement is depending on the value of is_admin. This key is deprecated. Please update your policy file to use the standard policy values.
Sep 09 13:25:23.158672 dv-cinder-801354-9-smb devstack@c-api.service[113277]: warnings.warn('Policy enforcement is depending on the value of '
Sep 09 13:25:23.166994 dv-cinder-801354-9-smb devstack@c-api.service[113277]: INFO cinder.volume.api [None req-c7b11f0c-d550-47e5-b662-59a329a589c2 tempest-VolumesImageMetadata-1809198828 tempest-VolumesImageMetadata-1809198828-project] Volume info retrieved successfully.
Sep 09 13:25:23.177480 dv-cinder-801354-9-smb devstack@c-api.service[113276]: DEBUG cinder.api.middleware.request_id [None req-523b8670-cec2-4de0-a0c8-84cbf7b5cd57 None None] RequestId filter calling following filter/app {{(pid=113276) _context_setter /opt/stack/cinder/cinder/api/middleware/request_id.py:62}}
Sep 09 13:25:23.181086 dv-cinder-801354-9-smb devstack@c-api.service[113276]: INFO cinder.api.openstack.wsgi [None req-523b8670-cec2-4de0-a0c8-84cbf7b5cd57 tempest-DeleteServersTestJSON-22480076 tempest-DeleteServersTestJSON-22480076-project] GET http://10.222.0.42/volume/v3/c34348399d1747e48a10c9428a36b812/volumes/eb608463-5020-4158-aa3f-4282ef9b25cf
Sep 09 13:25:23.181527 dv-cinder-801354-9-smb devstack@c-api.service[113276]: DEBUG cinder.api.openstack.wsgi [None req-523b8670-cec2-4de0-a0c8-84cbf7b5cd57 tempest-DeleteServersTestJSON-22480076 tempest-DeleteServersTestJSON-22480076-project] Empty body provided in request {{(pid=113276) get_body /opt/stack/cinder/cinder/api/openstack/wsgi.py:715}}
Sep 09 13:25:23.181979 dv-cinder-801354-9-smb devstack@c-api.service[113276]: DEBUG cinder.api.openstack.wsgi [None req-523b8670-cec2-4de0-a0c8-84cbf7b5cd57 tempest-DeleteServersTestJSON-22480076 tempest-DeleteServersTestJSON-22480076-project] Calling method 'show' {{(pid=113276) _process_stack /opt/stack/cinder/cinder/api/openstack/wsgi.py:868}}
Sep 09 13:25:23.189157 dv-cinder-801354-9-smb devstack@c-api.service[113277]: INFO cinder.api.openstack.wsgi [None req-c7b11f0c-d550-47e5-b662-59a329a589c2 tempest-VolumesImageMetadata-1809198828 tempest-VolumesImageMetadata-1809198828-project] http://10.222.0.42/volume/v3/a37f4f6a2f0b4997a64e719944e56adb/volumes/c204e758-5701-4eef-9da8-48bd7f2b0aa2 returned with HTTP 200
Sep 09 13:25:23.202403 dv-cinder-801354-9-smb devstack@c-api.service[113277]: [pid: 113277|app: 0|req: 172/327] 10.222.0.42 () {58 vars in 1325 bytes} [Fri Sep 9 13:25:23 2022] GET /volume/v3/a37f4f6a2f0b4997a64e719944e56adb/volumes/c204e758-5701-4eef-9da8-48bd7f2b0aa2 => generated 912 bytes in 73 msecs (HTTP/1.1 200) 7 headers in 285 bytes (1 switches on core 0)
Sep 09 13:25:23.214490 dv-cinder-801354-9-smb devstack@c-api.service[113276]: /usr/local/lib/python3.8/dist-packages/oslo_context/context.py:100: DeprecationWarning: Policy enforcement is depending on the value of is_admin. This key is deprecated. Please update your policy file to use the standard policy values.
Sep 09 13:25:23.214490 dv-cinder-801354-9-smb devstack@c-api.service[113276]: warnings.warn('Policy enforcement is depending on the value of '
Sep 09 13:25:23.225187 dv-cinder-801354-9-smb devstack@c-api.service[113276]: INFO cinder.volume.api [None req-523b8670-cec2-4de0-a0c8-84cbf7b5cd57 tempest-DeleteServersTestJSON-22480076 tempest-DeleteServersTestJSON-22480076-project] Volume info retrieved successfully.
Sep 09 13:25:23.238697 dv-cinder-801354-9-smb devstack@c-api.service[113276]: INFO cinder.api.openstack.wsgi [None req-523b8670-cec2-4de0-a0c8-84cbf7b5cd57 tempest-DeleteServersTestJSON-22480076 tempest-DeleteServersTestJSON-22480076-project] http://10.222.0.42/volume/v3/c34348399d1747e48a10c9428a36b812/volumes/eb608463-5020-4158-aa3f-4282ef9b25cf returned with HTTP 200
Sep 09 13:25:23.242771 dv-cinder-801354-9-smb devstack@c-api.service[113276]: [pid: 113276|app: 0|req: 156/328] 10.222.0.42 () {58 vars in 1325 bytes} [Fri Sep 9 13:25:23 2022] GET /volume/v3/c34348399d1747e48a10c9428a36b812/volumes/eb608463-5020-4158-aa3f-4282ef9b25cf => generated 913 bytes in 66 msecs (HTTP/1.1 200) 7 headers in 285 bytes (2 switches on core 0)
Sep 09 13:25:23.249159 dv-cinder-801354-9-smb devstack@c-api.service[113277]: DEBUG cinder.api.middleware.request_id [None req-091ef725-d5f6-4636-bd40-f16b92bd1037 None None] RequestId filter calling following filter/app {{(pid=113277) _context_setter /opt/stack/cinder/cinder/api/middleware/request_id.py:62}}
Sep 09 13:25:23.253739 dv-cinder-801354-9-smb devstack@c-api.service[113277]: INFO cinder.api.openstack.wsgi [None req-091ef725-d5f6-4636-bd40-f16b92bd1037 tempest-VolumeSnapshotQuotasNegativeTestJSON-1726992864 tempest-VolumeSnapshotQuotasNegativeTestJSON-1726992864-project] GET http://10.222.0.42/volume/v3/c6d63d7d0d9947d795eaf9eb56fc2a55/volumes/429ae8a9-0cd3-4e3e-bc37-1cede8375219
Sep 09 13:25:23.253739 dv-cinder-801354-9-smb devstack@c-api.service[113277]: DEBUG cinder.api.openstack.wsgi [None req-091ef725-d5f6-4636-bd40-f16b92bd1037 tempest-VolumeSnapshotQuotasNegativeTestJSON-1726992864 tempest-VolumeSnapshotQuotasNegativeTestJSON-1726992864-project] Empty body provided in request {{(pid=113277) get_body /opt/stack/cinder/cinder/api/openstack/wsgi.py:715}}
Sep 09 13:25:23.253739 dv-cinder-801354-9-smb devstack@c-api.service[113277]: DEBUG cinder.api.openstack.wsgi [None req-091ef725-d5f6-4636-bd40-f16b92bd1037 tempest-VolumeSnapshotQuotasNegativeTestJSON-1726992864 tempest-VolumeSnapshotQuotasNegativeTestJSON-1726992864-project] Calling method 'show' {{(pid=113277) _process_stack /opt/stack/cinder/cinder/api/openstack/wsgi.py:868}}
Sep 09 13:25:23.256791 dv-cinder-801354-9-smb devstack@c-api.service[113276]: DEBUG cinder.api.middleware.request_id [req-f9588565-890f-4c44-90c8-814652183764 req-275ab0ad-5056-4a7b-bb37-2a9da63e4da2 None None] RequestId filter calling following filter/app {{(pid=113276) _context_setter /opt/stack/cinder/cinder/api/middleware/request_id.py:62}}
Sep 09 13:25:23.261464 dv-cinder-801354-9-smb devstack@c-api.service[113276]: INFO cinder.api.openstack.wsgi [req-f9588565-890f-4c44-90c8-814652183764 req-275ab0ad-5056-4a7b-bb37-2a9da63e4da2 tempest-DeleteServersTestJSON-22480076 tempest-DeleteServersTestJSON-22480076-project] GET http://10.222.0.42/volume/v3/c34348399d1747e48a10c9428a36b812/volumes/eb608463-5020-4158-aa3f-4282ef9b25cf
Sep 09 13:25:23.261948 dv-cinder-801354-9-smb devstack@c-api.service[113276]: DEBUG cinder.api.openstack.wsgi [req-f9588565-890f-4c44-90c8-814652183764 req-275ab0ad-5056-4a7b-bb37-2a9da63e4da2 tempest-DeleteServersTestJSON-22480076 tempest-DeleteServersTestJSON-22480076-project] Empty body provided in request {{(pid=113276) get_body /opt/stack/cinder/cinder/api/openstack/wsgi.py:715}}
