Sep 09 13:25:00.101557 dv-cinder-801354-9-smb devstack@c-api.service[113276]: DEBUG cinder.api.v3.group_snapshots [None req-b89c5820-c623-43c7-9fce-860ffaad508f tempest-GroupSnapshotsV319Test-1549285479 tempest-GroupSnapshotsV319Test-1549285479-project] show called for member 3d73c5ae-522a-4729-a7bc-4a62b4f67037 {{(pid=113276) show /opt/stack/cinder/cinder/api/v3/group_snapshots.py:58}}
Sep 09 13:25:00.106507 dv-cinder-801354-9-smb devstack@c-api.service[113277]: DEBUG dbcounter [-] [113277] Writing DB stats cinder:UPDATE=10,cinder:SELECT=83,cinder:INSERT=7 {{(pid=113277) stat_writer /usr/local/lib/python3.8/dist-packages/dbcounter.py:114}}
Sep 09 13:25:00.110839 dv-cinder-801354-9-smb devstack@c-api.service[113276]: /usr/local/lib/python3.8/dist-packages/oslo_context/context.py:100: DeprecationWarning: Policy enforcement is depending on the value of is_admin. This key is deprecated. Please update your policy file to use the standard policy values.
Sep 09 13:25:00.110839 dv-cinder-801354-9-smb devstack@c-api.service[113276]: warnings.warn('Policy enforcement is depending on the value of '
Sep 09 13:25:00.114937 dv-cinder-801354-9-smb devstack@c-api.service[113277]: INFO cinder.api.openstack.wsgi [None req-f63160b0-29de-440b-adc3-fdbe2d3a8374 tempest-VolumeQuotaClassesTest-862903493 tempest-VolumeQuotaClassesTest-862903493-project-admin] http://10.222.0.42/volume/v3/1254287fde984bce95b195e8f52763e4/os-quota-class-sets/default returned with HTTP 200
Sep 09 13:25:00.119295 dv-cinder-801354-9-smb devstack@c-api.service[113277]: [pid: 113277|app: 0|req: 63/130] 10.222.0.42 () {60 vars in 1295 bytes} [Fri Sep 9 13:24:59 2022] PUT /volume/v3/1254287fde984bce95b195e8f52763e4/os-quota-class-sets/default => generated 1121 bytes in 439 msecs (HTTP/1.1 200) 7 headers in 286 bytes (1 switches on core 0)
Sep 09 13:25:00.126099 dv-cinder-801354-9-smb devstack@c-api.service[113276]: INFO cinder.api.openstack.wsgi [None req-b89c5820-c623-43c7-9fce-860ffaad508f tempest-GroupSnapshotsV319Test-1549285479 tempest-GroupSnapshotsV319Test-1549285479-project] http://10.222.0.42/volume/v3/acc64eddbd634200a389cce92f075a10/group_snapshots/3d73c5ae-522a-4729-a7bc-4a62b4f67037 returned with HTTP 200
Sep 09 13:25:00.133818 dv-cinder-801354-9-smb devstack@c-api.service[113276]: [pid: 113276|app: 0|req: 68/131] 10.222.0.42 () {60 vars in 1390 bytes} [Fri Sep 9 13:25:00 2022] GET /volume/v3/acc64eddbd634200a389cce92f075a10/group_snapshots/3d73c5ae-522a-4729-a7bc-4a62b4f67037 => generated 330 bytes in 40 msecs (HTTP/1.1 200) 7 headers in 286 bytes (1 switches on core 0)
Sep 09 13:25:00.133818 dv-cinder-801354-9-smb devstack@c-api.service[113276]: DEBUG cinder.api.middleware.request_id [None req-47ca5f91-7387-449c-89b7-abd9a3afb818 None None] RequestId filter calling following filter/app {{(pid=113276) _context_setter /opt/stack/cinder/cinder/api/middleware/request_id.py:62}}
Sep 09 13:25:00.134846 dv-cinder-801354-9-smb devstack@c-api.service[113277]: DEBUG cinder.api.middleware.request_id [None req-9e5654c5-39ac-474d-84cf-d2cbc3b45144 None None] RequestId filter calling following filter/app {{(pid=113277) _context_setter /opt/stack/cinder/cinder/api/middleware/request_id.py:62}}
Sep 09 13:25:00.135449 dv-cinder-801354-9-smb devstack@c-api.service[113277]: INFO cinder.api.openstack.wsgi [None req-9e5654c5-39ac-474d-84cf-d2cbc3b45144 tempest-VolumeTypesAccessTest-376467182 tempest-VolumeTypesAccessTest-376467182-project-admin] POST http://10.222.0.42/volume/v3/87a4c4acdd06478f87b8526e8d377f5e/types/c455c74d-3137-4eb4-9df7-677e73498b70/action
Sep 09 13:25:00.136281 dv-cinder-801354-9-smb devstack@c-api.service[113277]: DEBUG cinder.api.openstack.wsgi [None req-9e5654c5-39ac-474d-84cf-d2cbc3b45144 tempest-VolumeTypesAccessTest-376467182 tempest-VolumeTypesAccessTest-376467182-project-admin] Action body: b'{"addProjectAccess": {"project": "e79ac16b681e41f0b39df604bf61026d"}}' {{(pid=113277) get_method /opt/stack/cinder/cinder/api/openstack/wsgi.py:983}}
Sep 09 13:25:00.136684 dv-cinder-801354-9-smb devstack@c-api.service[113277]: DEBUG cinder.api.openstack.wsgi [None req-9e5654c5-39ac-474d-84cf-d2cbc3b45144 tempest-VolumeTypesAccessTest-376467182 tempest-VolumeTypesAccessTest-376467182-project-admin] Action: 'action', calling method: _addProjectAccess, body: {"addProjectAccess": {"project": "e79ac16b681e41f0b39df604bf61026d"}} {{(pid=113277) _process_stack /opt/stack/cinder/cinder/api/openstack/wsgi.py:866}}
Sep 09 13:25:00.149181 dv-cinder-801354-9-smb devstack@c-api.service[113276]: INFO cinder.api.openstack.wsgi [None req-47ca5f91-7387-449c-89b7-abd9a3afb818 tempest-VolumeQuotaClassesTest-862903493 tempest-VolumeQuotaClassesTest-862903493-project-admin] GET http://10.222.0.42/volume/v3/1254287fde984bce95b195e8f52763e4/os-quota-sets/1254287fde984bce95b195e8f52763e4/defaults
Sep 09 13:25:00.150303 dv-cinder-801354-9-smb devstack@c-api.service[113276]: DEBUG cinder.api.openstack.wsgi [None req-47ca5f91-7387-449c-89b7-abd9a3afb818 tempest-VolumeQuotaClassesTest-862903493 tempest-VolumeQuotaClassesTest-862903493-project-admin] Empty body provided in request {{(pid=113276) get_body /opt/stack/cinder/cinder/api/openstack/wsgi.py:715}}
Sep 09 13:25:00.150857 dv-cinder-801354-9-smb devstack@c-api.service[113276]: DEBUG cinder.api.openstack.wsgi [None req-47ca5f91-7387-449c-89b7-abd9a3afb818 tempest-VolumeQuotaClassesTest-862903493 tempest-VolumeQuotaClassesTest-862903493-project-admin] Calling method 'defaults' {{(pid=113276) _process_stack /opt/stack/cinder/cinder/api/openstack/wsgi.py:868}}
Sep 09 13:25:00.175994 dv-cinder-801354-9-smb devstack@c-api.service[113277]: INFO cinder.api.openstack.wsgi [None req-9e5654c5-39ac-474d-84cf-d2cbc3b45144 tempest-VolumeTypesAccessTest-376467182 tempest-VolumeTypesAccessTest-376467182-project-admin] http://10.222.0.42/volume/v3/87a4c4acdd06478f87b8526e8d377f5e/types/c455c74d-3137-4eb4-9df7-677e73498b70/action returned with HTTP 202
Sep 09 13:25:00.180725 dv-cinder-801354-9-smb devstack@c-api.service[113277]: [pid: 113277|app: 0|req: 64/132] 10.222.0.42 () {60 vars in 1361 bytes} [Fri Sep 9 13:25:00 2022] POST /volume/v3/87a4c4acdd06478f87b8526e8d377f5e/types/c455c74d-3137-4eb4-9df7-677e73498b70/action => generated 0 bytes in 57 msecs (HTTP/1.1 202) 6 headers in 233 bytes (1 switches on core 0)
Sep 09 13:25:00.180725 dv-cinder-801354-9-smb devstack@c-api.service[113277]: DEBUG cinder.api.middleware.request_id [None req-dedcdba0-f9e1-4cd9-b31a-59e268421ddb None None] RequestId filter calling following filter/app {{(pid=113277) _context_setter /opt/stack/cinder/cinder/api/middleware/request_id.py:62}}
Sep 09 13:25:00.187318 dv-cinder-801354-9-smb devstack@c-api.service[113276]: WARNING cinder.quota [None req-47ca5f91-7387-449c-89b7-abd9a3afb818 tempest-VolumeQuotaClassesTest-862903493 tempest-VolumeQuotaClassesTest-862903493-project-admin] Deprecated: Default quota for resource: volumes_tempest-VolumeTypesAccessTest-volume-type-503360444 is set by the default quota flag: quota_volumes_tempest-VolumeTypesAccessTest-volume-type-503360444, it is now deprecated. Please use the default quota class for default quota.
Sep 09 13:25:00.188922 dv-cinder-801354-9-smb devstack@c-api.service[113277]: INFO cinder.api.openstack.wsgi [None req-dedcdba0-f9e1-4cd9-b31a-59e268421ddb tempest-GroupSnapshotsV319Test-1549285479 tempest-GroupSnapshotsV319Test-1549285479-project] GET http://10.222.0.42/volume/v3/acc64eddbd634200a389cce92f075a10/snapshots/detail
Sep 09 13:25:00.189469 dv-cinder-801354-9-smb devstack@c-api.service[113277]: DEBUG cinder.api.openstack.wsgi [None req-dedcdba0-f9e1-4cd9-b31a-59e268421ddb tempest-GroupSnapshotsV319Test-1549285479 tempest-GroupSnapshotsV319Test-1549285479-project] Empty body provided in request {{(pid=113277) get_body /opt/stack/cinder/cinder/api/openstack/wsgi.py:715}}
Sep 09 13:25:00.195722 dv-cinder-801354-9-smb devstack@c-api.service[113277]: DEBUG cinder.api.openstack.wsgi [None req-dedcdba0-f9e1-4cd9-b31a-59e268421ddb tempest-GroupSnapshotsV319Test-1549285479 tempest-GroupSnapshotsV319Test-1549285479-project] Calling method 'detail' {{(pid=113277) _process_stack /opt/stack/cinder/cinder/api/openstack/wsgi.py:868}}
Sep 09 13:25:00.196095 dv-cinder-801354-9-smb devstack@c-api.service[113276]: WARNING cinder.quota [None req-47ca5f91-7387-449c-89b7-abd9a3afb818 tempest-VolumeQuotaClassesTest-862903493 tempest-VolumeQuotaClassesTest-862903493-project-admin] Deprecated: Default quota for resource: gigabytes_tempest-VolumeTypesAccessTest-volume-type-503360444 is set by the default quota flag: quota_gigabytes_tempest-VolumeTypesAccessTest-volume-type-503360444, it is now deprecated. Please use the default quota class for default quota.
Sep 09 13:25:00.196095 dv-cinder-801354-9-smb devstack@c-api.service[113276]: WARNING cinder.quota [None req-47ca5f91-7387-449c-89b7-abd9a3afb818 tempest-VolumeQuotaClassesTest-862903493 tempest-VolumeQuotaClassesTest-862903493-project-admin] Deprecated: Default quota for resource: snapshots_tempest-VolumeTypesAccessTest-volume-type-503360444 is set by the default quota flag: quota_snapshots_tempest-VolumeTypesAccessTest-volume-type-503360444, it is now deprecated. Please use the default quota class for default quota.
Sep 09 13:25:00.196095 dv-cinder-801354-9-smb devstack@c-api.service[113276]: WARNING cinder.quota [None req-47ca5f91-7387-449c-89b7-abd9a3afb818 tempest-VolumeQuotaClassesTest-862903493 tempest-VolumeQuotaClassesTest-862903493-project-admin] Deprecated: Default quota for resource: volumes_tempest-GroupsTest-volume-type-730038122 is set by the default quota flag: quota_volumes_tempest-GroupsTest-volume-type-730038122, it is now deprecated. Please use the default quota class for default quota.
Sep 09 13:25:00.196320 dv-cinder-801354-9-smb devstack@c-api.service[113277]: DEBUG cinder.api.api_utils [None req-dedcdba0-f9e1-4cd9-b31a-59e268421ddb tempest-GroupSnapshotsV319Test-1549285479 tempest-GroupSnapshotsV319Test-1549285479-project] Removing options '' from query. {{(pid=113277) remove_invalid_filter_options /opt/stack/cinder/cinder/api/api_utils.py:83}}
Sep 09 13:25:00.196320 dv-cinder-801354-9-smb devstack@c-api.service[113277]: DEBUG cinder.db.sqlalchemy.api [None req-dedcdba0-f9e1-4cd9-b31a-59e268421ddb tempest-GroupSnapshotsV319Test-1549285479 tempest-GroupSnapshotsV319Test-1549285479-project] Building query based on filter {{(pid=113277) _process_snaps_filters /opt/stack/cinder/cinder/db/sqlalchemy/api.py:3885}}
Sep 09 13:25:00.204440 dv-cinder-801354-9-smb devstack@c-api.service[113276]: WARNING cinder.quota [None req-47ca5f91-7387-449c-89b7-abd9a3afb818 tempest-VolumeQuotaClassesTest-862903493 tempest-VolumeQuotaClassesTest-862903493-project-admin] Deprecated: Default quota for resource: gigabytes_tempest-GroupsTest-volume-type-730038122 is set by the default quota flag: quota_gigabytes_tempest-GroupsTest-volume-type-730038122, it is now deprecated. Please use the default quota class for default quota.
Sep 09 13:25:00.205907 dv-cinder-801354-9-smb devstack@c-api.service[113276]: WARNING cinder.quota [None req-47ca5f91-7387-449c-89b7-abd9a3afb818 tempest-VolumeQuotaClassesTest-862903493 tempest-VolumeQuotaClassesTest-862903493-project-admin] Deprecated: Default quota for resource: snapshots_tempest-GroupsTest-volume-type-730038122 is set by the default quota flag: quota_snapshots_tempest-GroupsTest-volume-type-730038122, it is now deprecated. Please use the default quota class for default quota.
Sep 09 13:25:00.206878 dv-cinder-801354-9-smb devstack@c-api.service[113276]: WARNING cinder.quota [None req-47ca5f91-7387-449c-89b7-abd9a3afb818 tempest-VolumeQuotaClassesTest-862903493 tempest-VolumeQuotaClassesTest-862903493-project-admin] Deprecated: Default quota for resource: volumes_tempest-GroupSnapshotsV319Test-volume-type-2093927880 is set by the default quota flag: quota_volumes_tempest-GroupSnapshotsV319Test-volume-type-2093927880, it is now deprecated. Please use the default quota class for default quota.
Sep 09 13:25:00.208882 dv-cinder-801354-9-smb devstack@c-api.service[113276]: WARNING cinder.quota [None req-47ca5f91-7387-449c-89b7-abd9a3afb818 tempest-VolumeQuotaClassesTest-862903493 tempest-VolumeQuotaClassesTest-862903493-project-admin] Deprecated: Default quota for resource: volumes_lvmdriver-1 is set by the default quota flag: quota_volumes_lvmdriver-1, it is now deprecated. Please use the default quota class for default quota.
Sep 09 13:25:00.211188 dv-cinder-801354-9-smb devstack@c-api.service[113276]: WARNING cinder.quota [None req-47ca5f91-7387-449c-89b7-abd9a3afb818 tempest-VolumeQuotaClassesTest-862903493 tempest-VolumeQuotaClassesTest-862903493-project-admin] Deprecated: Default quota for resource: gigabytes_lvmdriver-1 is set by the default quota flag: quota_gigabytes_lvmdriver-1, it is now deprecated. Please use the default quota class for default quota.
Sep 09 13:25:00.211941 dv-cinder-801354-9-smb devstack@c-api.service[113276]: WARNING cinder.quota [None req-47ca5f91-7387-449c-89b7-abd9a3afb818 tempest-VolumeQuotaClassesTest-862903493 tempest-VolumeQuotaClassesTest-862903493-project-admin] Deprecated: Default quota for resource: snapshots_lvmdriver-1 is set by the default quota flag: quota_snapshots_lvmdriver-1, it is now deprecated. Please use the default quota class for default quota.
Sep 09 13:25:00.217551 dv-cinder-801354-9-smb devstack@c-api.service[113276]: WARNING cinder.quota [None req-47ca5f91-7387-449c-89b7-abd9a3afb818 tempest-VolumeQuotaClassesTest-862903493 tempest-VolumeQuotaClassesTest-862903493-project-admin] Deprecated: Default quota for resource: snapshots___DEFAULT__ is set by the default quota flag: quota_snapshots___DEFAULT__, it is now deprecated. Please use the default quota class for default quota.
Sep 09 13:25:00.237602 dv-cinder-801354-9-smb devstack@c-api.service[113276]: INFO cinder.api.openstack.wsgi [None req-47ca5f91-7387-449c-89b7-abd9a3afb818 tempest-VolumeQuotaClassesTest-862903493 tempest-VolumeQuotaClassesTest-862903493-project-admin] http://10.222.0.42/volume/v3/1254287fde984bce95b195e8f52763e4/os-quota-sets/1254287fde984bce95b195e8f52763e4/defaults returned with HTTP 200
Sep 09 13:25:00.239254 dv-cinder-801354-9-smb devstack@c-api.service[113276]: [pid: 113276|app: 0|req: 69/133] 10.222.0.42 () {58 vars in 1358 bytes} [Fri Sep 9 13:25:00 2022] GET /volume/v3/1254287fde984bce95b195e8f52763e4/os-quota-sets/1254287fde984bce95b195e8f52763e4/defaults => generated 1157 bytes in 111 msecs (HTTP/1.1 200) 7 headers in 286 bytes (1 switches on core 0)
Sep 09 13:25:00.240871 dv-cinder-801354-9-smb devstack@c-api.service[113276]: DEBUG cinder.api.middleware.request_id [None req-11ae997a-d096-471e-acdd-f23dc7c17b84 None None] RequestId filter calling following filter/app {{(pid=113276) _context_setter /opt/stack/cinder/cinder/api/middleware/request_id.py:62}}
Sep 09 13:25:00.249768 dv-cinder-801354-9-smb devstack@c-api.service[113276]: INFO cinder.api.openstack.wsgi [None req-11ae997a-d096-471e-acdd-f23dc7c17b84 tempest-VolumeTypesAccessTest-966736455 tempest-VolumeTypesAccessTest-966736455-project] POST http://10.222.0.42/volume/v3/e79ac16b681e41f0b39df604bf61026d/volumes
Sep 09 13:25:00.250508 dv-cinder-801354-9-smb devstack@c-api.service[113276]: DEBUG cinder.api.openstack.wsgi [None req-11ae997a-d096-471e-acdd-f23dc7c17b84 tempest-VolumeTypesAccessTest-966736455 tempest-VolumeTypesAccessTest-966736455-project] Action: 'create', calling method: create, body: {"volume": {"volume_type": "c455c74d-3137-4eb4-9df7-677e73498b70", "size": 1, "name": "tempest-VolumeTypesAccessTest-Volume-1106451005"}} {{(pid=113276) _process_stack /opt/stack/cinder/cinder/api/openstack/wsgi.py:866}}
Sep 09 13:25:00.258997 dv-cinder-801354-9-smb devstack@c-api.service[113277]: INFO cinder.volume.api [None req-dedcdba0-f9e1-4cd9-b31a-59e268421ddb tempest-GroupSnapshotsV319Test-1549285479 tempest-GroupSnapshotsV319Test-1549285479-project] Get all snapshots completed successfully.
Sep 09 13:25:00.259868 dv-cinder-801354-9-smb devstack@c-api.service[113277]: /usr/local/lib/python3.8/dist-packages/oslo_context/context.py:100: DeprecationWarning: Policy enforcement is depending on the value of is_admin. This key is deprecated. Please update your policy file to use the standard policy values.
Sep 09 13:25:00.259868 dv-cinder-801354-9-smb devstack@c-api.service[113277]: warnings.warn('Policy enforcement is depending on the value of '
Sep 09 13:25:00.261132 dv-cinder-801354-9-smb devstack@c-api.service[113277]: INFO cinder.api.openstack.wsgi [None req-dedcdba0-f9e1-4cd9-b31a-59e268421ddb tempest-GroupSnapshotsV319Test-1549285479 tempest-GroupSnapshotsV319Test-1549285479-project] http://10.222.0.42/volume/v3/acc64eddbd634200a389cce92f075a10/snapshots/detail returned with HTTP 200
Sep 09 13:25:00.263296 dv-cinder-801354-9-smb devstack@c-api.service[113276]: DEBUG cinder.api.v3.volumes [None req-11ae997a-d096-471e-acdd-f23dc7c17b84 tempest-VolumeTypesAccessTest-966736455 tempest-VolumeTypesAccessTest-966736455-project] Create volume request body: {'volume': {'volume_type': 'c455c74d-3137-4eb4-9df7-677e73498b70', 'size': 1, 'name': 'tempest-VolumeTypesAccessTest-Volume-1106451005'}} {{(pid=113276) create /opt/stack/cinder/cinder/api/v3/volumes.py:298}}
Sep 09 13:25:00.266856 dv-cinder-801354-9-smb devstack@c-api.service[113277]: [pid: 113277|app: 0|req: 65/134] 10.222.0.42 () {58 vars in 1241 bytes} [Fri Sep 9 13:25:00 2022] GET /volume/v3/acc64eddbd634200a389cce92f075a10/snapshots/detail => generated 542 bytes in 89 msecs (HTTP/1.1 200) 7 headers in 285 bytes (1 switches on core 0)
Sep 09 13:25:00.272351 dv-cinder-801354-9-smb devstack@c-api.service[113276]: INFO cinder.api.v3.volumes [None req-11ae997a-d096-471e-acdd-f23dc7c17b84 tempest-VolumeTypesAccessTest-966736455 tempest-VolumeTypesAccessTest-966736455-project] Create volume of 1 GB
Sep 09 13:25:00.274332 dv-cinder-801354-9-smb devstack@c-api.service[113277]: DEBUG cinder.api.middleware.request_id [None req-18c26015-3110-4604-a233-d87ee1ca27c3 None None] RequestId filter calling following filter/app {{(pid=113277) _context_setter /opt/stack/cinder/cinder/api/middleware/request_id.py:62}}
Sep 09 13:25:00.279114 dv-cinder-801354-9-smb devstack@c-api.service[113277]: INFO cinder.api.openstack.wsgi [None req-18c26015-3110-4604-a233-d87ee1ca27c3 tempest-GroupSnapshotsV319Test-1549285479 tempest-GroupSnapshotsV319Test-1549285479-project] GET http://10.222.0.42/volume/v3/acc64eddbd634200a389cce92f075a10/snapshots/2c506663-b7fc-4126-b28c-99ed6459a213
Sep 09 13:25:00.279566 dv-cinder-801354-9-smb devstack@c-api.service[113277]: DEBUG cinder.api.openstack.wsgi [None req-18c26015-3110-4604-a233-d87ee1ca27c3 tempest-GroupSnapshotsV319Test-1549285479 tempest-GroupSnapshotsV319Test-1549285479-project] Empty body provided in request {{(pid=113277) get_body /opt/stack/cinder/cinder/api/openstack/wsgi.py:715}}
Sep 09 13:25:00.280022 dv-cinder-801354-9-smb devstack@c-api.service[113277]: DEBUG cinder.api.openstack.wsgi [None req-18c26015-3110-4604-a233-d87ee1ca27c3 tempest-GroupSnapshotsV319Test-1549285479 tempest-GroupSnapshotsV319Test-1549285479-project] Calling method 'show' {{(pid=113277) _process_stack /opt/stack/cinder/cinder/api/openstack/wsgi.py:868}}
Sep 09 13:25:00.282570 dv-cinder-801354-9-smb devstack@c-api.service[113276]: /usr/local/lib/python3.8/dist-packages/oslo_context/context.py:100: DeprecationWarning: Policy enforcement is depending on the value of is_admin. This key is deprecated. Please update your policy file to use the standard policy values.
Sep 09 13:25:00.282570 dv-cinder-801354-9-smb devstack@c-api.service[113276]: warnings.warn('Policy enforcement is depending on the value of '
Sep 09 13:25:00.283750 dv-cinder-801354-9-smb devstack@c-api.service[113276]: INFO cinder.volume.api [None req-11ae997a-d096-471e-acdd-f23dc7c17b84 tempest-VolumeTypesAccessTest-966736455 tempest-VolumeTypesAccessTest-966736455-project] Availability Zones retrieved successfully.
Sep 09 13:25:00.302619 dv-cinder-801354-9-smb devstack@c-api.service[113277]: /usr/local/lib/python3.8/dist-packages/oslo_context/context.py:100: DeprecationWarning: Policy enforcement is depending on the value of is_admin. This key is deprecated. Please update your policy file to use the standard policy values.
Sep 09 13:25:00.302619 dv-cinder-801354-9-smb devstack@c-api.service[113277]: warnings.warn('Policy enforcement is depending on the value of '
Sep 09 13:25:00.303639 dv-cinder-801354-9-smb devstack@c-api.service[113277]: INFO cinder.volume.api [None req-18c26015-3110-4604-a233-d87ee1ca27c3 tempest-GroupSnapshotsV319Test-1549285479 tempest-GroupSnapshotsV319Test-1549285479-project] Snapshot retrieved successfully.
Sep 09 13:25:00.313008 dv-cinder-801354-9-smb devstack@c-api.service[113276]: DEBUG cinder.volume.api [None req-11ae997a-d096-471e-acdd-f23dc7c17b84 tempest-VolumeTypesAccessTest-966736455 tempest-VolumeTypesAccessTest-966736455-project] Flow 'volume_create_api' (42ea7167-8535-4c61-9322-a01b133480c5) transitioned into state 'RUNNING' from state 'PENDING' {{(pid=113276) _flow_receiver /usr/local/lib/python3.8/dist-packages/taskflow/listeners/logging.py:141}}
Sep 09 13:25:00.316106 dv-cinder-801354-9-smb devstack@c-api.service[113277]: INFO cinder.api.openstack.wsgi [None req-18c26015-3110-4604-a233-d87ee1ca27c3 tempest-GroupSnapshotsV319Test-1549285479 tempest-GroupSnapshotsV319Test-1549285479-project] http://10.222.0.42/volume/v3/acc64eddbd634200a389cce92f075a10/snapshots/2c506663-b7fc-4126-b28c-99ed6459a213 returned with HTTP 200
Sep 09 13:25:00.317140 dv-cinder-801354-9-smb devstack@c-api.service[113277]: [pid: 113277|app: 0|req: 66/135] 10.222.0.42 () {58 vars in 1331 bytes} [Fri Sep 9 13:25:00 2022] GET /volume/v3/acc64eddbd634200a389cce92f075a10/snapshots/2c506663-b7fc-4126-b28c-99ed6459a213 => generated 539 bytes in 44 msecs (HTTP/1.1 200) 7 headers in 285 bytes (2 switches on core 0)
Sep 09 13:25:00.319639 dv-cinder-801354-9-smb devstack@c-api.service[113276]: DEBUG cinder.volume.api [None req-11ae997a-d096-471e-acdd-f23dc7c17b84 tempest-VolumeTypesAccessTest-966736455 tempest-VolumeTypesAccessTest-966736455-project] Task 'cinder.volume.flows.api.create_volume.ExtractVolumeRequestTask;volume:create' (cf3829af-790f-4efe-8387-6445c3c33600) transitioned into state 'RUNNING' from state 'PENDING' {{(pid=113276) _task_receiver /usr/local/lib/python3.8/dist-packages/taskflow/listeners/logging.py:190}}
Sep 09 13:25:00.323050 dv-cinder-801354-9-smb devstack@c-api.service[113276]: DEBUG cinder.volume.flows.api.create_volume [None req-11ae997a-d096-471e-acdd-f23dc7c17b84 tempest-VolumeTypesAccessTest-966736455 tempest-VolumeTypesAccessTest-966736455-project] Validating volume size '1' using validate_int {{(pid=113276) _extract_size /opt/stack/cinder/cinder/volume/flows/api/create_volume.py:228}}
Sep 09 13:25:00.326412 dv-cinder-801354-9-smb devstack@c-api.service[113277]: DEBUG cinder.api.middleware.request_id [None req-d3492d64-cbc3-4f5c-b310-10988647cef9 None None] RequestId filter calling following filter/app {{(pid=113277) _context_setter /opt/stack/cinder/cinder/api/middleware/request_id.py:62}}
Sep 09 13:25:00.332830 dv-cinder-801354-9-smb devstack@c-api.service[113277]: INFO cinder.api.openstack.wsgi [None req-d3492d64-cbc3-4f5c-b310-10988647cef9 tempest-GroupSnapshotsV319Test-556261909 tempest-GroupSnapshotsV319Test-556261909-project-admin] POST http://10.222.0.42/volume/v3/939b1fd9d56c44a29705d1603ead4575/group_snapshots/3d73c5ae-522a-4729-a7bc-4a62b4f67037/action
Sep 09 13:25:00.333827 dv-cinder-801354-9-smb devstack@c-api.service[113277]: DEBUG cinder.api.openstack.wsgi [None req-d3492d64-cbc3-4f5c-b310-10988647cef9 tempest-GroupSnapshotsV319Test-556261909 tempest-GroupSnapshotsV319Test-556261909-project-admin] Action body: b'{"reset_status": {"status": "creating"}}' {{(pid=113277) get_method /opt/stack/cinder/cinder/api/openstack/wsgi.py:983}}
Sep 09 13:25:00.334351 dv-cinder-801354-9-smb devstack@c-api.service[113277]: DEBUG cinder.api.openstack.wsgi [None req-d3492d64-cbc3-4f5c-b310-10988647cef9 tempest-GroupSnapshotsV319Test-556261909 tempest-GroupSnapshotsV319Test-556261909-project-admin] Action: 'action', calling method: version_select, body: {"reset_status": {"status": "creating"}} {{(pid=113277) _process_stack /opt/stack/cinder/cinder/api/openstack/wsgi.py:866}}
Sep 09 13:25:00.336570 dv-cinder-801354-9-smb devstack@c-api.service[113277]: DEBUG cinder.api.v3.group_snapshots [None req-d3492d64-cbc3-4f5c-b310-10988647cef9 tempest-GroupSnapshotsV319Test-556261909 tempest-GroupSnapshotsV319Test-556261909-project-admin] Updating group '3d73c5ae-522a-4729-a7bc-4a62b4f67037' with 'creating' {{(pid=113277) _reset_status /opt/stack/cinder/cinder/api/v3/group_snapshots.py:194}}
Sep 09 13:25:00.351474 dv-cinder-801354-9-smb devstack@c-api.service[113276]: DEBUG dbcounter [-] [113276] Writing DB stats cinder:SELECT=79,cinder:INSERT=9,cinder:UPDATE=12 {{(pid=113276) stat_writer /usr/local/lib/python3.8/dist-packages/dbcounter.py:114}}
Sep 09 13:25:00.381430 dv-cinder-801354-9-smb devstack@c-api.service[113277]: /usr/local/lib/python3.8/dist-packages/oslo_context/context.py:100: DeprecationWarning: Policy enforcement is depending on the value of is_admin. This key is deprecated. Please update your policy file to use the standard policy values.
Sep 09 13:25:00.381430 dv-cinder-801354-9-smb devstack@c-api.service[113277]: warnings.warn('Policy enforcement is depending on the value of '
Sep 09 13:25:00.390208 dv-cinder-801354-9-smb devstack@c-api.service[113276]: DEBUG cinder.volume.api [None req-11ae997a-d096-471e-acdd-f23dc7c17b84 tempest-VolumeTypesAccessTest-966736455 tempest-VolumeTypesAccessTest-966736455-project] Task 'cinder.volume.flows.api.create_volume.ExtractVolumeRequestTask;volume:create' (cf3829af-790f-4efe-8387-6445c3c33600) transitioned into state 'SUCCESS' from state 'RUNNING' with result '{'size': 1, 'snapshot_id': None, 'source_volid': None, 'volume_type': VolumeType(created_at=2022-09-09T13:25:00Z,deleted=False,deleted_at=None,description=None,extra_specs={},id=c455c74d-3137-4eb4-9df7-677e73498b70,is_public=False,name='tempest-VolumeTypesAccessTest-volume-type-503360444',projects=[],qos_specs=,qos_specs_id=None,updated_at=None), 'volume_type_id': 'c455c74d-3137-4eb4-9df7-677e73498b70', 'encryption_key_id': None, 'qos_specs': None, 'consistencygroup_id': None, 'cgsnapshot_id': None, 'group_id': None, 'replication_status': 'disabled', 'refresh_az': False, 'backup_id': None, 'multiattach': False, 'availability_zones': ['nova']}' {{(pid=113276) _task_receiver /usr/local/lib/python3.8/dist-packages/taskflow/listeners/logging.py:178}}
Sep 09 13:25:00.397366 dv-cinder-801354-9-smb devstack@c-api.service[113276]: DEBUG cinder.volume.api [None req-11ae997a-d096-471e-acdd-f23dc7c17b84 tempest-VolumeTypesAccessTest-966736455 tempest-VolumeTypesAccessTest-966736455-project] Task 'cinder.volume.flows.api.create_volume.QuotaReserveTask;volume:create' (14535340-1bf0-469f-9fe6-8060d64457e9) transitioned into state 'RUNNING' from state 'PENDING' {{(pid=113276) _task_receiver /usr/local/lib/python3.8/dist-packages/taskflow/listeners/logging.py:190}}
Sep 09 13:25:00.436652 dv-cinder-801354-9-smb devstack@c-api.service[113277]: INFO cinder.api.openstack.wsgi [None req-d3492d64-cbc3-4f5c-b310-10988647cef9 tempest-GroupSnapshotsV319Test-556261909 tempest-GroupSnapshotsV319Test-556261909-project-admin] http://10.222.0.42/volume/v3/939b1fd9d56c44a29705d1603ead4575/group_snapshots/3d73c5ae-522a-4729-a7bc-4a62b4f67037/action returned with HTTP 202
Sep 09 13:25:00.441233 dv-cinder-801354-9-smb devstack@c-api.service[113277]: [pid: 113277|app: 0|req: 67/136] 10.222.0.42 () {62 vars in 1432 bytes} [Fri Sep 9 13:25:00 2022] POST /volume/v3/939b1fd9d56c44a29705d1603ead4575/group_snapshots/3d73c5ae-522a-4729-a7bc-4a62b4f67037/action => generated 0 bytes in 115 msecs (HTTP/1.1 202) 6 headers in 234 bytes (2 switches on core 0)
Sep 09 13:25:00.445137 dv-cinder-801354-9-smb devstack@c-api.service[113277]: DEBUG cinder.api.middleware.request_id [None req-36dfbacc-58a5-46e4-987b-6591b4b28a2b None None] RequestId filter calling following filter/app {{(pid=113277) _context_setter /opt/stack/cinder/cinder/api/middleware/request_id.py:62}}
Sep 09 13:25:00.462602 dv-cinder-801354-9-smb devstack@c-api.service[113277]: INFO cinder.api.openstack.wsgi [None req-36dfbacc-58a5-46e4-987b-6591b4b28a2b tempest-GroupSnapshotsV319Test-1549285479 tempest-GroupSnapshotsV319Test-1549285479-project] GET http://10.222.0.42/volume/v3/acc64eddbd634200a389cce92f075a10/group_snapshots/3d73c5ae-522a-4729-a7bc-4a62b4f67037
Sep 09 13:25:00.467185 dv-cinder-801354-9-smb devstack@c-api.service[113277]: DEBUG cinder.api.openstack.wsgi [None req-36dfbacc-58a5-46e4-987b-6591b4b28a2b tempest-GroupSnapshotsV319Test-1549285479 tempest-GroupSnapshotsV319Test-1549285479-project] Empty body provided in request {{(pid=113277) get_body /opt/stack/cinder/cinder/api/openstack/wsgi.py:715}}
Sep 09 13:25:00.470063 dv-cinder-801354-9-smb devstack@c-api.service[113277]: DEBUG cinder.api.openstack.wsgi [None req-36dfbacc-58a5-46e4-987b-6591b4b28a2b tempest-GroupSnapshotsV319Test-1549285479 tempest-GroupSnapshotsV319Test-1549285479-project] Calling method 'version_select' {{(pid=113277) _process_stack /opt/stack/cinder/cinder/api/openstack/wsgi.py:868}}
Sep 09 13:25:00.472118 dv-cinder-801354-9-smb devstack@c-api.service[113277]: DEBUG cinder.api.v3.group_snapshots [None req-36dfbacc-58a5-46e4-987b-6591b4b28a2b tempest-GroupSnapshotsV319Test-1549285479 tempest-GroupSnapshotsV319Test-1549285479-project] show called for member 3d73c5ae-522a-4729-a7bc-4a62b4f67037 {{(pid=113277) show /opt/stack/cinder/cinder/api/v3/group_snapshots.py:58}}
Sep 09 13:25:00.504097 dv-cinder-801354-9-smb devstack@c-api.service[113277]: /usr/local/lib/python3.8/dist-packages/oslo_context/context.py:100: DeprecationWarning: Policy enforcement is depending on the value of is_admin. This key is deprecated. Please update your policy file to use the standard policy values.
Sep 09 13:25:00.504097 dv-cinder-801354-9-smb devstack@c-api.service[113277]: warnings.warn('Policy enforcement is depending on the value of '
Sep 09 13:25:00.518382 dv-cinder-801354-9-smb devstack@c-api.service[113277]: INFO cinder.api.openstack.wsgi [None req-36dfbacc-58a5-46e4-987b-6591b4b28a2b tempest-GroupSnapshotsV319Test-1549285479 tempest-GroupSnapshotsV319Test-1549285479-project] http://10.222.0.42/volume/v3/acc64eddbd634200a389cce92f075a10/group_snapshots/3d73c5ae-522a-4729-a7bc-4a62b4f67037 returned with HTTP 200
Sep 09 13:25:00.519709 dv-cinder-801354-9-smb devstack@c-api.service[113277]: [pid: 113277|app: 0|req: 68/137] 10.222.0.42 () {60 vars in 1390 bytes} [Fri Sep 9 13:25:00 2022] GET /volume/v3/acc64eddbd634200a389cce92f075a10/group_snapshots/3d73c5ae-522a-4729-a7bc-4a62b4f67037 => generated 329 bytes in 76 msecs (HTTP/1.1 200) 7 headers in 286 bytes (1 switches on core 0)
Sep 09 13:25:00.521408 dv-cinder-801354-9-smb devstack@c-api.service[113277]: DEBUG cinder.api.middleware.request_id [None req-817126fe-1b25-481c-b0cc-db09ba4524f8 None None] RequestId filter calling following filter/app {{(pid=113277) _context_setter /opt/stack/cinder/cinder/api/middleware/request_id.py:62}}
Sep 09 13:25:00.531161 dv-cinder-801354-9-smb devstack@c-api.service[113277]: INFO cinder.api.openstack.wsgi [None req-817126fe-1b25-481c-b0cc-db09ba4524f8 tempest-GroupsTest-21796687 tempest-GroupsTest-21796687-project] GET http://10.222.0.42/volume/v3/b7b970e6ecc7403b9a284aa204af426d/volumes/db47a44f-b2a1-4453-9dde-f5b898151449
Sep 09 13:25:00.531666 dv-cinder-801354-9-smb devstack@c-api.service[113277]: DEBUG cinder.api.openstack.wsgi [None req-817126fe-1b25-481c-b0cc-db09ba4524f8 tempest-GroupsTest-21796687 tempest-GroupsTest-21796687-project] Empty body provided in request {{(pid=113277) get_body /opt/stack/cinder/cinder/api/openstack/wsgi.py:715}}
Sep 09 13:25:00.532121 dv-cinder-801354-9-smb devstack@c-api.service[113277]: DEBUG cinder.api.openstack.wsgi [None req-817126fe-1b25-481c-b0cc-db09ba4524f8 tempest-GroupsTest-21796687 tempest-GroupsTest-21796687-project] Calling method 'show' {{(pid=113277) _process_stack /opt/stack/cinder/cinder/api/openstack/wsgi.py:868}}
Sep 09 13:25:00.568765 dv-cinder-801354-9-smb devstack@c-api.service[113277]: /usr/local/lib/python3.8/dist-packages/oslo_context/context.py:100: DeprecationWarning: Policy enforcement is depending on the value of is_admin. This key is deprecated. Please update your policy file to use the standard policy values.
Sep 09 13:25:00.568765 dv-cinder-801354-9-smb devstack@c-api.service[113277]: warnings.warn('Policy enforcement is depending on the value of '
Sep 09 13:25:00.580249 dv-cinder-801354-9-smb devstack@c-api.service[113276]: DEBUG cinder.quota [None req-11ae997a-d096-471e-acdd-f23dc7c17b84 tempest-VolumeTypesAccessTest-966736455 tempest-VolumeTypesAccessTest-966736455-project] Created reservations ['c5d512f9-6759-4ef5-9ded-24e699418b0d', '6a220a7e-6931-4539-932f-d0018f7757c5', '3f8985d5-978d-403d-815e-e0167dbee8f1', '407021bd-a640-4a00-b505-50ac6e96a505'] {{(pid=113276) reserve /opt/stack/cinder/cinder/quota.py:755}}
Sep 09 13:25:00.582831 dv-cinder-801354-9-smb devstack@c-api.service[113276]: DEBUG cinder.volume.api [None req-11ae997a-d096-471e-acdd-f23dc7c17b84 tempest-VolumeTypesAccessTest-966736455 tempest-VolumeTypesAccessTest-966736455-project] Task 'cinder.volume.flows.api.create_volume.QuotaReserveTask;volume:create' (14535340-1bf0-469f-9fe6-8060d64457e9) transitioned into state 'SUCCESS' from state 'RUNNING' with result '{'reservations': ['c5d512f9-6759-4ef5-9ded-24e699418b0d', '6a220a7e-6931-4539-932f-d0018f7757c5', '3f8985d5-978d-403d-815e-e0167dbee8f1', '407021bd-a640-4a00-b505-50ac6e96a505']}' {{(pid=113276) _task_receiver /usr/local/lib/python3.8/dist-packages/taskflow/listeners/logging.py:178}}
Sep 09 13:25:00.585721 dv-cinder-801354-9-smb devstack@c-api.service[113277]: INFO cinder.volume.api [None req-817126fe-1b25-481c-b0cc-db09ba4524f8 tempest-GroupsTest-21796687 tempest-GroupsTest-21796687-project] Volume info retrieved successfully.
Sep 09 13:25:00.587286 dv-cinder-801354-9-smb devstack@c-api.service[113277]: WARNING stevedore.named [None req-817126fe-1b25-481c-b0cc-db09ba4524f8 tempest-GroupsTest-21796687 tempest-GroupsTest-21796687-project] Could not load cinder.keymgr.conf_key_mgr.ConfKeyManager
Sep 09 13:25:00.587818 dv-cinder-801354-9-smb devstack@c-api.service[113277]: WARNING castellan.key_manager [None req-817126fe-1b25-481c-b0cc-db09ba4524f8 tempest-GroupsTest-21796687 tempest-GroupsTest-21796687-project] Deprecation Warning : cinder.keymgr.conf_key_mgr.ConfKeyManager is not a stevedore based driver, trying to load it as a class: stevedore.exception.NoMatches: No 'castellan.drivers' driver found, looking for 'cinder.keymgr.conf_key_mgr.ConfKeyManager'
Sep 09 13:25:00.588790 dv-cinder-801354-9-smb devstack@c-api.service[113276]: DEBUG cinder.volume.api [None req-11ae997a-d096-471e-acdd-f23dc7c17b84 tempest-VolumeTypesAccessTest-966736455 tempest-VolumeTypesAccessTest-966736455-project] Task 'cinder.volume.flows.api.create_volume.EntryCreateTask;volume:create' (2dbe0aad-c5fb-4f0b-a2ad-fc8e3a42ea4d) transitioned into state 'RUNNING' from state 'PENDING' {{(pid=113276) _task_receiver /usr/local/lib/python3.8/dist-packages/taskflow/listeners/logging.py:190}}
Sep 09 13:25:00.604087 dv-cinder-801354-9-smb devstack@c-api.service[113277]: DEBUG oslo_db.sqlalchemy.engines [None req-817126fe-1b25-481c-b0cc-db09ba4524f8 tempest-GroupsTest-21796687 tempest-GroupsTest-21796687-project] MySQL server mode set to STRICT_TRANS_TABLES,STRICT_ALL_TABLES,NO_ZERO_IN_DATE,NO_ZERO_DATE,ERROR_FOR_DIVISION_BY_ZERO,TRADITIONAL,NO_ENGINE_SUBSTITUTION {{(pid=113277) _check_effective_sql_mode /usr/local/lib/python3.8/dist-packages/oslo_db/sqlalchemy/engines.py:314}}
Sep 09 13:25:00.611186 dv-cinder-801354-9-smb devstack@c-api.service[113277]: /usr/local/lib/python3.8/dist-packages/oslo_context/context.py:100: DeprecationWarning: Policy enforcement is depending on the value of is_admin. This key is deprecated. Please update your policy file to use the standard policy values.
Sep 09 13:25:00.611186 dv-cinder-801354-9-smb devstack@c-api.service[113277]: warnings.warn('Policy enforcement is depending on the value of '
Sep 09 13:25:00.641914 dv-cinder-801354-9-smb devstack@c-api.service[113277]: INFO cinder.api.openstack.wsgi [None req-817126fe-1b25-481c-b0cc-db09ba4524f8 tempest-GroupsTest-21796687 tempest-GroupsTest-21796687-project] http://10.222.0.42/volume/v3/b7b970e6ecc7403b9a284aa204af426d/volumes/db47a44f-b2a1-4453-9dde-f5b898151449 returned with HTTP 200
Sep 09 13:25:00.664648 dv-cinder-801354-9-smb devstack@c-api.service[113277]: [pid: 113277|app: 0|req: 69/138] 10.222.0.42 () {60 vars in 1366 bytes} [Fri Sep 9 13:25:00 2022] GET /volume/v3/b7b970e6ecc7403b9a284aa204af426d/volumes/db47a44f-b2a1-4453-9dde-f5b898151449 => generated 972 bytes in 123 msecs (HTTP/1.1 200) 7 headers in 286 bytes (1 switches on core 0)
Sep 09 13:25:00.664648 dv-cinder-801354-9-smb devstack@c-api.service[113277]: DEBUG cinder.api.middleware.request_id [None req-66d6ca26-d606-43f7-8081-b9ba29433a03 None None] RequestId filter calling following filter/app {{(pid=113277) _context_setter /opt/stack/cinder/cinder/api/middleware/request_id.py:62}}
Sep 09 13:25:00.669471 dv-cinder-801354-9-smb devstack@c-api.service[113276]: DEBUG cinder.volume.api [None req-11ae997a-d096-471e-acdd-f23dc7c17b84 tempest-VolumeTypesAccessTest-966736455 tempest-VolumeTypesAccessTest-966736455-project] Task 'cinder.volume.flows.api.create_volume.EntryCreateTask;volume:create' (2dbe0aad-c5fb-4f0b-a2ad-fc8e3a42ea4d) transitioned into state 'SUCCESS' from state 'RUNNING' with result '{'volume_id': '35766413-7d0a-4803-a827-7e006f74281c', 'volume_properties': VolumeProperties(attach_status='detached',availability_zone='nova',cgsnapshot_id=None,consistencygroup_id=None,display_description=None,display_name='tempest-VolumeTypesAccessTest-Volume-1106451005',encryption_key_id=None,group_id=None,group_type_id=,metadata={},multiattach=False,project_id='e79ac16b681e41f0b39df604bf61026d',qos_specs=None,replication_status=,reservations=['c5d512f9-6759-4ef5-9ded-24e699418b0d','6a220a7e-6931-4539-932f-d0018f7757c5','3f8985d5-978d-403d-815e-e0167dbee8f1','407021bd-a640-4a00-b505-50ac6e96a505'],size=1,snapshot_id=None,source_replicaid=,source_volid=None,status='creating',user_id='677450a65fef4513849d62c956dff7fc',volume_type_id=c455c74d-3137-4eb4-9df7-677e73498b70), 'volume': Volume(_name_id=None,admin_metadata=,attach_status='detached',availability_zone='nova',bootable=False,cluster=,cluster_name=None,consistencygroup=,consistencygroup_id=None,created_at=2022-09-09T13:25:00Z,deleted=False,deleted_at=None,display_description=None,display_name='tempest-VolumeTypesAccessTest-Volume-1106451005',ec2_id=None,encryption_key_id=None,glance_metadata=,group=,group_id=None,host=None,id=35766413-7d0a-4803-a827-7e006f74281c,launched_at=None,metadata={},migration_status=None,multiattach=False,previous_status=None,project_id='e79ac16b681e41f0b39df604bf61026d',provider_auth=None,provider_geometry=None,provider_id=None,provider_location=None,replication_driver_data=None,replication_extended_status=None,replication_status=None,scheduled_at=None,service_uuid=None,shared_targets=True,size=1,snapshot_id=None,snapshots=,source_volid=None,status='creating',terminated_at=None,updated_at=None,use_quota=True,user_id='677450a65fef4513849d62c956dff7fc',volume_attachment=VolumeAttachmentList,volume_type=VolumeType(c455c74d-3137-4eb4-9df7-677e73498b70),volume_type_id=c455c74d-3137-4eb4-9df7-677e73498b70)}' {{(pid=113276) _task_receiver /usr/local/lib/python3.8/dist-packages/taskflow/listeners/logging.py:178}}
Sep 09 13:25:00.669709 dv-cinder-801354-9-smb devstack@c-api.service[113277]: INFO cinder.api.openstack.wsgi [None req-66d6ca26-d606-43f7-8081-b9ba29433a03 tempest-GroupSnapshotsV319Test-556261909 tempest-GroupSnapshotsV319Test-556261909-project-admin] POST http://10.222.0.42/volume/v3/939b1fd9d56c44a29705d1603ead4575/group_snapshots/3d73c5ae-522a-4729-a7bc-4a62b4f67037/action
Sep 09 13:25:00.670302 dv-cinder-801354-9-smb devstack@c-api.service[113277]: DEBUG cinder.api.openstack.wsgi [None req-66d6ca26-d606-43f7-8081-b9ba29433a03 tempest-GroupSnapshotsV319Test-556261909 tempest-GroupSnapshotsV319Test-556261909-project-admin] Action body: b'{"reset_status": {"status": "available"}}' {{(pid=113277) get_method /opt/stack/cinder/cinder/api/openstack/wsgi.py:983}}
Sep 09 13:25:00.670779 dv-cinder-801354-9-smb devstack@c-api.service[113277]: DEBUG cinder.api.openstack.wsgi [None req-66d6ca26-d606-43f7-8081-b9ba29433a03 tempest-GroupSnapshotsV319Test-556261909 tempest-GroupSnapshotsV319Test-556261909-project-admin] Action: 'action', calling method: reset_status, body: {"reset_status": {"status": "available"}} {{(pid=113277) _process_stack /opt/stack/cinder/cinder/api/openstack/wsgi.py:866}}
Sep 09 13:25:00.672839 dv-cinder-801354-9-smb devstack@c-api.service[113277]: DEBUG cinder.api.v3.group_snapshots [None req-66d6ca26-d606-43f7-8081-b9ba29433a03 tempest-GroupSnapshotsV319Test-556261909 tempest-GroupSnapshotsV319Test-556261909-project-admin] Updating group '3d73c5ae-522a-4729-a7bc-4a62b4f67037' with 'available' {{(pid=113277) _reset_status /opt/stack/cinder/cinder/api/v3/group_snapshots.py:194}}
Sep 09 13:25:00.680988 dv-cinder-801354-9-smb devstack@c-api.service[113277]: /usr/local/lib/python3.8/dist-packages/oslo_context/context.py:100: DeprecationWarning: Policy enforcement is depending on the value of is_admin. This key is deprecated. Please update your policy file to use the standard policy values.
Sep 09 13:25:00.680988 dv-cinder-801354-9-smb devstack@c-api.service[113277]: warnings.warn('Policy enforcement is depending on the value of '
Sep 09 13:25:00.684221 dv-cinder-801354-9-smb devstack@c-api.service[113276]: DEBUG cinder.volume.api [None req-11ae997a-d096-471e-acdd-f23dc7c17b84 tempest-VolumeTypesAccessTest-966736455 tempest-VolumeTypesAccessTest-966736455-project] Task 'cinder.volume.flows.api.create_volume.QuotaCommitTask;volume:create' (ad1220f2-954e-4370-ad14-e75ae8307ae1) transitioned into state 'RUNNING' from state 'PENDING' {{(pid=113276) _task_receiver /usr/local/lib/python3.8/dist-packages/taskflow/listeners/logging.py:190}}
Sep 09 13:25:00.718812 dv-cinder-801354-9-smb devstack@c-api.service[113277]: INFO cinder.api.openstack.wsgi [None req-66d6ca26-d606-43f7-8081-b9ba29433a03 tempest-GroupSnapshotsV319Test-556261909 tempest-GroupSnapshotsV319Test-556261909-project-admin] http://10.222.0.42/volume/v3/939b1fd9d56c44a29705d1603ead4575/group_snapshots/3d73c5ae-522a-4729-a7bc-4a62b4f67037/action returned with HTTP 202
Sep 09 13:25:00.719578 dv-cinder-801354-9-smb devstack@c-api.service[113277]: [pid: 113277|app: 0|req: 70/139] 10.222.0.42 () {62 vars in 1432 bytes} [Fri Sep 9 13:25:00 2022] POST /volume/v3/939b1fd9d56c44a29705d1603ead4575/group_snapshots/3d73c5ae-522a-4729-a7bc-4a62b4f67037/action => generated 0 bytes in 76 msecs (HTTP/1.1 202) 6 headers in 234 bytes (1 switches on core 0)
Sep 09 13:25:00.732063 dv-cinder-801354-9-smb devstack@c-api.service[113277]: DEBUG cinder.api.middleware.request_id [None req-435d2720-9bf9-4e8e-9d79-edc568404ea2 None None] RequestId filter calling following filter/app {{(pid=113277) _context_setter /opt/stack/cinder/cinder/api/middleware/request_id.py:62}}
Sep 09 13:25:00.749836 dv-cinder-801354-9-smb devstack@c-api.service[113277]: INFO cinder.api.openstack.wsgi [None req-435d2720-9bf9-4e8e-9d79-edc568404ea2 tempest-GroupsTest-21796687 tempest-GroupsTest-21796687-project] GET http://10.222.0.42/volume/v3/b7b970e6ecc7403b9a284aa204af426d/groups/cb4e25a4-1416-4909-97e9-6f60391277e9
Sep 09 13:25:00.751449 dv-cinder-801354-9-smb devstack@c-api.service[113277]: DEBUG cinder.api.openstack.wsgi [None req-435d2720-9bf9-4e8e-9d79-edc568404ea2 tempest-GroupsTest-21796687 tempest-GroupsTest-21796687-project] Empty body provided in request {{(pid=113277) get_body /opt/stack/cinder/cinder/api/openstack/wsgi.py:715}}
Sep 09 13:25:00.751912 dv-cinder-801354-9-smb devstack@c-api.service[113277]: DEBUG cinder.api.openstack.wsgi [None req-435d2720-9bf9-4e8e-9d79-edc568404ea2 tempest-GroupsTest-21796687 tempest-GroupsTest-21796687-project] Calling method 'version_select' {{(pid=113277) _process_stack /opt/stack/cinder/cinder/api/openstack/wsgi.py:868}}
Sep 09 13:25:00.752307 dv-cinder-801354-9-smb devstack@c-api.service[113277]: DEBUG cinder.api.v3.groups [None req-435d2720-9bf9-4e8e-9d79-edc568404ea2 tempest-GroupsTest-21796687 tempest-GroupsTest-21796687-project] show called for member cb4e25a4-1416-4909-97e9-6f60391277e9 {{(pid=113277) show /opt/stack/cinder/cinder/api/v3/groups.py:58}}
Sep 09 13:25:00.769846 dv-cinder-801354-9-smb devstack@c-api.service[113276]: DEBUG cinder.volume.api [None req-11ae997a-d096-471e-acdd-f23dc7c17b84 tempest-VolumeTypesAccessTest-966736455 tempest-VolumeTypesAccessTest-966736455-project] Task 'cinder.volume.flows.api.create_volume.QuotaCommitTask;volume:create' (ad1220f2-954e-4370-ad14-e75ae8307ae1) transitioned into state 'SUCCESS' from state 'RUNNING' with result '{'volume_properties': VolumeProperties(attach_status='detached',availability_zone='nova',cgsnapshot_id=None,consistencygroup_id=None,display_description=None,display_name='tempest-VolumeTypesAccessTest-Volume-1106451005',encryption_key_id=None,group_id=None,group_type_id=,metadata={},multiattach=False,project_id='e79ac16b681e41f0b39df604bf61026d',qos_specs=None,replication_status=,reservations=['c5d512f9-6759-4ef5-9ded-24e699418b0d','6a220a7e-6931-4539-932f-d0018f7757c5','3f8985d5-978d-403d-815e-e0167dbee8f1','407021bd-a640-4a00-b505-50ac6e96a505'],size=1,snapshot_id=None,source_replicaid=,source_volid=None,status='creating',user_id='677450a65fef4513849d62c956dff7fc',volume_type_id=c455c74d-3137-4eb4-9df7-677e73498b70)}' {{(pid=113276) _task_receiver /usr/local/lib/python3.8/dist-packages/taskflow/listeners/logging.py:178}}
Sep 09 13:25:00.775363 dv-cinder-801354-9-smb devstack@c-api.service[113277]: /usr/local/lib/python3.8/dist-packages/oslo_context/context.py:100: DeprecationWarning: Policy enforcement is depending on the value of is_admin. This key is deprecated. Please update your policy file to use the standard policy values.
Sep 09 13:25:00.775363 dv-cinder-801354-9-smb devstack@c-api.service[113277]: warnings.warn('Policy enforcement is depending on the value of '
Sep 09 13:25:00.775580 dv-cinder-801354-9-smb devstack@c-api.service[113276]: DEBUG cinder.volume.api [None req-11ae997a-d096-471e-acdd-f23dc7c17b84 tempest-VolumeTypesAccessTest-966736455 tempest-VolumeTypesAccessTest-966736455-project] Task 'cinder.volume.flows.api.create_volume.VolumeCastTask;volume:create' (b6074b23-2a67-40a4-a8b8-371bd8eff0a1) transitioned into state 'RUNNING' from state 'PENDING' {{(pid=113276) _task_receiver /usr/local/lib/python3.8/dist-packages/taskflow/listeners/logging.py:190}}
Sep 09 13:25:00.824657 dv-cinder-801354-9-smb devstack@c-api.service[113277]: INFO cinder.api.openstack.wsgi [None req-435d2720-9bf9-4e8e-9d79-edc568404ea2 tempest-GroupsTest-21796687 tempest-GroupsTest-21796687-project] http://10.222.0.42/volume/v3/b7b970e6ecc7403b9a284aa204af426d/groups/cb4e25a4-1416-4909-97e9-6f60391277e9 returned with HTTP 200
Sep 09 13:25:00.825978 dv-cinder-801354-9-smb devstack@c-api.service[113277]: [pid: 113277|app: 0|req: 71/140] 10.222.0.42 () {60 vars in 1363 bytes} [Fri Sep 9 13:25:00 2022] GET /volume/v3/b7b970e6ecc7403b9a284aa204af426d/groups/cb4e25a4-1416-4909-97e9-6f60391277e9 => generated 322 bytes in 106 msecs (HTTP/1.1 200) 7 headers in 286 bytes (1 switches on core 0)
Sep 09 13:25:00.827936 dv-cinder-801354-9-smb devstack@c-api.service[113277]: DEBUG cinder.api.middleware.request_id [None req-f8541093-4f66-4a9f-ae64-405fd3b31fa4 None None] RequestId filter calling following filter/app {{(pid=113277) _context_setter /opt/stack/cinder/cinder/api/middleware/request_id.py:62}}
Sep 09 13:25:00.832498 dv-cinder-801354-9-smb devstack@c-api.service[113276]: DEBUG cinder.volume.api [None req-11ae997a-d096-471e-acdd-f23dc7c17b84 tempest-VolumeTypesAccessTest-966736455 tempest-VolumeTypesAccessTest-966736455-project] Task 'cinder.volume.flows.api.create_volume.VolumeCastTask;volume:create' (b6074b23-2a67-40a4-a8b8-371bd8eff0a1) transitioned into state 'SUCCESS' from state 'RUNNING' with result 'None' {{(pid=113276) _task_receiver /usr/local/lib/python3.8/dist-packages/taskflow/listeners/logging.py:178}}
Sep 09 13:25:00.843691 dv-cinder-801354-9-smb devstack@c-api.service[113277]: INFO cinder.api.openstack.wsgi [None req-f8541093-4f66-4a9f-ae64-405fd3b31fa4 tempest-GroupSnapshotsV319Test-1549285479 tempest-GroupSnapshotsV319Test-1549285479-project] GET http://10.222.0.42/volume/v3/acc64eddbd634200a389cce92f075a10/group_snapshots/3d73c5ae-522a-4729-a7bc-4a62b4f67037
Sep 09 13:25:00.844274 dv-cinder-801354-9-smb devstack@c-api.service[113277]: DEBUG cinder.api.openstack.wsgi [None req-f8541093-4f66-4a9f-ae64-405fd3b31fa4 tempest-GroupSnapshotsV319Test-1549285479 tempest-GroupSnapshotsV319Test-1549285479-project] Empty body provided in request {{(pid=113277) get_body /opt/stack/cinder/cinder/api/openstack/wsgi.py:715}}
Sep 09 13:25:00.844741 dv-cinder-801354-9-smb devstack@c-api.service[113277]: DEBUG cinder.api.openstack.wsgi [None req-f8541093-4f66-4a9f-ae64-405fd3b31fa4 tempest-GroupSnapshotsV319Test-1549285479 tempest-GroupSnapshotsV319Test-1549285479-project] Calling method 'version_select' {{(pid=113277) _process_stack /opt/stack/cinder/cinder/api/openstack/wsgi.py:868}}
