Sep 13 12:55:18.092928 dv-cinder-801354-10-smb neutron-server[106282]: DEBUG neutron.api.rpc.handlers.resources_rpc [None req-f66c9c6d-5af4-47a3-a421-ab2c1fd53393 admin admin] Pushing event deleted for resources: {'SecurityGroup': ['ID=b31a357d-ca86-4c37-8cb7-bf61d84515dc,revision_number=None']} {{(pid=106282) push /opt/stack/neutron/neutron/api/rpc/handlers/resources_rpc.py:237}}
Sep 13 12:55:18.104710 dv-cinder-801354-10-smb neutron-server[106283]: DEBUG neutron.pecan_wsgi.hooks.policy_enforcement [req-11a31296-6f28-4660-b2b8-0f2af900d46c req-e03a3297-181d-4988-ae6b-15b9648a2eb1 tempest-AttachVolumeShelveTestJSON-666038087 tempest-AttachVolumeShelveTestJSON-666038087-project] Attributes excluded by policy engine: ['standard_attr_id', 'binding:profile', 'binding:host_id', 'binding:vif_type', 'binding:vif_details'] {{(pid=106283) _exclude_attributes_by_policy /opt/stack/neutron/neutron/pecan_wsgi/hooks/policy_enforcement.py:259}}
Sep 13 12:55:18.117921 dv-cinder-801354-10-smb neutron-server[106283]: INFO neutron.wsgi [req-11a31296-6f28-4660-b2b8-0f2af900d46c req-e03a3297-181d-4988-ae6b-15b9648a2eb1 tempest-AttachVolumeShelveTestJSON-666038087 tempest-AttachVolumeShelveTestJSON-666038087-project] 10.222.0.60 "GET /networking/v2.0/ports?device_id=ec2e9640-4d10-46ad-909f-694f5eda555c HTTP/1.1" status: 200 len: 944 time: 0.0607073
Sep 13 12:55:18.142848 dv-cinder-801354-10-smb neutron-server[106282]: DEBUG neutron.wsgi [-] (106282) accepted ('10.222.0.60', 60674) {{(pid=106282) server /usr/local/lib/python3.8/dist-packages/eventlet/wsgi.py:1004}}
Sep 13 12:55:18.171901 dv-cinder-801354-10-smb neutron-server[106283]: INFO neutron.wsgi [req-11a31296-6f28-4660-b2b8-0f2af900d46c req-6de19458-6f5b-4227-a03c-743962b76f6b tempest-AttachVolumeShelveTestJSON-666038087 tempest-AttachVolumeShelveTestJSON-666038087-project] 10.222.0.60 "GET /networking/v2.0/security-groups?id=5a6e96ab-7cf2-41fe-9702-18db169cd7e0&fields=id&fields=name HTTP/1.1" status: 200 len: 313 time: 0.0528033
Sep 13 12:55:18.188732 dv-cinder-801354-10-smb neutron-server[106282]: INFO neutron.wsgi [None req-fac1c7c2-905b-46f7-ac98-92b0cf871bba admin admin] 10.222.0.60 "GET /networking/v2.0/security-groups?tenant_id=ddb588228ad746278155792be17961b0&name=default HTTP/1.1" status: 200 len: 2996 time: 0.0447094
Sep 13 12:55:18.193009 dv-cinder-801354-10-smb neutron-server[106282]: DEBUG neutron.wsgi [-] (106282) accepted ('10.222.0.60', 60676) {{(pid=106282) server /usr/local/lib/python3.8/dist-packages/eventlet/wsgi.py:1004}}
Sep 13 12:55:18.251169 dv-cinder-801354-10-smb neutron-server[106282]: DEBUG neutron_lib.callbacks.manager [None req-0435f6cb-0aaf-48b4-b30e-e13c7fa57d08 admin admin] Publish callbacks [] for security_group (9eb94a57-6e4a-4ddc-9ca1-c8b875f813b5), before_delete {{(pid=106282) _notify_loop /usr/local/lib/python3.8/dist-packages/neutron_lib/callbacks/manager.py:176}}
Sep 13 12:55:18.268247 dv-cinder-801354-10-smb neutron-server[106282]: DEBUG dbcounter [-] [106282] Writing DB stats neutron:SELECT=92,neutron:DELETE=7,neutron:UPDATE=1 {{(pid=106282) stat_writer /usr/local/lib/python3.8/dist-packages/dbcounter.py:114}}
Sep 13 12:55:18.273569 dv-cinder-801354-10-smb neutron-server[106282]: DEBUG neutron_lib.callbacks.manager [None req-0435f6cb-0aaf-48b4-b30e-e13c7fa57d08 admin admin] Publish callbacks [] for security_group (9eb94a57-6e4a-4ddc-9ca1-c8b875f813b5), precommit_delete {{(pid=106282) _notify_loop /usr/local/lib/python3.8/dist-packages/neutron_lib/callbacks/manager.py:176}}
Sep 13 12:55:18.313964 dv-cinder-801354-10-smb neutron-server[106283]: DEBUG neutron.pecan_wsgi.hooks.policy_enforcement [req-ff4becf2-f1cf-4076-9b47-58197742475b req-26cb6c56-6f71-48fb-8f32-66a63168a821 tempest-DeleteServersTestJSON-1969407168 tempest-DeleteServersTestJSON-1969407168-project] Attributes excluded by policy engine: ['standard_attr_id', 'binding:profile', 'binding:host_id', 'binding:vif_type', 'binding:vif_details'] {{(pid=106283) _exclude_attributes_by_policy /opt/stack/neutron/neutron/pecan_wsgi/hooks/policy_enforcement.py:259}}
Sep 13 12:55:18.315593 dv-cinder-801354-10-smb neutron-server[106283]: INFO neutron.wsgi [req-ff4becf2-f1cf-4076-9b47-58197742475b req-26cb6c56-6f71-48fb-8f32-66a63168a821 tempest-DeleteServersTestJSON-1969407168 tempest-DeleteServersTestJSON-1969407168-project] 10.222.0.60 "GET /networking/v2.0/ports?device_id=3a85c3c3-856e-4938-a134-0048710e7cf6 HTTP/1.1" status: 200 len: 944 time: 0.0517445
Sep 13 12:55:18.329016 dv-cinder-801354-10-smb neutron-server[106282]: DEBUG neutron_lib.callbacks.manager [None req-0435f6cb-0aaf-48b4-b30e-e13c7fa57d08 admin admin] Publish callbacks ['neutron.plugins.ml2.ovo_rpc._ObjectChangeHandler.handle_event-952574'] for security_group (9eb94a57-6e4a-4ddc-9ca1-c8b875f813b5), after_delete {{(pid=106282) _notify_loop /usr/local/lib/python3.8/dist-packages/neutron_lib/callbacks/manager.py:176}}
Sep 13 12:55:18.334836 dv-cinder-801354-10-smb neutron-server[106282]: DEBUG neutron_lib.callbacks.manager [None req-0435f6cb-0aaf-48b4-b30e-e13c7fa57d08 admin admin] Publish callbacks [] for security_group (None), before_response {{(pid=106282) _notify_loop /usr/local/lib/python3.8/dist-packages/neutron_lib/callbacks/manager.py:176}}
Sep 13 12:55:18.336082 dv-cinder-801354-10-smb neutron-server[106282]: INFO neutron.wsgi [None req-0435f6cb-0aaf-48b4-b30e-e13c7fa57d08 admin admin] 10.222.0.60 "DELETE /networking/v2.0/security-groups/9eb94a57-6e4a-4ddc-9ca1-c8b875f813b5 HTTP/1.1" status: 204 len: 168 time: 0.1420488
Sep 13 12:55:18.358096 dv-cinder-801354-10-smb neutron-server[106282]: DEBUG neutron.api.rpc.handlers.resources_rpc [None req-0435f6cb-0aaf-48b4-b30e-e13c7fa57d08 admin admin] Pushing event deleted for resources: {'SecurityGroup': ['ID=9eb94a57-6e4a-4ddc-9ca1-c8b875f813b5,revision_number=None']} {{(pid=106282) push /opt/stack/neutron/neutron/api/rpc/handlers/resources_rpc.py:237}}
Sep 13 12:55:18.370373 dv-cinder-801354-10-smb neutron-server[106283]: DEBUG dbcounter [-] [106283] Writing DB stats neutron:SELECT=89,neutron:DELETE=2,neutron:UPDATE=1,neutron:INSERT=8 {{(pid=106283) stat_writer /usr/local/lib/python3.8/dist-packages/dbcounter.py:114}}
Sep 13 12:55:18.376400 dv-cinder-801354-10-smb neutron-server[106283]: INFO neutron.wsgi [req-ff4becf2-f1cf-4076-9b47-58197742475b req-4f10603a-466a-4333-9487-f138ff3d4329 tempest-DeleteServersTestJSON-1969407168 tempest-DeleteServersTestJSON-1969407168-project] 10.222.0.60 "GET /networking/v2.0/security-groups?id=e22e2eb9-1178-4532-aea1-06875d1fc698&fields=id&fields=name HTTP/1.1" status: 200 len: 286 time: 0.0543678
Sep 13 12:55:18.589837 dv-cinder-801354-10-smb neutron-server[106282]: DEBUG neutron.wsgi [-] (106282) accepted ('10.222.0.60', 60690) {{(pid=106282) server /usr/local/lib/python3.8/dist-packages/eventlet/wsgi.py:1004}}
Sep 13 12:55:18.597343 dv-cinder-801354-10-smb neutron-server[106283]: DEBUG neutron.pecan_wsgi.hooks.policy_enforcement [req-4df64c57-8a9b-4a76-ab24-32f2c11daed4 req-23a0bfd3-d888-44b8-a36d-c55657d17896 tempest-ServerRescueNegativeTestJSON-411504583 tempest-ServerRescueNegativeTestJSON-411504583-project] Attributes excluded by policy engine: ['standard_attr_id', 'binding:profile', 'binding:host_id', 'binding:vif_type', 'binding:vif_details'] {{(pid=106283) _exclude_attributes_by_policy /opt/stack/neutron/neutron/pecan_wsgi/hooks/policy_enforcement.py:259}}
Sep 13 12:55:18.597528 dv-cinder-801354-10-smb neutron-server[106282]: DEBUG dbcounter [-] [106282] Writing DB stats neutron:SELECT=92,neutron:DELETE=8 {{(pid=106282) stat_writer /usr/local/lib/python3.8/dist-packages/dbcounter.py:114}}
Sep 13 12:55:18.598616 dv-cinder-801354-10-smb neutron-server[106283]: INFO neutron.wsgi [req-4df64c57-8a9b-4a76-ab24-32f2c11daed4 req-23a0bfd3-d888-44b8-a36d-c55657d17896 tempest-ServerRescueNegativeTestJSON-411504583 tempest-ServerRescueNegativeTestJSON-411504583-project] 10.222.0.60 "GET /networking/v2.0/ports?device_id=483bb094-a6b0-457e-9235-4a8dd27ab6fb HTTP/1.1" status: 200 len: 943 time: 0.0486307
Sep 13 12:55:18.605661 dv-cinder-801354-10-smb neutron-server[106282]: DEBUG neutron_lib.callbacks.manager [None req-2e27f837-f270-4fd0-bc4c-5bbd7a0fdc48 admin admin] Publish callbacks [] for security_group (None), before_create {{(pid=106282) _notify_loop /usr/local/lib/python3.8/dist-packages/neutron_lib/callbacks/manager.py:176}}
Sep 13 12:55:18.660902 dv-cinder-801354-10-smb neutron-server[106283]: INFO neutron.wsgi [req-4df64c57-8a9b-4a76-ab24-32f2c11daed4 req-05fbe9f6-124e-4722-b4e5-c4ec5dac2021 tempest-ServerRescueNegativeTestJSON-411504583 tempest-ServerRescueNegativeTestJSON-411504583-project] 10.222.0.60 "GET /networking/v2.0/security-groups?id=78fce21f-eb05-4679-a56e-d481f5684f4a&fields=id&fields=name HTTP/1.1" status: 200 len: 286 time: 0.0550194
Sep 13 12:55:18.703891 dv-cinder-801354-10-smb neutron-server[106282]: DEBUG neutron_lib.callbacks.manager [None req-2e27f837-f270-4fd0-bc4c-5bbd7a0fdc48 admin admin] Publish callbacks [] for security_group (518998b0-6d26-4665-90d6-c913061af1f1), precommit_create {{(pid=106282) _notify_loop /usr/local/lib/python3.8/dist-packages/neutron_lib/callbacks/manager.py:176}}
Sep 13 12:55:18.709515 dv-cinder-801354-10-smb neutron-server[106282]: DEBUG neutron_lib.callbacks.manager [None req-2e27f837-f270-4fd0-bc4c-5bbd7a0fdc48 admin admin] Publish callbacks ['neutron.plugins.ml2.ovo_rpc._ObjectChangeHandler.handle_event-952574'] for security_group (518998b0-6d26-4665-90d6-c913061af1f1), after_create {{(pid=106282) _notify_loop /usr/local/lib/python3.8/dist-packages/neutron_lib/callbacks/manager.py:176}}
Sep 13 12:55:18.771059 dv-cinder-801354-10-smb neutron-server[106282]: DEBUG neutron.api.rpc.handlers.resources_rpc [None req-2e27f837-f270-4fd0-bc4c-5bbd7a0fdc48 admin admin] Pushing event updated for resources: {'SecurityGroup': ['ID=518998b0-6d26-4665-90d6-c913061af1f1,revision_number=1']} {{(pid=106282) push /opt/stack/neutron/neutron/api/rpc/handlers/resources_rpc.py:237}}
Sep 13 12:55:18.797944 dv-cinder-801354-10-smb neutron-server[106283]: DEBUG neutron.pecan_wsgi.hooks.policy_enforcement [req-2cf7b53a-02bc-4064-94ef-27c7e57df9ea req-ff30633a-0aa5-44de-a6aa-096f392acc98 service neutron] Attributes excluded by policy engine: ['standard_attr_id'] {{(pid=106283) _exclude_attributes_by_policy /opt/stack/neutron/neutron/pecan_wsgi/hooks/policy_enforcement.py:259}}
Sep 13 12:55:18.799485 dv-cinder-801354-10-smb neutron-server[106283]: INFO neutron.wsgi [req-2cf7b53a-02bc-4064-94ef-27c7e57df9ea req-ff30633a-0aa5-44de-a6aa-096f392acc98 service neutron] 10.222.0.74 "GET /networking/v2.0/ports?tenant_id=889c23b188244fed8bf378939eb82bff&device_id=483bb094-a6b0-457e-9235-4a8dd27ab6fb HTTP/1.1" status: 200 len: 1127 time: 0.0475221
Sep 13 12:55:18.993087 dv-cinder-801354-10-smb neutron-server[106283]: DEBUG neutron.pecan_wsgi.hooks.policy_enforcement [req-86980c6a-48d6-44ee-b589-c664200cb532 req-d9dce82a-6d44-447d-ac33-3a89fe5940bd tempest-AttachVolumeNegativeTest-2097222286 tempest-AttachVolumeNegativeTest-2097222286-project] Attributes excluded by policy engine: ['standard_attr_id', 'binding:profile', 'binding:host_id', 'binding:vif_type', 'binding:vif_details'] {{(pid=106283) _exclude_attributes_by_policy /opt/stack/neutron/neutron/pecan_wsgi/hooks/policy_enforcement.py:259}}
Sep 13 12:55:18.994672 dv-cinder-801354-10-smb neutron-server[106283]: INFO neutron.wsgi [req-86980c6a-48d6-44ee-b589-c664200cb532 req-d9dce82a-6d44-447d-ac33-3a89fe5940bd tempest-AttachVolumeNegativeTest-2097222286 tempest-AttachVolumeNegativeTest-2097222286-project] 10.222.0.60 "GET /networking/v2.0/ports?device_id=cc970a16-6963-4e91-bbd5-a009c793b33e HTTP/1.1" status: 200 len: 943 time: 0.0578923
Sep 13 12:55:19.001040 dv-cinder-801354-10-smb neutron-server[106282]: INFO neutron.wsgi [None req-2e27f837-f270-4fd0-bc4c-5bbd7a0fdc48 admin admin] 10.222.0.60 "GET /networking/v2.0/security-groups?tenant_id=36065c2ae512466687158fb94c4b2042&name=default HTTP/1.1" status: 200 len: 2996 time: 0.4098911
Sep 13 12:55:19.003812 dv-cinder-801354-10-smb neutron-server[106282]: DEBUG neutron.wsgi [-] (106282) accepted ('10.222.0.60', 60706) {{(pid=106282) server /usr/local/lib/python3.8/dist-packages/eventlet/wsgi.py:1004}}
Sep 13 12:55:19.088419 dv-cinder-801354-10-smb neutron-server[106282]: DEBUG neutron_lib.callbacks.manager [None req-15bbdf67-75d9-4210-bbc0-6e008e992a75 admin admin] Publish callbacks [] for security_group (518998b0-6d26-4665-90d6-c913061af1f1), before_delete {{(pid=106282) _notify_loop /usr/local/lib/python3.8/dist-packages/neutron_lib/callbacks/manager.py:176}}
Sep 13 12:55:19.092015 dv-cinder-801354-10-smb neutron-server[106282]: INFO neutron.wsgi [req-7d9e119c-2c17-43ba-8a2f-69c2cfc6be3e req-242dde45-e20d-4ac1-98fe-7566d72f9375 service neutron] 10.222.0.74 "GET /networking/v2.0/networks/0fdffb68-8720-4ec9-abe8-bcc13fdde194?fields=provider%3Aphysical_network&fields=provider%3Anetwork_type HTTP/1.1" status: 200 len: 281 time: 0.3479884
Sep 13 12:55:19.099530 dv-cinder-801354-10-smb neutron-server[106283]: INFO neutron.wsgi [req-86980c6a-48d6-44ee-b589-c664200cb532 req-50ed13a6-83e0-429b-a89c-eacc89d21c88 tempest-AttachVolumeNegativeTest-2097222286 tempest-AttachVolumeNegativeTest-2097222286-project] 10.222.0.60 "GET /networking/v2.0/security-groups?id=ae5cbea8-db7a-4e18-b18e-8df48353752a&fields=id&fields=name HTTP/1.1" status: 200 len: 313 time: 0.0970423
Sep 13 12:55:19.124038 dv-cinder-801354-10-smb neutron-server[106282]: DEBUG neutron_lib.callbacks.manager [None req-15bbdf67-75d9-4210-bbc0-6e008e992a75 admin admin] Publish callbacks [] for security_group (518998b0-6d26-4665-90d6-c913061af1f1), precommit_delete {{(pid=106282) _notify_loop /usr/local/lib/python3.8/dist-packages/neutron_lib/callbacks/manager.py:176}}
Sep 13 12:55:19.131238 dv-cinder-801354-10-smb neutron-server[106283]: INFO neutron.wsgi [req-fd917289-0977-4913-8b99-3f1771feb0b0 req-56b2cc19-03e6-4801-b787-46b4552df64a tempest-VolumesActionsTest-91197546 tempest-VolumesActionsTest-91197546-project] 10.222.0.60 "GET /networking/v2.0/ports?device_id=ad1507ed-f5bd-4779-b0a5-25e6da5b0154 HTTP/1.1" status: 200 len: 210 time: 0.0464725
Sep 13 12:55:19.180768 dv-cinder-801354-10-smb neutron-server[106282]: DEBUG neutron_lib.callbacks.manager [None req-15bbdf67-75d9-4210-bbc0-6e008e992a75 admin admin] Publish callbacks ['neutron.plugins.ml2.ovo_rpc._ObjectChangeHandler.handle_event-952574'] for security_group (518998b0-6d26-4665-90d6-c913061af1f1), after_delete {{(pid=106282) _notify_loop /usr/local/lib/python3.8/dist-packages/neutron_lib/callbacks/manager.py:176}}
Sep 13 12:55:19.183276 dv-cinder-801354-10-smb neutron-server[106282]: DEBUG neutron_lib.callbacks.manager [None req-15bbdf67-75d9-4210-bbc0-6e008e992a75 admin admin] Publish callbacks [] for security_group (None), before_response {{(pid=106282) _notify_loop /usr/local/lib/python3.8/dist-packages/neutron_lib/callbacks/manager.py:176}}
Sep 13 12:55:19.186804 dv-cinder-801354-10-smb neutron-server[106282]: INFO neutron.wsgi [None req-15bbdf67-75d9-4210-bbc0-6e008e992a75 admin admin] 10.222.0.60 "DELETE /networking/v2.0/security-groups/518998b0-6d26-4665-90d6-c913061af1f1 HTTP/1.1" status: 204 len: 168 time: 0.1797330
Sep 13 12:55:19.200874 dv-cinder-801354-10-smb neutron-server[106282]: DEBUG neutron.api.rpc.handlers.resources_rpc [None req-15bbdf67-75d9-4210-bbc0-6e008e992a75 admin admin] Pushing event deleted for resources: {'SecurityGroup': ['ID=518998b0-6d26-4665-90d6-c913061af1f1,revision_number=None']} {{(pid=106282) push /opt/stack/neutron/neutron/api/rpc/handlers/resources_rpc.py:237}}
Sep 13 12:55:19.349246 dv-cinder-801354-10-smb neutron-server[106283]: DEBUG neutron.pecan_wsgi.hooks.policy_enforcement [req-738f11ed-705b-4786-9484-e3e37f6d6003 req-e976e314-6168-4186-b2a6-2f2bf68689fb tempest-AttachVolumeShelveTestJSON-666038087 tempest-AttachVolumeShelveTestJSON-666038087-project] Attributes excluded by policy engine: ['standard_attr_id', 'binding:profile', 'binding:host_id', 'binding:vif_type', 'binding:vif_details'] {{(pid=106283) _exclude_attributes_by_policy /opt/stack/neutron/neutron/pecan_wsgi/hooks/policy_enforcement.py:259}}
Sep 13 12:55:19.350815 dv-cinder-801354-10-smb neutron-server[106283]: INFO neutron.wsgi [req-738f11ed-705b-4786-9484-e3e37f6d6003 req-e976e314-6168-4186-b2a6-2f2bf68689fb tempest-AttachVolumeShelveTestJSON-666038087 tempest-AttachVolumeShelveTestJSON-666038087-project] 10.222.0.60 "GET /networking/v2.0/ports?device_id=ec2e9640-4d10-46ad-909f-694f5eda555c HTTP/1.1" status: 200 len: 944 time: 0.0563233
Sep 13 12:55:19.406381 dv-cinder-801354-10-smb neutron-server[106283]: INFO neutron.wsgi [req-738f11ed-705b-4786-9484-e3e37f6d6003 req-6eafaacb-af65-4136-8606-e15e7a084246 tempest-AttachVolumeShelveTestJSON-666038087 tempest-AttachVolumeShelveTestJSON-666038087-project] 10.222.0.60 "GET /networking/v2.0/security-groups?id=5a6e96ab-7cf2-41fe-9702-18db169cd7e0&fields=id&fields=name HTTP/1.1" status: 200 len: 313 time: 0.0473511
Sep 13 12:55:19.527906 dv-cinder-801354-10-smb neutron-server[106283]: DEBUG neutron.pecan_wsgi.hooks.policy_enforcement [req-5c2ea708-b124-43f1-8083-395a8ff6a2a6 req-dcd8b1d4-1ffd-4cf2-aa8b-4ddb29742072 tempest-DeleteServersTestJSON-1969407168 tempest-DeleteServersTestJSON-1969407168-project] Attributes excluded by policy engine: ['standard_attr_id', 'binding:profile', 'binding:host_id', 'binding:vif_type', 'binding:vif_details'] {{(pid=106283) _exclude_attributes_by_policy /opt/stack/neutron/neutron/pecan_wsgi/hooks/policy_enforcement.py:259}}
Sep 13 12:55:19.529935 dv-cinder-801354-10-smb neutron-server[106283]: INFO neutron.wsgi [req-5c2ea708-b124-43f1-8083-395a8ff6a2a6 req-dcd8b1d4-1ffd-4cf2-aa8b-4ddb29742072 tempest-DeleteServersTestJSON-1969407168 tempest-DeleteServersTestJSON-1969407168-project] 10.222.0.60 "GET /networking/v2.0/ports?device_id=3a85c3c3-856e-4938-a134-0048710e7cf6 HTTP/1.1" status: 200 len: 944 time: 0.0525393
Sep 13 12:55:19.626166 dv-cinder-801354-10-smb neutron-server[106283]: INFO neutron.wsgi [req-5c2ea708-b124-43f1-8083-395a8ff6a2a6 req-a396ce13-f404-45ec-b7fb-5ecbe867d598 tempest-DeleteServersTestJSON-1969407168 tempest-DeleteServersTestJSON-1969407168-project] 10.222.0.60 "GET /networking/v2.0/security-groups?id=e22e2eb9-1178-4532-aea1-06875d1fc698&fields=id&fields=name HTTP/1.1" status: 200 len: 286 time: 0.0783873
Sep 13 12:55:19.802092 dv-cinder-801354-10-smb neutron-server[106283]: DEBUG neutron.pecan_wsgi.hooks.policy_enforcement [req-232a2c28-6337-4074-bbea-30643f43b257 req-8d8e2a65-8e37-45cf-a7fc-d385e021ae8a tempest-ServerRescueNegativeTestJSON-411504583 tempest-ServerRescueNegativeTestJSON-411504583-project] Attributes excluded by policy engine: ['standard_attr_id', 'binding:profile', 'binding:host_id', 'binding:vif_type', 'binding:vif_details'] {{(pid=106283) _exclude_attributes_by_policy /opt/stack/neutron/neutron/pecan_wsgi/hooks/policy_enforcement.py:259}}
Sep 13 12:55:19.804272 dv-cinder-801354-10-smb neutron-server[106283]: INFO neutron.wsgi [req-232a2c28-6337-4074-bbea-30643f43b257 req-8d8e2a65-8e37-45cf-a7fc-d385e021ae8a tempest-ServerRescueNegativeTestJSON-411504583 tempest-ServerRescueNegativeTestJSON-411504583-project] 10.222.0.60 "GET /networking/v2.0/ports?device_id=483bb094-a6b0-457e-9235-4a8dd27ab6fb HTTP/1.1" status: 200 len: 943 time: 0.0727210
Sep 13 12:55:19.855234 dv-cinder-801354-10-smb neutron-server[106284]: DEBUG neutron.plugins.ml2.rpc [None req-15509fbe-30dc-47d0-bf35-e1b41bdc93b4 None None] Device 6d417a8b-a563-49d3-b015-d54ce2a668c5 details requested by agent hyperv_hv-cinder-80135 with host hv-cinder-80135 {{(pid=106284) get_device_details /opt/stack/neutron/neutron/plugins/ml2/rpc.py:102}}
Sep 13 12:55:19.891566 dv-cinder-801354-10-smb neutron-server[106283]: INFO neutron.wsgi [req-232a2c28-6337-4074-bbea-30643f43b257 req-63d925c3-b74c-4eda-bb81-7c357e00646e tempest-ServerRescueNegativeTestJSON-411504583 tempest-ServerRescueNegativeTestJSON-411504583-project] 10.222.0.60 "GET /networking/v2.0/security-groups?id=78fce21f-eb05-4679-a56e-d481f5684f4a&fields=id&fields=name HTTP/1.1" status: 200 len: 286 time: 0.0816612
Sep 13 12:55:19.990471 dv-cinder-801354-10-smb neutron-server[106284]: DEBUG neutron.plugins.ml2.db [None req-15509fbe-30dc-47d0-bf35-e1b41bdc93b4 None None] For port 6d417a8b-a563-49d3-b015-d54ce2a668c5, host hv-cinder-80135, got binding levels [PortBindingLevel(driver='hyperv',host='hv-cinder-80135',level=0,port_id=6d417a8b-a563-49d3-b015-d54ce2a668c5,segment=NetworkSegment(d7de5e60-3a9e-4796-8c0c-27042c7c2a04),segment_id=d7de5e60-3a9e-4796-8c0c-27042c7c2a04)] {{(pid=106284) get_binding_level_objs /opt/stack/neutron/neutron/plugins/ml2/db.py:74}}
Sep 13 12:55:20.001706 dv-cinder-801354-10-smb neutron-server[106284]: DEBUG neutron.plugins.ml2.rpc [None req-15509fbe-30dc-47d0-bf35-e1b41bdc93b4 None None] Returning: {'device': '6d417a8b-a563-49d3-b015-d54ce2a668c5', 'network_id': '0fdffb68-8720-4ec9-abe8-bcc13fdde194', 'port_id': '6d417a8b-a563-49d3-b015-d54ce2a668c5', 'mac_address': 'fa:16:3e:78:6f:d8', 'admin_state_up': True, 'network_type': 'vlan', 'segmentation_id': 663, 'physical_network': 'physnet1', 'mtu': 1500, 'fixed_ips': [{'subnet_id': '1cc2079a-51bc-4653-979f-5ee809a9702b', 'ip_address': '172.20.0.5'}], 'device_owner': 'compute:nova', 'allowed_address_pairs': [], 'port_security_enabled': True, 'qos_policy_id': None, 'qos_network_policy_id': None, 'profile': {}, 'propagate_uplink_status': False} {{(pid=106284) _get_device_details /opt/stack/neutron/neutron/plugins/ml2/rpc.py:184}}
Sep 13 12:55:20.038045 dv-cinder-801354-10-smb neutron-server[106284]: DEBUG neutron.plugins.ml2.plugin [None req-15509fbe-30dc-47d0-bf35-e1b41bdc93b4 None None] Current status of the port 6d417a8b-a563-49d3-b015-d54ce2a668c5 is: DOWN; New status is: BUILD {{(pid=106284) _update_individual_port_db_status /opt/stack/neutron/neutron/plugins/ml2/plugin.py:2302}}
Sep 13 12:55:20.038429 dv-cinder-801354-10-smb neutron-server[106284]: DEBUG neutron_lib.callbacks.manager [None req-15509fbe-30dc-47d0-bf35-e1b41bdc93b4 None None] Publish callbacks ['neutron.plugins.ml2.plugin.SecurityGroupDbMixin._ensure_default_security_group_handler-8094807'] for port (6d417a8b-a563-49d3-b015-d54ce2a668c5), before_update {{(pid=106284) _notify_loop /usr/local/lib/python3.8/dist-packages/neutron_lib/callbacks/manager.py:176}}
Sep 13 12:55:20.053665 dv-cinder-801354-10-smb neutron-server[106284]: DEBUG neutron.notifiers.nova [None req-15509fbe-30dc-47d0-bf35-e1b41bdc93b4 None None] Ignoring state change previous_port_status: DOWN current_port_status: BUILD port_id 6d417a8b-a563-49d3-b015-d54ce2a668c5 {{(pid=106284) record_port_status_changed /opt/stack/neutron/neutron/notifiers/nova.py:235}}
Sep 13 12:55:20.076853 dv-cinder-801354-10-smb neutron-server[106284]: DEBUG neutron.plugins.ml2.db [None req-15509fbe-30dc-47d0-bf35-e1b41bdc93b4 None None] For port 6d417a8b-a563-49d3-b015-d54ce2a668c5, host hv-cinder-80135, got binding levels [PortBindingLevel(driver='hyperv',host='hv-cinder-80135',level=0,port_id=6d417a8b-a563-49d3-b015-d54ce2a668c5,segment=NetworkSegment(d7de5e60-3a9e-4796-8c0c-27042c7c2a04),segment_id=d7de5e60-3a9e-4796-8c0c-27042c7c2a04)] {{(pid=106284) get_binding_level_objs /opt/stack/neutron/neutron/plugins/ml2/db.py:74}}
Sep 13 12:55:20.082226 dv-cinder-801354-10-smb neutron-server[106284]: DEBUG neutron_lib.callbacks.manager [None req-15509fbe-30dc-47d0-bf35-e1b41bdc93b4 None None] Publish callbacks ['neutron.plugins.ml2.plugin.SecurityGroupServerNotifierRpcMixin._notify_sg_on_port_change-8094352', 'neutron.plugins.ml2.ovo_rpc._ObjectChangeHandler.handle_event-26058', 'neutron.api.rpc.agentnotifiers.dhcp_rpc_agent_api.DhcpAgentNotifyAPI._native_event_send_dhcp_notification-643621', 'neutron.db.l3_db.L3RpcNotifierMixin._notify_gateway_port_ip_changed-8740371415435', 'neutron.db.l3_dvrscheduler_db._notify_l3_agent_port_update-8740370956234', 'neutron.db.l3_hascheduler_db._notify_l3_agent_ha_port_update-8740370956252'] for port (6d417a8b-a563-49d3-b015-d54ce2a668c5), after_update {{(pid=106284) _notify_loop /usr/local/lib/python3.8/dist-packages/neutron_lib/callbacks/manager.py:176}}
Sep 13 12:55:20.143271 dv-cinder-801354-10-smb neutron-server[106284]: DEBUG neutron.api.rpc.handlers.resources_rpc [None req-15509fbe-30dc-47d0-bf35-e1b41bdc93b4 None None] Pushing event updated for resources: {'Port': ['ID=6d417a8b-a563-49d3-b015-d54ce2a668c5,revision_number=4']} {{(pid=106284) push /opt/stack/neutron/neutron/api/rpc/handlers/resources_rpc.py:237}}
Sep 13 12:55:20.277545 dv-cinder-801354-10-smb neutron-server[106283]: INFO neutron.wsgi [req-a0f71825-2c6b-4dc7-8b53-bbf83b3747a0 req-9cfba35d-f16a-473c-9429-b4b3c014b905 tempest-VolumesActionsTest-91197546 tempest-VolumesActionsTest-91197546-project] 10.222.0.60 "GET /networking/v2.0/ports?device_id=ad1507ed-f5bd-4779-b0a5-25e6da5b0154 HTTP/1.1" status: 200 len: 210 time: 0.0383277
Sep 13 12:55:20.283923 dv-cinder-801354-10-smb neutron-server[106283]: DEBUG neutron.pecan_wsgi.hooks.policy_enforcement [req-3f11d422-524b-4ab4-99fa-4eeb2ce2c460 req-1eaec7b6-b378-44ea-8651-da25411711aa tempest-AttachVolumeNegativeTest-2097222286 tempest-AttachVolumeNegativeTest-2097222286-project] Attributes excluded by policy engine: ['standard_attr_id', 'binding:profile', 'binding:host_id', 'binding:vif_type', 'binding:vif_details'] {{(pid=106283) _exclude_attributes_by_policy /opt/stack/neutron/neutron/pecan_wsgi/hooks/policy_enforcement.py:259}}
Sep 13 12:55:20.292414 dv-cinder-801354-10-smb neutron-server[106283]: INFO neutron.wsgi [req-3f11d422-524b-4ab4-99fa-4eeb2ce2c460 req-1eaec7b6-b378-44ea-8651-da25411711aa tempest-AttachVolumeNegativeTest-2097222286 tempest-AttachVolumeNegativeTest-2097222286-project] 10.222.0.60 "GET /networking/v2.0/ports?device_id=cc970a16-6963-4e91-bbd5-a009c793b33e HTTP/1.1" status: 200 len: 943 time: 0.0929980
Sep 13 12:55:20.346652 dv-cinder-801354-10-smb neutron-server[106283]: INFO neutron.wsgi [req-3f11d422-524b-4ab4-99fa-4eeb2ce2c460 req-2658e49a-ce55-42c6-8db6-32dea5c6784e tempest-AttachVolumeNegativeTest-2097222286 tempest-AttachVolumeNegativeTest-2097222286-project] 10.222.0.60 "GET /networking/v2.0/security-groups?id=ae5cbea8-db7a-4e18-b18e-8df48353752a&fields=id&fields=name HTTP/1.1" status: 200 len: 313 time: 0.0531833
Sep 13 12:55:20.561701 dv-cinder-801354-10-smb neutron-server[106283]: DEBUG neutron.pecan_wsgi.hooks.policy_enforcement [req-cabeaf3d-5b64-409f-a54d-c37ee6e8a385 req-112519da-de66-468f-b634-f688898ec891 tempest-AttachVolumeShelveTestJSON-666038087 tempest-AttachVolumeShelveTestJSON-666038087-project] Attributes excluded by policy engine: ['standard_attr_id', 'binding:profile', 'binding:host_id', 'binding:vif_type', 'binding:vif_details'] {{(pid=106283) _exclude_attributes_by_policy /opt/stack/neutron/neutron/pecan_wsgi/hooks/policy_enforcement.py:259}}
Sep 13 12:55:20.565993 dv-cinder-801354-10-smb neutron-server[106283]: INFO neutron.wsgi [req-cabeaf3d-5b64-409f-a54d-c37ee6e8a385 req-112519da-de66-468f-b634-f688898ec891 tempest-AttachVolumeShelveTestJSON-666038087 tempest-AttachVolumeShelveTestJSON-666038087-project] 10.222.0.60 "GET /networking/v2.0/ports?device_id=ec2e9640-4d10-46ad-909f-694f5eda555c HTTP/1.1" status: 200 len: 944 time: 0.0596728
Sep 13 12:55:20.621454 dv-cinder-801354-10-smb neutron-server[106283]: INFO neutron.wsgi [req-cabeaf3d-5b64-409f-a54d-c37ee6e8a385 req-073ae822-6d53-456c-817b-555478dba5cc tempest-AttachVolumeShelveTestJSON-666038087 tempest-AttachVolumeShelveTestJSON-666038087-project] 10.222.0.60 "GET /networking/v2.0/security-groups?id=5a6e96ab-7cf2-41fe-9702-18db169cd7e0&fields=id&fields=name HTTP/1.1" status: 200 len: 313 time: 0.0522466
Sep 13 12:55:20.636370 dv-cinder-801354-10-smb neutron-server[106284]: DEBUG neutron.plugins.ml2.db [None req-15509fbe-30dc-47d0-bf35-e1b41bdc93b4 None None] get_ports_and_sgs() called for port_ids ['6d417a8b-a563-49d3-b015-d54ce2a668c5'] {{(pid=106284) get_ports_and_sgs /opt/stack/neutron/neutron/plugins/ml2/db.py:163}}
Sep 13 12:55:20.768429 dv-cinder-801354-10-smb neutron-server[106284]: DEBUG dbcounter [-] [106284] Writing DB stats neutron:SELECT=99,neutron:UPDATE=1 {{(pid=106284) stat_writer /usr/local/lib/python3.8/dist-packages/dbcounter.py:114}}
Sep 13 12:55:20.835955 dv-cinder-801354-10-smb neutron-server[106283]: DEBUG neutron.pecan_wsgi.hooks.policy_enforcement [req-5417f196-bec3-4e18-89c0-434d65647452 req-aa47fb8b-c336-4bd1-9d6b-951394d00dbf tempest-DeleteServersTestJSON-1969407168 tempest-DeleteServersTestJSON-1969407168-project] Attributes excluded by policy engine: ['standard_attr_id', 'binding:profile', 'binding:host_id', 'binding:vif_type', 'binding:vif_details'] {{(pid=106283) _exclude_attributes_by_policy /opt/stack/neutron/neutron/pecan_wsgi/hooks/policy_enforcement.py:259}}
Sep 13 12:55:20.837751 dv-cinder-801354-10-smb neutron-server[106283]: INFO neutron.wsgi [req-5417f196-bec3-4e18-89c0-434d65647452 req-aa47fb8b-c336-4bd1-9d6b-951394d00dbf tempest-DeleteServersTestJSON-1969407168 tempest-DeleteServersTestJSON-1969407168-project] 10.222.0.60 "GET /networking/v2.0/ports?device_id=3a85c3c3-856e-4938-a134-0048710e7cf6 HTTP/1.1" status: 200 len: 944 time: 0.0714431
Sep 13 12:55:20.874598 dv-cinder-801354-10-smb neutron-server[106283]: DEBUG dbcounter [-] [106283] Writing DB stats neutron:SELECT=100 {{(pid=106283) stat_writer /usr/local/lib/python3.8/dist-packages/dbcounter.py:114}}
Sep 13 12:55:20.890956 dv-cinder-801354-10-smb neutron-server[106283]: INFO neutron.wsgi [req-5417f196-bec3-4e18-89c0-434d65647452 req-e9c8e21b-3987-4713-b008-cced99bc818f tempest-DeleteServersTestJSON-1969407168 tempest-DeleteServersTestJSON-1969407168-project] 10.222.0.60 "GET /networking/v2.0/security-groups?id=e22e2eb9-1178-4532-aea1-06875d1fc698&fields=id&fields=name HTTP/1.1" status: 200 len: 286 time: 0.0467863
Sep 13 12:55:21.020851 dv-cinder-801354-10-smb neutron-server[106283]: DEBUG neutron.pecan_wsgi.hooks.policy_enforcement [req-013bd56f-9a2e-475c-871a-7d2b20acc767 req-04195fb7-b9c7-4535-8d13-e8a692f8ec45 tempest-ServerRescueNegativeTestJSON-411504583 tempest-ServerRescueNegativeTestJSON-411504583-project] Attributes excluded by policy engine: ['standard_attr_id', 'binding:profile', 'binding:host_id', 'binding:vif_type', 'binding:vif_details'] {{(pid=106283) _exclude_attributes_by_policy /opt/stack/neutron/neutron/pecan_wsgi/hooks/policy_enforcement.py:259}}
Sep 13 12:55:21.022442 dv-cinder-801354-10-smb neutron-server[106283]: INFO neutron.wsgi [req-013bd56f-9a2e-475c-871a-7d2b20acc767 req-04195fb7-b9c7-4535-8d13-e8a692f8ec45 tempest-ServerRescueNegativeTestJSON-411504583 tempest-ServerRescueNegativeTestJSON-411504583-project] 10.222.0.60 "GET /networking/v2.0/ports?device_id=483bb094-a6b0-457e-9235-4a8dd27ab6fb HTTP/1.1" status: 200 len: 944 time: 0.0471146
Sep 13 12:55:21.071670 dv-cinder-801354-10-smb neutron-server[106283]: INFO neutron.wsgi [req-013bd56f-9a2e-475c-871a-7d2b20acc767 req-9175c00b-5482-40ac-bf34-eaa100721d8e tempest-ServerRescueNegativeTestJSON-411504583 tempest-ServerRescueNegativeTestJSON-411504583-project] 10.222.0.60 "GET /networking/v2.0/security-groups?id=78fce21f-eb05-4679-a56e-d481f5684f4a&fields=id&fields=name HTTP/1.1" status: 200 len: 286 time: 0.0437760
Sep 13 12:55:21.189912 dv-cinder-801354-10-smb neutron-server[106282]: INFO neutron.wsgi [req-8d9cc0e7-75ce-44af-a13f-550743273d41 req-f56c90bf-2282-45fe-b3de-ed887e07d35c service neutron] 10.222.0.74 "GET /networking/v2.0/networks/3cbe110a-864a-4870-99c1-f48f7a3ace4d?fields=segments HTTP/1.1" status: 200 len: 212 time: 0.1350319
Sep 13 12:55:21.387608 dv-cinder-801354-10-smb neutron-server[106283]: INFO neutron.wsgi [req-7df0ab7c-9e20-4326-9735-ae13cfd65f78 req-a97c0153-d744-4ef3-8fd9-a67ab3b5e7fc tempest-VolumesActionsTest-91197546 tempest-VolumesActionsTest-91197546-project] 10.222.0.60 "GET /networking/v2.0/ports?device_id=ad1507ed-f5bd-4779-b0a5-25e6da5b0154 HTTP/1.1" status: 200 len: 210 time: 0.0301704
Sep 13 12:55:21.475372 dv-cinder-801354-10-smb neutron-server[106283]: DEBUG neutron.pecan_wsgi.hooks.policy_enforcement [req-08e91bf2-9154-4443-9435-b80da1e53b5c req-6f5b5481-891f-4c3d-a4cb-227dbe54ba59 tempest-AttachVolumeNegativeTest-2097222286 tempest-AttachVolumeNegativeTest-2097222286-project] Attributes excluded by policy engine: ['standard_attr_id', 'binding:profile', 'binding:host_id', 'binding:vif_type', 'binding:vif_details'] {{(pid=106283) _exclude_attributes_by_policy /opt/stack/neutron/neutron/pecan_wsgi/hooks/policy_enforcement.py:259}}
Sep 13 12:55:21.477239 dv-cinder-801354-10-smb neutron-server[106283]: INFO neutron.wsgi [req-08e91bf2-9154-4443-9435-b80da1e53b5c req-6f5b5481-891f-4c3d-a4cb-227dbe54ba59 tempest-AttachVolumeNegativeTest-2097222286 tempest-AttachVolumeNegativeTest-2097222286-project] 10.222.0.60 "GET /networking/v2.0/ports?device_id=cc970a16-6963-4e91-bbd5-a009c793b33e HTTP/1.1" status: 200 len: 943 time: 0.0546277
Sep 13 12:55:21.536358 dv-cinder-801354-10-smb neutron-server[106283]: INFO neutron.wsgi [req-08e91bf2-9154-4443-9435-b80da1e53b5c req-73f436f1-fbfb-45dc-bc33-a347a7ead16f tempest-AttachVolumeNegativeTest-2097222286 tempest-AttachVolumeNegativeTest-2097222286-project] 10.222.0.60 "GET /networking/v2.0/security-groups?id=ae5cbea8-db7a-4e18-b18e-8df48353752a&fields=id&fields=name HTTP/1.1" status: 200 len: 313 time: 0.0535209
Sep 13 12:55:21.735319 dv-cinder-801354-10-smb neutron-server[106283]: DEBUG dbcounter [-] [106283] Writing DB stats neutron:SELECT=100 {{(pid=106283) stat_writer /usr/local/lib/python3.8/dist-packages/dbcounter.py:114}}
Sep 13 12:55:21.752468 dv-cinder-801354-10-smb neutron-server[106283]: DEBUG neutron.pecan_wsgi.hooks.policy_enforcement [req-e7203b9a-c54c-4c25-b4b4-f92d2af62138 req-2f49d05f-2ca2-4e36-88a7-a45e066df08a tempest-AttachVolumeShelveTestJSON-666038087 tempest-AttachVolumeShelveTestJSON-666038087-project] Attributes excluded by policy engine: ['standard_attr_id', 'binding:profile', 'binding:host_id', 'binding:vif_type', 'binding:vif_details'] {{(pid=106283) _exclude_attributes_by_policy /opt/stack/neutron/neutron/pecan_wsgi/hooks/policy_enforcement.py:259}}
Sep 13 12:55:21.754088 dv-cinder-801354-10-smb neutron-server[106283]: INFO neutron.wsgi [req-e7203b9a-c54c-4c25-b4b4-f92d2af62138 req-2f49d05f-2ca2-4e36-88a7-a45e066df08a tempest-AttachVolumeShelveTestJSON-666038087 tempest-AttachVolumeShelveTestJSON-666038087-project] 10.222.0.60 "GET /networking/v2.0/ports?device_id=ec2e9640-4d10-46ad-909f-694f5eda555c HTTP/1.1" status: 200 len: 944 time: 0.0484240
Sep 13 12:55:21.805258 dv-cinder-801354-10-smb neutron-server[106283]: INFO neutron.wsgi [req-e7203b9a-c54c-4c25-b4b4-f92d2af62138 req-097f1bf6-07b8-417d-a87a-4a811550db1c tempest-AttachVolumeShelveTestJSON-666038087 tempest-AttachVolumeShelveTestJSON-666038087-project] 10.222.0.60 "GET /networking/v2.0/security-groups?id=5a6e96ab-7cf2-41fe-9702-18db169cd7e0&fields=id&fields=name HTTP/1.1" status: 200 len: 313 time: 0.0445397
Sep 13 12:55:22.018863 dv-cinder-801354-10-smb neutron-server[106283]: DEBUG neutron.pecan_wsgi.hooks.policy_enforcement [req-5fedf93f-c366-4989-b085-f4e163d145b0 req-a0b45828-a53c-4997-b6e3-ca4181716dc0 tempest-DeleteServersTestJSON-1969407168 tempest-DeleteServersTestJSON-1969407168-project] Attributes excluded by policy engine: ['standard_attr_id', 'binding:profile', 'binding:host_id', 'binding:vif_type', 'binding:vif_details'] {{(pid=106283) _exclude_attributes_by_policy /opt/stack/neutron/neutron/pecan_wsgi/hooks/policy_enforcement.py:259}}
Sep 13 12:55:22.021913 dv-cinder-801354-10-smb neutron-server[106283]: INFO neutron.wsgi [req-5fedf93f-c366-4989-b085-f4e163d145b0 req-a0b45828-a53c-4997-b6e3-ca4181716dc0 tempest-DeleteServersTestJSON-1969407168 tempest-DeleteServersTestJSON-1969407168-project] 10.222.0.60 "GET /networking/v2.0/ports?device_id=3a85c3c3-856e-4938-a134-0048710e7cf6 HTTP/1.1" status: 200 len: 944 time: 0.0493548
Sep 13 12:55:22.052332 dv-cinder-801354-10-smb neutron-server[106284]: DEBUG neutron.plugins.ml2.rpc [None req-15509fbe-30dc-47d0-bf35-e1b41bdc93b4 None None] Device 6d417a8b-a563-49d3-b015-d54ce2a668c5 up at agent hyperv_hv-cinder-80135 {{(pid=106284) update_device_up /opt/stack/neutron/neutron/plugins/ml2/rpc.py:296}}
Sep 13 12:55:22.098524 dv-cinder-801354-10-smb neutron-server[106283]: INFO neutron.wsgi [req-5fedf93f-c366-4989-b085-f4e163d145b0 req-6171fce5-de41-4cfd-a17a-c6fe4cc5eae4 tempest-DeleteServersTestJSON-1969407168 tempest-DeleteServersTestJSON-1969407168-project] 10.222.0.60 "GET /networking/v2.0/security-groups?id=e22e2eb9-1178-4532-aea1-06875d1fc698&fields=id&fields=name HTTP/1.1" status: 200 len: 286 time: 0.0714343
Sep 13 12:55:22.126295 dv-cinder-801354-10-smb neutron-server[106284]: DEBUG neutron.db.provisioning_blocks [None req-15509fbe-30dc-47d0-bf35-e1b41bdc93b4 None None] Provisioning for port 6d417a8b-a563-49d3-b015-d54ce2a668c5 completed by entity L2. {{(pid=106284) provisioning_complete /opt/stack/neutron/neutron/db/provisioning_blocks.py:136}}
Sep 13 12:55:22.131636 dv-cinder-801354-10-smb neutron-server[106284]: DEBUG neutron.db.provisioning_blocks [None req-15509fbe-30dc-47d0-bf35-e1b41bdc93b4 None None] Provisioning complete for port 6d417a8b-a563-49d3-b015-d54ce2a668c5 triggered by entity L2. {{(pid=106284) provisioning_complete /opt/stack/neutron/neutron/db/provisioning_blocks.py:144}}
Sep 13 12:55:22.133798 dv-cinder-801354-10-smb neutron-server[106284]: DEBUG neutron_lib.callbacks.manager [None req-15509fbe-30dc-47d0-bf35-e1b41bdc93b4 None None] Publish callbacks ['neutron.plugins.ml2.plugin.Ml2Plugin._port_provisioned-8199591'] for port (6d417a8b-a563-49d3-b015-d54ce2a668c5), provisioning_complete {{(pid=106284) _notify_loop /usr/local/lib/python3.8/dist-packages/neutron_lib/callbacks/manager.py:176}}
Sep 13 12:55:22.217958 dv-cinder-801354-10-smb neutron-server[106284]: DEBUG neutron.plugins.ml2.plugin [None req-15509fbe-30dc-47d0-bf35-e1b41bdc93b4 None None] Current status of the port 6d417a8b-a563-49d3-b015-d54ce2a668c5 is: BUILD; New status is: ACTIVE {{(pid=106284) _update_individual_port_db_status /opt/stack/neutron/neutron/plugins/ml2/plugin.py:2302}}
Sep 13 12:55:22.218356 dv-cinder-801354-10-smb neutron-server[106284]: DEBUG neutron_lib.callbacks.manager [None req-15509fbe-30dc-47d0-bf35-e1b41bdc93b4 None None] Publish callbacks ['neutron.plugins.ml2.plugin.SecurityGroupDbMixin._ensure_default_security_group_handler-8094807'] for port (6d417a8b-a563-49d3-b015-d54ce2a668c5), before_update {{(pid=106284) _notify_loop /usr/local/lib/python3.8/dist-packages/neutron_lib/callbacks/manager.py:176}}
Sep 13 12:55:22.240597 dv-cinder-801354-10-smb neutron-server[106283]: DEBUG neutron.pecan_wsgi.hooks.policy_enforcement [req-a884b408-6abe-41df-8e00-c11fe995da12 req-0b65c689-bccc-4aa5-add4-86e6014a0414 tempest-ServerRescueNegativeTestJSON-411504583 tempest-ServerRescueNegativeTestJSON-411504583-project] Attributes excluded by policy engine: ['standard_attr_id', 'binding:profile', 'binding:host_id', 'binding:vif_type', 'binding:vif_details'] {{(pid=106283) _exclude_attributes_by_policy /opt/stack/neutron/neutron/pecan_wsgi/hooks/policy_enforcement.py:259}}
Sep 13 12:55:22.242304 dv-cinder-801354-10-smb neutron-server[106283]: INFO neutron.wsgi [req-a884b408-6abe-41df-8e00-c11fe995da12 req-0b65c689-bccc-4aa5-add4-86e6014a0414 tempest-ServerRescueNegativeTestJSON-411504583 tempest-ServerRescueNegativeTestJSON-411504583-project] 10.222.0.60 "GET /networking/v2.0/ports?device_id=483bb094-a6b0-457e-9235-4a8dd27ab6fb HTTP/1.1" status: 200 len: 944 time: 0.0462663
Sep 13 12:55:22.243860 dv-cinder-801354-10-smb neutron-server[106284]: DEBUG neutron.notifiers.nova [-] Sending events: [{'server_uuid': '483bb094-a6b0-457e-9235-4a8dd27ab6fb', 'name': 'network-vif-plugged', 'status': 'completed', 'tag': '6d417a8b-a563-49d3-b015-d54ce2a668c5'}] {{(pid=106284) send_events /opt/stack/neutron/neutron/notifiers/nova.py:279}}
Sep 13 12:55:22.291538 dv-cinder-801354-10-smb neutron-server[106283]: INFO neutron.wsgi [req-a884b408-6abe-41df-8e00-c11fe995da12 req-85f7f1f5-1e92-4102-a722-e558d7c17696 tempest-ServerRescueNegativeTestJSON-411504583 tempest-ServerRescueNegativeTestJSON-411504583-project] 10.222.0.60 "GET /networking/v2.0/security-groups?id=78fce21f-eb05-4679-a56e-d481f5684f4a&fields=id&fields=name HTTP/1.1" status: 200 len: 286 time: 0.0420761
Sep 13 12:55:22.318160 dv-cinder-801354-10-smb neutron-server[106284]: DEBUG neutron.plugins.ml2.db [None req-15509fbe-30dc-47d0-bf35-e1b41bdc93b4 None None] For port 6d417a8b-a563-49d3-b015-d54ce2a668c5, host hv-cinder-80135, got binding levels [PortBindingLevel(driver='hyperv',host='hv-cinder-80135',level=0,port_id=6d417a8b-a563-49d3-b015-d54ce2a668c5,segment=NetworkSegment(d7de5e60-3a9e-4796-8c0c-27042c7c2a04),segment_id=d7de5e60-3a9e-4796-8c0c-27042c7c2a04)] {{(pid=106284) get_binding_level_objs /opt/stack/neutron/neutron/plugins/ml2/db.py:74}}
Sep 13 12:55:22.323327 dv-cinder-801354-10-smb neutron-server[106284]: DEBUG neutron_lib.callbacks.manager [None req-15509fbe-30dc-47d0-bf35-e1b41bdc93b4 None None] Publish callbacks ['neutron.plugins.ml2.plugin.SecurityGroupServerNotifierRpcMixin._notify_sg_on_port_change-8094352', 'neutron.plugins.ml2.ovo_rpc._ObjectChangeHandler.handle_event-26058', 'neutron.api.rpc.agentnotifiers.dhcp_rpc_agent_api.DhcpAgentNotifyAPI._native_event_send_dhcp_notification-643621', 'neutron.db.l3_db.L3RpcNotifierMixin._notify_gateway_port_ip_changed-8740371415435', 'neutron.db.l3_dvrscheduler_db._notify_l3_agent_port_update-8740370956234', 'neutron.db.l3_hascheduler_db._notify_l3_agent_ha_port_update-8740370956252'] for port (6d417a8b-a563-49d3-b015-d54ce2a668c5), after_update {{(pid=106284) _notify_loop /usr/local/lib/python3.8/dist-packages/neutron_lib/callbacks/manager.py:176}}
Sep 13 12:55:22.347561 dv-cinder-801354-10-smb neutron-server[106284]: DEBUG dbcounter [-] [106284] Writing DB stats neutron:SELECT=98,neutron:UPDATE=2 {{(pid=106284) stat_writer /usr/local/lib/python3.8/dist-packages/dbcounter.py:114}}
Sep 13 12:55:22.374205 dv-cinder-801354-10-smb neutron-server[106284]: DEBUG neutron.api.rpc.handlers.resources_rpc [None req-15509fbe-30dc-47d0-bf35-e1b41bdc93b4 None None] Pushing event updated for resources: {'Port': ['ID=6d417a8b-a563-49d3-b015-d54ce2a668c5,revision_number=5']} {{(pid=106284) push /opt/stack/neutron/neutron/api/rpc/handlers/resources_rpc.py:237}}
Sep 13 12:55:22.417370 dv-cinder-801354-10-smb neutron-server[106284]: DEBUG novaclient.v2.client [-] REQ: curl -g -i --cacert "/opt/stack/data/ca-bundle.pem" -X POST http://10.222.0.60/compute/v2.1/os-server-external-events -H "Accept: application/json" -H "Content-Type: application/json" -H "User-Agent: python-novaclient" -H "X-Auth-Token: {SHA256}3adad9b593cef0f7bd57325d4b3be467899ea78d9eb0551f163d89ee52517dcd" -H "X-OpenStack-Nova-API-Version: 2.1" -H "X-OpenStack-Request-ID: req-0161d937-5e97-44dc-9a39-a52f4ba24e19" -d '{"events": [{"server_uuid": "483bb094-a6b0-457e-9235-4a8dd27ab6fb", "name": "network-vif-plugged", "status": "completed", "tag": "6d417a8b-a563-49d3-b015-d54ce2a668c5"}]}' {{(pid=106284) _http_log_request /usr/local/lib/python3.8/dist-packages/keystoneauth1/session.py:519}}
Sep 13 12:55:22.492418 dv-cinder-801354-10-smb neutron-server[106283]: INFO neutron.wsgi [req-31897e1f-8761-458c-a418-8f1892562256 req-99498c41-6f26-430a-a141-65799b63164f tempest-VolumesActionsTest-91197546 tempest-VolumesActionsTest-91197546-project] 10.222.0.60 "GET /networking/v2.0/ports?device_id=ad1507ed-f5bd-4779-b0a5-25e6da5b0154 HTTP/1.1" status: 200 len: 210 time: 0.0283852
Sep 13 12:55:22.512986 dv-cinder-801354-10-smb neutron-server[106284]: DEBUG novaclient.v2.client [-] RESP: [200] Connection: close Content-Length: 183 Content-Type: application/json Date: Tue, 13 Sep 2022 12:55:22 GMT OpenStack-API-Version: compute 2.1 Server: Apache/2.4.41 (Ubuntu) Vary: OpenStack-API-Version,X-OpenStack-Nova-API-Version X-OpenStack-Nova-API-Version: 2.1 x-compute-request-id: req-78150800-baf6-496d-be9e-4e2ebf14e55f x-openstack-request-id: req-78150800-baf6-496d-be9e-4e2ebf14e55f {{(pid=106284) _http_log_response /usr/local/lib/python3.8/dist-packages/keystoneauth1/session.py:550}}
Sep 13 12:55:22.513293 dv-cinder-801354-10-smb neutron-server[106284]: DEBUG novaclient.v2.client [-] RESP BODY: {"events": [{"server_uuid": "483bb094-a6b0-457e-9235-4a8dd27ab6fb", "name": "network-vif-plugged", "status": "completed", "tag": "6d417a8b-a563-49d3-b015-d54ce2a668c5", "code": 200}]} {{(pid=106284) _http_log_response /usr/local/lib/python3.8/dist-packages/keystoneauth1/session.py:582}}
Sep 13 12:55:22.513573 dv-cinder-801354-10-smb neutron-server[106284]: DEBUG novaclient.v2.client [-] POST call to compute for http://10.222.0.60/compute/v2.1/os-server-external-events used request id req-78150800-baf6-496d-be9e-4e2ebf14e55f {{(pid=106284) request /usr/local/lib/python3.8/dist-packages/keystoneauth1/session.py:954}}
Sep 13 12:55:22.514015 dv-cinder-801354-10-smb neutron-server[106284]: INFO neutron.notifiers.nova [-] Nova event matching ['req-78150800-baf6-496d-be9e-4e2ebf14e55f'] response: {'server_uuid': '483bb094-a6b0-457e-9235-4a8dd27ab6fb', 'name': 'network-vif-plugged', 'status': 'completed', 'tag': '6d417a8b-a563-49d3-b015-d54ce2a668c5', 'code': 200}
Sep 13 12:55:22.658037 dv-cinder-801354-10-smb neutron-server[106283]: DEBUG neutron.pecan_wsgi.hooks.policy_enforcement [req-4e43edb6-038e-4e5e-8e8c-dd7955b3d919 req-6751c534-0008-4ee0-918c-17aa48507a20 tempest-AttachVolumeNegativeTest-2097222286 tempest-AttachVolumeNegativeTest-2097222286-project] Attributes excluded by policy engine: ['standard_attr_id', 'binding:profile', 'binding:host_id', 'binding:vif_type', 'binding:vif_details'] {{(pid=106283) _exclude_attributes_by_policy /opt/stack/neutron/neutron/pecan_wsgi/hooks/policy_enforcement.py:259}}
Sep 13 12:55:22.659456 dv-cinder-801354-10-smb neutron-server[106283]: INFO neutron.wsgi [req-4e43edb6-038e-4e5e-8e8c-dd7955b3d919 req-6751c534-0008-4ee0-918c-17aa48507a20 tempest-AttachVolumeNegativeTest-2097222286 tempest-AttachVolumeNegativeTest-2097222286-project] 10.222.0.60 "GET /networking/v2.0/ports?device_id=cc970a16-6963-4e91-bbd5-a009c793b33e HTTP/1.1" status: 200 len: 943 time: 0.0485826
Sep 13 12:55:22.708988 dv-cinder-801354-10-smb neutron-server[106283]: INFO neutron.wsgi [req-4e43edb6-038e-4e5e-8e8c-dd7955b3d919 req-17c3d4ad-6e55-40e1-aab3-4d94ec7852d1 tempest-AttachVolumeNegativeTest-2097222286 tempest-AttachVolumeNegativeTest-2097222286-project] 10.222.0.60 "GET /networking/v2.0/security-groups?id=ae5cbea8-db7a-4e18-b18e-8df48353752a&fields=id&fields=name HTTP/1.1" status: 200 len: 313 time: 0.0436044
Sep 13 12:55:22.944495 dv-cinder-801354-10-smb neutron-server[106283]: DEBUG neutron.pecan_wsgi.hooks.policy_enforcement [req-0c5a0706-1cbf-43d2-89b7-7d06e3043111 req-b686ef43-f2c6-46a1-a245-8b6465535687 tempest-AttachVolumeShelveTestJSON-666038087 tempest-AttachVolumeShelveTestJSON-666038087-project] Attributes excluded by policy engine: ['standard_attr_id', 'binding:profile', 'binding:host_id', 'binding:vif_type', 'binding:vif_details'] {{(pid=106283) _exclude_attributes_by_policy /opt/stack/neutron/neutron/pecan_wsgi/hooks/policy_enforcement.py:259}}
Sep 13 12:55:22.945988 dv-cinder-801354-10-smb neutron-server[106283]: INFO neutron.wsgi [req-0c5a0706-1cbf-43d2-89b7-7d06e3043111 req-b686ef43-f2c6-46a1-a245-8b6465535687 tempest-AttachVolumeShelveTestJSON-666038087 tempest-AttachVolumeShelveTestJSON-666038087-project] 10.222.0.60 "GET /networking/v2.0/ports?device_id=ec2e9640-4d10-46ad-909f-694f5eda555c HTTP/1.1" status: 200 len: 944 time: 0.0486979
Sep 13 12:55:22.996926 dv-cinder-801354-10-smb neutron-server[106283]: INFO neutron.wsgi [req-0c5a0706-1cbf-43d2-89b7-7d06e3043111 req-7d3cc9f9-364d-4c80-aa83-302c9748e292 tempest-AttachVolumeShelveTestJSON-666038087 tempest-AttachVolumeShelveTestJSON-666038087-project] 10.222.0.60 "GET /networking/v2.0/security-groups?id=5a6e96ab-7cf2-41fe-9702-18db169cd7e0&fields=id&fields=name HTTP/1.1" status: 200 len: 313 time: 0.0430970
Sep 13 12:55:23.224294 dv-cinder-801354-10-smb neutron-server[106283]: DEBUG neutron.pecan_wsgi.hooks.policy_enforcement [req-2067f18e-355e-4aa5-b507-1ace5de16991 req-cd8d8782-b2da-49bb-8826-a6f8f1152728 tempest-DeleteServersTestJSON-1969407168 tempest-DeleteServersTestJSON-1969407168-project] Attributes excluded by policy engine: ['standard_attr_id', 'binding:profile', 'binding:host_id', 'binding:vif_type', 'binding:vif_details'] {{(pid=106283) _exclude_attributes_by_policy /opt/stack/neutron/neutron/pecan_wsgi/hooks/policy_enforcement.py:259}}
Sep 13 12:55:23.226050 dv-cinder-801354-10-smb neutron-server[106283]: INFO neutron.wsgi [req-2067f18e-355e-4aa5-b507-1ace5de16991 req-cd8d8782-b2da-49bb-8826-a6f8f1152728 tempest-DeleteServersTestJSON-1969407168 tempest-DeleteServersTestJSON-1969407168-project] 10.222.0.60 "GET /networking/v2.0/ports?device_id=3a85c3c3-856e-4938-a134-0048710e7cf6 HTTP/1.1" status: 200 len: 944 time: 0.0532138
Sep 13 12:55:23.280871 dv-cinder-801354-10-smb neutron-server[106283]: INFO neutron.wsgi [req-2067f18e-355e-4aa5-b507-1ace5de16991 req-aba158ea-0bb7-42b0-8594-18c18b24f051 tempest-DeleteServersTestJSON-1969407168 tempest-DeleteServersTestJSON-1969407168-project] 10.222.0.60 "GET /networking/v2.0/security-groups?id=e22e2eb9-1178-4532-aea1-06875d1fc698&fields=id&fields=name HTTP/1.1" status: 200 len: 286 time: 0.0484729
