Sep 13 12:46:20.027467 dv-cinder-801354-10-smb neutron-server[106284]: DEBUG neutron.api.rpc.callbacks.version_manager [None req-e165318b-c9d1-4b10-a2fb-e7040adaa2c8 None None] Version for resource type SecurityGroup changed None to 1.5 on consumer Open vSwitch agent@dv-cinder-801354-10-smb {{(pid=106284) _set_version /opt/stack/neutron/neutron/api/rpc/callbacks/version_manager.py:113}}
Sep 13 12:46:20.027799 dv-cinder-801354-10-smb neutron-server[106284]: DEBUG neutron.api.rpc.callbacks.version_manager [None req-e165318b-c9d1-4b10-a2fb-e7040adaa2c8 None None] Version for resource type SecurityGroupRule changed None to 1.2 on consumer Open vSwitch agent@dv-cinder-801354-10-smb {{(pid=106284) _set_version /opt/stack/neutron/neutron/api/rpc/callbacks/version_manager.py:113}}
Sep 13 12:46:20.028113 dv-cinder-801354-10-smb neutron-server[106284]: DEBUG neutron.api.rpc.callbacks.version_manager [None req-e165318b-c9d1-4b10-a2fb-e7040adaa2c8 None None] Version for resource type SubPort changed None to 1.0 on consumer Open vSwitch agent@dv-cinder-801354-10-smb {{(pid=106284) _set_version /opt/stack/neutron/neutron/api/rpc/callbacks/version_manager.py:113}}
Sep 13 12:46:20.028432 dv-cinder-801354-10-smb neutron-server[106284]: DEBUG neutron.api.rpc.callbacks.version_manager [None req-e165318b-c9d1-4b10-a2fb-e7040adaa2c8 None None] Version for resource type Subnet changed None to 1.1 on consumer Open vSwitch agent@dv-cinder-801354-10-smb {{(pid=106284) _set_version /opt/stack/neutron/neutron/api/rpc/callbacks/version_manager.py:113}}
Sep 13 12:46:20.028746 dv-cinder-801354-10-smb neutron-server[106284]: DEBUG neutron.api.rpc.callbacks.version_manager [None req-e165318b-c9d1-4b10-a2fb-e7040adaa2c8 None None] Version for resource type Trunk changed None to 1.1 on consumer Open vSwitch agent@dv-cinder-801354-10-smb {{(pid=106284) _set_version /opt/stack/neutron/neutron/api/rpc/callbacks/version_manager.py:113}}
Sep 13 12:46:20.030000 dv-cinder-801354-10-smb neutron-server[106284]: DEBUG neutron.api.rpc.callbacks.version_manager [None req-e165318b-c9d1-4b10-a2fb-e7040adaa2c8 None None] Tracked resource versions report:
Sep 13 12:46:20.030000 dv-cinder-801354-10-smb neutron-server[106284]: pushed versions:
Sep 13 12:46:20.030000 dv-cinder-801354-10-smb neutron-server[106284]: { 'AddressGroup': {'1.2'},
Sep 13 12:46:20.030000 dv-cinder-801354-10-smb neutron-server[106284]: 'Agent': {'1.1'},
Sep 13 12:46:20.030000 dv-cinder-801354-10-smb neutron-server[106284]: 'ConntrackHelper': {'1.0'},
Sep 13 12:46:20.030000 dv-cinder-801354-10-smb neutron-server[106284]: 'LocalIPAssociation': {'1.0'},
Sep 13 12:46:20.030000 dv-cinder-801354-10-smb neutron-server[106284]: 'Log': {'1.0'},
Sep 13 12:46:20.030000 dv-cinder-801354-10-smb neutron-server[106284]: 'NDPProxy': {'1.0'},
Sep 13 12:46:20.030000 dv-cinder-801354-10-smb neutron-server[106284]: 'Network': {'1.1'},
Sep 13 12:46:20.030000 dv-cinder-801354-10-smb neutron-server[106284]: 'Port': {'1.7'},
Sep 13 12:46:20.030000 dv-cinder-801354-10-smb neutron-server[106284]: 'PortForwarding': {'1.3'},
Sep 13 12:46:20.030000 dv-cinder-801354-10-smb neutron-server[106284]: 'QosPolicy': {'1.10'},
Sep 13 12:46:20.030000 dv-cinder-801354-10-smb neutron-server[106284]: 'SecurityGroup': {'1.5'},
Sep 13 12:46:20.030000 dv-cinder-801354-10-smb neutron-server[106284]: 'SecurityGroupRule': {'1.2'},
Sep 13 12:46:20.030000 dv-cinder-801354-10-smb neutron-server[106284]: 'SubPort': {'1.0'},
Sep 13 12:46:20.030000 dv-cinder-801354-10-smb neutron-server[106284]: 'Subnet': {'1.1'},
Sep 13 12:46:20.030000 dv-cinder-801354-10-smb neutron-server[106284]: 'Trunk': {'1.1'}}
Sep 13 12:46:20.030000 dv-cinder-801354-10-smb neutron-server[106284]: consumer versions:
Sep 13 12:46:20.030000 dv-cinder-801354-10-smb neutron-server[106284]: { DHCP agent@dv-cinder-801354-10-smb: {},
Sep 13 12:46:20.030000 dv-cinder-801354-10-smb neutron-server[106284]: L3 agent@dv-cinder-801354-10-smb: {},
Sep 13 12:46:20.030000 dv-cinder-801354-10-smb neutron-server[106284]: Metadata agent@dv-cinder-801354-10-smb: {},
Sep 13 12:46:20.030000 dv-cinder-801354-10-smb neutron-server[106284]: Metering agent@dv-cinder-801354-10-smb: {},
Sep 13 12:46:20.030000 dv-cinder-801354-10-smb neutron-server[106284]: Open vSwitch agent@dv-cinder-801354-10-smb: { 'AddressGroup': '1.2',
Sep 13 12:46:20.030000 dv-cinder-801354-10-smb neutron-server[106284]: 'Agent': '1.1',
Sep 13 12:46:20.030000 dv-cinder-801354-10-smb neutron-server[106284]: 'ConntrackHelper': '1.0',
Sep 13 12:46:20.030000 dv-cinder-801354-10-smb neutron-server[106284]: 'LocalIPAssociation': '1.0',
Sep 13 12:46:20.030000 dv-cinder-801354-10-smb neutron-server[106284]: 'Log': '1.0',
Sep 13 12:46:20.030000 dv-cinder-801354-10-smb neutron-server[106284]: 'NDPProxy': '1.0',
Sep 13 12:46:20.030000 dv-cinder-801354-10-smb neutron-server[106284]: 'Network': '1.1',
Sep 13 12:46:20.030000 dv-cinder-801354-10-smb neutron-server[106284]: 'Port': '1.7',
Sep 13 12:46:20.030000 dv-cinder-801354-10-smb neutron-server[106284]: 'PortForwarding': '1.3',
Sep 13 12:46:20.030000 dv-cinder-801354-10-smb neutron-server[106284]: 'QosPolicy': '1.10',
Sep 13 12:46:20.030000 dv-cinder-801354-10-smb neutron-server[106284]: 'SecurityGroup': '1.5',
Sep 13 12:46:20.030000 dv-cinder-801354-10-smb neutron-server[106284]: 'SecurityGroupRule': '1.2',
Sep 13 12:46:20.030000 dv-cinder-801354-10-smb neutron-server[106284]: 'SubPort': '1.0',
Sep 13 12:46:20.030000 dv-cinder-801354-10-smb neutron-server[106284]: 'Subnet': '1.1',
Sep 13 12:46:20.030000 dv-cinder-801354-10-smb neutron-server[106284]: 'Trunk': '1.1'}}
Sep 13 12:46:20.030000 dv-cinder-801354-10-smb neutron-server[106284]: {{(pid=106284) report /opt/stack/neutron/neutron/api/rpc/callbacks/version_manager.py:175}}
Sep 13 12:46:20.097438 dv-cinder-801354-10-smb neutron-server[106284]: DEBUG dbcounter [-] [106284] Writing DB stats neutron:SELECT=91,neutron:INSERT=4,neutron:UPDATE=5 {{(pid=106284) stat_writer /usr/local/lib/python3.8/dist-packages/dbcounter.py:114}}
Sep 13 12:46:20.107305 dv-cinder-801354-10-smb neutron-server[106284]: DEBUG neutron.plugins.ml2.managers [None req-e165318b-c9d1-4b10-a2fb-e7040adaa2c8 None None] Attempting to bind port bf77e86b-16da-4049-9e25-acd5339e3370 on host dv-cinder-801354-10-smb for vnic_type normal with profile {{(pid=106284) bind_port /opt/stack/neutron/neutron/plugins/ml2/managers.py:810}}
Sep 13 12:46:20.107893 dv-cinder-801354-10-smb neutron-server[106284]: DEBUG neutron.plugins.ml2.managers [None req-e165318b-c9d1-4b10-a2fb-e7040adaa2c8 None None] Attempting to bind port bf77e86b-16da-4049-9e25-acd5339e3370 by drivers openvswitch,hyperv on host dv-cinder-801354-10-smb at level 0 using segments [{'id': 'b93260cc-b2da-472e-a655-9ae022009ab0', 'network_type': 'vlan', 'physical_network': 'physnet1', 'segmentation_id': 685, 'network_id': 'fa91e5a8-483e-4604-b23f-e72fb03f65de'}] {{(pid=106284) _bind_port_level /opt/stack/neutron/neutron/plugins/ml2/managers.py:835}}
Sep 13 12:46:20.108094 dv-cinder-801354-10-smb neutron-server[106284]: DEBUG neutron.plugins.ml2.drivers.mech_agent [None req-e165318b-c9d1-4b10-a2fb-e7040adaa2c8 None None] Attempting to bind port bf77e86b-16da-4049-9e25-acd5339e3370 on network fa91e5a8-483e-4604-b23f-e72fb03f65de {{(pid=106284) bind_port /opt/stack/neutron/neutron/plugins/ml2/drivers/mech_agent.py:91}}
Sep 13 12:46:20.155299 dv-cinder-801354-10-smb neutron-server[106284]: DEBUG neutron.plugins.ml2.drivers.mech_agent [None req-e165318b-c9d1-4b10-a2fb-e7040adaa2c8 None None] Checking agent: {'id': '7fc1af9d-a6de-4946-87e7-1d246d077e60', 'agent_type': 'Open vSwitch agent', 'binary': 'neutron-openvswitch-agent', 'topic': 'N/A', 'host': 'dv-cinder-801354-10-smb', 'admin_state_up': True, 'created_at': datetime.datetime(2022, 9, 13, 12, 46, 9), 'started_at': datetime.datetime(2022, 9, 13, 12, 46, 9), 'heartbeat_timestamp': datetime.datetime(2022, 9, 13, 12, 46, 9), 'description': None, 'resources_synced': None, 'availability_zone': None, 'alive': True, 'configurations': {'arp_responder_enabled': False, 'baremetal_smartnic': False, 'bridge_mappings': {'physnet1': 'br-data'}, 'datapath_type': 'system', 'devices': 0, 'enable_distributed_routing': False, 'extensions': [], 'in_distributed_mode': False, 'integration_bridge': 'br-int', 'l2_population': False, 'log_agent_heartbeats': False, 'ovs_capabilities': {'datapath_types': ['netdev', 'system'], 'iface_types': ['erspan', 'geneve', 'gre', 'internal', 'ip6erspan', 'ip6gre', 'lisp', 'patch', 'stt', 'system', 'tap', 'vxlan']}, 'ovs_hybrid_plug': False, 'resource_provider_bandwidths': {}, 'resource_provider_hypervisors': {'br-data': 'dv-cinder-801354-10-smb'}, 'resource_provider_inventory_defaults': {'allocation_ratio': 1.0, 'min_unit': 1, 'step_size': 1, 'reserved': 0}, 'resource_provider_packet_processing_inventory_defaults': {'allocation_ratio': 1.0, 'min_unit': 1, 'step_size': 1, 'reserved': 0}, 'resource_provider_packet_processing_with_direction': {}, 'resource_provider_packet_processing_without_direction': {}, 'tunnel_types': [], 'tunneling_ip': None, 'vhostuser_socket_dir': '/var/run/openvswitch'}, 'resource_versions': {'AddressGroup': '1.2', 'Agent': '1.1', 'ConntrackHelper': '1.0', 'LocalIPAssociation': '1.0', 'Log': '1.0', 'NDPProxy': '1.0', 'Network': '1.1', 'Port': '1.7', 'PortForwarding': '1.3', 'QosPolicy': '1.10', 'SecurityGroup': '1.5', 'SecurityGroupRule': '1.2', 'SubPort': '1.0', 'Subnet': '1.1', 'Trunk': '1.1'}} {{(pid=106284) bind_port /opt/stack/neutron/neutron/plugins/ml2/drivers/mech_agent.py:127}}
Sep 13 12:46:20.155652 dv-cinder-801354-10-smb neutron-server[106284]: DEBUG neutron.plugins.ml2.drivers.mech_agent [None req-e165318b-c9d1-4b10-a2fb-e7040adaa2c8 None None] Checking segment: {'id': 'b93260cc-b2da-472e-a655-9ae022009ab0', 'network_type': 'vlan', 'physical_network': 'physnet1', 'segmentation_id': 685, 'network_id': 'fa91e5a8-483e-4604-b23f-e72fb03f65de'} for mappings: {'physnet1': 'br-data'} with network types: ['local', 'flat', 'vlan'] {{(pid=106284) check_segment_for_agent /opt/stack/neutron/neutron/plugins/ml2/drivers/mech_agent.py:399}}
Sep 13 12:46:20.156122 dv-cinder-801354-10-smb neutron-server[106284]: DEBUG neutron_lib.callbacks.manager [None req-e165318b-c9d1-4b10-a2fb-e7040adaa2c8 None None] Publish callbacks [] for ovs_bridge_name (None), before_read {{(pid=106284) _notify_loop /usr/local/lib/python3.8/dist-packages/neutron_lib/callbacks/manager.py:176}}
Sep 13 12:46:20.156506 dv-cinder-801354-10-smb neutron-server[106284]: DEBUG neutron.plugins.ml2.drivers.mech_agent [None req-e165318b-c9d1-4b10-a2fb-e7040adaa2c8 None None] Bound using segment: {'id': 'b93260cc-b2da-472e-a655-9ae022009ab0', 'network_type': 'vlan', 'physical_network': 'physnet1', 'segmentation_id': 685, 'network_id': 'fa91e5a8-483e-4604-b23f-e72fb03f65de'} {{(pid=106284) bind_port /opt/stack/neutron/neutron/plugins/ml2/drivers/mech_agent.py:137}}
Sep 13 12:46:20.156993 dv-cinder-801354-10-smb neutron-server[106284]: DEBUG neutron.plugins.ml2.managers [None req-e165318b-c9d1-4b10-a2fb-e7040adaa2c8 None None] Bound port: bf77e86b-16da-4049-9e25-acd5339e3370, host: dv-cinder-801354-10-smb, vif_type: ovs, vif_details: {"connectivity": "l2", "port_filter": true, "ovs_hybrid_plug": false, "datapath_type": "system", "bridge_name": "br-int"}, binding_levels: [{'bound_driver': 'openvswitch', 'bound_segment': {'id': 'b93260cc-b2da-472e-a655-9ae022009ab0', 'network_type': 'vlan', 'physical_network': 'physnet1', 'segmentation_id': 685, 'network_id': 'fa91e5a8-483e-4604-b23f-e72fb03f65de'}}] {{(pid=106284) _bind_port_level /opt/stack/neutron/neutron/plugins/ml2/managers.py:947}}
Sep 13 12:46:20.157393 dv-cinder-801354-10-smb neutron-server[106284]: DEBUG neutron_lib.callbacks.manager [None req-e165318b-c9d1-4b10-a2fb-e7040adaa2c8 None None] Publish callbacks ['neutron.plugins.ml2.plugin.SecurityGroupDbMixin._ensure_default_security_group_handler-8094807'] for port (bf77e86b-16da-4049-9e25-acd5339e3370), before_update {{(pid=106284) _notify_loop /usr/local/lib/python3.8/dist-packages/neutron_lib/callbacks/manager.py:176}}
Sep 13 12:46:20.220262 dv-cinder-801354-10-smb neutron-server[106284]: DEBUG neutron.plugins.ml2.db [None req-e165318b-c9d1-4b10-a2fb-e7040adaa2c8 None None] For port bf77e86b-16da-4049-9e25-acd5339e3370, host dv-cinder-801354-10-smb, cleared binding levels {{(pid=106284) clear_binding_levels /opt/stack/neutron/neutron/plugins/ml2/db.py:87}}
Sep 13 12:46:20.239249 dv-cinder-801354-10-smb neutron-server[106284]: DEBUG neutron.plugins.ml2.db [None req-e165318b-c9d1-4b10-a2fb-e7040adaa2c8 None None] For port bf77e86b-16da-4049-9e25-acd5339e3370, host dv-cinder-801354-10-smb, set binding levels [PortBindingLevel(driver='openvswitch',host='dv-cinder-801354-10-smb',level=0,port_id=bf77e86b-16da-4049-9e25-acd5339e3370,segment=NetworkSegment(b93260cc-b2da-472e-a655-9ae022009ab0),segment_id=b93260cc-b2da-472e-a655-9ae022009ab0)] {{(pid=106284) set_binding_levels /opt/stack/neutron/neutron/plugins/ml2/db.py:59}}
Sep 13 12:46:20.247138 dv-cinder-801354-10-smb neutron-server[106284]: DEBUG neutron_lib.callbacks.manager [None req-e165318b-c9d1-4b10-a2fb-e7040adaa2c8 None None] Publish callbacks ['neutron.plugins.ml2.plugin.SecurityGroupServerNotifierRpcMixin._notify_sg_on_port_change-8094352', 'neutron.plugins.ml2.ovo_rpc._ObjectChangeHandler.handle_event-26058', 'neutron.api.rpc.agentnotifiers.dhcp_rpc_agent_api.DhcpAgentNotifyAPI._native_event_send_dhcp_notification-643621', 'neutron.db.l3_db.L3RpcNotifierMixin._notify_gateway_port_ip_changed-8740371415435', 'neutron.db.l3_dvrscheduler_db._notify_l3_agent_port_update-8740370956234', 'neutron.db.l3_hascheduler_db._notify_l3_agent_ha_port_update-8740370956252'] for port (bf77e86b-16da-4049-9e25-acd5339e3370), after_update {{(pid=106284) _notify_loop /usr/local/lib/python3.8/dist-packages/neutron_lib/callbacks/manager.py:176}}
Sep 13 12:46:20.297801 dv-cinder-801354-10-smb neutron-server[106284]: DEBUG neutron.api.rpc.handlers.resources_rpc [None req-e165318b-c9d1-4b10-a2fb-e7040adaa2c8 None None] Pushing event updated for resources: {'Port': ['ID=bf77e86b-16da-4049-9e25-acd5339e3370,revision_number=2']} {{(pid=106284) push /opt/stack/neutron/neutron/api/rpc/handlers/resources_rpc.py:237}}
Sep 13 12:46:21.751248 dv-cinder-801354-10-smb neutron-server[106283]: DEBUG neutron.wsgi [-] (106283) accepted ('10.222.0.60', 57688) {{(pid=106283) server /usr/local/lib/python3.8/dist-packages/eventlet/wsgi.py:1004}}
Sep 13 12:46:22.284858 dv-cinder-801354-10-smb neutron-server[106283]: WARNING oslo_policy.policy [None req-fbab550b-e10a-4848-b1c3-221ad5de1314 admin admin] JSON formatted policy_file support is deprecated since Victoria release. You need to use YAML format which will be default in future. You can use ``oslopolicy-convert-json-to-yaml`` tool to convert existing JSON-formatted policy file to YAML-formatted in backward compatible way: https://docs.openstack.org/oslo.policy/latest/cli/oslopolicy-convert-json-to-yaml.html.
Sep 13 12:46:22.285532 dv-cinder-801354-10-smb neutron-server[106283]: WARNING oslo_policy.policy [None req-fbab550b-e10a-4848-b1c3-221ad5de1314 admin admin] JSON formatted policy_file support is deprecated since Victoria release. You need to use YAML format which will be default in future. You can use ``oslopolicy-convert-json-to-yaml`` tool to convert existing JSON-formatted policy file to YAML-formatted in backward compatible way: https://docs.openstack.org/oslo.policy/latest/cli/oslopolicy-convert-json-to-yaml.html.
Sep 13 12:46:22.499919 dv-cinder-801354-10-smb neutron-server[106283]: DEBUG neutron.wsgi [None req-fbab550b-e10a-4848-b1c3-221ad5de1314 admin admin] http://10.222.0.60:9696/networking/v2.0/extensions returned with HTTP 200 {{(pid=106283) __call__ /opt/stack/neutron/neutron/wsgi.py:730}}
Sep 13 12:46:22.500949 dv-cinder-801354-10-smb neutron-server[106283]: INFO neutron.wsgi [None req-fbab550b-e10a-4848-b1c3-221ad5de1314 admin admin] 10.222.0.60 "GET /networking/v2.0/extensions HTTP/1.1" status: 200 len: 14578 time: 0.7485855
Sep 13 12:46:24.210463 dv-cinder-801354-10-smb neutron-server[106285]: DEBUG dbcounter [-] [106285] Writing DB stats neutron:SELECT=6 {{(pid=106285) stat_writer /usr/local/lib/python3.8/dist-packages/dbcounter.py:114}}
Sep 13 12:46:24.215783 dv-cinder-801354-10-smb neutron-server[106285]: DEBUG dbcounter [-] [106285] Writing DB stats neutron:SELECT=18,neutron:INSERT=31 {{(pid=106285) stat_writer /usr/local/lib/python3.8/dist-packages/dbcounter.py:114}}
Sep 13 12:46:25.115457 dv-cinder-801354-10-smb neutron-server[106282]: DEBUG neutron.wsgi [-] (106282) accepted ('10.222.0.60', 57706) {{(pid=106282) server /usr/local/lib/python3.8/dist-packages/eventlet/wsgi.py:1004}}
Sep 13 12:46:25.448647 dv-cinder-801354-10-smb neutron-server[106282]: DEBUG neutron.wsgi [None req-dd6ece64-3354-45bb-aea2-c21022cea575 admin admin] http://10.222.0.60:9696/networking/v2.0/extensions returned with HTTP 200 {{(pid=106282) __call__ /opt/stack/neutron/neutron/wsgi.py:730}}
Sep 13 12:46:25.449657 dv-cinder-801354-10-smb neutron-server[106282]: INFO neutron.wsgi [None req-dd6ece64-3354-45bb-aea2-c21022cea575 admin admin] 10.222.0.60 "GET /networking/v2.0/extensions HTTP/1.1" status: 200 len: 14578 time: 0.3332288
Sep 13 12:46:28.103949 dv-cinder-801354-10-smb neutron-server[106283]: DEBUG neutron.wsgi [-] (106283) accepted ('10.222.0.60', 57718) {{(pid=106283) server /usr/local/lib/python3.8/dist-packages/eventlet/wsgi.py:1004}}
Sep 13 12:46:28.269033 dv-cinder-801354-10-smb neutron-server[106284]: DEBUG neutron.api.rpc.handlers.dhcp_rpc [None req-39484084-ff88-4bcf-98de-7e4298793f0e None None] Network fa91e5a8-483e-4604-b23f-e72fb03f65de requested from dv-cinder-801354-10-smb {{(pid=106284) get_network_info /opt/stack/neutron/neutron/api/rpc/handlers/dhcp_rpc.py:193}}
Sep 13 12:46:28.345691 dv-cinder-801354-10-smb neutron-server[106284]: DEBUG neutron.db.provisioning_blocks [None req-b40d1fff-d284-4695-8369-58a1e9614bdb None None] Provisioning complete for port bf77e86b-16da-4049-9e25-acd5339e3370 triggered by entity DHCP. {{(pid=106284) provisioning_complete /opt/stack/neutron/neutron/db/provisioning_blocks.py:144}}
Sep 13 12:46:28.346060 dv-cinder-801354-10-smb neutron-server[106284]: DEBUG neutron_lib.callbacks.manager [None req-b40d1fff-d284-4695-8369-58a1e9614bdb None None] Publish callbacks ['neutron.plugins.ml2.plugin.Ml2Plugin._port_provisioned-8199591'] for port (bf77e86b-16da-4049-9e25-acd5339e3370), provisioning_complete {{(pid=106284) _notify_loop /usr/local/lib/python3.8/dist-packages/neutron_lib/callbacks/manager.py:176}}
Sep 13 12:46:28.442750 dv-cinder-801354-10-smb neutron-server[106283]: DEBUG neutron.api.v2.base [None req-5796c089-a65d-4661-a9dd-31ce06eae891 demo demo] Request body: {'router': {'admin_state_up': True, 'name': 'router1'}} {{(pid=106283) prepare_request_body /opt/stack/neutron/neutron/api/v2/base.py:730}}
Sep 13 12:46:28.451745 dv-cinder-801354-10-smb neutron-server[106283]: ERROR stevedore.extension [None req-5796c089-a65d-4661-a9dd-31ce06eae891 demo demo] Could not load 'oslo_cache.memcache_pool': No module named 'bmemcached': ModuleNotFoundError: No module named 'bmemcached'
Sep 13 12:46:28.503145 dv-cinder-801354-10-smb neutron-server[106283]: DEBUG neutron.policy [None req-5796c089-a65d-4661-a9dd-31ce06eae891 demo demo] Loaded default policies from ['neutron'] under neutron.policies entry points {{(pid=106283) register_rules /opt/stack/neutron/neutron/policy.py:73}}
Sep 13 12:46:28.530553 dv-cinder-801354-10-smb neutron-server[106284]: DEBUG neutron.plugins.ml2.plugin [None req-b40d1fff-d284-4695-8369-58a1e9614bdb None None] Current status of the port bf77e86b-16da-4049-9e25-acd5339e3370 is: DOWN; New status is: ACTIVE {{(pid=106284) _update_individual_port_db_status /opt/stack/neutron/neutron/plugins/ml2/plugin.py:2302}}
Sep 13 12:46:28.530947 dv-cinder-801354-10-smb neutron-server[106284]: DEBUG neutron_lib.callbacks.manager [None req-b40d1fff-d284-4695-8369-58a1e9614bdb None None] Publish callbacks ['neutron.plugins.ml2.plugin.SecurityGroupDbMixin._ensure_default_security_group_handler-8094807'] for port (bf77e86b-16da-4049-9e25-acd5339e3370), before_update {{(pid=106284) _notify_loop /usr/local/lib/python3.8/dist-packages/neutron_lib/callbacks/manager.py:176}}
Sep 13 12:46:28.547458 dv-cinder-801354-10-smb neutron-server[106283]: WARNING oslo_policy.policy [None req-5796c089-a65d-4661-a9dd-31ce06eae891 demo demo] JSON formatted policy_file support is deprecated since Victoria release. You need to use YAML format which will be default in future. You can use ``oslopolicy-convert-json-to-yaml`` tool to convert existing JSON-formatted policy file to YAML-formatted in backward compatible way: https://docs.openstack.org/oslo.policy/latest/cli/oslopolicy-convert-json-to-yaml.html.
Sep 13 12:46:28.548077 dv-cinder-801354-10-smb neutron-server[106283]: WARNING oslo_policy.policy [None req-5796c089-a65d-4661-a9dd-31ce06eae891 demo demo] JSON formatted policy_file support is deprecated since Victoria release. You need to use YAML format which will be default in future. You can use ``oslopolicy-convert-json-to-yaml`` tool to convert existing JSON-formatted policy file to YAML-formatted in backward compatible way: https://docs.openstack.org/oslo.policy/latest/cli/oslopolicy-convert-json-to-yaml.html.
Sep 13 12:46:28.568997 dv-cinder-801354-10-smb neutron-server[106283]: DEBUG dbcounter [-] [106283] Writer thread running {{(pid=106283) stat_writer /usr/local/lib/python3.8/dist-packages/dbcounter.py:99}}
Sep 13 12:46:28.576115 dv-cinder-801354-10-smb neutron-server[106284]: DEBUG neutron.plugins.ml2.db [None req-b40d1fff-d284-4695-8369-58a1e9614bdb None None] For port bf77e86b-16da-4049-9e25-acd5339e3370, host dv-cinder-801354-10-smb, got binding levels [PortBindingLevel(driver='openvswitch',host='dv-cinder-801354-10-smb',level=0,port_id=bf77e86b-16da-4049-9e25-acd5339e3370,segment=NetworkSegment(b93260cc-b2da-472e-a655-9ae022009ab0),segment_id=b93260cc-b2da-472e-a655-9ae022009ab0)] {{(pid=106284) get_binding_level_objs /opt/stack/neutron/neutron/plugins/ml2/db.py:74}}
Sep 13 12:46:28.583573 dv-cinder-801354-10-smb neutron-server[106283]: DEBUG dbcounter [-] [106283] Writing DB stats neutron:SELECT=11,neutron:INSERT=31 {{(pid=106283) stat_writer /usr/local/lib/python3.8/dist-packages/dbcounter.py:114}}
Sep 13 12:46:28.584218 dv-cinder-801354-10-smb neutron-server[106284]: DEBUG neutron_lib.callbacks.manager [None req-b40d1fff-d284-4695-8369-58a1e9614bdb None None] Publish callbacks ['neutron.plugins.ml2.plugin.SecurityGroupServerNotifierRpcMixin._notify_sg_on_port_change-8094352', 'neutron.plugins.ml2.ovo_rpc._ObjectChangeHandler.handle_event-26058', 'neutron.api.rpc.agentnotifiers.dhcp_rpc_agent_api.DhcpAgentNotifyAPI._native_event_send_dhcp_notification-643621', 'neutron.db.l3_db.L3RpcNotifierMixin._notify_gateway_port_ip_changed-8740371415435', 'neutron.db.l3_dvrscheduler_db._notify_l3_agent_port_update-8740370956234', 'neutron.db.l3_hascheduler_db._notify_l3_agent_ha_port_update-8740370956252'] for port (bf77e86b-16da-4049-9e25-acd5339e3370), after_update {{(pid=106284) _notify_loop /usr/local/lib/python3.8/dist-packages/neutron_lib/callbacks/manager.py:176}}
Sep 13 12:46:28.617337 dv-cinder-801354-10-smb neutron-server[106283]: DEBUG neutron_lib.callbacks.manager [None req-5796c089-a65d-4661-a9dd-31ce06eae891 demo demo] Publish callbacks ['neutron.services.l3_router.l3_router_plugin.L3_HA_NAT_db_mixin._before_router_create_handler-994696', 'neutron.services.l3_router.service_providers.driver_controller.DriverController._check_router_request-4684'] for router (2380e2d8-6244-4dca-8fa6-aedfbdc160c5), before_create {{(pid=106283) _notify_loop /usr/local/lib/python3.8/dist-packages/neutron_lib/callbacks/manager.py:176}}
Sep 13 12:46:28.619333 dv-cinder-801354-10-smb neutron-server[106283]: DEBUG neutron_lib.callbacks.manager [None req-5796c089-a65d-4661-a9dd-31ce06eae891 demo demo] Publish callbacks ['neutron.services.l3_router.l3_router_plugin.L3_HA_NAT_db_mixin._precommit_router_create-991422', 'neutron.services.l3_router.l3_router_plugin.DVRResourceOperationHandler._set_distributed_flag-1000433', 'neutron.services.l3_router.l3_router_plugin.RouterAvailabilityZoneMixin._process_az_request-951086', 'neutron.services.l3_router.service_providers.driver_controller.DriverController._set_router_provider-4679'] for router (2380e2d8-6244-4dca-8fa6-aedfbdc160c5), precommit_create {{(pid=106283) _notify_loop /usr/local/lib/python3.8/dist-packages/neutron_lib/callbacks/manager.py:176}}
Sep 13 12:46:28.644221 dv-cinder-801354-10-smb neutron-server[106284]: DEBUG neutron.api.rpc.handlers.resources_rpc [None req-b40d1fff-d284-4695-8369-58a1e9614bdb None None] Pushing event updated for resources: {'Port': ['ID=bf77e86b-16da-4049-9e25-acd5339e3370,revision_number=3']} {{(pid=106284) push /opt/stack/neutron/neutron/api/rpc/handlers/resources_rpc.py:237}}
Sep 13 12:46:28.706239 dv-cinder-801354-10-smb neutron-server[106284]: DEBUG neutron.db.provisioning_blocks [None req-86240737-209b-4222-83c1-c14d9e2d2532 None None] Provisioning complete for port bf77e86b-16da-4049-9e25-acd5339e3370 triggered by entity DHCP. {{(pid=106284) provisioning_complete /opt/stack/neutron/neutron/db/provisioning_blocks.py:144}}
Sep 13 12:46:28.706620 dv-cinder-801354-10-smb neutron-server[106284]: DEBUG neutron_lib.callbacks.manager [None req-86240737-209b-4222-83c1-c14d9e2d2532 None None] Publish callbacks ['neutron.plugins.ml2.plugin.Ml2Plugin._port_provisioned-8199591'] for port (bf77e86b-16da-4049-9e25-acd5339e3370), provisioning_complete {{(pid=106284) _notify_loop /usr/local/lib/python3.8/dist-packages/neutron_lib/callbacks/manager.py:176}}
Sep 13 12:46:28.751421 dv-cinder-801354-10-smb neutron-server[106284]: DEBUG dbcounter [-] [106284] Writing DB stats neutron:SELECT=96,neutron:UPDATE=3,neutron:INSERT=1 {{(pid=106284) stat_writer /usr/local/lib/python3.8/dist-packages/dbcounter.py:114}}
Sep 13 12:46:28.775275 dv-cinder-801354-10-smb neutron-server[106283]: DEBUG neutron_lib.callbacks.manager [None req-5796c089-a65d-4661-a9dd-31ce06eae891 demo demo] Publish callbacks [] for router_controller (2380e2d8-6244-4dca-8fa6-aedfbdc160c5), precommit_add_association {{(pid=106283) _notify_loop /usr/local/lib/python3.8/dist-packages/neutron_lib/callbacks/manager.py:176}}
Sep 13 12:46:28.780880 dv-cinder-801354-10-smb neutron-server[106283]: DEBUG neutron_lib.callbacks.manager [None req-5796c089-a65d-4661-a9dd-31ce06eae891 demo demo] Publish callbacks ['neutron.services.l3_router.l3_router_plugin.L3_HA_NAT_db_mixin._after_router_create-991471', 'neutron.services.l3_router.l3_router_plugin.DVRResourceOperationHandler._create_snat_interfaces_after_change-997689'] for router (2380e2d8-6244-4dca-8fa6-aedfbdc160c5), after_create {{(pid=106283) _notify_loop /usr/local/lib/python3.8/dist-packages/neutron_lib/callbacks/manager.py:176}}
Sep 13 12:46:28.781623 dv-cinder-801354-10-smb neutron-server[106284]: DEBUG neutron.plugins.ml2.plugin [None req-86240737-209b-4222-83c1-c14d9e2d2532 None None] Current status of the port bf77e86b-16da-4049-9e25-acd5339e3370 is: ACTIVE; New status is: ACTIVE {{(pid=106284) _update_individual_port_db_status /opt/stack/neutron/neutron/plugins/ml2/plugin.py:2302}}
Sep 13 12:46:28.805050 dv-cinder-801354-10-smb neutron-server[106283]: DEBUG neutron_lib.callbacks.manager [None req-5796c089-a65d-4661-a9dd-31ce06eae891 demo demo] Publish callbacks [] for router (None), before_response {{(pid=106283) _notify_loop /usr/local/lib/python3.8/dist-packages/neutron_lib/callbacks/manager.py:176}}
Sep 13 12:46:28.806334 dv-cinder-801354-10-smb neutron-server[106283]: INFO neutron.wsgi [None req-5796c089-a65d-4661-a9dd-31ce06eae891 demo demo] 10.222.0.60 "POST /networking/v2.0/routers HTTP/1.1" status: 201 len: 674 time: 0.7015252
Sep 13 12:46:28.935448 dv-cinder-801354-10-smb neutron-server[106284]: DEBUG neutron.plugins.ml2.rpc [None req-e7e18df7-3fc1-4f59-bc70-021796f7ddcf None None] Device bf77e86b-16da-4049-9e25-acd5339e3370 up at agent ovs-agent-dv-cinder-801354-10-smb {{(pid=106284) update_device_up /opt/stack/neutron/neutron/plugins/ml2/rpc.py:296}}
Sep 13 12:46:28.984157 dv-cinder-801354-10-smb neutron-server[106284]: DEBUG neutron.db.provisioning_blocks [None req-e7e18df7-3fc1-4f59-bc70-021796f7ddcf None None] Provisioning complete for port bf77e86b-16da-4049-9e25-acd5339e3370 triggered by entity L2. {{(pid=106284) provisioning_complete /opt/stack/neutron/neutron/db/provisioning_blocks.py:144}}
Sep 13 12:46:28.984529 dv-cinder-801354-10-smb neutron-server[106284]: DEBUG neutron_lib.callbacks.manager [None req-e7e18df7-3fc1-4f59-bc70-021796f7ddcf None None] Publish callbacks ['neutron.plugins.ml2.plugin.Ml2Plugin._port_provisioned-8199591'] for port (bf77e86b-16da-4049-9e25-acd5339e3370), provisioning_complete {{(pid=106284) _notify_loop /usr/local/lib/python3.8/dist-packages/neutron_lib/callbacks/manager.py:176}}
Sep 13 12:46:29.057057 dv-cinder-801354-10-smb neutron-server[106284]: DEBUG neutron.plugins.ml2.plugin [None req-e7e18df7-3fc1-4f59-bc70-021796f7ddcf None None] Current status of the port bf77e86b-16da-4049-9e25-acd5339e3370 is: ACTIVE; New status is: ACTIVE {{(pid=106284) _update_individual_port_db_status /opt/stack/neutron/neutron/plugins/ml2/plugin.py:2302}}
Sep 13 12:46:29.102434 dv-cinder-801354-10-smb neutron-server[106282]: DEBUG dbcounter [-] [106282] Writing DB stats neutron:SELECT=16,neutron:INSERT=1,neutron:DELETE=1 {{(pid=106282) stat_writer /usr/local/lib/python3.8/dist-packages/dbcounter.py:114}}
Sep 13 12:46:29.103198 dv-cinder-801354-10-smb neutron-server[106282]: DEBUG dbcounter [-] [106282] Writing DB stats neutron:SELECT=65,neutron:INSERT=6,neutron:UPDATE=2,neutron:DELETE=1 {{(pid=106282) stat_writer /usr/local/lib/python3.8/dist-packages/dbcounter.py:114}}
Sep 13 12:46:31.415064 dv-cinder-801354-10-smb neutron-server[106282]: DEBUG neutron.wsgi [-] (106282) accepted ('10.222.0.60', 57732) {{(pid=106282) server /usr/local/lib/python3.8/dist-packages/eventlet/wsgi.py:1004}}
Sep 13 12:46:31.766617 dv-cinder-801354-10-smb neutron-server[106282]: DEBUG neutron.wsgi [None req-e165dfed-a567-4352-b60d-d6cd4826d729 admin admin] http://10.222.0.60:9696/networking/v2.0/extensions returned with HTTP 200 {{(pid=106282) __call__ /opt/stack/neutron/neutron/wsgi.py:730}}
Sep 13 12:46:31.767615 dv-cinder-801354-10-smb neutron-server[106282]: INFO neutron.wsgi [None req-e165dfed-a567-4352-b60d-d6cd4826d729 admin admin] 10.222.0.60 "GET /networking/v2.0/extensions HTTP/1.1" status: 200 len: 14578 time: 0.3514180
Sep 13 12:46:34.189869 dv-cinder-801354-10-smb neutron-server[106284]: DEBUG neutron_lib.callbacks.manager [None req-6ee03407-c788-4ad8-83fc-e2a3cad79f58 None None] Publish callbacks ['neutron.services.segments.db._update_segment_host_mapping_for_agent-8740371391142', 'neutron.plugins.ml2.plugin.Ml2Plugin._retry_binding_revived_agents-8199433'] for agent (9ee1d786-7a9e-436c-a888-f2f4b7640171), after_update {{(pid=106284) _notify_loop /usr/local/lib/python3.8/dist-packages/neutron_lib/callbacks/manager.py:176}}
Sep 13 12:46:34.451642 dv-cinder-801354-10-smb neutron-server[106282]: DEBUG neutron.wsgi [-] (106282) accepted ('10.222.0.60', 57740) {{(pid=106282) server /usr/local/lib/python3.8/dist-packages/eventlet/wsgi.py:1004}}
Sep 13 12:46:34.836138 dv-cinder-801354-10-smb neutron-server[106282]: DEBUG neutron.api.v2.base [None req-4c911627-d151-4e6e-ae5f-c80d68d96d4b admin admin] Request body: {'network': {'router:external': True, 'provider:network_type': 'flat', 'name': 'public', 'is_default': True, 'provider:physical_network': 'physnet1', 'admin_state_up': True}} {{(pid=106282) prepare_request_body /opt/stack/neutron/neutron/api/v2/base.py:730}}
Sep 13 12:46:34.860464 dv-cinder-801354-10-smb neutron-server[106282]: DEBUG neutron.pecan_wsgi.hooks.quota_enforcement [None req-4c911627-d151-4e6e-ae5f-c80d68d96d4b admin admin] Made reservation on behalf of 70d51d4fa4ac4bf38d67c9ee96b1e38a for: {'network': 1} {{(pid=106282) before /opt/stack/neutron/neutron/pecan_wsgi/hooks/quota_enforcement.py:53}}
Sep 13 12:46:34.862916 dv-cinder-801354-10-smb neutron-server[106282]: DEBUG neutron_lib.callbacks.manager [None req-4c911627-d151-4e6e-ae5f-c80d68d96d4b admin admin] Publish callbacks ['neutron.plugins.ml2.plugin.SecurityGroupDbMixin._ensure_default_security_group_handler-8094807'] for network (None), before_create {{(pid=106282) _notify_loop /usr/local/lib/python3.8/dist-packages/neutron_lib/callbacks/manager.py:176}}
Sep 13 12:46:34.871554 dv-cinder-801354-10-smb neutron-server[106282]: DEBUG neutron_lib.callbacks.manager [None req-4c911627-d151-4e6e-ae5f-c80d68d96d4b admin admin] Publish callbacks [] for security_group (None), before_create {{(pid=106282) _notify_loop /usr/local/lib/python3.8/dist-packages/neutron_lib/callbacks/manager.py:176}}
Sep 13 12:46:34.952233 dv-cinder-801354-10-smb neutron-server[106282]: DEBUG neutron_lib.callbacks.manager [None req-4c911627-d151-4e6e-ae5f-c80d68d96d4b admin admin] Publish callbacks [] for security_group (44a2d057-98c2-4178-bdae-b286ecc01284), precommit_create {{(pid=106282) _notify_loop /usr/local/lib/python3.8/dist-packages/neutron_lib/callbacks/manager.py:176}}
Sep 13 12:46:34.958061 dv-cinder-801354-10-smb neutron-server[106282]: DEBUG neutron_lib.callbacks.manager [None req-4c911627-d151-4e6e-ae5f-c80d68d96d4b admin admin] Publish callbacks ['neutron.plugins.ml2.ovo_rpc._ObjectChangeHandler.handle_event-952574'] for security_group (44a2d057-98c2-4178-bdae-b286ecc01284), after_create {{(pid=106282) _notify_loop /usr/local/lib/python3.8/dist-packages/neutron_lib/callbacks/manager.py:176}}
Sep 13 12:46:34.974128 dv-cinder-801354-10-smb neutron-server[106282]: DEBUG neutron.plugins.ml2.drivers.type_flat [None req-4c911627-d151-4e6e-ae5f-c80d68d96d4b admin admin] Reserving flat network on physical network physnet1 {{(pid=106282) reserve_provider_segment /opt/stack/neutron/neutron/plugins/ml2/drivers/type_flat.py:100}}
Sep 13 12:46:34.997712 dv-cinder-801354-10-smb neutron-server[106282]: DEBUG neutron.api.rpc.handlers.resources_rpc [None req-4c911627-d151-4e6e-ae5f-c80d68d96d4b admin admin] Pushing event updated for resources: {'SecurityGroup': ['ID=44a2d057-98c2-4178-bdae-b286ecc01284,revision_number=1']} {{(pid=106282) push /opt/stack/neutron/neutron/api/rpc/handlers/resources_rpc.py:237}}
Sep 13 12:46:35.004316 dv-cinder-801354-10-smb neutron-server[106282]: DEBUG neutron_lib.callbacks.manager [None req-4c911627-d151-4e6e-ae5f-c80d68d96d4b admin admin] Publish callbacks ['neutron.plugins.ml2.plugin.Ml2Plugin._handle_segment_change-8202839'] for segment (69e16872-044d-4d43-9385-622663899382), precommit_create {{(pid=106282) _notify_loop /usr/local/lib/python3.8/dist-packages/neutron_lib/callbacks/manager.py:176}}
Sep 13 12:46:35.004643 dv-cinder-801354-10-smb neutron-server[106282]: INFO neutron.db.segments_db [None req-4c911627-d151-4e6e-ae5f-c80d68d96d4b admin admin] Added segment 69e16872-044d-4d43-9385-622663899382 of type flat for network 3c3dc1aa-837f-4020-a45c-1c5976477a78
Sep 13 12:46:35.050805 dv-cinder-801354-10-smb neutron-server[106282]: DEBUG neutron_lib.callbacks.manager [None req-4c911627-d151-4e6e-ae5f-c80d68d96d4b admin admin] Publish callbacks ['neutron.services.auto_allocate.db._ensure_external_network_default_value_callback-8740370894502'] for network (3c3dc1aa-837f-4020-a45c-1c5976477a78), precommit_create {{(pid=106282) _notify_loop /usr/local/lib/python3.8/dist-packages/neutron_lib/callbacks/manager.py:176}}
Sep 13 12:46:35.086072 dv-cinder-801354-10-smb neutron-server[106282]: DEBUG neutron_lib.callbacks.manager [None req-4c911627-d151-4e6e-ae5f-c80d68d96d4b admin admin] Publish callbacks ['neutron.plugins.ml2.ovo_rpc._ObjectChangeHandler.handle_event-964369', 'neutron.api.rpc.agentnotifiers.dhcp_rpc_agent_api.DhcpAgentNotifyAPI._native_event_send_dhcp_notification-643621'] for network (3c3dc1aa-837f-4020-a45c-1c5976477a78), after_create {{(pid=106282) _notify_loop /usr/local/lib/python3.8/dist-packages/neutron_lib/callbacks/manager.py:176}}
Sep 13 12:46:35.087067 dv-cinder-801354-10-smb neutron-server[106282]: DEBUG neutron.pecan_wsgi.hooks.policy_enforcement [None req-4c911627-d151-4e6e-ae5f-c80d68d96d4b admin admin] Attributes excluded by policy engine: ['standard_attr_id', 'vlan_transparent'] {{(pid=106282) _exclude_attributes_by_policy /opt/stack/neutron/neutron/pecan_wsgi/hooks/policy_enforcement.py:259}}
Sep 13 12:46:35.087761 dv-cinder-801354-10-smb neutron-server[106282]: DEBUG neutron_lib.callbacks.manager [None req-4c911627-d151-4e6e-ae5f-c80d68d96d4b admin admin] Publish callbacks ['neutron.api.rpc.agentnotifiers.dhcp_rpc_agent_api.DhcpAgentNotifyAPI._send_dhcp_notification-643595'] for network (None), before_response {{(pid=106282) _notify_loop /usr/local/lib/python3.8/dist-packages/neutron_lib/callbacks/manager.py:176}}
Sep 13 12:46:35.159991 dv-cinder-801354-10-smb neutron-server[106282]: INFO neutron.wsgi [None req-4c911627-d151-4e6e-ae5f-c80d68d96d4b admin admin] 10.222.0.60 "POST /networking/v2.0/networks HTTP/1.1" status: 201 len: 847 time: 0.7069445
Sep 13 12:46:35.186476 dv-cinder-801354-10-smb neutron-server[106282]: DEBUG neutron.api.rpc.handlers.resources_rpc [None req-4c911627-d151-4e6e-ae5f-c80d68d96d4b admin admin] Pushing event updated for resources: {'Network': ['ID=3c3dc1aa-837f-4020-a45c-1c5976477a78,revision_number=1']} {{(pid=106282) push /opt/stack/neutron/neutron/api/rpc/handlers/resources_rpc.py:237}}
Sep 13 12:46:35.197034 dv-cinder-801354-10-smb neutron-server[106284]: DEBUG neutron.plugins.ml2.rpc [None req-e7e18df7-3fc1-4f59-bc70-021796f7ddcf None None] Network 3c3dc1aa-837f-4020-a45c-1c5976477a78 details requested by agent ovs-agent-dv-cinder-801354-10-smb with host dv-cinder-801354-10-smb {{(pid=106284) get_network_details /opt/stack/neutron/neutron/plugins/ml2/rpc.py:248}}
Sep 13 12:46:35.256477 dv-cinder-801354-10-smb neutron-server[106284]: DEBUG dbcounter [-] [106284] Writing DB stats neutron:SELECT=99,neutron:UPDATE=1 {{(pid=106284) stat_writer /usr/local/lib/python3.8/dist-packages/dbcounter.py:114}}
Sep 13 12:46:36.502045 dv-cinder-801354-10-smb neutron-server[106284]: DEBUG neutron_lib.callbacks.manager [None req-797f74b7-4eb0-4d2d-8c47-1f5d2157cf6a None None] Publish callbacks ['neutron.services.segments.db._update_segment_host_mapping_for_agent-8740371391142', 'neutron.plugins.ml2.plugin.Ml2Plugin._retry_binding_revived_agents-8199433'] for agent (5123944d-39bd-467e-bf45-850e3cf74672), after_update {{(pid=106284) _notify_loop /usr/local/lib/python3.8/dist-packages/neutron_lib/callbacks/manager.py:176}}
Sep 13 12:46:37.541298 dv-cinder-801354-10-smb neutron-server[106284]: DEBUG neutron_lib.callbacks.manager [None req-62db9f1a-5a62-4eb2-a9ca-56c0df74dfd6 None None] Publish callbacks ['neutron.services.segments.db._update_segment_host_mapping_for_agent-8740371391142', 'neutron.plugins.ml2.plugin.Ml2Plugin._retry_binding_revived_agents-8199433'] for agent (5046e780-6581-4c51-9ecd-6ad44a0733b1), after_update {{(pid=106284) _notify_loop /usr/local/lib/python3.8/dist-packages/neutron_lib/callbacks/manager.py:176}}
Sep 13 12:46:37.814839 dv-cinder-801354-10-smb neutron-server[106282]: DEBUG neutron.wsgi [-] (106282) accepted ('10.222.0.60', 57748) {{(pid=106282) server /usr/local/lib/python3.8/dist-packages/eventlet/wsgi.py:1004}}
Sep 13 12:46:38.220209 dv-cinder-801354-10-smb neutron-server[106282]: DEBUG neutron.pecan_wsgi.hooks.policy_enforcement [None req-4777b2da-313b-47b3-b20e-97f530de35c5 demo admin] Attributes excluded by policy engine: ['standard_attr_id', 'shared'] {{(pid=106282) _exclude_attributes_by_policy /opt/stack/neutron/neutron/pecan_wsgi/hooks/policy_enforcement.py:259}}
Sep 13 12:46:38.221532 dv-cinder-801354-10-smb neutron-server[106282]: INFO neutron.wsgi [None req-4777b2da-313b-47b3-b20e-97f530de35c5 demo admin] 10.222.0.60 "GET /networking/v2.0/subnets/1462d24a-1516-4234-bae1-a7e5f5c9e3fa HTTP/1.1" status: 200 len: 849 time: 0.4053547
Sep 13 12:46:38.386517 dv-cinder-801354-10-smb neutron-server[106282]: INFO neutron.wsgi [None req-91bda166-852f-4cac-8a2e-840126d91896 demo admin] 10.222.0.60 "GET /networking/v2.0/routers/2380e2d8-6244-4dca-8fa6-aedfbdc160c5 HTTP/1.1" status: 200 len: 704 time: 0.1559587
Sep 13 12:46:38.677037 dv-cinder-801354-10-smb neutron-server[106282]: DEBUG neutron_lib.callbacks.manager [None req-b09392b8-ce1f-480d-bd97-d19053391439 demo admin] Publish callbacks ['neutron.plugins.ml2.plugin.SecurityGroupDbMixin._ensure_default_security_group_handler-8094807'] for port (None), before_create {{(pid=106282) _notify_loop /usr/local/lib/python3.8/dist-packages/neutron_lib/callbacks/manager.py:176}}
Sep 13 12:46:38.799768 dv-cinder-801354-10-smb neutron-server[106283]: DEBUG dbcounter [-] [106283] Writing DB stats neutron:SELECT=13,neutron:INSERT=6,neutron:DELETE=1 {{(pid=106283) stat_writer /usr/local/lib/python3.8/dist-packages/dbcounter.py:114}}
Sep 13 12:46:38.800792 dv-cinder-801354-10-smb neutron-server[106283]: DEBUG dbcounter [-] [106283] Writing DB stats neutron:SELECT=5,neutron:UPDATE=1,neutron:DELETE=1 {{(pid=106283) stat_writer /usr/local/lib/python3.8/dist-packages/dbcounter.py:114}}
Sep 13 12:46:38.929980 dv-cinder-801354-10-smb neutron-server[106282]: DEBUG dbcounter [-] [106282] Writing DB stats neutron:SELECT=84,neutron:INSERT=11,neutron:UPDATE=4,neutron:DELETE=1 {{(pid=106282) stat_writer /usr/local/lib/python3.8/dist-packages/dbcounter.py:114}}
Sep 13 12:46:38.965520 dv-cinder-801354-10-smb neutron-server[106282]: DEBUG dbcounter [-] [106282] Writing DB stats neutron:SELECT=86,neutron:INSERT=12,neutron:UPDATE=1,neutron:DELETE=1 {{(pid=106282) stat_writer /usr/local/lib/python3.8/dist-packages/dbcounter.py:114}}
Sep 13 12:46:38.990322 dv-cinder-801354-10-smb neutron-server[106282]: DEBUG neutron.db.db_base_plugin_common [None req-b09392b8-ce1f-480d-bd97-d19053391439 demo admin] Allocated IP 172.20.0.1 (fa91e5a8-483e-4604-b23f-e72fb03f65de/1462d24a-1516-4234-bae1-a7e5f5c9e3fa/618c940c-fb9a-4f73-8432-956cb490c5fb) {{(pid=106282) _store_ip_allocation /opt/stack/neutron/neutron/db/db_base_plugin_common.py:131}}
Sep 13 12:46:39.167631 dv-cinder-801354-10-smb neutron-server[106284]: DEBUG neutron_lib.callbacks.manager [None req-414a178b-5c55-4435-a868-58dda789181e None None] Publish callbacks ['neutron.services.segments.db._update_segment_host_mapping_for_agent-8740371391142', 'neutron.plugins.ml2.plugin.Ml2Plugin._retry_binding_revived_agents-8199433'] for agent (0a54957f-2008-452a-a35e-709c0a421522), after_update {{(pid=106284) _notify_loop /usr/local/lib/python3.8/dist-packages/neutron_lib/callbacks/manager.py:176}}
Sep 13 12:46:39.199458 dv-cinder-801354-10-smb neutron-server[106282]: DEBUG neutron_lib.callbacks.manager [None req-b09392b8-ce1f-480d-bd97-d19053391439 demo admin] Publish callbacks [] for port (618c940c-fb9a-4f73-8432-956cb490c5fb), precommit_create {{(pid=106282) _notify_loop /usr/local/lib/python3.8/dist-packages/neutron_lib/callbacks/manager.py:176}}
Sep 13 12:46:39.270229 dv-cinder-801354-10-smb neutron-server[106282]: DEBUG neutron_lib.callbacks.manager [None req-b09392b8-ce1f-480d-bd97-d19053391439 demo admin] Publish callbacks ['neutron.plugins.ml2.plugin.SecurityGroupServerNotifierRpcMixin._notify_sg_on_port_change-8094352', 'neutron.plugins.ml2.ovo_rpc._ObjectChangeHandler.handle_event-26058', 'neutron.api.rpc.agentnotifiers.dhcp_rpc_agent_api.DhcpAgentNotifyAPI._native_event_send_dhcp_notification-643621', 'neutron.db.l3_dvrscheduler_db._notify_l3_agent_new_port-8740370956216'] for port (618c940c-fb9a-4f73-8432-956cb490c5fb), after_create {{(pid=106282) _notify_loop /usr/local/lib/python3.8/dist-packages/neutron_lib/callbacks/manager.py:176}}
Sep 13 12:46:39.276373 dv-cinder-801354-10-smb neutron-server[106284]: DEBUG neutron_lib.callbacks.manager [None req-e7e18df7-3fc1-4f59-bc70-021796f7ddcf None None] Publish callbacks ['neutron.services.segments.db._update_segment_host_mapping_for_agent-8740371391142', 'neutron.plugins.ml2.plugin.Ml2Plugin._retry_binding_revived_agents-8199433'] for agent (7fc1af9d-a6de-4946-87e7-1d246d077e60), after_update {{(pid=106284) _notify_loop /usr/local/lib/python3.8/dist-packages/neutron_lib/callbacks/manager.py:176}}
Sep 13 12:46:39.353220 dv-cinder-801354-10-smb neutron-server[106282]: DEBUG neutron.scheduler.dhcp_agent_scheduler [None req-b09392b8-ce1f-480d-bd97-d19053391439 demo admin] Network fa91e5a8-483e-4604-b23f-e72fb03f65de is already hosted by enough agents. {{(pid=106282) _get_dhcp_agents_hosting_network /opt/stack/neutron/neutron/scheduler/dhcp_agent_scheduler.py:275}}
Sep 13 12:46:39.361124 dv-cinder-801354-10-smb neutron-server[106282]: DEBUG neutron.scheduler.base_scheduler [None req-b09392b8-ce1f-480d-bd97-d19053391439 demo admin] Resources bound (agent type, host, resource id): {{(pid=106282) schedule /opt/stack/neutron/neutron/scheduler/base_scheduler.py:57}}
Sep 13 12:46:39.363278 dv-cinder-801354-10-smb neutron-server[106282]: DEBUG neutron.api.rpc.handlers.resources_rpc [None req-b09392b8-ce1f-480d-bd97-d19053391439 demo admin] Pushing event updated for resources: {'Port': ['ID=618c940c-fb9a-4f73-8432-956cb490c5fb,revision_number=1']} {{(pid=106282) push /opt/stack/neutron/neutron/api/rpc/handlers/resources_rpc.py:237}}
Sep 13 12:46:39.367166 dv-cinder-801354-10-smb neutron-server[106282]: DEBUG neutron.db.l3_dvrscheduler_db [None req-b09392b8-ce1f-480d-bd97-d19053391439 demo admin] Received port after_create {{(pid=106282) _notify_l3_agent_new_port /opt/stack/neutron/neutron/db/l3_dvrscheduler_db.py:538}}
Sep 13 12:46:39.367166 dv-cinder-801354-10-smb neutron-server[106282]: DEBUG neutron_lib.callbacks.manager [None req-b09392b8-ce1f-480d-bd97-d19053391439 demo admin] Publish callbacks ['neutron.services.l3_router.l3_router_plugin.DVRResourceOperationHandler._add_csnat_on_interface_create-1006364'] for router_interface (2380e2d8-6244-4dca-8fa6-aedfbdc160c5), before_create {{(pid=106282) _notify_loop /usr/local/lib/python3.8/dist-packages/neutron_lib/callbacks/manager.py:176}}
Sep 13 12:46:39.570367 dv-cinder-801354-10-smb neutron-server[106282]: DEBUG neutron_lib.callbacks.manager [None req-b09392b8-ce1f-480d-bd97-d19053391439 demo admin] Publish callbacks ['neutron.plugins.ml2.plugin.SecurityGroupDbMixin._ensure_default_security_group_handler-8094807'] for port (618c940c-fb9a-4f73-8432-956cb490c5fb), before_update {{(pid=106282) _notify_loop /usr/local/lib/python3.8/dist-packages/neutron_lib/callbacks/manager.py:176}}
Sep 13 12:46:39.584239 dv-cinder-801354-10-smb neutron-server[106284]: DEBUG neutron.db.provisioning_blocks [None req-d6b995ee-a621-4df6-9679-9e86754c2127 None None] Provisioning complete for port 618c940c-fb9a-4f73-8432-956cb490c5fb triggered by entity DHCP. {{(pid=106284) provisioning_complete /opt/stack/neutron/neutron/db/provisioning_blocks.py:144}}
Sep 13 12:46:39.584768 dv-cinder-801354-10-smb neutron-server[106284]: DEBUG neutron_lib.callbacks.manager [None req-d6b995ee-a621-4df6-9679-9e86754c2127 None None] Publish callbacks ['neutron.plugins.ml2.plugin.Ml2Plugin._port_provisioned-8199591'] for port (618c940c-fb9a-4f73-8432-956cb490c5fb), provisioning_complete {{(pid=106284) _notify_loop /usr/local/lib/python3.8/dist-packages/neutron_lib/callbacks/manager.py:176}}
Sep 13 12:46:39.618532 dv-cinder-801354-10-smb neutron-server[106284]: DEBUG neutron.plugins.ml2.plugin [None req-d6b995ee-a621-4df6-9679-9e86754c2127 None None] Port 618c940c-fb9a-4f73-8432-956cb490c5fb cannot update to ACTIVE because it is not bound. {{(pid=106284) _port_provisioned /opt/stack/neutron/neutron/plugins/ml2/plugin.py:348}}
Sep 13 12:46:39.794669 dv-cinder-801354-10-smb neutron-server[106282]: DEBUG neutron_lib.callbacks.manager [None req-b09392b8-ce1f-480d-bd97-d19053391439 demo admin] Publish callbacks [] for port (618c940c-fb9a-4f73-8432-956cb490c5fb), precommit_update {{(pid=106282) _notify_loop /usr/local/lib/python3.8/dist-packages/neutron_lib/callbacks/manager.py:176}}
Sep 13 12:46:39.800731 dv-cinder-801354-10-smb neutron-server[106282]: DEBUG neutron_lib.callbacks.manager [None req-b09392b8-ce1f-480d-bd97-d19053391439 demo admin] Publish callbacks ['neutron.plugins.ml2.plugin.SecurityGroupServerNotifierRpcMixin._notify_sg_on_port_change-8094352', 'neutron.plugins.ml2.ovo_rpc._ObjectChangeHandler.handle_event-26058', 'neutron.api.rpc.agentnotifiers.dhcp_rpc_agent_api.DhcpAgentNotifyAPI._native_event_send_dhcp_notification-643621', 'neutron.db.l3_db.L3RpcNotifierMixin._notify_gateway_port_ip_changed-8740371415435', 'neutron.db.l3_dvrscheduler_db._notify_l3_agent_port_update-8740370956234', 'neutron.db.l3_hascheduler_db._notify_l3_agent_ha_port_update-8740370956252'] for port (618c940c-fb9a-4f73-8432-956cb490c5fb), after_update {{(pid=106282) _notify_loop /usr/local/lib/python3.8/dist-packages/neutron_lib/callbacks/manager.py:176}}
Sep 13 12:46:39.801732 dv-cinder-801354-10-smb neutron-server[106282]: DEBUG neutron_lib.callbacks.manager [None req-b09392b8-ce1f-480d-bd97-d19053391439 demo admin] Publish callbacks ['neutron.api.rpc.agentnotifiers.dhcp_rpc_agent_api.DhcpAgentNotifyAPI._after_router_interface_created-643639', 'neutron.services.l3_router.l3_router_plugin.DVRResourceOperationHandler._update_snat_v6_addrs_after_intf_update-1006472'] for router_interface (2380e2d8-6244-4dca-8fa6-aedfbdc160c5), after_create {{(pid=106282) _notify_loop /usr/local/lib/python3.8/dist-packages/neutron_lib/callbacks/manager.py:176}}
Sep 13 12:46:39.880050 dv-cinder-801354-10-smb neutron-server[106282]: DEBUG neutron.api.rpc.handlers.resources_rpc [None req-b09392b8-ce1f-480d-bd97-d19053391439 demo admin] Pushing event updated for resources: {'Port': ['ID=618c940c-fb9a-4f73-8432-956cb490c5fb,revision_number=2']} {{(pid=106282) push /opt/stack/neutron/neutron/api/rpc/handlers/resources_rpc.py:237}}
