Jul 19 20:32:12.918248 dv-cinder-801321-1-iscsi devstack@n-api.service[78002]: warnings.warn(msg)
Jul 19 20:32:12.942384 dv-cinder-801321-1-iscsi devstack@n-api.service[78002]: INFO nova.api.openstack.requestlog [None req-da371d17-e2b6-4ceb-86ba-cd275fc84d7d admin admin] 10.222.0.36 "POST /compute/v2.1/flavors" status: 200 len: 404 microversion: 2.61 time: 0.140766
Jul 19 20:32:12.942931 dv-cinder-801321-1-iscsi devstack@n-api.service[78002]: [pid: 78002|app: 0|req: 4/8] 10.222.0.36 () {64 vars in 1283 bytes} [Mon Jul 19 20:32:12 2021] POST /compute/v2.1/flavors => generated 404 bytes in 142 msecs (HTTP/1.1 200) 9 headers in 359 bytes (2 switches on core 0)
Jul 19 20:32:12.955127 dv-cinder-801321-1-iscsi devstack@n-api.service[78001]: DEBUG nova.api.openstack.wsgi [None req-fa802105-ce0f-4b38-924d-6f8412214be8 admin admin] Action: 'create', calling method: >, body: {"extra_specs": {"hw_rng:allowed": "True"}} {{(pid=78001) _process_stack /opt/stack/nova/nova/api/openstack/wsgi.py:511}}
Jul 19 20:32:12.956523 dv-cinder-801321-1-iscsi devstack@n-api.service[78001]: /usr/local/lib/python3.8/dist-packages/oslo_policy/policy.py:1054: UserWarning: Policy os_compute_api:os-flavor-extra-specs:create failed scope check. The token used to make the request was project scoped but the policy requires ['system'] scope. This behavior may change in the future where using the intended scope is required
Jul 19 20:32:12.956523 dv-cinder-801321-1-iscsi devstack@n-api.service[78001]: warnings.warn(msg)
Jul 19 20:32:12.991315 dv-cinder-801321-1-iscsi devstack@n-api.service[78001]: INFO nova.api.openstack.requestlog [None req-fa802105-ce0f-4b38-924d-6f8412214be8 admin admin] 10.222.0.36 "POST /compute/v2.1/flavors/d1/os-extra_specs" status: 200 len: 43 microversion: 2.61 time: 0.040441
Jul 19 20:32:12.991904 dv-cinder-801321-1-iscsi devstack@n-api.service[78001]: [pid: 78001|app: 0|req: 5/9] 10.222.0.36 () {64 vars in 1336 bytes} [Mon Jul 19 20:32:12 2021] POST /compute/v2.1/flavors/d1/os-extra_specs => generated 43 bytes in 42 msecs (HTTP/1.1 200) 9 headers in 358 bytes (1 switches on core 0)
Jul 19 20:32:15.147266 dv-cinder-801321-1-iscsi devstack@n-api.service[78002]: DEBUG nova.api.openstack.wsgi [None req-da371d17-e2b6-4ceb-86ba-cd275fc84d7d admin admin] Calling method '>' {{(pid=78002) _process_stack /opt/stack/nova/nova/api/openstack/wsgi.py:513}}
Jul 19 20:32:15.148282 dv-cinder-801321-1-iscsi devstack@n-api.service[78002]: INFO nova.api.openstack.requestlog [None req-da371d17-e2b6-4ceb-86ba-cd275fc84d7d admin admin] 10.222.0.36 "GET /compute/v2.1" status: 200 len: 388 microversion: 2.1 time: 0.001493
Jul 19 20:32:15.148678 dv-cinder-801321-1-iscsi devstack@n-api.service[78002]: [pid: 78002|app: 0|req: 5/10] 10.222.0.36 () {54 vars in 931 bytes} [Mon Jul 19 20:32:15 2021] GET /compute/v2.1 => generated 388 bytes in 2 msecs (HTTP/1.1 200) 9 headers in 357 bytes (1 switches on core 0)
Jul 19 20:32:15.205437 dv-cinder-801321-1-iscsi devstack@n-api.service[78001]: DEBUG nova.api.openstack.wsgi [None req-305c3b96-100d-4069-8e04-72bcb8f2605e admin admin] Action: 'create', calling method: >, body: {"flavor": {"id": "d2", "OS-FLV-EXT-DATA:ephemeral": 0, "disk": 10, "os-flavor-access:is_public": true, "swap": 0, "rxtx_factor": 1.0, "vcpus": 1, "name": "ds1G", "ram": 1024}} {{(pid=78001) _process_stack /opt/stack/nova/nova/api/openstack/wsgi.py:511}}
Jul 19 20:32:15.229941 dv-cinder-801321-1-iscsi devstack@n-api.service[78001]: INFO nova.api.openstack.requestlog [None req-305c3b96-100d-4069-8e04-72bcb8f2605e admin admin] 10.222.0.36 "POST /compute/v2.1/flavors" status: 200 len: 404 microversion: 2.61 time: 0.075161
Jul 19 20:32:15.230500 dv-cinder-801321-1-iscsi devstack@n-api.service[78001]: [pid: 78001|app: 0|req: 6/11] 10.222.0.36 () {64 vars in 1283 bytes} [Mon Jul 19 20:32:15 2021] POST /compute/v2.1/flavors => generated 404 bytes in 76 msecs (HTTP/1.1 200) 9 headers in 359 bytes (2 switches on core 0)
Jul 19 20:32:15.242098 dv-cinder-801321-1-iscsi devstack@n-api.service[78002]: DEBUG nova.api.openstack.wsgi [None req-be05e72c-07ca-41c3-b810-42fdb9f02351 admin admin] Action: 'create', calling method: >, body: {"extra_specs": {"hw_rng:allowed": "True"}} {{(pid=78002) _process_stack /opt/stack/nova/nova/api/openstack/wsgi.py:511}}
Jul 19 20:32:15.279080 dv-cinder-801321-1-iscsi devstack@n-api.service[78002]: INFO nova.api.openstack.requestlog [None req-be05e72c-07ca-41c3-b810-42fdb9f02351 admin admin] 10.222.0.36 "POST /compute/v2.1/flavors/d2/os-extra_specs" status: 200 len: 43 microversion: 2.61 time: 0.040704
Jul 19 20:32:15.279665 dv-cinder-801321-1-iscsi devstack@n-api.service[78002]: [pid: 78002|app: 0|req: 6/12] 10.222.0.36 () {64 vars in 1336 bytes} [Mon Jul 19 20:32:15 2021] POST /compute/v2.1/flavors/d2/os-extra_specs => generated 43 bytes in 42 msecs (HTTP/1.1 200) 9 headers in 358 bytes (2 switches on core 0)
Jul 19 20:32:17.439405 dv-cinder-801321-1-iscsi devstack@n-api.service[78001]: DEBUG nova.api.openstack.wsgi [None req-305c3b96-100d-4069-8e04-72bcb8f2605e admin admin] Calling method '>' {{(pid=78001) _process_stack /opt/stack/nova/nova/api/openstack/wsgi.py:513}}
Jul 19 20:32:17.440426 dv-cinder-801321-1-iscsi devstack@n-api.service[78001]: INFO nova.api.openstack.requestlog [None req-305c3b96-100d-4069-8e04-72bcb8f2605e admin admin] 10.222.0.36 "GET /compute/v2.1" status: 200 len: 388 microversion: 2.1 time: 0.002141
Jul 19 20:32:17.440822 dv-cinder-801321-1-iscsi devstack@n-api.service[78001]: [pid: 78001|app: 0|req: 7/13] 10.222.0.36 () {54 vars in 931 bytes} [Mon Jul 19 20:32:17 2021] GET /compute/v2.1 => generated 388 bytes in 3 msecs (HTTP/1.1 200) 9 headers in 357 bytes (2 switches on core 0)
Jul 19 20:32:17.499006 dv-cinder-801321-1-iscsi devstack@n-api.service[78002]: DEBUG nova.api.openstack.wsgi [None req-413f3ad4-46b6-47a1-b27d-aefd74fa9864 admin admin] Action: 'create', calling method: >, body: {"flavor": {"id": "d3", "disk": 10, "OS-FLV-EXT-DATA:ephemeral": 0, "os-flavor-access:is_public": true, "ram": 2048, "vcpus": 2, "swap": 0, "name": "ds2G", "rxtx_factor": 1.0}} {{(pid=78002) _process_stack /opt/stack/nova/nova/api/openstack/wsgi.py:511}}
Jul 19 20:32:17.523016 dv-cinder-801321-1-iscsi devstack@n-api.service[78002]: INFO nova.api.openstack.requestlog [None req-413f3ad4-46b6-47a1-b27d-aefd74fa9864 admin admin] 10.222.0.36 "POST /compute/v2.1/flavors" status: 200 len: 404 microversion: 2.61 time: 0.076426
Jul 19 20:32:17.523564 dv-cinder-801321-1-iscsi devstack@n-api.service[78002]: [pid: 78002|app: 0|req: 7/14] 10.222.0.36 () {64 vars in 1283 bytes} [Mon Jul 19 20:32:17 2021] POST /compute/v2.1/flavors => generated 404 bytes in 78 msecs (HTTP/1.1 200) 9 headers in 359 bytes (2 switches on core 0)
Jul 19 20:32:17.535918 dv-cinder-801321-1-iscsi devstack@n-api.service[78001]: DEBUG nova.api.openstack.wsgi [None req-daa9fdd7-da49-4dc3-955d-6d4f3dcd8862 admin admin] Action: 'create', calling method: >, body: {"extra_specs": {"hw_rng:allowed": "True"}} {{(pid=78001) _process_stack /opt/stack/nova/nova/api/openstack/wsgi.py:511}}
Jul 19 20:32:17.570916 dv-cinder-801321-1-iscsi devstack@n-api.service[78001]: INFO nova.api.openstack.requestlog [None req-daa9fdd7-da49-4dc3-955d-6d4f3dcd8862 admin admin] 10.222.0.36 "POST /compute/v2.1/flavors/d3/os-extra_specs" status: 200 len: 43 microversion: 2.61 time: 0.039126
Jul 19 20:32:17.571533 dv-cinder-801321-1-iscsi devstack@n-api.service[78001]: [pid: 78001|app: 0|req: 8/15] 10.222.0.36 () {64 vars in 1336 bytes} [Mon Jul 19 20:32:17 2021] POST /compute/v2.1/flavors/d3/os-extra_specs => generated 43 bytes in 40 msecs (HTTP/1.1 200) 9 headers in 358 bytes (2 switches on core 0)
Jul 19 20:32:19.731412 dv-cinder-801321-1-iscsi devstack@n-api.service[78002]: DEBUG nova.api.openstack.wsgi [None req-413f3ad4-46b6-47a1-b27d-aefd74fa9864 admin admin] Calling method '>' {{(pid=78002) _process_stack /opt/stack/nova/nova/api/openstack/wsgi.py:513}}
Jul 19 20:32:19.732434 dv-cinder-801321-1-iscsi devstack@n-api.service[78002]: INFO nova.api.openstack.requestlog [None req-413f3ad4-46b6-47a1-b27d-aefd74fa9864 admin admin] 10.222.0.36 "GET /compute/v2.1" status: 200 len: 388 microversion: 2.1 time: 0.001532
Jul 19 20:32:19.732841 dv-cinder-801321-1-iscsi devstack@n-api.service[78002]: [pid: 78002|app: 0|req: 8/16] 10.222.0.36 () {54 vars in 931 bytes} [Mon Jul 19 20:32:19 2021] GET /compute/v2.1 => generated 388 bytes in 2 msecs (HTTP/1.1 200) 9 headers in 357 bytes (1 switches on core 0)
Jul 19 20:32:19.789788 dv-cinder-801321-1-iscsi devstack@n-api.service[78001]: DEBUG nova.api.openstack.wsgi [None req-dd757d64-deef-4bc0-8fa4-eee661040087 admin admin] Action: 'create', calling method: >, body: {"flavor": {"vcpus": 4, "swap": 0, "os-flavor-access:is_public": true, "name": "ds4G", "ram": 4096, "id": "d4", "disk": 20, "OS-FLV-EXT-DATA:ephemeral": 0, "rxtx_factor": 1.0}} {{(pid=78001) _process_stack /opt/stack/nova/nova/api/openstack/wsgi.py:511}}
Jul 19 20:32:19.813952 dv-cinder-801321-1-iscsi devstack@n-api.service[78001]: INFO nova.api.openstack.requestlog [None req-dd757d64-deef-4bc0-8fa4-eee661040087 admin admin] 10.222.0.36 "POST /compute/v2.1/flavors" status: 200 len: 404 microversion: 2.61 time: 0.074543
Jul 19 20:32:19.814517 dv-cinder-801321-1-iscsi devstack@n-api.service[78001]: [pid: 78001|app: 0|req: 9/17] 10.222.0.36 () {64 vars in 1283 bytes} [Mon Jul 19 20:32:19 2021] POST /compute/v2.1/flavors => generated 404 bytes in 76 msecs (HTTP/1.1 200) 9 headers in 359 bytes (2 switches on core 0)
Jul 19 20:32:19.826027 dv-cinder-801321-1-iscsi devstack@n-api.service[78002]: DEBUG nova.api.openstack.wsgi [None req-d17718e2-43c3-4377-bd5f-a752c3824528 admin admin] Action: 'create', calling method: >, body: {"extra_specs": {"hw_rng:allowed": "True"}} {{(pid=78002) _process_stack /opt/stack/nova/nova/api/openstack/wsgi.py:511}}
Jul 19 20:32:19.861552 dv-cinder-801321-1-iscsi devstack@n-api.service[78002]: INFO nova.api.openstack.requestlog [None req-d17718e2-43c3-4377-bd5f-a752c3824528 admin admin] 10.222.0.36 "POST /compute/v2.1/flavors/d4/os-extra_specs" status: 200 len: 43 microversion: 2.61 time: 0.038437
Jul 19 20:32:19.862040 dv-cinder-801321-1-iscsi devstack@n-api.service[78002]: [pid: 78002|app: 0|req: 9/18] 10.222.0.36 () {64 vars in 1336 bytes} [Mon Jul 19 20:32:19 2021] POST /compute/v2.1/flavors/d4/os-extra_specs => generated 43 bytes in 40 msecs (HTTP/1.1 200) 9 headers in 358 bytes (2 switches on core 0)
Jul 19 20:32:22.006745 dv-cinder-801321-1-iscsi devstack@n-api.service[78001]: DEBUG nova.api.openstack.wsgi [None req-dd757d64-deef-4bc0-8fa4-eee661040087 admin admin] Calling method '>' {{(pid=78001) _process_stack /opt/stack/nova/nova/api/openstack/wsgi.py:513}}
Jul 19 20:32:22.007782 dv-cinder-801321-1-iscsi devstack@n-api.service[78001]: INFO nova.api.openstack.requestlog [None req-dd757d64-deef-4bc0-8fa4-eee661040087 admin admin] 10.222.0.36 "GET /compute/v2.1" status: 200 len: 388 microversion: 2.1 time: 0.001491
Jul 19 20:32:22.008188 dv-cinder-801321-1-iscsi devstack@n-api.service[78001]: [pid: 78001|app: 0|req: 10/19] 10.222.0.36 () {54 vars in 931 bytes} [Mon Jul 19 20:32:22 2021] GET /compute/v2.1 => generated 388 bytes in 2 msecs (HTTP/1.1 200) 9 headers in 357 bytes (1 switches on core 0)
Jul 19 20:32:22.066115 dv-cinder-801321-1-iscsi devstack@n-api.service[78002]: DEBUG nova.api.openstack.wsgi [None req-c26527e6-2487-46e8-917a-30b19e83837b admin admin] Calling method '>' {{(pid=78002) _process_stack /opt/stack/nova/nova/api/openstack/wsgi.py:513}}
Jul 19 20:32:22.089375 dv-cinder-801321-1-iscsi devstack@n-api.service[78002]: INFO nova.api.openstack.requestlog [None req-c26527e6-2487-46e8-917a-30b19e83837b admin admin] 10.222.0.36 "GET /compute/v2.1/flavors/detail?is_public=True" status: 200 len: 2106 microversion: 2.61 time: 0.075076
Jul 19 20:32:22.089916 dv-cinder-801321-1-iscsi devstack@n-api.service[78002]: [pid: 78002|app: 0|req: 10/20] 10.222.0.36 () {60 vars in 1292 bytes} [Mon Jul 19 20:32:22 2021] GET /compute/v2.1/flavors/detail?is_public=True => generated 2106 bytes in 76 msecs (HTTP/1.1 200) 9 headers in 360 bytes (1 switches on core 0)
Jul 19 20:32:24.242886 dv-cinder-801321-1-iscsi devstack@n-api.service[78001]: DEBUG nova.api.openstack.wsgi [None req-dd757d64-deef-4bc0-8fa4-eee661040087 admin admin] Calling method '>' {{(pid=78001) _process_stack /opt/stack/nova/nova/api/openstack/wsgi.py:513}}
Jul 19 20:32:24.243912 dv-cinder-801321-1-iscsi devstack@n-api.service[78001]: INFO nova.api.openstack.requestlog [None req-dd757d64-deef-4bc0-8fa4-eee661040087 admin admin] 10.222.0.36 "GET /compute/v2.1" status: 200 len: 388 microversion: 2.1 time: 0.001457
Jul 19 20:32:24.244342 dv-cinder-801321-1-iscsi devstack@n-api.service[78001]: [pid: 78001|app: 0|req: 11/21] 10.222.0.36 () {54 vars in 931 bytes} [Mon Jul 19 20:32:24 2021] GET /compute/v2.1 => generated 388 bytes in 2 msecs (HTTP/1.1 200) 9 headers in 357 bytes (1 switches on core 0)
Jul 19 20:32:24.300250 dv-cinder-801321-1-iscsi devstack@n-api.service[78002]: DEBUG nova.api.openstack.wsgi [None req-7f6c765c-ecb8-4401-8446-d0297ca30663 admin admin] Action: 'create', calling method: >, body: {"flavor": {"name": "m1.tiny", "disk": 1, "ram": 512, "swap": 0, "rxtx_factor": 1.0, "os-flavor-access:is_public": true, "id": "1", "vcpus": 1, "OS-FLV-EXT-DATA:ephemeral": 0}} {{(pid=78002) _process_stack /opt/stack/nova/nova/api/openstack/wsgi.py:511}}
Jul 19 20:32:24.324934 dv-cinder-801321-1-iscsi devstack@n-api.service[78002]: INFO nova.api.openstack.requestlog [None req-7f6c765c-ecb8-4401-8446-d0297ca30663 admin admin] 10.222.0.36 "POST /compute/v2.1/flavors" status: 200 len: 402 microversion: 2.61 time: 0.074559
Jul 19 20:32:24.325477 dv-cinder-801321-1-iscsi devstack@n-api.service[78002]: [pid: 78002|app: 0|req: 11/22] 10.222.0.36 () {64 vars in 1283 bytes} [Mon Jul 19 20:32:24 2021] POST /compute/v2.1/flavors => generated 402 bytes in 76 msecs (HTTP/1.1 200) 9 headers in 359 bytes (1 switches on core 0)
Jul 19 20:32:24.337802 dv-cinder-801321-1-iscsi devstack@n-api.service[78001]: DEBUG nova.api.openstack.wsgi [None req-dad1e666-d03f-4fda-bbf7-afd6e07f0246 admin admin] Action: 'create', calling method: >, body: {"extra_specs": {"hw_rng:allowed": "True"}} {{(pid=78001) _process_stack /opt/stack/nova/nova/api/openstack/wsgi.py:511}}
Jul 19 20:32:24.372611 dv-cinder-801321-1-iscsi devstack@n-api.service[78001]: INFO nova.api.openstack.requestlog [None req-dad1e666-d03f-4fda-bbf7-afd6e07f0246 admin admin] 10.222.0.36 "POST /compute/v2.1/flavors/1/os-extra_specs" status: 200 len: 43 microversion: 2.61 time: 0.038605
Jul 19 20:32:24.373202 dv-cinder-801321-1-iscsi devstack@n-api.service[78001]: [pid: 78001|app: 0|req: 12/23] 10.222.0.36 () {64 vars in 1333 bytes} [Mon Jul 19 20:32:24 2021] POST /compute/v2.1/flavors/1/os-extra_specs => generated 43 bytes in 40 msecs (HTTP/1.1 200) 9 headers in 358 bytes (1 switches on core 0)
Jul 19 20:32:26.531337 dv-cinder-801321-1-iscsi devstack@n-api.service[78002]: DEBUG nova.api.openstack.wsgi [None req-7f6c765c-ecb8-4401-8446-d0297ca30663 admin admin] Calling method '>' {{(pid=78002) _process_stack /opt/stack/nova/nova/api/openstack/wsgi.py:513}}
Jul 19 20:32:26.532385 dv-cinder-801321-1-iscsi devstack@n-api.service[78002]: INFO nova.api.openstack.requestlog [None req-7f6c765c-ecb8-4401-8446-d0297ca30663 admin admin] 10.222.0.36 "GET /compute/v2.1" status: 200 len: 388 microversion: 2.1 time: 0.001511
Jul 19 20:32:26.532791 dv-cinder-801321-1-iscsi devstack@n-api.service[78002]: [pid: 78002|app: 0|req: 12/24] 10.222.0.36 () {54 vars in 931 bytes} [Mon Jul 19 20:32:26 2021] GET /compute/v2.1 => generated 388 bytes in 2 msecs (HTTP/1.1 200) 9 headers in 357 bytes (1 switches on core 0)
Jul 19 20:32:26.589888 dv-cinder-801321-1-iscsi devstack@n-api.service[78001]: DEBUG nova.api.openstack.wsgi [None req-61598420-f8d5-4493-88e0-7cdaef8907f4 admin admin] Action: 'create', calling method: >, body: {"flavor": {"ram": 2048, "disk": 20, "rxtx_factor": 1.0, "os-flavor-access:is_public": true, "vcpus": 1, "name": "m1.small", "swap": 0, "id": "2", "OS-FLV-EXT-DATA:ephemeral": 0}} {{(pid=78001) _process_stack /opt/stack/nova/nova/api/openstack/wsgi.py:511}}
Jul 19 20:32:26.612784 dv-cinder-801321-1-iscsi devstack@n-api.service[78001]: INFO nova.api.openstack.requestlog [None req-61598420-f8d5-4493-88e0-7cdaef8907f4 admin admin] 10.222.0.36 "POST /compute/v2.1/flavors" status: 200 len: 405 microversion: 2.61 time: 0.073929
Jul 19 20:32:26.613317 dv-cinder-801321-1-iscsi devstack@n-api.service[78001]: [pid: 78001|app: 0|req: 13/25] 10.222.0.36 () {64 vars in 1283 bytes} [Mon Jul 19 20:32:26 2021] POST /compute/v2.1/flavors => generated 405 bytes in 75 msecs (HTTP/1.1 200) 9 headers in 359 bytes (1 switches on core 0)
Jul 19 20:32:26.624683 dv-cinder-801321-1-iscsi devstack@n-api.service[78002]: DEBUG nova.api.openstack.wsgi [None req-d6d370f5-73f9-4c15-9c73-a75c64b01075 admin admin] Action: 'create', calling method: >, body: {"extra_specs": {"hw_rng:allowed": "True"}} {{(pid=78002) _process_stack /opt/stack/nova/nova/api/openstack/wsgi.py:511}}
Jul 19 20:32:26.660330 dv-cinder-801321-1-iscsi devstack@n-api.service[78002]: INFO nova.api.openstack.requestlog [None req-d6d370f5-73f9-4c15-9c73-a75c64b01075 admin admin] 10.222.0.36 "POST /compute/v2.1/flavors/2/os-extra_specs" status: 200 len: 43 microversion: 2.61 time: 0.039155
Jul 19 20:32:26.660914 dv-cinder-801321-1-iscsi devstack@n-api.service[78002]: [pid: 78002|app: 0|req: 13/26] 10.222.0.36 () {64 vars in 1333 bytes} [Mon Jul 19 20:32:26 2021] POST /compute/v2.1/flavors/2/os-extra_specs => generated 43 bytes in 40 msecs (HTTP/1.1 200) 9 headers in 358 bytes (1 switches on core 0)
Jul 19 20:32:28.798735 dv-cinder-801321-1-iscsi devstack@n-api.service[78001]: DEBUG nova.api.openstack.wsgi [None req-61598420-f8d5-4493-88e0-7cdaef8907f4 admin admin] Calling method '>' {{(pid=78001) _process_stack /opt/stack/nova/nova/api/openstack/wsgi.py:513}}
Jul 19 20:32:28.799794 dv-cinder-801321-1-iscsi devstack@n-api.service[78001]: INFO nova.api.openstack.requestlog [None req-61598420-f8d5-4493-88e0-7cdaef8907f4 admin admin] 10.222.0.36 "GET /compute/v2.1" status: 200 len: 388 microversion: 2.1 time: 0.001517
Jul 19 20:32:28.800202 dv-cinder-801321-1-iscsi devstack@n-api.service[78001]: [pid: 78001|app: 0|req: 14/27] 10.222.0.36 () {54 vars in 931 bytes} [Mon Jul 19 20:32:28 2021] GET /compute/v2.1 => generated 388 bytes in 2 msecs (HTTP/1.1 200) 9 headers in 357 bytes (1 switches on core 0)
Jul 19 20:32:28.858381 dv-cinder-801321-1-iscsi devstack@n-api.service[78002]: DEBUG nova.api.openstack.wsgi [None req-716c5018-92be-4840-9496-c83584d1490d admin admin] Action: 'create', calling method: >, body: {"flavor": {"name": "m1.medium", "os-flavor-access:is_public": true, "rxtx_factor": 1.0, "ram": 4096, "disk": 40, "OS-FLV-EXT-DATA:ephemeral": 0, "swap": 0, "id": "3", "vcpus": 2}} {{(pid=78002) _process_stack /opt/stack/nova/nova/api/openstack/wsgi.py:511}}
Jul 19 20:32:28.882266 dv-cinder-801321-1-iscsi devstack@n-api.service[78002]: INFO nova.api.openstack.requestlog [None req-716c5018-92be-4840-9496-c83584d1490d admin admin] 10.222.0.36 "POST /compute/v2.1/flavors" status: 200 len: 406 microversion: 2.61 time: 0.076038
Jul 19 20:32:28.882817 dv-cinder-801321-1-iscsi devstack@n-api.service[78002]: [pid: 78002|app: 0|req: 14/28] 10.222.0.36 () {64 vars in 1283 bytes} [Mon Jul 19 20:32:28 2021] POST /compute/v2.1/flavors => generated 406 bytes in 77 msecs (HTTP/1.1 200) 9 headers in 359 bytes (2 switches on core 0)
Jul 19 20:32:28.894700 dv-cinder-801321-1-iscsi devstack@n-api.service[78001]: DEBUG nova.api.openstack.wsgi [None req-64f9dfbd-3349-4f04-804e-a3b9e468a217 admin admin] Action: 'create', calling method: >, body: {"extra_specs": {"hw_rng:allowed": "True"}} {{(pid=78001) _process_stack /opt/stack/nova/nova/api/openstack/wsgi.py:511}}
Jul 19 20:32:28.932731 dv-cinder-801321-1-iscsi devstack@n-api.service[78001]: INFO nova.api.openstack.requestlog [None req-64f9dfbd-3349-4f04-804e-a3b9e468a217 admin admin] 10.222.0.36 "POST /compute/v2.1/flavors/3/os-extra_specs" status: 200 len: 43 microversion: 2.61 time: 0.041854
Jul 19 20:32:28.933323 dv-cinder-801321-1-iscsi devstack@n-api.service[78001]: [pid: 78001|app: 0|req: 15/29] 10.222.0.36 () {64 vars in 1333 bytes} [Mon Jul 19 20:32:28 2021] POST /compute/v2.1/flavors/3/os-extra_specs => generated 43 bytes in 43 msecs (HTTP/1.1 200) 9 headers in 358 bytes (1 switches on core 0)
Jul 19 20:32:31.083432 dv-cinder-801321-1-iscsi devstack@n-api.service[78002]: DEBUG nova.api.openstack.wsgi [None req-716c5018-92be-4840-9496-c83584d1490d admin admin] Calling method '>' {{(pid=78002) _process_stack /opt/stack/nova/nova/api/openstack/wsgi.py:513}}
Jul 19 20:32:31.084572 dv-cinder-801321-1-iscsi devstack@n-api.service[78002]: INFO nova.api.openstack.requestlog [None req-716c5018-92be-4840-9496-c83584d1490d admin admin] 10.222.0.36 "GET /compute/v2.1" status: 200 len: 388 microversion: 2.1 time: 0.001626
Jul 19 20:32:31.084974 dv-cinder-801321-1-iscsi devstack@n-api.service[78002]: [pid: 78002|app: 0|req: 15/30] 10.222.0.36 () {54 vars in 931 bytes} [Mon Jul 19 20:32:31 2021] GET /compute/v2.1 => generated 388 bytes in 3 msecs (HTTP/1.1 200) 9 headers in 357 bytes (1 switches on core 0)
Jul 19 20:32:31.142808 dv-cinder-801321-1-iscsi devstack@n-api.service[78001]: DEBUG nova.api.openstack.wsgi [None req-653c907a-1b7f-4c7c-8286-132fcbe8809e admin admin] Action: 'create', calling method: >, body: {"flavor": {"rxtx_factor": 1.0, "disk": 80, "OS-FLV-EXT-DATA:ephemeral": 0, "ram": 8192, "os-flavor-access:is_public": true, "id": "4", "name": "m1.large", "vcpus": 4, "swap": 0}} {{(pid=78001) _process_stack /opt/stack/nova/nova/api/openstack/wsgi.py:511}}
Jul 19 20:32:31.167158 dv-cinder-801321-1-iscsi devstack@n-api.service[78001]: INFO nova.api.openstack.requestlog [None req-653c907a-1b7f-4c7c-8286-132fcbe8809e admin admin] 10.222.0.36 "POST /compute/v2.1/flavors" status: 200 len: 405 microversion: 2.61 time: 0.076028
Jul 19 20:32:31.167705 dv-cinder-801321-1-iscsi devstack@n-api.service[78001]: [pid: 78001|app: 0|req: 16/31] 10.222.0.36 () {64 vars in 1283 bytes} [Mon Jul 19 20:32:31 2021] POST /compute/v2.1/flavors => generated 405 bytes in 77 msecs (HTTP/1.1 200) 9 headers in 359 bytes (1 switches on core 0)
Jul 19 20:32:31.179724 dv-cinder-801321-1-iscsi devstack@n-api.service[78002]: DEBUG nova.api.openstack.wsgi [None req-520308a3-517f-4f6d-aefb-d3ad78132ac1 admin admin] Action: 'create', calling method: >, body: {"extra_specs": {"hw_rng:allowed": "True"}} {{(pid=78002) _process_stack /opt/stack/nova/nova/api/openstack/wsgi.py:511}}
Jul 19 20:32:31.220621 dv-cinder-801321-1-iscsi devstack@n-api.service[78002]: INFO nova.api.openstack.requestlog [None req-520308a3-517f-4f6d-aefb-d3ad78132ac1 admin admin] 10.222.0.36 "POST /compute/v2.1/flavors/4/os-extra_specs" status: 200 len: 43 microversion: 2.61 time: 0.041438
Jul 19 20:32:31.221223 dv-cinder-801321-1-iscsi devstack@n-api.service[78002]: [pid: 78002|app: 0|req: 16/32] 10.222.0.36 () {64 vars in 1333 bytes} [Mon Jul 19 20:32:31 2021] POST /compute/v2.1/flavors/4/os-extra_specs => generated 43 bytes in 46 msecs (HTTP/1.1 200) 9 headers in 358 bytes (1 switches on core 0)
Jul 19 20:32:33.359228 dv-cinder-801321-1-iscsi devstack@n-api.service[78001]: DEBUG nova.api.openstack.wsgi [None req-653c907a-1b7f-4c7c-8286-132fcbe8809e admin admin] Calling method '>' {{(pid=78001) _process_stack /opt/stack/nova/nova/api/openstack/wsgi.py:513}}
Jul 19 20:32:33.360266 dv-cinder-801321-1-iscsi devstack@n-api.service[78001]: INFO nova.api.openstack.requestlog [None req-653c907a-1b7f-4c7c-8286-132fcbe8809e admin admin] 10.222.0.36 "GET /compute/v2.1" status: 200 len: 388 microversion: 2.1 time: 0.001564
Jul 19 20:32:33.360662 dv-cinder-801321-1-iscsi devstack@n-api.service[78001]: [pid: 78001|app: 0|req: 17/33] 10.222.0.36 () {54 vars in 931 bytes} [Mon Jul 19 20:32:33 2021] GET /compute/v2.1 => generated 388 bytes in 2 msecs (HTTP/1.1 200) 9 headers in 357 bytes (1 switches on core 0)
Jul 19 20:32:33.417694 dv-cinder-801321-1-iscsi devstack@n-api.service[78002]: DEBUG nova.api.openstack.wsgi [None req-ece26c20-21cd-433b-ad83-5511e8e409f4 admin admin] Action: 'create', calling method: >, body: {"flavor": {"vcpus": 8, "id": "5", "name": "m1.xlarge", "ram": 16384, "os-flavor-access:is_public": true, "disk": 160, "swap": 0, "rxtx_factor": 1.0, "OS-FLV-EXT-DATA:ephemeral": 0}} {{(pid=78002) _process_stack /opt/stack/nova/nova/api/openstack/wsgi.py:511}}
Jul 19 20:32:33.441806 dv-cinder-801321-1-iscsi devstack@n-api.service[78002]: INFO nova.api.openstack.requestlog [None req-ece26c20-21cd-433b-ad83-5511e8e409f4 admin admin] 10.222.0.36 "POST /compute/v2.1/flavors" status: 200 len: 408 microversion: 2.61 time: 0.075117
Jul 19 20:32:33.442337 dv-cinder-801321-1-iscsi devstack@n-api.service[78002]: [pid: 78002|app: 0|req: 17/34] 10.222.0.36 () {64 vars in 1283 bytes} [Mon Jul 19 20:32:33 2021] POST /compute/v2.1/flavors => generated 408 bytes in 76 msecs (HTTP/1.1 200) 9 headers in 359 bytes (1 switches on core 0)
Jul 19 20:32:33.454439 dv-cinder-801321-1-iscsi devstack@n-api.service[78001]: DEBUG nova.api.openstack.wsgi [None req-a48b482d-fa1c-447a-92e6-80929b636623 admin admin] Action: 'create', calling method: >, body: {"extra_specs": {"hw_rng:allowed": "True"}} {{(pid=78001) _process_stack /opt/stack/nova/nova/api/openstack/wsgi.py:511}}
Jul 19 20:32:33.488625 dv-cinder-801321-1-iscsi devstack@n-api.service[78001]: INFO nova.api.openstack.requestlog [None req-a48b482d-fa1c-447a-92e6-80929b636623 admin admin] 10.222.0.36 "POST /compute/v2.1/flavors/5/os-extra_specs" status: 200 len: 43 microversion: 2.61 time: 0.038291
Jul 19 20:32:33.489202 dv-cinder-801321-1-iscsi devstack@n-api.service[78001]: [pid: 78001|app: 0|req: 18/35] 10.222.0.36 () {64 vars in 1333 bytes} [Mon Jul 19 20:32:33 2021] POST /compute/v2.1/flavors/5/os-extra_specs => generated 43 bytes in 40 msecs (HTTP/1.1 200) 9 headers in 358 bytes (2 switches on core 0)
Jul 19 20:33:41.742732 dv-cinder-801321-1-iscsi devstack@n-api.service[78002]: DEBUG nova.api.openstack.wsgi [None req-ece26c20-21cd-433b-ad83-5511e8e409f4 admin admin] Calling method '>' {{(pid=78002) _process_stack /opt/stack/nova/nova/api/openstack/wsgi.py:513}}
Jul 19 20:33:41.743764 dv-cinder-801321-1-iscsi devstack@n-api.service[78002]: INFO nova.api.openstack.requestlog [None req-ece26c20-21cd-433b-ad83-5511e8e409f4 admin admin] 10.222.0.36 "GET /compute/v2.1" status: 200 len: 388 microversion: 2.1 time: 0.001477
Jul 19 20:33:41.744174 dv-cinder-801321-1-iscsi devstack@n-api.service[78002]: [pid: 78002|app: 0|req: 18/36] 10.222.0.36 () {54 vars in 931 bytes} [Mon Jul 19 20:33:41 2021] GET /compute/v2.1 => generated 388 bytes in 2 msecs (HTTP/1.1 200) 9 headers in 357 bytes (1 switches on core 0)
Jul 19 20:33:41.800791 dv-cinder-801321-1-iscsi devstack@n-api.service[78001]: DEBUG nova.api.openstack.wsgi [None req-735cbe62-0b4d-4846-9ef7-0bd24d911492 admin admin] Calling method '>' {{(pid=78001) _process_stack /opt/stack/nova/nova/api/openstack/wsgi.py:513}}
Jul 19 20:33:41.824276 dv-cinder-801321-1-iscsi devstack@n-api.service[78001]: INFO nova.api.openstack.requestlog [None req-735cbe62-0b4d-4846-9ef7-0bd24d911492 admin admin] 10.222.0.36 "GET /compute/v2.1/flavors/detail?is_public=True" status: 200 len: 4202 microversion: 2.61 time: 0.073284
Jul 19 20:33:41.824822 dv-cinder-801321-1-iscsi devstack@n-api.service[78001]: [pid: 78001|app: 0|req: 19/37] 10.222.0.36 () {60 vars in 1292 bytes} [Mon Jul 19 20:33:41 2021] GET /compute/v2.1/flavors/detail?is_public=True => generated 4202 bytes in 75 msecs (HTTP/1.1 200) 9 headers in 360 bytes (2 switches on core 0)
Jul 19 20:33:43.232658 dv-cinder-801321-1-iscsi devstack@n-api.service[78002]: DEBUG nova.api.openstack.wsgi [None req-ece26c20-21cd-433b-ad83-5511e8e409f4 admin admin] Calling method '>' {{(pid=78002) _process_stack /opt/stack/nova/nova/api/openstack/wsgi.py:513}}
Jul 19 20:33:43.234009 dv-cinder-801321-1-iscsi devstack@n-api.service[78002]: INFO nova.api.openstack.requestlog [None req-ece26c20-21cd-433b-ad83-5511e8e409f4 admin admin] 10.222.0.36 "GET /compute/v2.1" status: 200 len: 388 microversion: 2.1 time: 0.001738
Jul 19 20:33:43.234410 dv-cinder-801321-1-iscsi devstack@n-api.service[78002]: [pid: 78002|app: 0|req: 19/38] 10.222.0.36 () {56 vars in 1075 bytes} [Mon Jul 19 20:33:43 2021] GET /compute/v2.1 => generated 388 bytes in 3 msecs (HTTP/1.1 200) 9 headers in 357 bytes (1 switches on core 0)
Jul 19 20:33:43.425070 dv-cinder-801321-1-iscsi devstack@n-api.service[78001]: DEBUG nova.api.openstack.wsgi [None req-0ad73606-5b3f-495a-819f-3abe5f453015 admin admin] Calling method '>' {{(pid=78001) _process_stack /opt/stack/nova/nova/api/openstack/wsgi.py:513}}
Jul 19 20:33:43.437614 dv-cinder-801321-1-iscsi devstack@n-api.service[78001]: INFO nova.api.openstack.wsgi [None req-0ad73606-5b3f-495a-819f-3abe5f453015 admin admin] HTTP exception thrown: Flavor 42 could not be found.
Jul 19 20:33:43.438151 dv-cinder-801321-1-iscsi devstack@n-api.service[78001]: DEBUG nova.api.openstack.wsgi [None req-0ad73606-5b3f-495a-819f-3abe5f453015 admin admin] Returning 404 to user: Flavor 42 could not be found. {{(pid=78001) __call__ /opt/stack/nova/nova/api/openstack/wsgi.py:927}}
Jul 19 20:33:43.438947 dv-cinder-801321-1-iscsi devstack@n-api.service[78001]: INFO nova.api.openstack.requestlog [None req-0ad73606-5b3f-495a-819f-3abe5f453015 admin admin] 10.222.0.36 "GET /compute/v2.1/flavors/42" status: 404 len: 75 microversion: 2.88 time: 0.066285
Jul 19 20:33:43.439497 dv-cinder-801321-1-iscsi devstack@n-api.service[78001]: [pid: 78001|app: 0|req: 20/39] 10.222.0.36 () {60 vars in 1191 bytes} [Mon Jul 19 20:33:43 2021] GET /compute/v2.1/flavors/42 => generated 75 bytes in 67 msecs (HTTP/1.1 404) 9 headers in 380 bytes (1 switches on core 0)
Jul 19 20:33:43.449110 dv-cinder-801321-1-iscsi devstack@n-api.service[78002]: DEBUG nova.api.openstack.wsgi [None req-487062c6-1e93-4c15-b57a-7dd78d9f1dc5 admin admin] Calling method '>' {{(pid=78002) _process_stack /opt/stack/nova/nova/api/openstack/wsgi.py:513}}
Jul 19 20:33:43.470344 dv-cinder-801321-1-iscsi devstack@n-api.service[78002]: INFO nova.api.openstack.requestlog [None req-487062c6-1e93-4c15-b57a-7dd78d9f1dc5 admin admin] 10.222.0.36 "GET /compute/v2.1/flavors?is_public=None" status: 200 len: 2056 microversion: 2.88 time: 0.024802
Jul 19 20:33:43.470937 dv-cinder-801321-1-iscsi devstack@n-api.service[78002]: [pid: 78002|app: 0|req: 20/40] 10.222.0.36 () {60 vars in 1211 bytes} [Mon Jul 19 20:33:43 2021] GET /compute/v2.1/flavors?is_public=None => generated 2056 bytes in 26 msecs (HTTP/1.1 200) 9 headers in 360 bytes (1 switches on core 0)
Jul 19 20:33:43.480828 dv-cinder-801321-1-iscsi devstack@n-api.service[78001]: DEBUG nova.api.openstack.wsgi [None req-fd66a1b4-817f-4c60-b7e0-5d9f1f9e4ce2 admin admin] Calling method '>' {{(pid=78001) _process_stack /opt/stack/nova/nova/api/openstack/wsgi.py:513}}
Jul 19 20:33:43.500995 dv-cinder-801321-1-iscsi devstack@n-api.service[78001]: INFO nova.api.openstack.requestlog [None req-fd66a1b4-817f-4c60-b7e0-5d9f1f9e4ce2 admin admin] 10.222.0.36 "GET /compute/v2.1/flavors?is_public=None" status: 200 len: 2056 microversion: 2.88 time: 0.023650
Jul 19 20:33:43.501562 dv-cinder-801321-1-iscsi devstack@n-api.service[78001]: [pid: 78001|app: 0|req: 21/41] 10.222.0.36 () {60 vars in 1211 bytes} [Mon Jul 19 20:33:43 2021] GET /compute/v2.1/flavors?is_public=None => generated 2056 bytes in 25 msecs (HTTP/1.1 200) 9 headers in 360 bytes (1 switches on core 0)
Jul 19 20:33:43.511243 dv-cinder-801321-1-iscsi devstack@n-api.service[78002]: DEBUG nova.api.openstack.wsgi [None req-ad872d5c-a8e6-4c61-a834-d66c86a4770e admin admin] Calling method '>' {{(pid=78002) _process_stack /opt/stack/nova/nova/api/openstack/wsgi.py:513}}
Jul 19 20:33:43.524467 dv-cinder-801321-1-iscsi devstack@n-api.service[78002]: INFO nova.api.openstack.wsgi [None req-ad872d5c-a8e6-4c61-a834-d66c86a4770e admin admin] HTTP exception thrown: Flavor 42 could not be found.
Jul 19 20:33:43.525051 dv-cinder-801321-1-iscsi devstack@n-api.service[78002]: DEBUG nova.api.openstack.wsgi [None req-ad872d5c-a8e6-4c61-a834-d66c86a4770e admin admin] Returning 404 to user: Flavor 42 could not be found. {{(pid=78002) __call__ /opt/stack/nova/nova/api/openstack/wsgi.py:927}}
Jul 19 20:33:43.525856 dv-cinder-801321-1-iscsi devstack@n-api.service[78002]: INFO nova.api.openstack.requestlog [None req-ad872d5c-a8e6-4c61-a834-d66c86a4770e admin admin] 10.222.0.36 "GET /compute/v2.1/flavors/42" status: 404 len: 75 microversion: 2.88 time: 0.018291
Jul 19 20:33:43.526376 dv-cinder-801321-1-iscsi devstack@n-api.service[78002]: [pid: 78002|app: 0|req: 21/42] 10.222.0.36 () {60 vars in 1191 bytes} [Mon Jul 19 20:33:43 2021] GET /compute/v2.1/flavors/42 => generated 75 bytes in 19 msecs (HTTP/1.1 404) 9 headers in 380 bytes (2 switches on core 0)
Jul 19 20:33:44.853202 dv-cinder-801321-1-iscsi devstack@n-api.service[78001]: DEBUG nova.api.openstack.wsgi [None req-fd66a1b4-817f-4c60-b7e0-5d9f1f9e4ce2 admin admin] Calling method '>' {{(pid=78001) _process_stack /opt/stack/nova/nova/api/openstack/wsgi.py:513}}
Jul 19 20:33:44.854226 dv-cinder-801321-1-iscsi devstack@n-api.service[78001]: INFO nova.api.openstack.requestlog [None req-fd66a1b4-817f-4c60-b7e0-5d9f1f9e4ce2 admin admin] 10.222.0.36 "GET /compute/v2.1" status: 200 len: 388 microversion: 2.1 time: 0.001437
Jul 19 20:33:44.854630 dv-cinder-801321-1-iscsi devstack@n-api.service[78001]: [pid: 78001|app: 0|req: 22/43] 10.222.0.36 () {56 vars in 1075 bytes} [Mon Jul 19 20:33:44 2021] GET /compute/v2.1 => generated 388 bytes in 2 msecs (HTTP/1.1 200) 9 headers in 357 bytes (1 switches on core 0)
Jul 19 20:33:45.043621 dv-cinder-801321-1-iscsi devstack@n-api.service[78002]: DEBUG nova.api.openstack.wsgi [None req-f798d273-f154-44df-a64d-96d82f835b6b admin admin] Calling method '>' {{(pid=78002) _process_stack /opt/stack/nova/nova/api/openstack/wsgi.py:513}}
Jul 19 20:33:45.056182 dv-cinder-801321-1-iscsi devstack@n-api.service[78002]: INFO nova.api.openstack.wsgi [None req-f798d273-f154-44df-a64d-96d82f835b6b admin admin] HTTP exception thrown: Flavor 84 could not be found.
Jul 19 20:33:45.056763 dv-cinder-801321-1-iscsi devstack@n-api.service[78002]: DEBUG nova.api.openstack.wsgi [None req-f798d273-f154-44df-a64d-96d82f835b6b admin admin] Returning 404 to user: Flavor 84 could not be found. {{(pid=78002) __call__ /opt/stack/nova/nova/api/openstack/wsgi.py:927}}
Jul 19 20:33:45.057554 dv-cinder-801321-1-iscsi devstack@n-api.service[78002]: INFO nova.api.openstack.requestlog [None req-f798d273-f154-44df-a64d-96d82f835b6b admin admin] 10.222.0.36 "GET /compute/v2.1/flavors/84" status: 404 len: 75 microversion: 2.88 time: 0.066752
Jul 19 20:33:45.058074 dv-cinder-801321-1-iscsi devstack@n-api.service[78002]: [pid: 78002|app: 0|req: 22/44] 10.222.0.36 () {60 vars in 1191 bytes} [Mon Jul 19 20:33:44 2021] GET /compute/v2.1/flavors/84 => generated 75 bytes in 68 msecs (HTTP/1.1 404) 9 headers in 380 bytes (1 switches on core 0)
Jul 19 20:33:45.067794 dv-cinder-801321-1-iscsi devstack@n-api.service[78001]: DEBUG nova.api.openstack.wsgi [None req-ccf34ffb-45b4-4a87-8f55-1fc35db68e8b admin admin] Calling method '>' {{(pid=78001) _process_stack /opt/stack/nova/nova/api/openstack/wsgi.py:513}}
Jul 19 20:33:45.087443 dv-cinder-801321-1-iscsi devstack@n-api.service[78001]: INFO nova.api.openstack.requestlog [None req-ccf34ffb-45b4-4a87-8f55-1fc35db68e8b admin admin] 10.222.0.36 "GET /compute/v2.1/flavors?is_public=None" status: 200 len: 2056 microversion: 2.88 time: 0.023223
Jul 19 20:33:45.087996 dv-cinder-801321-1-iscsi devstack@n-api.service[78001]: [pid: 78001|app: 0|req: 23/45] 10.222.0.36 () {60 vars in 1211 bytes} [Mon Jul 19 20:33:45 2021] GET /compute/v2.1/flavors?is_public=None => generated 2056 bytes in 24 msecs (HTTP/1.1 200) 9 headers in 360 bytes (1 switches on core 0)
Jul 19 20:33:45.098468 dv-cinder-801321-1-iscsi devstack@n-api.service[78002]: DEBUG nova.api.openstack.wsgi [None req-2f3d50f7-5160-42f5-bdb1-169da527021f admin admin] Calling method '>' {{(pid=78002) _process_stack /opt/stack/nova/nova/api/openstack/wsgi.py:513}}
Jul 19 20:33:45.118771 dv-cinder-801321-1-iscsi devstack@n-api.service[78002]: INFO nova.api.openstack.requestlog [None req-2f3d50f7-5160-42f5-bdb1-169da527021f admin admin] 10.222.0.36 "GET /compute/v2.1/flavors?is_public=None" status: 200 len: 2056 microversion: 2.88 time: 0.023828
Jul 19 20:33:45.119367 dv-cinder-801321-1-iscsi devstack@n-api.service[78002]: [pid: 78002|app: 0|req: 23/46] 10.222.0.36 () {60 vars in 1211 bytes} [Mon Jul 19 20:33:45 2021] GET /compute/v2.1/flavors?is_public=None => generated 2056 bytes in 25 msecs (HTTP/1.1 200) 9 headers in 360 bytes (1 switches on core 0)
Jul 19 20:33:45.129413 dv-cinder-801321-1-iscsi devstack@n-api.service[78001]: DEBUG nova.api.openstack.wsgi [None req-2929b150-4d64-4a98-ab43-53bbcadde0a2 admin admin] Calling method '>' {{(pid=78001) _process_stack /opt/stack/nova/nova/api/openstack/wsgi.py:513}}
Jul 19 20:33:45.142373 dv-cinder-801321-1-iscsi devstack@n-api.service[78001]: INFO nova.api.openstack.wsgi [None req-2929b150-4d64-4a98-ab43-53bbcadde0a2 admin admin] HTTP exception thrown: Flavor 84 could not be found.
Jul 19 20:33:45.142942 dv-cinder-801321-1-iscsi devstack@n-api.service[78001]: DEBUG nova.api.openstack.wsgi [None req-2929b150-4d64-4a98-ab43-53bbcadde0a2 admin admin] Returning 404 to user: Flavor 84 could not be found. {{(pid=78001) __call__ /opt/stack/nova/nova/api/openstack/wsgi.py:927}}
Jul 19 20:33:45.143753 dv-cinder-801321-1-iscsi devstack@n-api.service[78001]: INFO nova.api.openstack.requestlog [None req-2929b150-4d64-4a98-ab43-53bbcadde0a2 admin admin] 10.222.0.36 "GET /compute/v2.1/flavors/84" status: 404 len: 75 microversion: 2.88 time: 0.018022
Jul 19 20:33:45.144296 dv-cinder-801321-1-iscsi devstack@n-api.service[78001]: [pid: 78001|app: 0|req: 24/47] 10.222.0.36 () {60 vars in 1191 bytes} [Mon Jul 19 20:33:45 2021] GET /compute/v2.1/flavors/84 => generated 75 bytes in 19 msecs (HTTP/1.1 404) 9 headers in 380 bytes (2 switches on core 0)
Jul 19 20:33:46.467775 dv-cinder-801321-1-iscsi devstack@n-api.service[78002]: DEBUG nova.api.openstack.wsgi [None req-2f3d50f7-5160-42f5-bdb1-169da527021f admin admin] Calling method '>' {{(pid=78002) _process_stack /opt/stack/nova/nova/api/openstack/wsgi.py:513}}
Jul 19 20:33:46.468803 dv-cinder-801321-1-iscsi devstack@n-api.service[78002]: INFO nova.api.openstack.requestlog [None req-2f3d50f7-5160-42f5-bdb1-169da527021f admin admin] 10.222.0.36 "GET /compute/v2.1" status: 200 len: 388 microversion: 2.1 time: 0.001516
Jul 19 20:33:46.469205 dv-cinder-801321-1-iscsi devstack@n-api.service[78002]: [pid: 78002|app: 0|req: 24/48] 10.222.0.36 () {56 vars in 1075 bytes} [Mon Jul 19 20:33:46 2021] GET /compute/v2.1 => generated 388 bytes in 2 msecs (HTTP/1.1 200) 9 headers in 357 bytes (1 switches on core 0)
Jul 19 20:33:46.665159 dv-cinder-801321-1-iscsi devstack@n-api.service[78001]: DEBUG nova.api.openstack.wsgi [None req-4a534c44-f65a-4ba6-b8d9-40e9db5cd8d2 admin admin] Calling method '>' {{(pid=78001) _process_stack /opt/stack/nova/nova/api/openstack/wsgi.py:513}}
Jul 19 20:33:46.678119 dv-cinder-801321-1-iscsi devstack@n-api.service[78001]: INFO nova.api.openstack.wsgi [None req-4a534c44-f65a-4ba6-b8d9-40e9db5cd8d2 admin admin] HTTP exception thrown: Flavor 451 could not be found.
Jul 19 20:33:46.678632 dv-cinder-801321-1-iscsi devstack@n-api.service[78001]: DEBUG nova.api.openstack.wsgi [None req-4a534c44-f65a-4ba6-b8d9-40e9db5cd8d2 admin admin] Returning 404 to user: Flavor 451 could not be found. {{(pid=78001) __call__ /opt/stack/nova/nova/api/openstack/wsgi.py:927}}
Jul 19 20:33:46.679500 dv-cinder-801321-1-iscsi devstack@n-api.service[78001]: INFO nova.api.openstack.requestlog [None req-4a534c44-f65a-4ba6-b8d9-40e9db5cd8d2 admin admin] 10.222.0.36 "GET /compute/v2.1/flavors/451" status: 404 len: 76 microversion: 2.88 time: 0.071582
Jul 19 20:33:46.680031 dv-cinder-801321-1-iscsi devstack@n-api.service[78001]: [pid: 78001|app: 0|req: 25/49] 10.222.0.36 () {60 vars in 1194 bytes} [Mon Jul 19 20:33:46 2021] GET /compute/v2.1/flavors/451 => generated 76 bytes in 73 msecs (HTTP/1.1 404) 9 headers in 380 bytes (1 switches on core 0)
Jul 19 20:33:46.689719 dv-cinder-801321-1-iscsi devstack@n-api.service[78002]: DEBUG nova.api.openstack.wsgi [None req-b832a3dc-7456-4fb9-8a72-dbf95c10d600 admin admin] Calling method '>' {{(pid=78002) _process_stack /opt/stack/nova/nova/api/openstack/wsgi.py:513}}
Jul 19 20:33:46.709953 dv-cinder-801321-1-iscsi devstack@n-api.service[78002]: INFO nova.api.openstack.requestlog [None req-b832a3dc-7456-4fb9-8a72-dbf95c10d600 admin admin] 10.222.0.36 "GET /compute/v2.1/flavors?is_public=None" status: 200 len: 2056 microversion: 2.88 time: 0.023804
Jul 19 20:33:46.710519 dv-cinder-801321-1-iscsi devstack@n-api.service[78002]: [pid: 78002|app: 0|req: 25/50] 10.222.0.36 () {60 vars in 1211 bytes} [Mon Jul 19 20:33:46 2021] GET /compute/v2.1/flavors?is_public=None => generated 2056 bytes in 25 msecs (HTTP/1.1 200) 9 headers in 360 bytes (1 switches on core 0)
Jul 19 20:33:46.721051 dv-cinder-801321-1-iscsi devstack@n-api.service[78001]: DEBUG nova.api.openstack.wsgi [None req-15b29b37-9a3e-4b6f-a32e-e61002210e30 admin admin] Calling method '>' {{(pid=78001) _process_stack /opt/stack/nova/nova/api/openstack/wsgi.py:513}}
Jul 19 20:33:46.741671 dv-cinder-801321-1-iscsi devstack@n-api.service[78001]: INFO nova.api.openstack.requestlog [None req-15b29b37-9a3e-4b6f-a32e-e61002210e30 admin admin] 10.222.0.36 "GET /compute/v2.1/flavors?is_public=None" status: 200 len: 2056 microversion: 2.88 time: 0.024605
Jul 19 20:33:46.742292 dv-cinder-801321-1-iscsi devstack@n-api.service[78001]: [pid: 78001|app: 0|req: 26/51] 10.222.0.36 () {60 vars in 1211 bytes} [Mon Jul 19 20:33:46 2021] GET /compute/v2.1/flavors?is_public=None => generated 2056 bytes in 26 msecs (HTTP/1.1 200) 9 headers in 360 bytes (1 switches on core 0)
Jul 19 20:33:46.752212 dv-cinder-801321-1-iscsi devstack@n-api.service[78002]: DEBUG nova.api.openstack.wsgi [None req-b4d8f018-213f-446d-8f39-a55626330fb6 admin admin] Calling method '>' {{(pid=78002) _process_stack /opt/stack/nova/nova/api/openstack/wsgi.py:513}}
Jul 19 20:33:46.764543 dv-cinder-801321-1-iscsi devstack@n-api.service[78002]: INFO nova.api.openstack.wsgi [None req-b4d8f018-213f-446d-8f39-a55626330fb6 admin admin] HTTP exception thrown: Flavor 451 could not be found.
Jul 19 20:33:46.765148 dv-cinder-801321-1-iscsi devstack@n-api.service[78002]: DEBUG nova.api.openstack.wsgi [None req-b4d8f018-213f-446d-8f39-a55626330fb6 admin admin] Returning 404 to user: Flavor 451 could not be found. {{(pid=78002) __call__ /opt/stack/nova/nova/api/openstack/wsgi.py:927}}
Jul 19 20:33:46.765945 dv-cinder-801321-1-iscsi devstack@n-api.service[78002]: INFO nova.api.openstack.requestlog [None req-b4d8f018-213f-446d-8f39-a55626330fb6 admin admin] 10.222.0.36 "GET /compute/v2.1/flavors/451" status: 404 len: 76 microversion: 2.88 time: 0.017372
Jul 19 20:33:46.766742 dv-cinder-801321-1-iscsi devstack@n-api.service[78002]: [pid: 78002|app: 0|req: 26/52] 10.222.0.36 () {60 vars in 1194 bytes} [Mon Jul 19 20:33:46 2021] GET /compute/v2.1/flavors/451 => generated 76 bytes in 19 msecs (HTTP/1.1 404) 9 headers in 380 bytes (1 switches on core 0)
Jul 19 20:33:48.084377 dv-cinder-801321-1-iscsi devstack@n-api.service[78001]: DEBUG nova.api.openstack.wsgi [None req-15b29b37-9a3e-4b6f-a32e-e61002210e30 admin admin] Calling method '>' {{(pid=78001) _process_stack /opt/stack/nova/nova/api/openstack/wsgi.py:513}}
Jul 19 20:33:48.085385 dv-cinder-801321-1-iscsi devstack@n-api.service[78001]: INFO nova.api.openstack.requestlog [None req-15b29b37-9a3e-4b6f-a32e-e61002210e30 admin admin] 10.222.0.36 "GET /compute/v2.1" status: 200 len: 388 microversion: 2.1 time: 0.001463
Jul 19 20:33:48.085790 dv-cinder-801321-1-iscsi devstack@n-api.service[78001]: [pid: 78001|app: 0|req: 27/53] 10.222.0.36 () {56 vars in 1075 bytes} [Mon Jul 19 20:33:48 2021] GET /compute/v2.1 => generated 388 bytes in 2 msecs (HTTP/1.1 200) 9 headers in 357 bytes (1 switches on core 0)
Jul 19 20:33:48.274452 dv-cinder-801321-1-iscsi devstack@n-api.service[78002]: DEBUG nova.api.openstack.wsgi [None req-b6e0d822-6e28-40af-91fa-7ff6fb1b29d1 admin admin] Action: 'create', calling method: >, body: {"flavor": {"name": "m1.nano", "ram": 256, "vcpus": 1, "disk": 1, "id": "42", "swap": 0, "OS-FLV-EXT-DATA:ephemeral": 0, "rxtx_factor": 1.0, "os-flavor-access:is_public": true}} {{(pid=78002) _process_stack /opt/stack/nova/nova/api/openstack/wsgi.py:511}}
Jul 19 20:33:48.300209 dv-cinder-801321-1-iscsi devstack@n-api.service[78002]: INFO nova.api.openstack.requestlog [None req-b6e0d822-6e28-40af-91fa-7ff6fb1b29d1 admin admin] 10.222.0.36 "POST /compute/v2.1/flavors" status: 200 len: 404 microversion: 2.88 time: 0.076426
Jul 19 20:33:48.300688 dv-cinder-801321-1-iscsi devstack@n-api.service[78002]: [pid: 78002|app: 0|req: 27/54] 10.222.0.36 () {64 vars in 1236 bytes} [Mon Jul 19 20:33:48 2021] POST /compute/v2.1/flavors => generated 404 bytes in 78 msecs (HTTP/1.1 200) 9 headers in 359 bytes (1 switches on core 0)
Jul 19 20:33:49.648916 dv-cinder-801321-1-iscsi devstack@n-api.service[78001]: DEBUG nova.api.openstack.wsgi [None req-15b29b37-9a3e-4b6f-a32e-e61002210e30 admin admin] Calling method '>' {{(pid=78001) _process_stack /opt/stack/nova/nova/api/openstack/wsgi.py:513}}
Jul 19 20:33:49.650021 dv-cinder-801321-1-iscsi devstack@n-api.service[78001]: INFO nova.api.openstack.requestlog [None req-15b29b37-9a3e-4b6f-a32e-e61002210e30 admin admin] 10.222.0.36 "GET /compute/v2.1" status: 200 len: 388 microversion: 2.1 time: 0.001689
Jul 19 20:33:49.650502 dv-cinder-801321-1-iscsi devstack@n-api.service[78001]: [pid: 78001|app: 0|req: 28/55] 10.222.0.36 () {56 vars in 1075 bytes} [Mon Jul 19 20:33:49 2021] GET /compute/v2.1 => generated 388 bytes in 3 msecs (HTTP/1.1 200) 9 headers in 357 bytes (2 switches on core 0)
Jul 19 20:33:49.841462 dv-cinder-801321-1-iscsi devstack@n-api.service[78002]: DEBUG nova.api.openstack.wsgi [None req-42dadc3f-5e2c-48a4-b120-887dcb4b2343 admin admin] Action: 'create', calling method: >, body: {"flavor": {"name": "m1.micro", "ram": 256, "vcpus": 1, "disk": 2, "id": "84", "swap": 0, "OS-FLV-EXT-DATA:ephemeral": 0, "rxtx_factor": 1.0, "os-flavor-access:is_public": true}} {{(pid=78002) _process_stack /opt/stack/nova/nova/api/openstack/wsgi.py:511}}
Jul 19 20:33:49.867249 dv-cinder-801321-1-iscsi devstack@n-api.service[78002]: INFO nova.api.openstack.requestlog [None req-42dadc3f-5e2c-48a4-b120-887dcb4b2343 admin admin] 10.222.0.36 "POST /compute/v2.1/flavors" status: 200 len: 405 microversion: 2.88 time: 0.078198
Jul 19 20:33:49.867806 dv-cinder-801321-1-iscsi devstack@n-api.service[78002]: [pid: 78002|app: 0|req: 28/56] 10.222.0.36 () {64 vars in 1236 bytes} [Mon Jul 19 20:33:49 2021] POST /compute/v2.1/flavors => generated 405 bytes in 79 msecs (HTTP/1.1 200) 9 headers in 359 bytes (1 switches on core 0)
Jul 19 20:33:51.187310 dv-cinder-801321-1-iscsi devstack@n-api.service[78001]: DEBUG nova.api.openstack.wsgi [None req-15b29b37-9a3e-4b6f-a32e-e61002210e30 admin admin] Calling method '>' {{(pid=78001) _process_stack /opt/stack/nova/nova/api/openstack/wsgi.py:513}}
Jul 19 20:33:51.188326 dv-cinder-801321-1-iscsi devstack@n-api.service[78001]: INFO nova.api.openstack.requestlog [None req-15b29b37-9a3e-4b6f-a32e-e61002210e30 admin admin] 10.222.0.36 "GET /compute/v2.1" status: 200 len: 388 microversion: 2.1 time: 0.001472
Jul 19 20:33:51.188717 dv-cinder-801321-1-iscsi devstack@n-api.service[78001]: [pid: 78001|app: 0|req: 29/57] 10.222.0.36 () {56 vars in 1075 bytes} [Mon Jul 19 20:33:51 2021] GET /compute/v2.1 => generated 388 bytes in 2 msecs (HTTP/1.1 200) 9 headers in 357 bytes (1 switches on core 0)
Jul 19 20:33:51.380992 dv-cinder-801321-1-iscsi devstack@n-api.service[78002]: DEBUG nova.api.openstack.wsgi [None req-e77b4cba-3748-4279-a0db-1359e564b053 admin admin] Action: 'create', calling method: >, body: {"flavor": {"name": "m1.heat", "ram": 512, "vcpus": 1, "disk": 1, "id": "451", "swap": 0, "OS-FLV-EXT-DATA:ephemeral": 0, "rxtx_factor": 1.0, "os-flavor-access:is_public": true}} {{(pid=78002) _process_stack /opt/stack/nova/nova/api/openstack/wsgi.py:511}}
Jul 19 20:33:51.406302 dv-cinder-801321-1-iscsi devstack@n-api.service[78002]: INFO nova.api.openstack.requestlog [None req-e77b4cba-3748-4279-a0db-1359e564b053 admin admin] 10.222.0.36 "POST /compute/v2.1/flavors" status: 200 len: 407 microversion: 2.88 time: 0.082530
Jul 19 20:33:51.406787 dv-cinder-801321-1-iscsi devstack@n-api.service[78002]: [pid: 78002|app: 0|req: 29/58] 10.222.0.36 () {64 vars in 1236 bytes} [Mon Jul 19 20:33:51 2021] POST /compute/v2.1/flavors => generated 407 bytes in 84 msecs (HTTP/1.1 200) 9 headers in 359 bytes (1 switches on core 0)
Jul 19 20:33:52.739213 dv-cinder-801321-1-iscsi devstack@n-api.service[78001]: DEBUG nova.api.openstack.wsgi [None req-15b29b37-9a3e-4b6f-a32e-e61002210e30 admin admin] Calling method '>' {{(pid=78001) _process_stack /opt/stack/nova/nova/api/openstack/wsgi.py:513}}
Jul 19 20:33:52.740222 dv-cinder-801321-1-iscsi devstack@n-api.service[78001]: INFO nova.api.openstack.requestlog [None req-15b29b37-9a3e-4b6f-a32e-e61002210e30 admin admin] 10.222.0.36 "GET /compute/v2.1" status: 200 len: 388 microversion: 2.1 time: 0.001485
Jul 19 20:33:52.740639 dv-cinder-801321-1-iscsi devstack@n-api.service[78001]: [pid: 78001|app: 0|req: 30/59] 10.222.0.36 () {56 vars in 1075 bytes} [Mon Jul 19 20:33:52 2021] GET /compute/v2.1 => generated 388 bytes in 2 msecs (HTTP/1.1 200) 9 headers in 357 bytes (1 switches on core 0)
