Jul 19 01:10:25.450394 dv-cinder-801236-1-iscsi neutron-server[78647]: DEBUG oslo_concurrency.lockutils [None req-e2798c41-bce2-45ab-9220-df01072a3671 service neutron] Lock "event-dispatch" released by "neutron.plugins.ml2.ovo_rpc._ObjectChangeHandler.dispatch_events" :: held 0.208s {{(pid=78647) inner /usr/local/lib/python3.8/dist-packages/oslo_concurrency/lockutils.py:367}}
Jul 19 01:10:25.477637 dv-cinder-801236-1-iscsi neutron-server[78647]: DEBUG neutron.pecan_wsgi.hooks.policy_enforcement [req-1288e4e7-d31f-48b8-87e3-0e643f5118ee req-9e2e253b-3da5-4200-81be-d5adda4c3234 tempest-AttachVolumeShelveTestJSON-144200215 tempest-AttachVolumeShelveTestJSON-144200215-project] Attributes excluded by policy engine: ['standard_attr_id', 'binding:profile', 'binding:host_id', 'binding:vif_type', 'binding:vif_details'] {{(pid=78647) _exclude_attributes_by_policy /opt/stack/neutron/neutron/pecan_wsgi/hooks/policy_enforcement.py:255}}
Jul 19 01:10:25.478574 dv-cinder-801236-1-iscsi neutron-server[78647]: DEBUG neutron.quota.resource [req-1288e4e7-d31f-48b8-87e3-0e643f5118ee req-9e2e253b-3da5-4200-81be-d5adda4c3234 tempest-AttachVolumeShelveTestJSON-144200215 tempest-AttachVolumeShelveTestJSON-144200215-project] Synchronizing usage tracker for tenant:da4b6b1b1cae4c68818c57fc60b9f135 on resource:port {{(pid=78647) resync /opt/stack/neutron/neutron/quota/resource.py:241}}
Jul 19 01:10:25.488111 dv-cinder-801236-1-iscsi neutron-server[78647]: DEBUG neutron.plugins.ml2.managers [req-42695c52-b2d9-404b-92ae-9bc81f80de00 req-e2798c41-bce2-45ab-9220-df01072a3671 service neutron] Attempting to bind port 1301ae37-2f71-4c34-8ac0-5708aea24499 on host hv-cinder-80123 for vnic_type normal with profile {{(pid=78647) bind_port /opt/stack/neutron/neutron/plugins/ml2/managers.py:790}}
Jul 19 01:10:25.488343 dv-cinder-801236-1-iscsi neutron-server[78647]: DEBUG neutron.plugins.ml2.managers [req-42695c52-b2d9-404b-92ae-9bc81f80de00 req-e2798c41-bce2-45ab-9220-df01072a3671 service neutron] Attempting to bind port 1301ae37-2f71-4c34-8ac0-5708aea24499 by drivers openvswitch,hyperv on host hv-cinder-80123 at level 0 using segments [{'id': 'd6e6a683-1172-45f5-8ab1-940c5587aeb0', 'network_type': 'vlan', 'physical_network': 'physnet1', 'segmentation_id': 99, 'network_id': 'f774c46c-cf9f-418a-af16-4ea8967b6c0a'}] {{(pid=78647) _bind_port_level /opt/stack/neutron/neutron/plugins/ml2/managers.py:815}}
Jul 19 01:10:25.488935 dv-cinder-801236-1-iscsi neutron-server[78647]: DEBUG neutron.plugins.ml2.drivers.mech_agent [req-42695c52-b2d9-404b-92ae-9bc81f80de00 req-e2798c41-bce2-45ab-9220-df01072a3671 service neutron] Attempting to bind port 1301ae37-2f71-4c34-8ac0-5708aea24499 on network f774c46c-cf9f-418a-af16-4ea8967b6c0a {{(pid=78647) bind_port /opt/stack/neutron/neutron/plugins/ml2/drivers/mech_agent.py:86}}
Jul 19 01:10:25.496487 dv-cinder-801236-1-iscsi neutron-server[78647]: DEBUG neutron.plugins.ml2.drivers.mech_agent [req-42695c52-b2d9-404b-92ae-9bc81f80de00 req-e2798c41-bce2-45ab-9220-df01072a3671 service neutron] Port 1301ae37-2f71-4c34-8ac0-5708aea24499 on network f774c46c-cf9f-418a-af16-4ea8967b6c0a not bound, no agent of type Open vSwitch agent registered on host hv-cinder-80123 {{(pid=78647) bind_port /opt/stack/neutron/neutron/plugins/ml2/drivers/mech_agent.py:98}}
Jul 19 01:10:25.496894 dv-cinder-801236-1-iscsi neutron-server[78647]: DEBUG neutron.plugins.ml2.drivers.mech_agent [req-42695c52-b2d9-404b-92ae-9bc81f80de00 req-e2798c41-bce2-45ab-9220-df01072a3671 service neutron] Attempting to bind port 1301ae37-2f71-4c34-8ac0-5708aea24499 on network f774c46c-cf9f-418a-af16-4ea8967b6c0a {{(pid=78647) bind_port /opt/stack/neutron/neutron/plugins/ml2/drivers/mech_agent.py:86}}
Jul 19 01:10:25.541653 dv-cinder-801236-1-iscsi neutron-server[78647]: DEBUG neutron.plugins.ml2.drivers.mech_agent [req-42695c52-b2d9-404b-92ae-9bc81f80de00 req-e2798c41-bce2-45ab-9220-df01072a3671 service neutron] Checking agent: {'id': '9bb1649b-cf44-4177-89bf-60ed13a4d33e', 'agent_type': 'HyperV agent', 'binary': 'neutron-hyperv-agent', 'topic': 'N/A', 'host': 'hv-cinder-80123', 'admin_state_up': True, 'created_at': datetime.datetime(2021, 7, 19, 1, 7, 59), 'started_at': datetime.datetime(2021, 7, 19, 1, 7, 59), 'heartbeat_timestamp': datetime.datetime(2021, 7, 19, 1, 9, 59), 'description': None, 'resources_synced': None, 'availability_zone': None, 'alive': True, 'configurations': {'vswitch_mappings': {'physnet1$': 'br-data'}}, 'resource_versions': {}} {{(pid=78647) bind_port /opt/stack/neutron/neutron/plugins/ml2/drivers/mech_agent.py:105}}
Jul 19 01:10:25.542001 dv-cinder-801236-1-iscsi neutron-server[78647]: DEBUG neutron.plugins.ml2.drivers.mech_agent [req-42695c52-b2d9-404b-92ae-9bc81f80de00 req-e2798c41-bce2-45ab-9220-df01072a3671 service neutron] Checking segment: {'id': 'd6e6a683-1172-45f5-8ab1-940c5587aeb0', 'network_type': 'vlan', 'physical_network': 'physnet1', 'segmentation_id': 99, 'network_id': 'f774c46c-cf9f-418a-af16-4ea8967b6c0a'} for mappings: {'physnet1$': 'br-data'} with network types: ['local', 'flat', 'vlan'] {{(pid=78647) check_segment_for_agent /opt/stack/neutron/neutron/plugins/ml2/drivers/mech_agent.py:341}}
Jul 19 01:10:25.542400 dv-cinder-801236-1-iscsi neutron-server[78647]: DEBUG neutron.plugins.ml2.drivers.mech_agent [req-42695c52-b2d9-404b-92ae-9bc81f80de00 req-e2798c41-bce2-45ab-9220-df01072a3671 service neutron] Bound using segment: {'id': 'd6e6a683-1172-45f5-8ab1-940c5587aeb0', 'network_type': 'vlan', 'physical_network': 'physnet1', 'segmentation_id': 99, 'network_id': 'f774c46c-cf9f-418a-af16-4ea8967b6c0a'} {{(pid=78647) bind_port /opt/stack/neutron/neutron/plugins/ml2/drivers/mech_agent.py:115}}
Jul 19 01:10:25.542844 dv-cinder-801236-1-iscsi neutron-server[78647]: DEBUG neutron.plugins.ml2.managers [req-42695c52-b2d9-404b-92ae-9bc81f80de00 req-e2798c41-bce2-45ab-9220-df01072a3671 service neutron] Bound port: 1301ae37-2f71-4c34-8ac0-5708aea24499, host: hv-cinder-80123, vif_type: hyperv, vif_details: {"connectivity": "legacy", "port_filter": false}, binding_levels: [{'bound_driver': 'hyperv', 'bound_segment': {'id': 'd6e6a683-1172-45f5-8ab1-940c5587aeb0', 'network_type': 'vlan', 'physical_network': 'physnet1', 'segmentation_id': 99, 'network_id': 'f774c46c-cf9f-418a-af16-4ea8967b6c0a'}}] {{(pid=78647) _bind_port_level /opt/stack/neutron/neutron/plugins/ml2/managers.py:928}}
Jul 19 01:10:25.543180 dv-cinder-801236-1-iscsi neutron-server[78647]: DEBUG neutron_lib.callbacks.manager [req-42695c52-b2d9-404b-92ae-9bc81f80de00 req-e2798c41-bce2-45ab-9220-df01072a3671 service neutron] Notify callbacks ['neutron.plugins.ml2.plugin.SecurityGroupDbMixin._ensure_default_security_group_handler-835773'] for port, before_update {{(pid=78647) _notify_loop /usr/local/lib/python3.8/dist-packages/neutron_lib/callbacks/manager.py:192}}
Jul 19 01:10:25.560309 dv-cinder-801236-1-iscsi neutron-server[78647]: DEBUG neutron.quota.resource [req-1288e4e7-d31f-48b8-87e3-0e643f5118ee req-9e2e253b-3da5-4200-81be-d5adda4c3234 tempest-AttachVolumeShelveTestJSON-144200215 tempest-AttachVolumeShelveTestJSON-144200215-project] Unset dirty status for tenant:da4b6b1b1cae4c68818c57fc60b9f135 on resource:port {{(pid=78647) _resync /opt/stack/neutron/neutron/quota/resource.py:233}}
Jul 19 01:10:25.561474 dv-cinder-801236-1-iscsi neutron-server[78647]: INFO neutron.wsgi [req-1288e4e7-d31f-48b8-87e3-0e643f5118ee req-9e2e253b-3da5-4200-81be-d5adda4c3234 tempest-AttachVolumeShelveTestJSON-144200215 tempest-AttachVolumeShelveTestJSON-144200215-project] 10.222.0.24 "GET /v2.0/ports?device_id=75324146-7a7f-4888-90ad-5ed6a1500076 HTTP/1.1" status: 200 len: 932 time: 0.4335809
Jul 19 01:10:25.688465 dv-cinder-801236-1-iscsi neutron-server[78647]: INFO neutron.wsgi [req-1288e4e7-d31f-48b8-87e3-0e643f5118ee req-8c305581-f76c-4f21-bb2f-862574fabedb tempest-AttachVolumeShelveTestJSON-144200215 tempest-AttachVolumeShelveTestJSON-144200215-project] 10.222.0.24 "GET /v2.0/security-groups?id=c8357da7-faa5-4ff7-ae4c-732c7e5d2edd&fields=id&fields=name HTTP/1.1" status: 200 len: 310 time: 0.1191671
Jul 19 01:10:25.704193 dv-cinder-801236-1-iscsi neutron-server[78647]: DEBUG neutron.plugins.ml2.db [req-42695c52-b2d9-404b-92ae-9bc81f80de00 req-e2798c41-bce2-45ab-9220-df01072a3671 service neutron] For port 1301ae37-2f71-4c34-8ac0-5708aea24499, host hv-cinder-80123, cleared binding levels {{(pid=78647) clear_binding_levels /opt/stack/neutron/neutron/plugins/ml2/db.py:88}}
Jul 19 01:10:25.708530 dv-cinder-801236-1-iscsi neutron-server[78647]: DEBUG neutron.plugins.ml2.db [req-42695c52-b2d9-404b-92ae-9bc81f80de00 req-e2798c41-bce2-45ab-9220-df01072a3671 service neutron] For port 1301ae37-2f71-4c34-8ac0-5708aea24499, host hv-cinder-80123, set binding levels [PortBindingLevel(driver='hyperv',host='hv-cinder-80123',level=0,port_id=1301ae37-2f71-4c34-8ac0-5708aea24499,segment=NetworkSegment(d6e6a683-1172-45f5-8ab1-940c5587aeb0),segment_id=d6e6a683-1172-45f5-8ab1-940c5587aeb0)] {{(pid=78647) set_binding_levels /opt/stack/neutron/neutron/plugins/ml2/db.py:60}}
Jul 19 01:10:25.729846 dv-cinder-801236-1-iscsi neutron-server[78647]: DEBUG neutron.pecan_wsgi.hooks.policy_enforcement [req-69e58e13-9c3d-4662-bf49-c1cfa054f718 req-7c38e156-3a12-4a7f-986d-1ed65a0c94bb tempest-AttachVolumeTestJSON-1407109459 tempest-AttachVolumeTestJSON-1407109459-project] Attributes excluded by policy engine: ['standard_attr_id', 'binding:profile', 'binding:host_id', 'binding:vif_type', 'binding:vif_details'] {{(pid=78647) _exclude_attributes_by_policy /opt/stack/neutron/neutron/pecan_wsgi/hooks/policy_enforcement.py:255}}
Jul 19 01:10:25.729846 dv-cinder-801236-1-iscsi neutron-server[78647]: INFO neutron.wsgi [req-69e58e13-9c3d-4662-bf49-c1cfa054f718 req-7c38e156-3a12-4a7f-986d-1ed65a0c94bb tempest-AttachVolumeTestJSON-1407109459 tempest-AttachVolumeTestJSON-1407109459-project] 10.222.0.24 "GET /v2.0/ports?device_id=8f347bb8-1003-48f2-a899-a7da012b766e HTTP/1.1" status: 200 len: 932 time: 0.2236714
Jul 19 01:10:25.730681 dv-cinder-801236-1-iscsi neutron-server[78647]: DEBUG neutron_lib.callbacks.manager [req-42695c52-b2d9-404b-92ae-9bc81f80de00 req-e2798c41-bce2-45ab-9220-df01072a3671 service neutron] Notify callbacks ['neutron.plugins.ml2.plugin.SecurityGroupServerNotifierRpcMixin.notify_sg_on_port_change-835708', 'neutron.plugins.ml2.ovo_rpc._ObjectChangeHandler.handle_event-57961', 'neutron.api.rpc.agentnotifiers.dhcp_rpc_agent_api.DhcpAgentNotifyAPI._native_event_send_dhcp_notification-1585323', 'neutron.db.l3_db.L3RpcNotifierMixin._notify_gateway_port_ip_changed-8785952227359', 'neutron.db.l3_dvrscheduler_db._notify_l3_agent_port_update-8785951862604', 'neutron.db.l3_hascheduler_db._notify_l3_agent_ha_port_update-8785951862649'] for port, after_update {{(pid=78647) _notify_loop /usr/local/lib/python3.8/dist-packages/neutron_lib/callbacks/manager.py:192}}
Jul 19 01:10:25.736029 dv-cinder-801236-1-iscsi neutron-server[78647]: DEBUG oslo_concurrency.lockutils [-] Lock "event-dispatch" acquired by "neutron.plugins.ml2.ovo_rpc._ObjectChangeHandler.dispatch_events" :: waited 0.000s {{(pid=78647) inner /usr/local/lib/python3.8/dist-packages/oslo_concurrency/lockutils.py:355}}
Jul 19 01:10:25.813155 dv-cinder-801236-1-iscsi neutron-server[78647]: DEBUG neutron.pecan_wsgi.hooks.policy_enforcement [req-42695c52-b2d9-404b-92ae-9bc81f80de00 req-e2798c41-bce2-45ab-9220-df01072a3671 service neutron] Attributes excluded by policy engine: ['standard_attr_id'] {{(pid=78647) _exclude_attributes_by_policy /opt/stack/neutron/neutron/pecan_wsgi/hooks/policy_enforcement.py:255}}
Jul 19 01:10:25.813799 dv-cinder-801236-1-iscsi neutron-server[78647]: DEBUG neutron_lib.callbacks.manager [req-42695c52-b2d9-404b-92ae-9bc81f80de00 req-e2798c41-bce2-45ab-9220-df01072a3671 service neutron] Notify callbacks ['neutron.notifiers.nova.Notifier._send_nova_notification-107689', 'neutron.api.rpc.agentnotifiers.dhcp_rpc_agent_api.DhcpAgentNotifyAPI._send_dhcp_notification-1585341'] for port, before_response {{(pid=78647) _notify_loop /usr/local/lib/python3.8/dist-packages/neutron_lib/callbacks/manager.py:192}}
Jul 19 01:10:25.815176 dv-cinder-801236-1-iscsi neutron-server[78647]: INFO neutron.wsgi [req-42695c52-b2d9-404b-92ae-9bc81f80de00 req-e2798c41-bce2-45ab-9220-df01072a3671 service neutron] 10.222.0.16 "PUT /v2.0/ports/1301ae37-2f71-4c34-8ac0-5708aea24499 HTTP/1.1" status: 200 len: 1094 time: 1.9108667
Jul 19 01:10:25.817353 dv-cinder-801236-1-iscsi neutron-server[78647]: DEBUG neutron.notifiers.nova [-] Sending events: [{'name': 'network-changed', 'server_uuid': '75324146-7a7f-4888-90ad-5ed6a1500076', 'tag': '1301ae37-2f71-4c34-8ac0-5708aea24499'}] {{(pid=78647) send_events /opt/stack/neutron/neutron/notifiers/nova.py:262}}
Jul 19 01:10:25.898394 dv-cinder-801236-1-iscsi neutron-server[78647]: INFO neutron.wsgi [req-69e58e13-9c3d-4662-bf49-c1cfa054f718 req-3b9eadf6-1083-4388-9480-65203cdefe3d tempest-AttachVolumeTestJSON-1407109459 tempest-AttachVolumeTestJSON-1407109459-project] 10.222.0.24 "GET /v2.0/security-groups?id=6d0e814f-9c9f-4c8a-8678-7d427b63f2a3&fields=id&fields=name HTTP/1.1" status: 200 len: 313 time: 0.1246848
Jul 19 01:10:25.902597 dv-cinder-801236-1-iscsi neutron-server[78647]: DEBUG neutron.api.rpc.handlers.resources_rpc [None req-e2798c41-bce2-45ab-9220-df01072a3671 service neutron] Pushing event updated for resources: {'Port': ['ID=1301ae37-2f71-4c34-8ac0-5708aea24499,revision_number=3']} {{(pid=78647) push /opt/stack/neutron/neutron/api/rpc/handlers/resources_rpc.py:237}}
Jul 19 01:10:25.906269 dv-cinder-801236-1-iscsi neutron-server[78647]: DEBUG oslo_concurrency.lockutils [None req-e2798c41-bce2-45ab-9220-df01072a3671 service neutron] Lock "event-dispatch" released by "neutron.plugins.ml2.ovo_rpc._ObjectChangeHandler.dispatch_events" :: held 0.170s {{(pid=78647) inner /usr/local/lib/python3.8/dist-packages/oslo_concurrency/lockutils.py:367}}
Jul 19 01:10:25.952018 dv-cinder-801236-1-iscsi neutron-server[78647]: DEBUG neutron.pecan_wsgi.hooks.policy_enforcement [req-a64115e1-3bb5-4dab-8807-205cd883bd5f req-660aff46-bbd4-46b7-bfde-4651c82c7988 tempest-DeleteServersTestJSON-753668829 tempest-DeleteServersTestJSON-753668829-project] Attributes excluded by policy engine: ['standard_attr_id', 'binding:profile', 'binding:host_id', 'binding:vif_type', 'binding:vif_details'] {{(pid=78647) _exclude_attributes_by_policy /opt/stack/neutron/neutron/pecan_wsgi/hooks/policy_enforcement.py:255}}
Jul 19 01:10:25.953690 dv-cinder-801236-1-iscsi neutron-server[78647]: INFO neutron.wsgi [req-a64115e1-3bb5-4dab-8807-205cd883bd5f req-660aff46-bbd4-46b7-bfde-4651c82c7988 tempest-DeleteServersTestJSON-753668829 tempest-DeleteServersTestJSON-753668829-project] 10.222.0.24 "GET /v2.0/ports?device_id=e17b8946-3ca7-4b18-b9c0-e1c188d9bcab HTTP/1.1" status: 200 len: 946 time: 0.1111572
Jul 19 01:10:25.955392 dv-cinder-801236-1-iscsi neutron-server[78647]: INFO neutron.notifiers.nova [-] Nova event response: {'name': 'network-changed', 'server_uuid': '75324146-7a7f-4888-90ad-5ed6a1500076', 'tag': '1301ae37-2f71-4c34-8ac0-5708aea24499', 'status': 'completed', 'code': 200}
Jul 19 01:10:26.006823 dv-cinder-801236-1-iscsi neutron-server[78647]: INFO neutron.wsgi [req-a64115e1-3bb5-4dab-8807-205cd883bd5f req-d78aa3f8-ace5-432f-b384-53d3af896ad0 tempest-DeleteServersTestJSON-753668829 tempest-DeleteServersTestJSON-753668829-project] 10.222.0.24 "GET /v2.0/security-groups?id=67e27873-5be5-4642-bfaa-5918330c4b07&fields=id&fields=name HTTP/1.1" status: 200 len: 286 time: 0.0441244
Jul 19 01:10:26.189777 dv-cinder-801236-1-iscsi neutron-server[78647]: DEBUG neutron.pecan_wsgi.hooks.policy_enforcement [req-08067f90-882e-49f7-80f2-684d5ebc093a req-4e13f39a-57e1-47bd-8691-396a97b8c864 tempest-AttachVolumeNegativeTest-1172502692 tempest-AttachVolumeNegativeTest-1172502692-project] Attributes excluded by policy engine: ['standard_attr_id', 'binding:profile', 'binding:host_id', 'binding:vif_type', 'binding:vif_details'] {{(pid=78647) _exclude_attributes_by_policy /opt/stack/neutron/neutron/pecan_wsgi/hooks/policy_enforcement.py:255}}
Jul 19 01:10:26.191276 dv-cinder-801236-1-iscsi neutron-server[78647]: INFO neutron.wsgi [req-08067f90-882e-49f7-80f2-684d5ebc093a req-4e13f39a-57e1-47bd-8691-396a97b8c864 tempest-AttachVolumeNegativeTest-1172502692 tempest-AttachVolumeNegativeTest-1172502692-project] 10.222.0.24 "GET /v2.0/ports?device_id=9b8d3e14-47f3-4134-941b-ab2ee56d1620 HTTP/1.1" status: 200 len: 945 time: 0.0848389
Jul 19 01:10:26.236318 dv-cinder-801236-1-iscsi neutron-server[78647]: INFO neutron.wsgi [req-08067f90-882e-49f7-80f2-684d5ebc093a req-15534253-114c-49ea-bc34-263f469b33b1 tempest-AttachVolumeNegativeTest-1172502692 tempest-AttachVolumeNegativeTest-1172502692-project] 10.222.0.24 "GET /v2.0/security-groups?id=1d1f3b49-fa71-4455-a4a4-a405e41ffb10&fields=id&fields=name HTTP/1.1" status: 200 len: 286 time: 0.0389371
Jul 19 01:10:26.567638 dv-cinder-801236-1-iscsi neutron-server[78647]: DEBUG neutron.pecan_wsgi.hooks.policy_enforcement [req-05b5fa1c-9291-4e67-a42a-70dcdd6c4b0d req-2368b046-af12-44a2-af03-8dc7265533c4 tempest-ServerRescueNegativeTestJSON-1283799207 tempest-ServerRescueNegativeTestJSON-1283799207-project] Attributes excluded by policy engine: ['standard_attr_id', 'binding:profile', 'binding:host_id', 'binding:vif_type', 'binding:vif_details'] {{(pid=78647) _exclude_attributes_by_policy /opt/stack/neutron/neutron/pecan_wsgi/hooks/policy_enforcement.py:255}}
Jul 19 01:10:26.569080 dv-cinder-801236-1-iscsi neutron-server[78647]: INFO neutron.wsgi [req-05b5fa1c-9291-4e67-a42a-70dcdd6c4b0d req-2368b046-af12-44a2-af03-8dc7265533c4 tempest-ServerRescueNegativeTestJSON-1283799207 tempest-ServerRescueNegativeTestJSON-1283799207-project] 10.222.0.24 "GET /v2.0/ports?device_id=0f7f8258-394c-47c3-a5cc-0736307db066 HTTP/1.1" status: 200 len: 931 time: 0.0819101
Jul 19 01:10:26.614498 dv-cinder-801236-1-iscsi neutron-server[78647]: INFO neutron.wsgi [req-05b5fa1c-9291-4e67-a42a-70dcdd6c4b0d req-abd60421-65ad-481e-8f87-5b8d34b3b745 tempest-ServerRescueNegativeTestJSON-1283799207 tempest-ServerRescueNegativeTestJSON-1283799207-project] 10.222.0.24 "GET /v2.0/security-groups?id=8d18527d-86aa-48ae-8533-03dfaba1e0c0&fields=id&fields=name HTTP/1.1" status: 200 len: 286 time: 0.0395579
Jul 19 01:10:26.783132 dv-cinder-801236-1-iscsi neutron-server[78649]: DEBUG neutron.plugins.ml2.rpc [None req-52272b6a-f03a-4449-919b-612303361f8b None None] Device c3e481df-a4c3-4140-b240-b54b8c1c3504 up at agent hyperv_hv-cinder-80123 {{(pid=78649) update_device_up /opt/stack/neutron/neutron/plugins/ml2/rpc.py:278}}
Jul 19 01:10:26.854542 dv-cinder-801236-1-iscsi neutron-server[78649]: DEBUG neutron.db.provisioning_blocks [None req-52272b6a-f03a-4449-919b-612303361f8b None None] Provisioning for port c3e481df-a4c3-4140-b240-b54b8c1c3504 completed by entity L2. {{(pid=78649) provisioning_complete /opt/stack/neutron/neutron/db/provisioning_blocks.py:133}}
Jul 19 01:10:26.862743 dv-cinder-801236-1-iscsi neutron-server[78649]: DEBUG neutron.db.provisioning_blocks [None req-52272b6a-f03a-4449-919b-612303361f8b None None] Provisioning complete for port c3e481df-a4c3-4140-b240-b54b8c1c3504 triggered by entity L2. {{(pid=78649) provisioning_complete /opt/stack/neutron/neutron/db/provisioning_blocks.py:139}}
Jul 19 01:10:26.863965 dv-cinder-801236-1-iscsi neutron-server[78649]: DEBUG neutron_lib.callbacks.manager [None req-52272b6a-f03a-4449-919b-612303361f8b None None] Notify callbacks ['neutron.plugins.ml2.plugin.Ml2Plugin._port_provisioned-1182681'] for port, provisioning_complete {{(pid=78649) _notify_loop /usr/local/lib/python3.8/dist-packages/neutron_lib/callbacks/manager.py:192}}
Jul 19 01:10:26.895210 dv-cinder-801236-1-iscsi neutron-server[78647]: DEBUG neutron.pecan_wsgi.hooks.policy_enforcement [req-80e23aae-317b-4768-96b6-ff075a8e2c81 req-eb13b5d9-849c-46ca-b2bf-dad96bb001b1 tempest-AttachVolumeShelveTestJSON-144200215 tempest-AttachVolumeShelveTestJSON-144200215-project] Attributes excluded by policy engine: ['standard_attr_id', 'binding:profile', 'binding:host_id', 'binding:vif_type', 'binding:vif_details'] {{(pid=78647) _exclude_attributes_by_policy /opt/stack/neutron/neutron/pecan_wsgi/hooks/policy_enforcement.py:255}}
Jul 19 01:10:26.896714 dv-cinder-801236-1-iscsi neutron-server[78647]: INFO neutron.wsgi [req-80e23aae-317b-4768-96b6-ff075a8e2c81 req-eb13b5d9-849c-46ca-b2bf-dad96bb001b1 tempest-AttachVolumeShelveTestJSON-144200215 tempest-AttachVolumeShelveTestJSON-144200215-project] 10.222.0.24 "GET /v2.0/ports?device_id=75324146-7a7f-4888-90ad-5ed6a1500076 HTTP/1.1" status: 200 len: 944 time: 0.0865867
Jul 19 01:10:26.960938 dv-cinder-801236-1-iscsi neutron-server[78647]: INFO neutron.wsgi [req-80e23aae-317b-4768-96b6-ff075a8e2c81 req-e0773efb-85c7-425d-ad6d-bc23189efa1f tempest-AttachVolumeShelveTestJSON-144200215 tempest-AttachVolumeShelveTestJSON-144200215-project] 10.222.0.24 "GET /v2.0/security-groups?id=c8357da7-faa5-4ff7-ae4c-732c7e5d2edd&fields=id&fields=name HTTP/1.1" status: 200 len: 310 time: 0.0559087
Jul 19 01:10:27.010690 dv-cinder-801236-1-iscsi neutron-server[78649]: DEBUG neutron_lib.callbacks.manager [None req-52272b6a-f03a-4449-919b-612303361f8b None None] Notify callbacks ['neutron.plugins.ml2.plugin.SecurityGroupDbMixin._ensure_default_security_group_handler-835773'] for port, before_update {{(pid=78649) _notify_loop /usr/local/lib/python3.8/dist-packages/neutron_lib/callbacks/manager.py:192}}
Jul 19 01:10:27.034095 dv-cinder-801236-1-iscsi neutron-server[78649]: DEBUG neutron.plugins.ml2.db [None req-52272b6a-f03a-4449-919b-612303361f8b None None] get_ports_and_sgs() called for port_ids ['c5b554f1-1e54-42b3-b4ae-74eefa3a05d5'] {{(pid=78649) get_ports_and_sgs /opt/stack/neutron/neutron/plugins/ml2/db.py:164}}
Jul 19 01:10:27.084823 dv-cinder-801236-1-iscsi neutron-server[78649]: DEBUG neutron.notifiers.nova [-] Sending events: [{'server_uuid': '9b8d3e14-47f3-4134-941b-ab2ee56d1620', 'name': 'network-vif-plugged', 'status': 'completed', 'tag': 'c3e481df-a4c3-4140-b240-b54b8c1c3504'}] {{(pid=78649) send_events /opt/stack/neutron/neutron/notifiers/nova.py:262}}
Jul 19 01:10:27.092429 dv-cinder-801236-1-iscsi neutron-server[78648]: DEBUG neutron.api.v2.base [req-8eb3c306-734a-4468-9354-934653378919 req-cecf7b1b-1179-4ca5-8fad-2bae61b53ee4 service neutron] Request body: {'port': {'device_id': '0f7f8258-394c-47c3-a5cc-0736307db066', 'device_owner': 'compute:nova', 'binding:host_id': 'hv-cinder-80123'}} {{(pid=78648) prepare_request_body /opt/stack/neutron/neutron/api/v2/base.py:729}}
Jul 19 01:10:27.121501 dv-cinder-801236-1-iscsi neutron-server[78649]: DEBUG neutron.plugins.ml2.db [None req-52272b6a-f03a-4449-919b-612303361f8b None None] For port c3e481df-a4c3-4140-b240-b54b8c1c3504, host hv-cinder-80123, got binding levels [PortBindingLevel(driver='hyperv',host='hv-cinder-80123',level=0,port_id=c3e481df-a4c3-4140-b240-b54b8c1c3504,segment=NetworkSegment(4e845350-cf67-4939-a0a2-5f525dc4a0bc),segment_id=4e845350-cf67-4939-a0a2-5f525dc4a0bc)] {{(pid=78649) get_binding_level_objs /opt/stack/neutron/neutron/plugins/ml2/db.py:75}}
Jul 19 01:10:27.132054 dv-cinder-801236-1-iscsi neutron-server[78649]: DEBUG neutron_lib.callbacks.manager [None req-52272b6a-f03a-4449-919b-612303361f8b None None] Notify callbacks ['neutron.plugins.ml2.plugin.SecurityGroupServerNotifierRpcMixin.notify_sg_on_port_change-835708', 'neutron.plugins.ml2.ovo_rpc._ObjectChangeHandler.handle_event-57961', 'neutron.api.rpc.agentnotifiers.dhcp_rpc_agent_api.DhcpAgentNotifyAPI._native_event_send_dhcp_notification-1585323', 'neutron.db.l3_db.L3RpcNotifierMixin._notify_gateway_port_ip_changed-8785952227359', 'neutron.db.l3_dvrscheduler_db._notify_l3_agent_port_update-8785951862604', 'neutron.db.l3_hascheduler_db._notify_l3_agent_ha_port_update-8785951862649'] for port, after_update {{(pid=78649) _notify_loop /usr/local/lib/python3.8/dist-packages/neutron_lib/callbacks/manager.py:192}}
Jul 19 01:10:27.136566 dv-cinder-801236-1-iscsi neutron-server[78649]: DEBUG oslo_concurrency.lockutils [None req-52272b6a-f03a-4449-919b-612303361f8b None None] Lock "event-dispatch" acquired by "neutron.plugins.ml2.ovo_rpc._ObjectChangeHandler.dispatch_events" :: waited 0.000s {{(pid=78649) inner /usr/local/lib/python3.8/dist-packages/oslo_concurrency/lockutils.py:355}}
Jul 19 01:10:27.185270 dv-cinder-801236-1-iscsi neutron-server[78648]: DEBUG neutron.api.v2.base [req-6c345063-3d32-4038-bc17-e5c337498fe4 req-0e90533a-5f8c-45c0-88f1-d54b6c2650ae service neutron] Request body: {'port': {'device_id': '8f347bb8-1003-48f2-a899-a7da012b766e', 'device_owner': 'compute:nova', 'binding:host_id': 'hv-cinder-80123'}} {{(pid=78648) prepare_request_body /opt/stack/neutron/neutron/api/v2/base.py:729}}
Jul 19 01:10:27.253347 dv-cinder-801236-1-iscsi neutron-server[78647]: DEBUG neutron.pecan_wsgi.hooks.policy_enforcement [req-c1f49ab4-8d47-4b70-a55c-589d4f5f6897 req-6ea815c0-dbcc-40f4-8767-9b6a8a331353 tempest-AttachVolumeTestJSON-1407109459 tempest-AttachVolumeTestJSON-1407109459-project] Attributes excluded by policy engine: ['standard_attr_id', 'binding:profile', 'binding:host_id', 'binding:vif_type', 'binding:vif_details'] {{(pid=78647) _exclude_attributes_by_policy /opt/stack/neutron/neutron/pecan_wsgi/hooks/policy_enforcement.py:255}}
Jul 19 01:10:27.255251 dv-cinder-801236-1-iscsi neutron-server[78647]: INFO neutron.wsgi [req-c1f49ab4-8d47-4b70-a55c-589d4f5f6897 req-6ea815c0-dbcc-40f4-8767-9b6a8a331353 tempest-AttachVolumeTestJSON-1407109459 tempest-AttachVolumeTestJSON-1407109459-project] 10.222.0.24 "GET /v2.0/ports?device_id=8f347bb8-1003-48f2-a899-a7da012b766e HTTP/1.1" status: 200 len: 932 time: 0.2442453
Jul 19 01:10:27.317719 dv-cinder-801236-1-iscsi neutron-server[78649]: DEBUG neutron.api.rpc.handlers.resources_rpc [None req-52272b6a-f03a-4449-919b-612303361f8b None None] Pushing event updated for resources: {'Port': ['ID=c3e481df-a4c3-4140-b240-b54b8c1c3504,revision_number=5']} {{(pid=78649) push /opt/stack/neutron/neutron/api/rpc/handlers/resources_rpc.py:237}}
Jul 19 01:10:27.324617 dv-cinder-801236-1-iscsi neutron-server[78649]: DEBUG oslo_concurrency.lockutils [None req-52272b6a-f03a-4449-919b-612303361f8b None None] Lock "event-dispatch" released by "neutron.plugins.ml2.ovo_rpc._ObjectChangeHandler.dispatch_events" :: held 0.188s {{(pid=78649) inner /usr/local/lib/python3.8/dist-packages/oslo_concurrency/lockutils.py:367}}
Jul 19 01:10:27.355729 dv-cinder-801236-1-iscsi neutron-server[78647]: INFO neutron.wsgi [req-c1f49ab4-8d47-4b70-a55c-589d4f5f6897 req-cadfb160-4b82-46f6-9d79-1e48736d9234 tempest-AttachVolumeTestJSON-1407109459 tempest-AttachVolumeTestJSON-1407109459-project] 10.222.0.24 "GET /v2.0/security-groups?id=6d0e814f-9c9f-4c8a-8678-7d427b63f2a3&fields=id&fields=name HTTP/1.1" status: 200 len: 313 time: 0.0894506
Jul 19 01:10:27.387336 dv-cinder-801236-1-iscsi neutron-server[78647]: DEBUG neutron.pecan_wsgi.hooks.policy_enforcement [req-fa719ab5-e92d-4e55-94d9-cb794808d212 req-02139a73-c56d-4c8a-8560-73136f40f6a4 service neutron] Attributes excluded by policy engine: ['standard_attr_id'] {{(pid=78647) _exclude_attributes_by_policy /opt/stack/neutron/neutron/pecan_wsgi/hooks/policy_enforcement.py:255}}
Jul 19 01:10:27.388788 dv-cinder-801236-1-iscsi neutron-server[78647]: INFO neutron.wsgi [req-fa719ab5-e92d-4e55-94d9-cb794808d212 req-02139a73-c56d-4c8a-8560-73136f40f6a4 service neutron] 10.222.0.16 "GET /v2.0/ports?tenant_id=da4b6b1b1cae4c68818c57fc60b9f135&device_id=75324146-7a7f-4888-90ad-5ed6a1500076 HTTP/1.1" status: 200 len: 1097 time: 0.2290521
Jul 19 01:10:27.398587 dv-cinder-801236-1-iscsi neutron-server[78647]: DEBUG neutron.pecan_wsgi.hooks.policy_enforcement [req-dc7777c2-64e9-4584-a3f1-c19d60f66379 req-bbc0ac3c-922e-4594-9558-13c638bdabdc tempest-DeleteServersTestJSON-753668829 tempest-DeleteServersTestJSON-753668829-project] Attributes excluded by policy engine: ['standard_attr_id', 'binding:profile', 'binding:host_id', 'binding:vif_type', 'binding:vif_details'] {{(pid=78647) _exclude_attributes_by_policy /opt/stack/neutron/neutron/pecan_wsgi/hooks/policy_enforcement.py:255}}
Jul 19 01:10:27.400024 dv-cinder-801236-1-iscsi neutron-server[78647]: INFO neutron.wsgi [req-dc7777c2-64e9-4584-a3f1-c19d60f66379 req-bbc0ac3c-922e-4594-9558-13c638bdabdc tempest-DeleteServersTestJSON-753668829 tempest-DeleteServersTestJSON-753668829-project] 10.222.0.24 "GET /v2.0/ports?device_id=e17b8946-3ca7-4b18-b9c0-e1c188d9bcab HTTP/1.1" status: 200 len: 946 time: 0.2421682
Jul 19 01:10:27.400489 dv-cinder-801236-1-iscsi neutron-server[78647]: DEBUG neutron.wsgi [-] (78647) accepted ('10.222.0.24', 35158) {{(pid=78647) server /usr/local/lib/python3.8/dist-packages/eventlet/wsgi.py:992}}
Jul 19 01:10:27.421209 dv-cinder-801236-1-iscsi neutron-server[78648]: DEBUG neutron_lib.callbacks.manager [req-8eb3c306-734a-4468-9354-934653378919 req-cecf7b1b-1179-4ca5-8fad-2bae61b53ee4 service neutron] Notify callbacks ['neutron.plugins.ml2.plugin.SecurityGroupDbMixin._ensure_default_security_group_handler-835773'] for port, before_update {{(pid=78648) _notify_loop /usr/local/lib/python3.8/dist-packages/neutron_lib/callbacks/manager.py:192}}
Jul 19 01:10:27.433591 dv-cinder-801236-1-iscsi neutron-server[78648]: DEBUG neutron_lib.callbacks.manager [req-6c345063-3d32-4038-bc17-e5c337498fe4 req-0e90533a-5f8c-45c0-88f1-d54b6c2650ae service neutron] Notify callbacks ['neutron.plugins.ml2.plugin.SecurityGroupDbMixin._ensure_default_security_group_handler-835773'] for port, before_update {{(pid=78648) _notify_loop /usr/local/lib/python3.8/dist-packages/neutron_lib/callbacks/manager.py:192}}
Jul 19 01:10:27.462521 dv-cinder-801236-1-iscsi neutron-server[78649]: INFO neutron.notifiers.nova [-] Nova event response: {'server_uuid': '9b8d3e14-47f3-4134-941b-ab2ee56d1620', 'name': 'network-vif-plugged', 'status': 'completed', 'tag': 'c3e481df-a4c3-4140-b240-b54b8c1c3504', 'code': 200}
Jul 19 01:10:27.712145 dv-cinder-801236-1-iscsi neutron-server[78647]: INFO neutron.wsgi [req-dc7777c2-64e9-4584-a3f1-c19d60f66379 req-2152991e-d1dc-4a1a-bca7-45b0c3dff79a tempest-DeleteServersTestJSON-753668829 tempest-DeleteServersTestJSON-753668829-project] 10.222.0.24 "GET /v2.0/security-groups?id=67e27873-5be5-4642-bfaa-5918330c4b07&fields=id&fields=name HTTP/1.1" status: 200 len: 286 time: 0.3027015
Jul 19 01:10:27.798236 dv-cinder-801236-1-iscsi neutron-server[78647]: DEBUG neutron_lib.callbacks.manager [None req-d5003627-6a75-4907-93c6-bf352ba9cf13 admin admin] Notify callbacks [] for security_group, before_create {{(pid=78647) _notify_loop /usr/local/lib/python3.8/dist-packages/neutron_lib/callbacks/manager.py:192}}
Jul 19 01:10:27.855449 dv-cinder-801236-1-iscsi neutron-server[78647]: DEBUG neutron.pecan_wsgi.hooks.policy_enforcement [req-fa719ab5-e92d-4e55-94d9-cb794808d212 req-353b6f88-f488-424d-a2c5-5ffdeff8497b service neutron] Attributes excluded by policy engine: ['standard_attr_id', 'vlan_transparent'] {{(pid=78647) _exclude_attributes_by_policy /opt/stack/neutron/neutron/pecan_wsgi/hooks/policy_enforcement.py:255}}
Jul 19 01:10:27.857209 dv-cinder-801236-1-iscsi neutron-server[78647]: INFO neutron.wsgi [req-fa719ab5-e92d-4e55-94d9-cb794808d212 req-353b6f88-f488-424d-a2c5-5ffdeff8497b service neutron] 10.222.0.16 "GET /v2.0/networks?tenant_id=da4b6b1b1cae4c68818c57fc60b9f135&shared=False HTTP/1.1" status: 200 len: 916 time: 0.4495454
Jul 19 01:10:27.862847 dv-cinder-801236-1-iscsi neutron-server[78647]: DEBUG neutron.db.quota.driver [None req-d5003627-6a75-4907-93c6-bf352ba9cf13 admin admin] Resources subnetpool have unlimited quota limit. It is not required to calculate headroom {{(pid=78647) make_reservation /opt/stack/neutron/neutron/db/quota/driver.py:219}}
Jul 19 01:10:27.946401 dv-cinder-801236-1-iscsi neutron-server[78647]: DEBUG neutron.quota.resource [None req-d5003627-6a75-4907-93c6-bf352ba9cf13 admin admin] Usage tracker for resource:security_group_rule and tenant:40d49297f29c4876b76bbaf98bdf5fa1 is out of sync, need to count used quota {{(pid=78647) count_used /opt/stack/neutron/neutron/quota/resource.py:270}}
Jul 19 01:10:27.962334 dv-cinder-801236-1-iscsi neutron-server[78647]: DEBUG neutron.quota.resource [None req-d5003627-6a75-4907-93c6-bf352ba9cf13 admin admin] Quota usage for security_group_rule was recalculated. Used quota:0. {{(pid=78647) count_used /opt/stack/neutron/neutron/quota/resource.py:290}}
Jul 19 01:10:27.984035 dv-cinder-801236-1-iscsi neutron-server[78647]: DEBUG neutron.db.quota.driver [None req-d5003627-6a75-4907-93c6-bf352ba9cf13 admin admin] Attempting to reserve 4 items for resource security_group_rule. Total usage: 0; quota limit: 100; headroom:100 {{(pid=78647) make_reservation /opt/stack/neutron/neutron/db/quota/driver.py:246}}
Jul 19 01:10:27.997989 dv-cinder-801236-1-iscsi neutron-server[78649]: DEBUG neutron_lib.callbacks.manager [None req-a8aa7d0a-4659-4669-9123-a505b46eee51 None None] Notify callbacks ['neutron.services.segments.db._update_segment_host_mapping_for_agent-8785952316573', 'neutron.plugins.ml2.plugin.Ml2Plugin._retry_binding_revived_agents-1182570'] for agent, after_update {{(pid=78649) _notify_loop /usr/local/lib/python3.8/dist-packages/neutron_lib/callbacks/manager.py:192}}
Jul 19 01:10:28.099575 dv-cinder-801236-1-iscsi neutron-server[78647]: DEBUG neutron.pecan_wsgi.hooks.policy_enforcement [req-c97f9837-e535-4cca-85a3-3130a91d5f23 req-35e94118-2dbc-44b6-a542-5f4e81b5a8f6 tempest-AttachVolumeNegativeTest-1172502692 tempest-AttachVolumeNegativeTest-1172502692-project] Attributes excluded by policy engine: ['standard_attr_id', 'binding:profile', 'binding:host_id', 'binding:vif_type', 'binding:vif_details'] {{(pid=78647) _exclude_attributes_by_policy /opt/stack/neutron/neutron/pecan_wsgi/hooks/policy_enforcement.py:255}}
Jul 19 01:10:28.101349 dv-cinder-801236-1-iscsi neutron-server[78647]: INFO neutron.wsgi [req-c97f9837-e535-4cca-85a3-3130a91d5f23 req-35e94118-2dbc-44b6-a542-5f4e81b5a8f6 tempest-AttachVolumeNegativeTest-1172502692 tempest-AttachVolumeNegativeTest-1172502692-project] 10.222.0.24 "GET /v2.0/ports?device_id=9b8d3e14-47f3-4134-941b-ab2ee56d1620 HTTP/1.1" status: 200 len: 946 time: 0.5085580
Jul 19 01:10:28.177411 dv-cinder-801236-1-iscsi neutron-server[78648]: DEBUG neutron.notifiers.nova [req-8eb3c306-734a-4468-9354-934653378919 req-cecf7b1b-1179-4ca5-8fad-2bae61b53ee4 service neutron] Ignoring state change previous_port_status: DOWN current_port_status: DOWN port_id a254a1ce-de07-4202-a12d-c0c1f01a9336 {{(pid=78648) record_port_status_changed /opt/stack/neutron/neutron/notifiers/nova.py:224}}
Jul 19 01:10:28.184478 dv-cinder-801236-1-iscsi neutron-server[78647]: DEBUG neutron.wsgi [-] (78647) accepted ('10.222.0.24', 35194) {{(pid=78647) server /usr/local/lib/python3.8/dist-packages/eventlet/wsgi.py:992}}
Jul 19 01:10:28.185531 dv-cinder-801236-1-iscsi neutron-server[78648]: DEBUG neutron_lib.callbacks.manager [req-8eb3c306-734a-4468-9354-934653378919 req-cecf7b1b-1179-4ca5-8fad-2bae61b53ee4 service neutron] Notify callbacks [] for port, precommit_update {{(pid=78648) _notify_loop /usr/local/lib/python3.8/dist-packages/neutron_lib/callbacks/manager.py:192}}
Jul 19 01:10:28.201146 dv-cinder-801236-1-iscsi neutron-server[78648]: DEBUG neutron.db.provisioning_blocks [req-8eb3c306-734a-4468-9354-934653378919 req-cecf7b1b-1179-4ca5-8fad-2bae61b53ee4 service neutron] Transition to ACTIVE for port object a254a1ce-de07-4202-a12d-c0c1f01a9336 will not be triggered until provisioned by entity L2. {{(pid=78648) add_provisioning_component /opt/stack/neutron/neutron/db/provisioning_blocks.py:73}}
Jul 19 01:10:28.236209 dv-cinder-801236-1-iscsi neutron-server[78647]: DEBUG neutron_lib.callbacks.manager [None req-d5003627-6a75-4907-93c6-bf352ba9cf13 admin admin] Notify callbacks [] for security_group, precommit_create {{(pid=78647) _notify_loop /usr/local/lib/python3.8/dist-packages/neutron_lib/callbacks/manager.py:192}}
Jul 19 01:10:28.251877 dv-cinder-801236-1-iscsi neutron-server[78648]: DEBUG neutron_lib.callbacks.manager [req-8eb3c306-734a-4468-9354-934653378919 req-cecf7b1b-1179-4ca5-8fad-2bae61b53ee4 service neutron] Notify callbacks ['neutron.plugins.ml2.plugin.SecurityGroupServerNotifierRpcMixin.notify_sg_on_port_change-835708', 'neutron.plugins.ml2.ovo_rpc._ObjectChangeHandler.handle_event-57961', 'neutron.api.rpc.agentnotifiers.dhcp_rpc_agent_api.DhcpAgentNotifyAPI._native_event_send_dhcp_notification-1585323', 'neutron.db.l3_db.L3RpcNotifierMixin._notify_gateway_port_ip_changed-8785952227359', 'neutron.db.l3_dvrscheduler_db._notify_l3_agent_port_update-8785951862604', 'neutron.db.l3_hascheduler_db._notify_l3_agent_ha_port_update-8785951862649'] for port, after_update {{(pid=78648) _notify_loop /usr/local/lib/python3.8/dist-packages/neutron_lib/callbacks/manager.py:192}}
Jul 19 01:10:28.256972 dv-cinder-801236-1-iscsi neutron-server[78647]: DEBUG neutron_lib.callbacks.manager [None req-d5003627-6a75-4907-93c6-bf352ba9cf13 admin admin] Notify callbacks ['neutron.plugins.ml2.ovo_rpc._ObjectChangeHandler.handle_event-354484'] for security_group, after_create {{(pid=78647) _notify_loop /usr/local/lib/python3.8/dist-packages/neutron_lib/callbacks/manager.py:192}}
Jul 19 01:10:28.260832 dv-cinder-801236-1-iscsi neutron-server[78648]: DEBUG oslo_concurrency.lockutils [-] Lock "event-dispatch" acquired by "neutron.plugins.ml2.ovo_rpc._ObjectChangeHandler.dispatch_events" :: waited 0.000s {{(pid=78648) inner /usr/local/lib/python3.8/dist-packages/oslo_concurrency/lockutils.py:355}}
Jul 19 01:10:28.268106 dv-cinder-801236-1-iscsi neutron-server[78647]: DEBUG neutron.pecan_wsgi.hooks.policy_enforcement [req-716350cd-9f83-402f-9ec3-90121d771599 req-6447d410-1bea-47d4-ba8b-ac28ac30a388 tempest-ServerRescueNegativeTestJSON-1283799207 tempest-ServerRescueNegativeTestJSON-1283799207-project] Attributes excluded by policy engine: ['standard_attr_id', 'binding:profile', 'binding:host_id', 'binding:vif_type', 'binding:vif_details'] {{(pid=78647) _exclude_attributes_by_policy /opt/stack/neutron/neutron/pecan_wsgi/hooks/policy_enforcement.py:255}}
Jul 19 01:10:28.269666 dv-cinder-801236-1-iscsi neutron-server[78647]: INFO neutron.wsgi [req-716350cd-9f83-402f-9ec3-90121d771599 req-6447d410-1bea-47d4-ba8b-ac28ac30a388 tempest-ServerRescueNegativeTestJSON-1283799207 tempest-ServerRescueNegativeTestJSON-1283799207-project] 10.222.0.24 "GET /v2.0/ports?device_id=0f7f8258-394c-47c3-a5cc-0736307db066 HTTP/1.1" status: 200 len: 931 time: 0.4095197
Jul 19 01:10:28.277636 dv-cinder-801236-1-iscsi neutron-server[78647]: DEBUG neutron.pecan_wsgi.hooks.policy_enforcement [req-fa719ab5-e92d-4e55-94d9-cb794808d212 req-3f0b09b4-c6d9-459a-8051-80d000645810 service neutron] Attributes excluded by policy engine: ['standard_attr_id', 'vlan_transparent'] {{(pid=78647) _exclude_attributes_by_policy /opt/stack/neutron/neutron/pecan_wsgi/hooks/policy_enforcement.py:255}}
Jul 19 01:10:28.279162 dv-cinder-801236-1-iscsi neutron-server[78647]: INFO neutron.wsgi [req-fa719ab5-e92d-4e55-94d9-cb794808d212 req-3f0b09b4-c6d9-459a-8051-80d000645810 service neutron] 10.222.0.16 "GET /v2.0/networks?shared=True HTTP/1.1" status: 200 len: 869 time: 0.4048870
Jul 19 01:10:28.281329 dv-cinder-801236-1-iscsi neutron-server[78647]: DEBUG neutron.pecan_wsgi.hooks.policy_enforcement [req-f72420cb-d9d8-491c-b88d-c3973a93cb64 req-61560e51-bb68-4238-a642-79a41865fbd7 service neutron] Attributes excluded by policy engine: ['standard_attr_id'] {{(pid=78647) _exclude_attributes_by_policy /opt/stack/neutron/neutron/pecan_wsgi/hooks/policy_enforcement.py:255}}
Jul 19 01:10:28.282706 dv-cinder-801236-1-iscsi neutron-server[78647]: INFO neutron.wsgi [req-f72420cb-d9d8-491c-b88d-c3973a93cb64 req-61560e51-bb68-4238-a642-79a41865fbd7 service neutron] 10.222.0.16 "GET /v2.0/ports?device_id=9b8d3e14-47f3-4134-941b-ab2ee56d1620 HTTP/1.1" status: 200 len: 1099 time: 0.5352829
Jul 19 01:10:28.309682 dv-cinder-801236-1-iscsi neutron-server[78647]: DEBUG oslo_concurrency.lockutils [None req-d7d905f4-cec0-4aab-82c6-fb219334efad admin admin] Lock "event-dispatch" acquired by "neutron.plugins.ml2.ovo_rpc._ObjectChangeHandler.dispatch_events" :: waited 0.000s {{(pid=78647) inner /usr/local/lib/python3.8/dist-packages/oslo_concurrency/lockutils.py:355}}
Jul 19 01:10:28.370172 dv-cinder-801236-1-iscsi neutron-server[78648]: DEBUG neutron.notifiers.nova [req-6c345063-3d32-4038-bc17-e5c337498fe4 req-0e90533a-5f8c-45c0-88f1-d54b6c2650ae service neutron] Ignoring state change previous_port_status: DOWN current_port_status: DOWN port_id 206408cd-9b3e-4235-a723-2a663ad1350a {{(pid=78648) record_port_status_changed /opt/stack/neutron/neutron/notifiers/nova.py:224}}
Jul 19 01:10:28.384565 dv-cinder-801236-1-iscsi neutron-server[78647]: INFO neutron.wsgi [req-c97f9837-e535-4cca-85a3-3130a91d5f23 req-b0d5d810-a7b3-464e-98bb-cfa9b52cc9bb tempest-AttachVolumeNegativeTest-1172502692 tempest-AttachVolumeNegativeTest-1172502692-project] 10.222.0.24 "GET /v2.0/security-groups?id=1d1f3b49-fa71-4455-a4a4-a405e41ffb10&fields=id&fields=name HTTP/1.1" status: 200 len: 286 time: 0.1983278
Jul 19 01:10:28.393145 dv-cinder-801236-1-iscsi neutron-server[78648]: DEBUG neutron_lib.callbacks.manager [req-6c345063-3d32-4038-bc17-e5c337498fe4 req-0e90533a-5f8c-45c0-88f1-d54b6c2650ae service neutron] Notify callbacks [] for port, precommit_update {{(pid=78648) _notify_loop /usr/local/lib/python3.8/dist-packages/neutron_lib/callbacks/manager.py:192}}
Jul 19 01:10:28.421880 dv-cinder-801236-1-iscsi neutron-server[78647]: INFO neutron.wsgi [None req-d5003627-6a75-4907-93c6-bf352ba9cf13 admin admin] 10.222.0.24 "GET /v2.0/security-groups?tenant_id=40d49297f29c4876b76bbaf98bdf5fa1&name=default HTTP/1.1" status: 200 len: 2979 time: 1.0203605
Jul 19 01:10:28.424521 dv-cinder-801236-1-iscsi neutron-server[78648]: DEBUG neutron.wsgi [-] (78648) accepted ('10.222.0.24', 35208) {{(pid=78648) server /usr/local/lib/python3.8/dist-packages/eventlet/wsgi.py:992}}
Jul 19 01:10:28.485026 dv-cinder-801236-1-iscsi neutron-server[78648]: DEBUG neutron.api.rpc.handlers.resources_rpc [None req-cecf7b1b-1179-4ca5-8fad-2bae61b53ee4 service neutron] Pushing event updated for resources: {'Port': ['ID=a254a1ce-de07-4202-a12d-c0c1f01a9336,revision_number=2']} {{(pid=78648) push /opt/stack/neutron/neutron/api/rpc/handlers/resources_rpc.py:237}}
Jul 19 01:10:28.493331 dv-cinder-801236-1-iscsi neutron-server[78647]: DEBUG neutron_lib.callbacks.manager [None req-c26eea3c-8a85-489d-b1ed-e4067a6260b1 admin admin] Notify callbacks [] for security_group, before_create {{(pid=78647) _notify_loop /usr/local/lib/python3.8/dist-packages/neutron_lib/callbacks/manager.py:192}}
Jul 19 01:10:28.501891 dv-cinder-801236-1-iscsi neutron-server[78648]: DEBUG oslo_concurrency.lockutils [None req-cecf7b1b-1179-4ca5-8fad-2bae61b53ee4 service neutron] Lock "event-dispatch" released by "neutron.plugins.ml2.ovo_rpc._ObjectChangeHandler.dispatch_events" :: held 0.241s {{(pid=78648) inner /usr/local/lib/python3.8/dist-packages/oslo_concurrency/lockutils.py:367}}
Jul 19 01:10:28.505409 dv-cinder-801236-1-iscsi neutron-server[78647]: DEBUG neutron.api.rpc.handlers.resources_rpc [None req-d5003627-6a75-4907-93c6-bf352ba9cf13 admin admin] Pushing event updated for resources: {'SecurityGroup': ['ID=89b51b55-06e6-452d-8f8d-e574d9c3230d,revision_number=1']} {{(pid=78647) push /opt/stack/neutron/neutron/api/rpc/handlers/resources_rpc.py:237}}
Jul 19 01:10:28.507495 dv-cinder-801236-1-iscsi neutron-server[78648]: DEBUG neutron.db.provisioning_blocks [req-6c345063-3d32-4038-bc17-e5c337498fe4 req-0e90533a-5f8c-45c0-88f1-d54b6c2650ae service neutron] Transition to ACTIVE for port object 206408cd-9b3e-4235-a723-2a663ad1350a will not be triggered until provisioned by entity L2. {{(pid=78648) add_provisioning_component /opt/stack/neutron/neutron/db/provisioning_blocks.py:73}}
Jul 19 01:10:28.510034 dv-cinder-801236-1-iscsi neutron-server[78649]: DEBUG neutron_lib.callbacks.manager [None req-7492beb2-75fd-43e8-a26a-b862519d4243 None None] Notify callbacks ['neutron.services.segments.db._update_segment_host_mapping_for_agent-8785952316573', 'neutron.plugins.ml2.plugin.Ml2Plugin._retry_binding_revived_agents-1182570'] for agent, after_update {{(pid=78649) _notify_loop /usr/local/lib/python3.8/dist-packages/neutron_lib/callbacks/manager.py:192}}
Jul 19 01:10:28.510977 dv-cinder-801236-1-iscsi neutron-server[78648]: DEBUG neutron.plugins.ml2.managers [req-8eb3c306-734a-4468-9354-934653378919 req-cecf7b1b-1179-4ca5-8fad-2bae61b53ee4 service neutron] Attempting to bind port a254a1ce-de07-4202-a12d-c0c1f01a9336 on host hv-cinder-80123 for vnic_type normal with profile {{(pid=78648) bind_port /opt/stack/neutron/neutron/plugins/ml2/managers.py:790}}
Jul 19 01:10:28.511315 dv-cinder-801236-1-iscsi neutron-server[78648]: DEBUG neutron.plugins.ml2.managers [req-8eb3c306-734a-4468-9354-934653378919 req-cecf7b1b-1179-4ca5-8fad-2bae61b53ee4 service neutron] Attempting to bind port a254a1ce-de07-4202-a12d-c0c1f01a9336 by drivers openvswitch,hyperv on host hv-cinder-80123 at level 0 using segments [{'id': '6a384404-000e-44bd-b36d-468136cd66d5', 'network_type': 'vlan', 'physical_network': 'physnet1', 'segmentation_id': 60, 'network_id': 'acecac2a-f68a-478a-b6a8-0576f7e3cd9f'}] {{(pid=78648) _bind_port_level /opt/stack/neutron/neutron/plugins/ml2/managers.py:815}}
Jul 19 01:10:28.511645 dv-cinder-801236-1-iscsi neutron-server[78648]: DEBUG neutron.plugins.ml2.drivers.mech_agent [req-8eb3c306-734a-4468-9354-934653378919 req-cecf7b1b-1179-4ca5-8fad-2bae61b53ee4 service neutron] Attempting to bind port a254a1ce-de07-4202-a12d-c0c1f01a9336 on network acecac2a-f68a-478a-b6a8-0576f7e3cd9f {{(pid=78648) bind_port /opt/stack/neutron/neutron/plugins/ml2/drivers/mech_agent.py:86}}
Jul 19 01:10:28.517624 dv-cinder-801236-1-iscsi neutron-server[78647]: DEBUG oslo_concurrency.lockutils [None req-d5003627-6a75-4907-93c6-bf352ba9cf13 admin admin] Lock "event-dispatch" released by "neutron.plugins.ml2.ovo_rpc._ObjectChangeHandler.dispatch_events" :: held 0.208s {{(pid=78647) inner /usr/local/lib/python3.8/dist-packages/oslo_concurrency/lockutils.py:367}}
Jul 19 01:10:28.526035 dv-cinder-801236-1-iscsi neutron-server[78648]: DEBUG neutron_lib.callbacks.manager [req-6c345063-3d32-4038-bc17-e5c337498fe4 req-0e90533a-5f8c-45c0-88f1-d54b6c2650ae service neutron] Notify callbacks ['neutron.plugins.ml2.plugin.SecurityGroupServerNotifierRpcMixin.notify_sg_on_port_change-835708', 'neutron.plugins.ml2.ovo_rpc._ObjectChangeHandler.handle_event-57961', 'neutron.api.rpc.agentnotifiers.dhcp_rpc_agent_api.DhcpAgentNotifyAPI._native_event_send_dhcp_notification-1585323', 'neutron.db.l3_db.L3RpcNotifierMixin._notify_gateway_port_ip_changed-8785952227359', 'neutron.db.l3_dvrscheduler_db._notify_l3_agent_port_update-8785951862604', 'neutron.db.l3_hascheduler_db._notify_l3_agent_ha_port_update-8785951862649'] for port, after_update {{(pid=78648) _notify_loop /usr/local/lib/python3.8/dist-packages/neutron_lib/callbacks/manager.py:192}}
Jul 19 01:10:28.526449 dv-cinder-801236-1-iscsi neutron-server[78647]: INFO neutron.wsgi [req-716350cd-9f83-402f-9ec3-90121d771599 req-c389384e-2375-49f7-bc6a-9b7e4c9cda99 tempest-ServerRescueNegativeTestJSON-1283799207 tempest-ServerRescueNegativeTestJSON-1283799207-project] 10.222.0.24 "GET /v2.0/security-groups?id=8d18527d-86aa-48ae-8533-03dfaba1e0c0&fields=id&fields=name HTTP/1.1" status: 200 len: 286 time: 0.2356105
Jul 19 01:10:28.527937 dv-cinder-801236-1-iscsi neutron-server[78647]: INFO neutron.wsgi [req-f72420cb-d9d8-491c-b88d-c3973a93cb64 req-d106b8b7-9a14-4804-b363-6e0857ea4f21 service neutron] 10.222.0.16 "GET /v2.0/security-groups?id=1d1f3b49-fa71-4455-a4a4-a405e41ffb10&fields=id&fields=name HTTP/1.1" status: 200 len: 286 time: 0.2096224
Jul 19 01:10:28.528911 dv-cinder-801236-1-iscsi neutron-server[78647]: DEBUG neutron.db.quota.driver [None req-c26eea3c-8a85-489d-b1ed-e4067a6260b1 admin admin] Resources subnetpool have unlimited quota limit. It is not required to calculate headroom {{(pid=78647) make_reservation /opt/stack/neutron/neutron/db/quota/driver.py:219}}
Jul 19 01:10:28.540279 dv-cinder-801236-1-iscsi neutron-server[78647]: DEBUG neutron.quota.resource [None req-c26eea3c-8a85-489d-b1ed-e4067a6260b1 admin admin] Usage tracker for resource:security_group_rule and tenant:c68e2cb1c769470cb7268dd4a7e2ffd4 is out of sync, need to count used quota {{(pid=78647) count_used /opt/stack/neutron/neutron/quota/resource.py:270}}
Jul 19 01:10:28.552060 dv-cinder-801236-1-iscsi neutron-server[78648]: DEBUG oslo_concurrency.lockutils [None req-2c8cb33e-3abb-4985-9b4f-0d38429a5ae8 tempest-ServerRescueNegativeTestJSON-1283799207 tempest-ServerRescueNegativeTestJSON-1283799207-project] Lock "event-dispatch" acquired by "neutron.plugins.ml2.ovo_rpc._ObjectChangeHandler.dispatch_events" :: waited 0.000s {{(pid=78648) inner /usr/local/lib/python3.8/dist-packages/oslo_concurrency/lockutils.py:355}}
Jul 19 01:10:28.554702 dv-cinder-801236-1-iscsi neutron-server[78647]: DEBUG neutron.quota.resource [None req-c26eea3c-8a85-489d-b1ed-e4067a6260b1 admin admin] Quota usage for security_group_rule was recalculated. Used quota:0. {{(pid=78647) count_used /opt/stack/neutron/neutron/quota/resource.py:290}}
Jul 19 01:10:28.560774 dv-cinder-801236-1-iscsi neutron-server[78647]: DEBUG neutron.db.quota.driver [None req-c26eea3c-8a85-489d-b1ed-e4067a6260b1 admin admin] Attempting to reserve 4 items for resource security_group_rule. Total usage: 0; quota limit: 100; headroom:100 {{(pid=78647) make_reservation /opt/stack/neutron/neutron/db/quota/driver.py:246}}
