Jul 16 11:55:04.213097 dv-cinder-801048-1-iscsi devstack@c-api.service[99741]: DEBUG cinder.volume.api [None req-b0ac61cf-3ddc-45de-8f01-44c87c8a9dce tempest-SnapshotsActionsTest-842420922 tempest-SnapshotsActionsTest-842420922-project] Flow 'volume_create_api' (4b1c36d2-d2ef-4b6d-907d-76a7d77c3a4c) transitioned into state 'SUCCESS' from state 'RUNNING' {{(pid=99741) _flow_receiver /usr/local/lib/python3.8/dist-packages/taskflow/listeners/logging.py:141}}
Jul 16 11:55:04.213097 dv-cinder-801048-1-iscsi devstack@c-api.service[99741]: INFO cinder.volume.api [None req-b0ac61cf-3ddc-45de-8f01-44c87c8a9dce tempest-SnapshotsActionsTest-842420922 tempest-SnapshotsActionsTest-842420922-project] Create volume request issued successfully.
Jul 16 11:55:04.214371 dv-cinder-801048-1-iscsi devstack@c-api.service[99740]: DEBUG cinder.quota [None req-31303b0f-3ac3-4802-be74-beee618f3cc2 tempest-VolumeTypesTest-1909390883 tempest-VolumeTypesTest-1909390883-project] Created reservations ['77c48fa5-08ad-4f3f-bb1c-1d77f69f177a', 'aabbe8cb-e6d5-4d6d-8be6-bcb64ecc2600', '642789fc-e5bd-4f4c-947f-606623f10117', '57e85a84-5f6c-4b4b-8a07-2ba174fd0c41'] {{(pid=99740) reserve /opt/stack/cinder/cinder/quota.py:755}}
Jul 16 11:55:04.216539 dv-cinder-801048-1-iscsi devstack@c-api.service[99740]: DEBUG cinder.volume.api [None req-31303b0f-3ac3-4802-be74-beee618f3cc2 tempest-VolumeTypesTest-1909390883 tempest-VolumeTypesTest-1909390883-project] Task 'cinder.volume.flows.api.create_volume.QuotaReserveTask;volume:create' (66ccba1e-bd9a-4afb-ae1b-ed161b24041d) transitioned into state 'SUCCESS' from state 'RUNNING' with result '{'reservations': ['77c48fa5-08ad-4f3f-bb1c-1d77f69f177a', 'aabbe8cb-e6d5-4d6d-8be6-bcb64ecc2600', '642789fc-e5bd-4f4c-947f-606623f10117', '57e85a84-5f6c-4b4b-8a07-2ba174fd0c41']}' {{(pid=99740) _task_receiver /usr/local/lib/python3.8/dist-packages/taskflow/listeners/logging.py:178}}
Jul 16 11:55:04.218522 dv-cinder-801048-1-iscsi devstack@c-api.service[99740]: DEBUG cinder.volume.api [None req-31303b0f-3ac3-4802-be74-beee618f3cc2 tempest-VolumeTypesTest-1909390883 tempest-VolumeTypesTest-1909390883-project] Task 'cinder.volume.flows.api.create_volume.EntryCreateTask;volume:create' (cf8eac5c-fd03-49d1-859e-237e47aa3835) transitioned into state 'RUNNING' from state 'PENDING' {{(pid=99740) _task_receiver /usr/local/lib/python3.8/dist-packages/taskflow/listeners/logging.py:190}}
Jul 16 11:55:04.221246 dv-cinder-801048-1-iscsi devstack@c-api.service[99741]: INFO cinder.api.openstack.wsgi [None req-b0ac61cf-3ddc-45de-8f01-44c87c8a9dce tempest-SnapshotsActionsTest-842420922 tempest-SnapshotsActionsTest-842420922-project] http://10.222.0.30/volume/v3/002f1213d3874b5798b786065ad7d496/volumes returned with HTTP 202
Jul 16 11:55:04.221246 dv-cinder-801048-1-iscsi devstack@c-api.service[99741]: [pid: 99741|app: 0|req: 67/144] 10.222.0.30 () {60 vars in 1235 bytes} [Fri Jul 16 11:55:03 2021] POST /volume/v3/002f1213d3874b5798b786065ad7d496/volumes => generated 820 bytes in 522 msecs (HTTP/1.1 202) 7 headers in 291 bytes (1 switches on core 0)
Jul 16 11:55:04.242861 dv-cinder-801048-1-iscsi devstack@c-api.service[99741]: INFO cinder.api.openstack.wsgi [None req-9ae540e2-bab9-4ad7-8cc9-8afc098eb1a8 tempest-SnapshotsActionsTest-842420922 tempest-SnapshotsActionsTest-842420922-project] GET http://10.222.0.30/volume/v3/002f1213d3874b5798b786065ad7d496/volumes/c1ef1537-36fe-49a6-8062-fb8ed117db15
Jul 16 11:55:04.244585 dv-cinder-801048-1-iscsi devstack@c-api.service[99741]: DEBUG cinder.api.openstack.wsgi [None req-9ae540e2-bab9-4ad7-8cc9-8afc098eb1a8 tempest-SnapshotsActionsTest-842420922 tempest-SnapshotsActionsTest-842420922-project] Empty body provided in request {{(pid=99741) get_body /opt/stack/cinder/cinder/api/openstack/wsgi.py:713}}
Jul 16 11:55:04.244992 dv-cinder-801048-1-iscsi devstack@c-api.service[99741]: /usr/local/lib/python3.8/dist-packages/webob/acceptparse.py:1047: DeprecationWarning: The behavior of AcceptValidHeader.best_match is currently being maintained for backward compatibility, but it will be deprecated in the future, as it does not conform to the RFC.
Jul 16 11:55:04.244992 dv-cinder-801048-1-iscsi devstack@c-api.service[99741]: warnings.warn(
Jul 16 11:55:04.246748 dv-cinder-801048-1-iscsi devstack@c-api.service[99741]: DEBUG cinder.api.openstack.wsgi [None req-9ae540e2-bab9-4ad7-8cc9-8afc098eb1a8 tempest-SnapshotsActionsTest-842420922 tempest-SnapshotsActionsTest-842420922-project] Calling method 'show' {{(pid=99741) _process_stack /opt/stack/cinder/cinder/api/openstack/wsgi.py:866}}
Jul 16 11:55:04.264973 dv-cinder-801048-1-iscsi devstack@c-api.service[99740]: DEBUG cinder.volume.api [None req-31303b0f-3ac3-4802-be74-beee618f3cc2 tempest-VolumeTypesTest-1909390883 tempest-VolumeTypesTest-1909390883-project] Task 'cinder.volume.flows.api.create_volume.EntryCreateTask;volume:create' (cf8eac5c-fd03-49d1-859e-237e47aa3835) transitioned into state 'SUCCESS' from state 'RUNNING' with result '{'volume_id': 'eb87127c-245b-4d5c-89bb-70d66fddf481', 'volume_properties': VolumeProperties(attach_status='detached',availability_zone='nova',cgsnapshot_id=None,consistencygroup_id=None,display_description=None,display_name='tempest-VolumeTypesTest-volume-1720091920',encryption_key_id=None,group_id=None,group_type_id=,metadata={},multiattach=False,project_id='66c6c81caa30454dae7322672eaa8e31',qos_specs=None,replication_status=,reservations=['77c48fa5-08ad-4f3f-bb1c-1d77f69f177a','aabbe8cb-e6d5-4d6d-8be6-bcb64ecc2600','642789fc-e5bd-4f4c-947f-606623f10117','57e85a84-5f6c-4b4b-8a07-2ba174fd0c41'],size=1,snapshot_id=None,source_replicaid=,source_volid=None,status='creating',user_id='d63e15d4874142f5b758ea7f45b62d38',volume_type_id=9a2b9e2f-f60a-4b12-b5d6-2092f1b9639e), 'volume': Volume(_name_id=None,admin_metadata=,attach_status='detached',availability_zone='nova',bootable=False,cluster=,cluster_name=None,consistencygroup=,consistencygroup_id=None,created_at=2021-07-16T11:55:04Z,deleted=False,deleted_at=None,display_description=None,display_name='tempest-VolumeTypesTest-volume-1720091920',ec2_id=None,encryption_key_id=None,glance_metadata=,group=,group_id=None,host=None,id=eb87127c-245b-4d5c-89bb-70d66fddf481,launched_at=None,metadata={},migration_status=None,multiattach=False,previous_status=None,project_id='66c6c81caa30454dae7322672eaa8e31',provider_auth=None,provider_geometry=None,provider_id=None,provider_location=None,replication_driver_data=None,replication_extended_status=None,replication_status=None,scheduled_at=None,service_uuid=None,shared_targets=True,size=1,snapshot_id=None,snapshots=,source_volid=None,status='creating',terminated_at=None,updated_at=None,user_id='d63e15d4874142f5b758ea7f45b62d38',volume_attachment=,volume_type=VolumeType(9a2b9e2f-f60a-4b12-b5d6-2092f1b9639e),volume_type_id=9a2b9e2f-f60a-4b12-b5d6-2092f1b9639e)}' {{(pid=99740) _task_receiver /usr/local/lib/python3.8/dist-packages/taskflow/listeners/logging.py:178}}
Jul 16 11:55:04.277716 dv-cinder-801048-1-iscsi devstack@c-api.service[99740]: DEBUG cinder.volume.api [None req-31303b0f-3ac3-4802-be74-beee618f3cc2 tempest-VolumeTypesTest-1909390883 tempest-VolumeTypesTest-1909390883-project] Task 'cinder.volume.flows.api.create_volume.QuotaCommitTask;volume:create' (38ac3ebb-c41d-478a-adf3-139db84b8550) transitioned into state 'RUNNING' from state 'PENDING' {{(pid=99740) _task_receiver /usr/local/lib/python3.8/dist-packages/taskflow/listeners/logging.py:190}}
Jul 16 11:55:04.282602 dv-cinder-801048-1-iscsi devstack@c-api.service[99741]: /usr/local/lib/python3.8/dist-packages/oslo_context/context.py:105: DeprecationWarning: Policy enforcement is depending on the value of is_admin. This key is deprecated. Please update your policy file to use the standard policy values.
Jul 16 11:55:04.282602 dv-cinder-801048-1-iscsi devstack@c-api.service[99741]: warnings.warn('Policy enforcement is depending on the value of '
Jul 16 11:55:04.299329 dv-cinder-801048-1-iscsi devstack@c-api.service[99741]: INFO cinder.volume.api [None req-9ae540e2-bab9-4ad7-8cc9-8afc098eb1a8 tempest-SnapshotsActionsTest-842420922 tempest-SnapshotsActionsTest-842420922-project] Volume info retrieved successfully.
Jul 16 11:55:04.329158 dv-cinder-801048-1-iscsi devstack@c-api.service[99740]: DEBUG cinder.volume.api [None req-31303b0f-3ac3-4802-be74-beee618f3cc2 tempest-VolumeTypesTest-1909390883 tempest-VolumeTypesTest-1909390883-project] Task 'cinder.volume.flows.api.create_volume.QuotaCommitTask;volume:create' (38ac3ebb-c41d-478a-adf3-139db84b8550) transitioned into state 'SUCCESS' from state 'RUNNING' with result '{'volume_properties': VolumeProperties(attach_status='detached',availability_zone='nova',cgsnapshot_id=None,consistencygroup_id=None,display_description=None,display_name='tempest-VolumeTypesTest-volume-1720091920',encryption_key_id=None,group_id=None,group_type_id=,metadata={},multiattach=False,project_id='66c6c81caa30454dae7322672eaa8e31',qos_specs=None,replication_status=,reservations=['77c48fa5-08ad-4f3f-bb1c-1d77f69f177a','aabbe8cb-e6d5-4d6d-8be6-bcb64ecc2600','642789fc-e5bd-4f4c-947f-606623f10117','57e85a84-5f6c-4b4b-8a07-2ba174fd0c41'],size=1,snapshot_id=None,source_replicaid=,source_volid=None,status='creating',user_id='d63e15d4874142f5b758ea7f45b62d38',volume_type_id=9a2b9e2f-f60a-4b12-b5d6-2092f1b9639e)}' {{(pid=99740) _task_receiver /usr/local/lib/python3.8/dist-packages/taskflow/listeners/logging.py:178}}
Jul 16 11:55:04.335714 dv-cinder-801048-1-iscsi devstack@c-api.service[99740]: DEBUG cinder.volume.api [None req-31303b0f-3ac3-4802-be74-beee618f3cc2 tempest-VolumeTypesTest-1909390883 tempest-VolumeTypesTest-1909390883-project] Task 'cinder.volume.flows.api.create_volume.VolumeCastTask;volume:create' (120c03bf-c48b-4bab-ad90-1d435064e0c0) transitioned into state 'RUNNING' from state 'PENDING' {{(pid=99740) _task_receiver /usr/local/lib/python3.8/dist-packages/taskflow/listeners/logging.py:190}}
Jul 16 11:55:04.341269 dv-cinder-801048-1-iscsi devstack@c-api.service[99741]: INFO cinder.api.openstack.wsgi [None req-9ae540e2-bab9-4ad7-8cc9-8afc098eb1a8 tempest-SnapshotsActionsTest-842420922 tempest-SnapshotsActionsTest-842420922-project] http://10.222.0.30/volume/v3/002f1213d3874b5798b786065ad7d496/volumes/c1ef1537-36fe-49a6-8062-fb8ed117db15 returned with HTTP 200
Jul 16 11:55:04.352489 dv-cinder-801048-1-iscsi devstack@c-api.service[99741]: [pid: 99741|app: 0|req: 68/145] 10.222.0.30 () {58 vars in 1325 bytes} [Fri Jul 16 11:55:04 2021] GET /volume/v3/002f1213d3874b5798b786065ad7d496/volumes/c1ef1537-36fe-49a6-8062-fb8ed117db15 => generated 888 bytes in 122 msecs (HTTP/1.1 200) 7 headers in 285 bytes (1 switches on core 0)
Jul 16 11:55:04.367806 dv-cinder-801048-1-iscsi devstack@c-api.service[99740]: DEBUG cinder.volume.api [None req-31303b0f-3ac3-4802-be74-beee618f3cc2 tempest-VolumeTypesTest-1909390883 tempest-VolumeTypesTest-1909390883-project] Task 'cinder.volume.flows.api.create_volume.VolumeCastTask;volume:create' (120c03bf-c48b-4bab-ad90-1d435064e0c0) transitioned into state 'SUCCESS' from state 'RUNNING' with result 'None' {{(pid=99740) _task_receiver /usr/local/lib/python3.8/dist-packages/taskflow/listeners/logging.py:178}}
Jul 16 11:55:04.376326 dv-cinder-801048-1-iscsi devstack@c-api.service[99740]: DEBUG cinder.volume.api [None req-31303b0f-3ac3-4802-be74-beee618f3cc2 tempest-VolumeTypesTest-1909390883 tempest-VolumeTypesTest-1909390883-project] Flow 'volume_create_api' (f7f5ecc1-8c86-4c97-be62-ce3d3adf7095) transitioned into state 'SUCCESS' from state 'RUNNING' {{(pid=99740) _flow_receiver /usr/local/lib/python3.8/dist-packages/taskflow/listeners/logging.py:141}}
Jul 16 11:55:04.376326 dv-cinder-801048-1-iscsi devstack@c-api.service[99740]: INFO cinder.volume.api [None req-31303b0f-3ac3-4802-be74-beee618f3cc2 tempest-VolumeTypesTest-1909390883 tempest-VolumeTypesTest-1909390883-project] Create volume request issued successfully.
Jul 16 11:55:04.378587 dv-cinder-801048-1-iscsi devstack@c-api.service[99740]: INFO cinder.api.openstack.wsgi [None req-31303b0f-3ac3-4802-be74-beee618f3cc2 tempest-VolumeTypesTest-1909390883 tempest-VolumeTypesTest-1909390883-project] http://10.222.0.30/volume/v3/66c6c81caa30454dae7322672eaa8e31/volumes returned with HTTP 202
Jul 16 11:55:04.388542 dv-cinder-801048-1-iscsi devstack@c-api.service[99740]: [pid: 99740|app: 0|req: 78/146] 10.222.0.30 () {60 vars in 1236 bytes} [Fri Jul 16 11:55:03 2021] POST /volume/v3/66c6c81caa30454dae7322672eaa8e31/volumes => generated 848 bytes in 564 msecs (HTTP/1.1 202) 7 headers in 291 bytes (2 switches on core 0)
Jul 16 11:55:04.394207 dv-cinder-801048-1-iscsi devstack@c-api.service[99741]: INFO cinder.api.openstack.wsgi [None req-b4f93523-0eb8-4df5-897b-88b51944288b tempest-VolumeTypesTest-1909390883 tempest-VolumeTypesTest-1909390883-project] GET http://10.222.0.30/volume/v3/66c6c81caa30454dae7322672eaa8e31/volumes/eb87127c-245b-4d5c-89bb-70d66fddf481
Jul 16 11:55:04.395321 dv-cinder-801048-1-iscsi devstack@c-api.service[99741]: DEBUG cinder.api.openstack.wsgi [None req-b4f93523-0eb8-4df5-897b-88b51944288b tempest-VolumeTypesTest-1909390883 tempest-VolumeTypesTest-1909390883-project] Empty body provided in request {{(pid=99741) get_body /opt/stack/cinder/cinder/api/openstack/wsgi.py:713}}
Jul 16 11:55:04.395632 dv-cinder-801048-1-iscsi devstack@c-api.service[99741]: /usr/local/lib/python3.8/dist-packages/webob/acceptparse.py:1047: DeprecationWarning: The behavior of AcceptValidHeader.best_match is currently being maintained for backward compatibility, but it will be deprecated in the future, as it does not conform to the RFC.
Jul 16 11:55:04.395632 dv-cinder-801048-1-iscsi devstack@c-api.service[99741]: warnings.warn(
Jul 16 11:55:04.396163 dv-cinder-801048-1-iscsi devstack@c-api.service[99741]: DEBUG cinder.api.openstack.wsgi [None req-b4f93523-0eb8-4df5-897b-88b51944288b tempest-VolumeTypesTest-1909390883 tempest-VolumeTypesTest-1909390883-project] Calling method 'show' {{(pid=99741) _process_stack /opt/stack/cinder/cinder/api/openstack/wsgi.py:866}}
Jul 16 11:55:04.420504 dv-cinder-801048-1-iscsi devstack@c-api.service[99741]: /usr/local/lib/python3.8/dist-packages/oslo_context/context.py:105: DeprecationWarning: Policy enforcement is depending on the value of is_admin. This key is deprecated. Please update your policy file to use the standard policy values.
Jul 16 11:55:04.420504 dv-cinder-801048-1-iscsi devstack@c-api.service[99741]: warnings.warn('Policy enforcement is depending on the value of '
Jul 16 11:55:04.439531 dv-cinder-801048-1-iscsi devstack@c-api.service[99741]: INFO cinder.volume.api [None req-b4f93523-0eb8-4df5-897b-88b51944288b tempest-VolumeTypesTest-1909390883 tempest-VolumeTypesTest-1909390883-project] Volume info retrieved successfully.
Jul 16 11:55:04.481468 dv-cinder-801048-1-iscsi devstack@c-api.service[99741]: INFO cinder.api.openstack.wsgi [None req-b4f93523-0eb8-4df5-897b-88b51944288b tempest-VolumeTypesTest-1909390883 tempest-VolumeTypesTest-1909390883-project] http://10.222.0.30/volume/v3/66c6c81caa30454dae7322672eaa8e31/volumes/eb87127c-245b-4d5c-89bb-70d66fddf481 returned with HTTP 200
Jul 16 11:55:04.482396 dv-cinder-801048-1-iscsi devstack@c-api.service[99741]: [pid: 99741|app: 0|req: 69/147] 10.222.0.30 () {58 vars in 1325 bytes} [Fri Jul 16 11:55:04 2021] GET /volume/v3/66c6c81caa30454dae7322672eaa8e31/volumes/eb87127c-245b-4d5c-89bb-70d66fddf481 => generated 916 bytes in 92 msecs (HTTP/1.1 200) 7 headers in 285 bytes (1 switches on core 0)
Jul 16 11:55:04.710964 dv-cinder-801048-1-iscsi devstack@c-api.service[99740]: INFO cinder.api.openstack.wsgi [None req-d75b2598-d2cc-4628-92cb-e0c05fce9d7d tempest-GroupSnapshotsTest-1742346524 tempest-GroupSnapshotsTest-1742346524-project] GET http://10.222.0.30/volume/v3/06cf1f4538954f2590418f75ec60266a/groups/d42f2e33-0751-4998-9be5-f73a017fb4bf
Jul 16 11:55:04.711257 dv-cinder-801048-1-iscsi devstack@c-api.service[99740]: DEBUG cinder.api.openstack.wsgi [None req-d75b2598-d2cc-4628-92cb-e0c05fce9d7d tempest-GroupSnapshotsTest-1742346524 tempest-GroupSnapshotsTest-1742346524-project] Empty body provided in request {{(pid=99740) get_body /opt/stack/cinder/cinder/api/openstack/wsgi.py:713}}
Jul 16 11:55:04.711428 dv-cinder-801048-1-iscsi devstack@c-api.service[99740]: /usr/local/lib/python3.8/dist-packages/webob/acceptparse.py:1047: DeprecationWarning: The behavior of AcceptValidHeader.best_match is currently being maintained for backward compatibility, but it will be deprecated in the future, as it does not conform to the RFC.
Jul 16 11:55:04.711428 dv-cinder-801048-1-iscsi devstack@c-api.service[99740]: warnings.warn(
Jul 16 11:55:04.712163 dv-cinder-801048-1-iscsi devstack@c-api.service[99740]: DEBUG cinder.api.openstack.wsgi [None req-d75b2598-d2cc-4628-92cb-e0c05fce9d7d tempest-GroupSnapshotsTest-1742346524 tempest-GroupSnapshotsTest-1742346524-project] Calling method 'version_select' {{(pid=99740) _process_stack /opt/stack/cinder/cinder/api/openstack/wsgi.py:866}}
Jul 16 11:55:04.712830 dv-cinder-801048-1-iscsi devstack@c-api.service[99740]: DEBUG cinder.api.v3.groups [None req-d75b2598-d2cc-4628-92cb-e0c05fce9d7d tempest-GroupSnapshotsTest-1742346524 tempest-GroupSnapshotsTest-1742346524-project] show called for member d42f2e33-0751-4998-9be5-f73a017fb4bf {{(pid=99740) show /opt/stack/cinder/cinder/api/v3/groups.py:58}}
Jul 16 11:55:04.718895 dv-cinder-801048-1-iscsi devstack@c-api.service[99740]: /usr/local/lib/python3.8/dist-packages/oslo_context/context.py:105: DeprecationWarning: Policy enforcement is depending on the value of is_admin. This key is deprecated. Please update your policy file to use the standard policy values.
Jul 16 11:55:04.718895 dv-cinder-801048-1-iscsi devstack@c-api.service[99740]: warnings.warn('Policy enforcement is depending on the value of '
Jul 16 11:55:04.737087 dv-cinder-801048-1-iscsi devstack@c-api.service[99740]: INFO cinder.api.openstack.wsgi [None req-d75b2598-d2cc-4628-92cb-e0c05fce9d7d tempest-GroupSnapshotsTest-1742346524 tempest-GroupSnapshotsTest-1742346524-project] http://10.222.0.30/volume/v3/06cf1f4538954f2590418f75ec60266a/groups/d42f2e33-0751-4998-9be5-f73a017fb4bf returned with HTTP 200
Jul 16 11:55:04.737864 dv-cinder-801048-1-iscsi devstack@c-api.service[99740]: [pid: 99740|app: 0|req: 79/148] 10.222.0.30 () {60 vars in 1363 bytes} [Fri Jul 16 11:55:04 2021] GET /volume/v3/06cf1f4538954f2590418f75ec60266a/groups/d42f2e33-0751-4998-9be5-f73a017fb4bf => generated 392 bytes in 33 msecs (HTTP/1.1 200) 7 headers in 286 bytes (1 switches on core 0)
Jul 16 11:55:04.750682 dv-cinder-801048-1-iscsi devstack@c-api.service[99741]: INFO cinder.api.openstack.wsgi [None req-e95c8e8a-9376-4458-b780-77bdb2604a0d tempest-GroupSnapshotsTest-1742346524 tempest-GroupSnapshotsTest-1742346524-project] PUT http://10.222.0.30/volume/v3/06cf1f4538954f2590418f75ec60266a/groups/d42f2e33-0751-4998-9be5-f73a017fb4bf
Jul 16 11:55:04.752271 dv-cinder-801048-1-iscsi devstack@c-api.service[99741]: /usr/local/lib/python3.8/dist-packages/webob/acceptparse.py:1047: DeprecationWarning: The behavior of AcceptValidHeader.best_match is currently being maintained for backward compatibility, but it will be deprecated in the future, as it does not conform to the RFC.
Jul 16 11:55:04.752271 dv-cinder-801048-1-iscsi devstack@c-api.service[99741]: warnings.warn(
Jul 16 11:55:04.753216 dv-cinder-801048-1-iscsi devstack@c-api.service[99741]: DEBUG cinder.api.openstack.wsgi [None req-e95c8e8a-9376-4458-b780-77bdb2604a0d tempest-GroupSnapshotsTest-1742346524 tempest-GroupSnapshotsTest-1742346524-project] Action: 'update', calling method: version_select, body: {"group": {"add_volumes": "704c4868-9490-42f0-accc-fd83a64ba852"}} {{(pid=99741) _process_stack /opt/stack/cinder/cinder/api/openstack/wsgi.py:864}}
Jul 16 11:55:04.754997 dv-cinder-801048-1-iscsi devstack@c-api.service[99741]: DEBUG cinder.api.v3.groups [None req-e95c8e8a-9376-4458-b780-77bdb2604a0d tempest-GroupSnapshotsTest-1742346524 tempest-GroupSnapshotsTest-1742346524-project] Update called for group d42f2e33-0751-4998-9be5-f73a017fb4bf. {{(pid=99741) update /opt/stack/cinder/cinder/api/v3/groups.py:302}}
Jul 16 11:55:04.756026 dv-cinder-801048-1-iscsi devstack@c-api.service[99741]: INFO cinder.api.v3.groups [None req-e95c8e8a-9376-4458-b780-77bdb2604a0d tempest-GroupSnapshotsTest-1742346524 tempest-GroupSnapshotsTest-1742346524-project] Updating group d42f2e33-0751-4998-9be5-f73a017fb4bf with name None description: None add_volumes: 704c4868-9490-42f0-accc-fd83a64ba852 remove_volumes: None.
Jul 16 11:55:04.766962 dv-cinder-801048-1-iscsi devstack@c-api.service[99741]: /usr/local/lib/python3.8/dist-packages/oslo_context/context.py:105: DeprecationWarning: Policy enforcement is depending on the value of is_admin. This key is deprecated. Please update your policy file to use the standard policy values.
Jul 16 11:55:04.766962 dv-cinder-801048-1-iscsi devstack@c-api.service[99741]: warnings.warn('Policy enforcement is depending on the value of '
Jul 16 11:55:04.861186 dv-cinder-801048-1-iscsi devstack@c-api.service[99741]: INFO cinder.api.openstack.wsgi [None req-e95c8e8a-9376-4458-b780-77bdb2604a0d tempest-GroupSnapshotsTest-1742346524 tempest-GroupSnapshotsTest-1742346524-project] http://10.222.0.30/volume/v3/06cf1f4538954f2590418f75ec60266a/groups/d42f2e33-0751-4998-9be5-f73a017fb4bf returned with HTTP 202
Jul 16 11:55:04.862982 dv-cinder-801048-1-iscsi devstack@c-api.service[99741]: [pid: 99741|app: 0|req: 70/149] 10.222.0.30 () {62 vars in 1383 bytes} [Fri Jul 16 11:55:04 2021] PUT /volume/v3/06cf1f4538954f2590418f75ec60266a/groups/d42f2e33-0751-4998-9be5-f73a017fb4bf => generated 0 bytes in 117 msecs (HTTP/1.1 202) 6 headers in 234 bytes (1 switches on core 0)
Jul 16 11:55:04.871142 dv-cinder-801048-1-iscsi devstack@c-api.service[99740]: INFO cinder.api.openstack.wsgi [None req-72b0fc49-2a48-4d90-95eb-3ebba112d532 tempest-GroupSnapshotsTest-1742346524 tempest-GroupSnapshotsTest-1742346524-project] GET http://10.222.0.30/volume/v3/06cf1f4538954f2590418f75ec60266a/groups/d42f2e33-0751-4998-9be5-f73a017fb4bf
Jul 16 11:55:04.871862 dv-cinder-801048-1-iscsi devstack@c-api.service[99740]: DEBUG cinder.api.openstack.wsgi [None req-72b0fc49-2a48-4d90-95eb-3ebba112d532 tempest-GroupSnapshotsTest-1742346524 tempest-GroupSnapshotsTest-1742346524-project] Empty body provided in request {{(pid=99740) get_body /opt/stack/cinder/cinder/api/openstack/wsgi.py:713}}
Jul 16 11:55:04.872267 dv-cinder-801048-1-iscsi devstack@c-api.service[99740]: /usr/local/lib/python3.8/dist-packages/webob/acceptparse.py:1047: DeprecationWarning: The behavior of AcceptValidHeader.best_match is currently being maintained for backward compatibility, but it will be deprecated in the future, as it does not conform to the RFC.
Jul 16 11:55:04.872267 dv-cinder-801048-1-iscsi devstack@c-api.service[99740]: warnings.warn(
Jul 16 11:55:04.872861 dv-cinder-801048-1-iscsi devstack@c-api.service[99740]: DEBUG cinder.api.openstack.wsgi [None req-72b0fc49-2a48-4d90-95eb-3ebba112d532 tempest-GroupSnapshotsTest-1742346524 tempest-GroupSnapshotsTest-1742346524-project] Calling method 'version_select' {{(pid=99740) _process_stack /opt/stack/cinder/cinder/api/openstack/wsgi.py:866}}
Jul 16 11:55:04.873452 dv-cinder-801048-1-iscsi devstack@c-api.service[99740]: DEBUG cinder.api.v3.groups [None req-72b0fc49-2a48-4d90-95eb-3ebba112d532 tempest-GroupSnapshotsTest-1742346524 tempest-GroupSnapshotsTest-1742346524-project] show called for member d42f2e33-0751-4998-9be5-f73a017fb4bf {{(pid=99740) show /opt/stack/cinder/cinder/api/v3/groups.py:58}}
Jul 16 11:55:04.887225 dv-cinder-801048-1-iscsi devstack@c-api.service[99740]: /usr/local/lib/python3.8/dist-packages/oslo_context/context.py:105: DeprecationWarning: Policy enforcement is depending on the value of is_admin. This key is deprecated. Please update your policy file to use the standard policy values.
Jul 16 11:55:04.887225 dv-cinder-801048-1-iscsi devstack@c-api.service[99740]: warnings.warn('Policy enforcement is depending on the value of '
Jul 16 11:55:04.910730 dv-cinder-801048-1-iscsi devstack@c-api.service[99740]: INFO cinder.api.openstack.wsgi [None req-72b0fc49-2a48-4d90-95eb-3ebba112d532 tempest-GroupSnapshotsTest-1742346524 tempest-GroupSnapshotsTest-1742346524-project] http://10.222.0.30/volume/v3/06cf1f4538954f2590418f75ec60266a/groups/d42f2e33-0751-4998-9be5-f73a017fb4bf returned with HTTP 200
Jul 16 11:55:04.921665 dv-cinder-801048-1-iscsi devstack@c-api.service[99740]: [pid: 99740|app: 0|req: 80/150] 10.222.0.30 () {60 vars in 1363 bytes} [Fri Jul 16 11:55:04 2021] GET /volume/v3/06cf1f4538954f2590418f75ec60266a/groups/d42f2e33-0751-4998-9be5-f73a017fb4bf => generated 391 bytes in 55 msecs (HTTP/1.1 200) 7 headers in 286 bytes (2 switches on core 0)
Jul 16 11:55:05.177212 dv-cinder-801048-1-iscsi devstack@c-api.service[99741]: INFO cinder.api.openstack.wsgi [None req-aacc883a-4df0-4849-b6af-b6781ace6358 tempest-VolumeHostsAdminTestsJSON-854889926 tempest-VolumeHostsAdminTestsJSON-854889926-project-admin] GET http://10.222.0.30/volume/v3/b13e8e5e034b478f8c8ca1b9ed423fc7/os-hosts
Jul 16 11:55:05.177678 dv-cinder-801048-1-iscsi devstack@c-api.service[99741]: DEBUG cinder.api.openstack.wsgi [None req-aacc883a-4df0-4849-b6af-b6781ace6358 tempest-VolumeHostsAdminTestsJSON-854889926 tempest-VolumeHostsAdminTestsJSON-854889926-project-admin] Empty body provided in request {{(pid=99741) get_body /opt/stack/cinder/cinder/api/openstack/wsgi.py:713}}
Jul 16 11:55:05.177854 dv-cinder-801048-1-iscsi devstack@c-api.service[99741]: /usr/local/lib/python3.8/dist-packages/webob/acceptparse.py:1047: DeprecationWarning: The behavior of AcceptValidHeader.best_match is currently being maintained for backward compatibility, but it will be deprecated in the future, as it does not conform to the RFC.
Jul 16 11:55:05.177854 dv-cinder-801048-1-iscsi devstack@c-api.service[99741]: warnings.warn(
Jul 16 11:55:05.178176 dv-cinder-801048-1-iscsi devstack@c-api.service[99741]: DEBUG cinder.api.openstack.wsgi [None req-aacc883a-4df0-4849-b6af-b6781ace6358 tempest-VolumeHostsAdminTestsJSON-854889926 tempest-VolumeHostsAdminTestsJSON-854889926-project-admin] Calling method 'index' {{(pid=99741) _process_stack /opt/stack/cinder/cinder/api/openstack/wsgi.py:866}}
Jul 16 11:55:05.178807 dv-cinder-801048-1-iscsi devstack@c-api.service[99741]: /usr/local/lib/python3.8/dist-packages/oslo_context/context.py:105: DeprecationWarning: Policy enforcement is depending on the value of is_admin. This key is deprecated. Please update your policy file to use the standard policy values.
Jul 16 11:55:05.178807 dv-cinder-801048-1-iscsi devstack@c-api.service[99741]: warnings.warn('Policy enforcement is depending on the value of '
Jul 16 11:55:05.189138 dv-cinder-801048-1-iscsi devstack@c-api.service[99741]: DEBUG cinder.api.contrib.hosts [None req-aacc883a-4df0-4849-b6af-b6781ace6358 tempest-VolumeHostsAdminTestsJSON-854889926 tempest-VolumeHostsAdminTestsJSON-854889926-project-admin] status, active and update: available, enabled, 2021-07-16 11:54:56+00:00 {{(pid=99741) _list_hosts /opt/stack/cinder/cinder/api/contrib/hosts.py:59}}
Jul 16 11:55:05.189498 dv-cinder-801048-1-iscsi devstack@c-api.service[99741]: DEBUG cinder.api.contrib.hosts [None req-aacc883a-4df0-4849-b6af-b6781ace6358 tempest-VolumeHostsAdminTestsJSON-854889926 tempest-VolumeHostsAdminTestsJSON-854889926-project-admin] status, active and update: available, enabled, 2021-07-16 11:54:59+00:00 {{(pid=99741) _list_hosts /opt/stack/cinder/cinder/api/contrib/hosts.py:59}}
Jul 16 11:55:05.189841 dv-cinder-801048-1-iscsi devstack@c-api.service[99741]: DEBUG cinder.api.contrib.hosts [None req-aacc883a-4df0-4849-b6af-b6781ace6358 tempest-VolumeHostsAdminTestsJSON-854889926 tempest-VolumeHostsAdminTestsJSON-854889926-project-admin] status, active and update: available, enabled, 2021-07-16 11:55:01+00:00 {{(pid=99741) _list_hosts /opt/stack/cinder/cinder/api/contrib/hosts.py:59}}
Jul 16 11:55:05.190552 dv-cinder-801048-1-iscsi devstack@c-api.service[99741]: INFO cinder.api.openstack.wsgi [None req-aacc883a-4df0-4849-b6af-b6781ace6358 tempest-VolumeHostsAdminTestsJSON-854889926 tempest-VolumeHostsAdminTestsJSON-854889926-project-admin] http://10.222.0.30/volume/v3/b13e8e5e034b478f8c8ca1b9ed423fc7/os-hosts returned with HTTP 200
Jul 16 11:55:05.191256 dv-cinder-801048-1-iscsi devstack@c-api.service[99741]: [pid: 99741|app: 0|req: 71/151] 10.222.0.30 () {58 vars in 1217 bytes} [Fri Jul 16 11:55:05 2021] GET /volume/v3/b13e8e5e034b478f8c8ca1b9ed423fc7/os-hosts => generated 576 bytes in 111 msecs (HTTP/1.1 200) 7 headers in 285 bytes (1 switches on core 0)
Jul 16 11:55:05.357347 dv-cinder-801048-1-iscsi devstack@c-api.service[99740]: INFO cinder.api.openstack.wsgi [None req-0cdf31fd-0f9a-4ee9-a097-5561821ea249 tempest-SnapshotsActionsTest-842420922 tempest-SnapshotsActionsTest-842420922-project] GET http://10.222.0.30/volume/v3/002f1213d3874b5798b786065ad7d496/volumes/c1ef1537-36fe-49a6-8062-fb8ed117db15
Jul 16 11:55:05.358196 dv-cinder-801048-1-iscsi devstack@c-api.service[99740]: DEBUG cinder.api.openstack.wsgi [None req-0cdf31fd-0f9a-4ee9-a097-5561821ea249 tempest-SnapshotsActionsTest-842420922 tempest-SnapshotsActionsTest-842420922-project] Empty body provided in request {{(pid=99740) get_body /opt/stack/cinder/cinder/api/openstack/wsgi.py:713}}
Jul 16 11:55:05.358564 dv-cinder-801048-1-iscsi devstack@c-api.service[99740]: /usr/local/lib/python3.8/dist-packages/webob/acceptparse.py:1047: DeprecationWarning: The behavior of AcceptValidHeader.best_match is currently being maintained for backward compatibility, but it will be deprecated in the future, as it does not conform to the RFC.
Jul 16 11:55:05.358564 dv-cinder-801048-1-iscsi devstack@c-api.service[99740]: warnings.warn(
Jul 16 11:55:05.359192 dv-cinder-801048-1-iscsi devstack@c-api.service[99740]: DEBUG cinder.api.openstack.wsgi [None req-0cdf31fd-0f9a-4ee9-a097-5561821ea249 tempest-SnapshotsActionsTest-842420922 tempest-SnapshotsActionsTest-842420922-project] Calling method 'show' {{(pid=99740) _process_stack /opt/stack/cinder/cinder/api/openstack/wsgi.py:866}}
Jul 16 11:55:05.386339 dv-cinder-801048-1-iscsi devstack@c-api.service[99740]: /usr/local/lib/python3.8/dist-packages/oslo_context/context.py:105: DeprecationWarning: Policy enforcement is depending on the value of is_admin. This key is deprecated. Please update your policy file to use the standard policy values.
Jul 16 11:55:05.386339 dv-cinder-801048-1-iscsi devstack@c-api.service[99740]: warnings.warn('Policy enforcement is depending on the value of '
Jul 16 11:55:05.400858 dv-cinder-801048-1-iscsi devstack@c-api.service[99740]: INFO cinder.volume.api [None req-0cdf31fd-0f9a-4ee9-a097-5561821ea249 tempest-SnapshotsActionsTest-842420922 tempest-SnapshotsActionsTest-842420922-project] Volume info retrieved successfully.
Jul 16 11:55:05.416605 dv-cinder-801048-1-iscsi devstack@c-api.service[99740]: INFO cinder.api.openstack.wsgi [None req-0cdf31fd-0f9a-4ee9-a097-5561821ea249 tempest-SnapshotsActionsTest-842420922 tempest-SnapshotsActionsTest-842420922-project] http://10.222.0.30/volume/v3/002f1213d3874b5798b786065ad7d496/volumes/c1ef1537-36fe-49a6-8062-fb8ed117db15 returned with HTTP 200
Jul 16 11:55:05.417372 dv-cinder-801048-1-iscsi devstack@c-api.service[99740]: [pid: 99740|app: 0|req: 81/152] 10.222.0.30 () {58 vars in 1325 bytes} [Fri Jul 16 11:55:05 2021] GET /volume/v3/002f1213d3874b5798b786065ad7d496/volumes/c1ef1537-36fe-49a6-8062-fb8ed117db15 => generated 913 bytes in 64 msecs (HTTP/1.1 200) 7 headers in 285 bytes (1 switches on core 0)
Jul 16 11:55:05.432740 dv-cinder-801048-1-iscsi devstack@c-api.service[99741]: INFO cinder.api.openstack.wsgi [None req-e9f7a0aa-5279-4743-a1b9-afb424fb56fd tempest-SnapshotsActionsTest-842420922 tempest-SnapshotsActionsTest-842420922-project] POST http://10.222.0.30/volume/v3/002f1213d3874b5798b786065ad7d496/snapshots
Jul 16 11:55:05.434139 dv-cinder-801048-1-iscsi devstack@c-api.service[99741]: DEBUG cinder.api.openstack.wsgi [None req-e9f7a0aa-5279-4743-a1b9-afb424fb56fd tempest-SnapshotsActionsTest-842420922 tempest-SnapshotsActionsTest-842420922-project] Action: 'create', calling method: create, body: {"snapshot": {"volume_id": "c1ef1537-36fe-49a6-8062-fb8ed117db15", "name": "tempest-SnapshotsActionsTest-Snapshot-31104590"}} {{(pid=99741) _process_stack /opt/stack/cinder/cinder/api/openstack/wsgi.py:864}}
Jul 16 11:55:05.449520 dv-cinder-801048-1-iscsi devstack@c-api.service[99741]: /usr/local/lib/python3.8/dist-packages/oslo_context/context.py:105: DeprecationWarning: Policy enforcement is depending on the value of is_admin. This key is deprecated. Please update your policy file to use the standard policy values.
Jul 16 11:55:05.449520 dv-cinder-801048-1-iscsi devstack@c-api.service[99741]: warnings.warn('Policy enforcement is depending on the value of '
Jul 16 11:55:05.451012 dv-cinder-801048-1-iscsi devstack@c-api.service[99741]: INFO cinder.volume.api [None req-e9f7a0aa-5279-4743-a1b9-afb424fb56fd tempest-SnapshotsActionsTest-842420922 tempest-SnapshotsActionsTest-842420922-project] Volume info retrieved successfully.
Jul 16 11:55:05.451533 dv-cinder-801048-1-iscsi devstack@c-api.service[99741]: INFO cinder.api.v2.snapshots [None req-e9f7a0aa-5279-4743-a1b9-afb424fb56fd tempest-SnapshotsActionsTest-842420922 tempest-SnapshotsActionsTest-842420922-project] Create snapshot from volume c1ef1537-36fe-49a6-8062-fb8ed117db15
Jul 16 11:55:05.497803 dv-cinder-801048-1-iscsi devstack@c-api.service[99740]: INFO cinder.api.openstack.wsgi [None req-6f525d96-5dca-4d08-8394-c7e1668fab81 tempest-VolumeTypesTest-1909390883 tempest-VolumeTypesTest-1909390883-project] GET http://10.222.0.30/volume/v3/66c6c81caa30454dae7322672eaa8e31/volumes/eb87127c-245b-4d5c-89bb-70d66fddf481
Jul 16 11:55:05.498548 dv-cinder-801048-1-iscsi devstack@c-api.service[99740]: DEBUG cinder.api.openstack.wsgi [None req-6f525d96-5dca-4d08-8394-c7e1668fab81 tempest-VolumeTypesTest-1909390883 tempest-VolumeTypesTest-1909390883-project] Empty body provided in request {{(pid=99740) get_body /opt/stack/cinder/cinder/api/openstack/wsgi.py:713}}
Jul 16 11:55:05.498884 dv-cinder-801048-1-iscsi devstack@c-api.service[99740]: /usr/local/lib/python3.8/dist-packages/webob/acceptparse.py:1047: DeprecationWarning: The behavior of AcceptValidHeader.best_match is currently being maintained for backward compatibility, but it will be deprecated in the future, as it does not conform to the RFC.
Jul 16 11:55:05.498884 dv-cinder-801048-1-iscsi devstack@c-api.service[99740]: warnings.warn(
Jul 16 11:55:05.499247 dv-cinder-801048-1-iscsi devstack@c-api.service[99740]: DEBUG cinder.api.openstack.wsgi [None req-6f525d96-5dca-4d08-8394-c7e1668fab81 tempest-VolumeTypesTest-1909390883 tempest-VolumeTypesTest-1909390883-project] Calling method 'show' {{(pid=99740) _process_stack /opt/stack/cinder/cinder/api/openstack/wsgi.py:866}}
Jul 16 11:55:05.515491 dv-cinder-801048-1-iscsi devstack@c-api.service[99740]: /usr/local/lib/python3.8/dist-packages/oslo_context/context.py:105: DeprecationWarning: Policy enforcement is depending on the value of is_admin. This key is deprecated. Please update your policy file to use the standard policy values.
Jul 16 11:55:05.515491 dv-cinder-801048-1-iscsi devstack@c-api.service[99740]: warnings.warn('Policy enforcement is depending on the value of '
Jul 16 11:55:05.532056 dv-cinder-801048-1-iscsi devstack@c-api.service[99740]: INFO cinder.volume.api [None req-6f525d96-5dca-4d08-8394-c7e1668fab81 tempest-VolumeTypesTest-1909390883 tempest-VolumeTypesTest-1909390883-project] Volume info retrieved successfully.
Jul 16 11:55:05.544119 dv-cinder-801048-1-iscsi devstack@c-api.service[99741]: DEBUG cinder.quota [None req-e9f7a0aa-5279-4743-a1b9-afb424fb56fd tempest-SnapshotsActionsTest-842420922 tempest-SnapshotsActionsTest-842420922-project] Created reservations ['3bb6c7bb-169f-4628-92e3-e7c965b312a1', 'fe69ae68-fbd6-452d-a079-529b4c1c00f8', 'cdb3d462-42dd-49ee-afda-dfb1a9865c22', 'edfadba5-7a45-4d04-828f-12e802c9a495'] {{(pid=99741) reserve /opt/stack/cinder/cinder/quota.py:755}}
Jul 16 11:55:05.568550 dv-cinder-801048-1-iscsi devstack@c-api.service[99740]: INFO cinder.api.openstack.wsgi [None req-6f525d96-5dca-4d08-8394-c7e1668fab81 tempest-VolumeTypesTest-1909390883 tempest-VolumeTypesTest-1909390883-project] http://10.222.0.30/volume/v3/66c6c81caa30454dae7322672eaa8e31/volumes/eb87127c-245b-4d5c-89bb-70d66fddf481 returned with HTTP 200
Jul 16 11:55:05.569908 dv-cinder-801048-1-iscsi devstack@c-api.service[99740]: [pid: 99740|app: 0|req: 82/153] 10.222.0.30 () {58 vars in 1325 bytes} [Fri Jul 16 11:55:05 2021] GET /volume/v3/66c6c81caa30454dae7322672eaa8e31/volumes/eb87127c-245b-4d5c-89bb-70d66fddf481 => generated 941 bytes in 76 msecs (HTTP/1.1 200) 7 headers in 285 bytes (2 switches on core 0)
Jul 16 11:55:05.583465 dv-cinder-801048-1-iscsi devstack@c-api.service[99740]: INFO cinder.api.openstack.wsgi [None req-ba5e361c-5cd9-4ef9-b327-8e9a50b22683 tempest-VolumeTypesTest-1909390883 tempest-VolumeTypesTest-1909390883-project] POST http://10.222.0.30/volume/v3/66c6c81caa30454dae7322672eaa8e31/volumes/eb87127c-245b-4d5c-89bb-70d66fddf481/action
Jul 16 11:55:05.583845 dv-cinder-801048-1-iscsi devstack@c-api.service[99740]: /usr/local/lib/python3.8/dist-packages/webob/acceptparse.py:1047: DeprecationWarning: The behavior of AcceptValidHeader.best_match is currently being maintained for backward compatibility, but it will be deprecated in the future, as it does not conform to the RFC.
Jul 16 11:55:05.583845 dv-cinder-801048-1-iscsi devstack@c-api.service[99740]: warnings.warn(
Jul 16 11:55:05.584223 dv-cinder-801048-1-iscsi devstack@c-api.service[99740]: DEBUG cinder.api.openstack.wsgi [None req-ba5e361c-5cd9-4ef9-b327-8e9a50b22683 tempest-VolumeTypesTest-1909390883 tempest-VolumeTypesTest-1909390883-project] Action body: b'{"os-retype": {"new_type": "67bfed2f-8c17-4e60-ac3c-3af96508d7c6"}}' {{(pid=99740) get_method /opt/stack/cinder/cinder/api/openstack/wsgi.py:981}}
Jul 16 11:55:05.584545 dv-cinder-801048-1-iscsi devstack@c-api.service[99740]: DEBUG cinder.api.openstack.wsgi [None req-ba5e361c-5cd9-4ef9-b327-8e9a50b22683 tempest-VolumeTypesTest-1909390883 tempest-VolumeTypesTest-1909390883-project] Action: 'action', calling method: _retype, body: {"os-retype": {"new_type": "67bfed2f-8c17-4e60-ac3c-3af96508d7c6"}} {{(pid=99740) _process_stack /opt/stack/cinder/cinder/api/openstack/wsgi.py:864}}
Jul 16 11:55:05.603817 dv-cinder-801048-1-iscsi devstack@c-api.service[99741]: INFO cinder.volume.api [None req-e9f7a0aa-5279-4743-a1b9-afb424fb56fd tempest-SnapshotsActionsTest-842420922 tempest-SnapshotsActionsTest-842420922-project] Snapshot create request issued successfully.
Jul 16 11:55:05.604659 dv-cinder-801048-1-iscsi devstack@c-api.service[99741]: INFO cinder.api.openstack.wsgi [None req-e9f7a0aa-5279-4743-a1b9-afb424fb56fd tempest-SnapshotsActionsTest-842420922 tempest-SnapshotsActionsTest-842420922-project] http://10.222.0.30/volume/v3/002f1213d3874b5798b786065ad7d496/snapshots returned with HTTP 202
Jul 16 11:55:05.605944 dv-cinder-801048-1-iscsi devstack@c-api.service[99741]: [pid: 99741|app: 0|req: 72/154] 10.222.0.30 () {60 vars in 1242 bytes} [Fri Jul 16 11:55:05 2021] POST /volume/v3/002f1213d3874b5798b786065ad7d496/snapshots => generated 305 bytes in 178 msecs (HTTP/1.1 202) 7 headers in 291 bytes (1 switches on core 0)
Jul 16 11:55:05.609380 dv-cinder-801048-1-iscsi devstack@c-api.service[99740]: /usr/local/lib/python3.8/dist-packages/oslo_context/context.py:105: DeprecationWarning: Policy enforcement is depending on the value of is_admin. This key is deprecated. Please update your policy file to use the standard policy values.
Jul 16 11:55:05.609380 dv-cinder-801048-1-iscsi devstack@c-api.service[99740]: warnings.warn('Policy enforcement is depending on the value of '
Jul 16 11:55:05.610716 dv-cinder-801048-1-iscsi devstack@c-api.service[99740]: INFO cinder.volume.api [None req-ba5e361c-5cd9-4ef9-b327-8e9a50b22683 tempest-VolumeTypesTest-1909390883 tempest-VolumeTypesTest-1909390883-project] Volume info retrieved successfully.
Jul 16 11:55:05.615622 dv-cinder-801048-1-iscsi devstack@c-api.service[99741]: INFO cinder.api.openstack.wsgi [None req-e841357d-3fc7-4012-b9ed-d97fc6bdfba5 tempest-SnapshotsActionsTest-842420922 tempest-SnapshotsActionsTest-842420922-project] GET http://10.222.0.30/volume/v3/002f1213d3874b5798b786065ad7d496/snapshots/62d1587b-f6f3-4b52-b83f-9e6c0e35f28f
Jul 16 11:55:05.616644 dv-cinder-801048-1-iscsi devstack@c-api.service[99741]: DEBUG cinder.api.openstack.wsgi [None req-e841357d-3fc7-4012-b9ed-d97fc6bdfba5 tempest-SnapshotsActionsTest-842420922 tempest-SnapshotsActionsTest-842420922-project] Empty body provided in request {{(pid=99741) get_body /opt/stack/cinder/cinder/api/openstack/wsgi.py:713}}
Jul 16 11:55:05.616824 dv-cinder-801048-1-iscsi devstack@c-api.service[99741]: /usr/local/lib/python3.8/dist-packages/webob/acceptparse.py:1047: DeprecationWarning: The behavior of AcceptValidHeader.best_match is currently being maintained for backward compatibility, but it will be deprecated in the future, as it does not conform to the RFC.
Jul 16 11:55:05.616824 dv-cinder-801048-1-iscsi devstack@c-api.service[99741]: warnings.warn(
Jul 16 11:55:05.622071 dv-cinder-801048-1-iscsi devstack@c-api.service[99741]: DEBUG cinder.api.openstack.wsgi [None req-e841357d-3fc7-4012-b9ed-d97fc6bdfba5 tempest-SnapshotsActionsTest-842420922 tempest-SnapshotsActionsTest-842420922-project] Calling method 'show' {{(pid=99741) _process_stack /opt/stack/cinder/cinder/api/openstack/wsgi.py:866}}
Jul 16 11:55:05.637246 dv-cinder-801048-1-iscsi devstack@c-api.service[99741]: /usr/local/lib/python3.8/dist-packages/oslo_context/context.py:105: DeprecationWarning: Policy enforcement is depending on the value of is_admin. This key is deprecated. Please update your policy file to use the standard policy values.
Jul 16 11:55:05.637246 dv-cinder-801048-1-iscsi devstack@c-api.service[99741]: warnings.warn('Policy enforcement is depending on the value of '
Jul 16 11:55:05.638258 dv-cinder-801048-1-iscsi devstack@c-api.service[99741]: INFO cinder.volume.api [None req-e841357d-3fc7-4012-b9ed-d97fc6bdfba5 tempest-SnapshotsActionsTest-842420922 tempest-SnapshotsActionsTest-842420922-project] Snapshot retrieved successfully.
Jul 16 11:55:05.639996 dv-cinder-801048-1-iscsi devstack@c-api.service[99741]: INFO cinder.api.openstack.wsgi [None req-e841357d-3fc7-4012-b9ed-d97fc6bdfba5 tempest-SnapshotsActionsTest-842420922 tempest-SnapshotsActionsTest-842420922-project] http://10.222.0.30/volume/v3/002f1213d3874b5798b786065ad7d496/snapshots/62d1587b-f6f3-4b52-b83f-9e6c0e35f28f returned with HTTP 200
Jul 16 11:55:05.640728 dv-cinder-801048-1-iscsi devstack@c-api.service[99741]: [pid: 99741|app: 0|req: 73/155] 10.222.0.30 () {58 vars in 1331 bytes} [Fri Jul 16 11:55:05 2021] GET /volume/v3/002f1213d3874b5798b786065ad7d496/snapshots/62d1587b-f6f3-4b52-b83f-9e6c0e35f28f => generated 437 bytes in 29 msecs (HTTP/1.1 200) 7 headers in 285 bytes (1 switches on core 0)
Jul 16 11:55:05.663676 dv-cinder-801048-1-iscsi devstack@c-api.service[99740]: WARNING cinder.quota [None req-ba5e361c-5cd9-4ef9-b327-8e9a50b22683 tempest-VolumeTypesTest-1909390883 tempest-VolumeTypesTest-1909390883-project] Deprecated: Default quota for resource: volumes_tempest-VolumeTypesTest-volume-type-335764128 is set by the default quota flag: quota_volumes_tempest-VolumeTypesTest-volume-type-335764128, it is now deprecated. Please use the default quota class for default quota.
Jul 16 11:55:05.665719 dv-cinder-801048-1-iscsi devstack@c-api.service[99740]: WARNING cinder.quota [None req-ba5e361c-5cd9-4ef9-b327-8e9a50b22683 tempest-VolumeTypesTest-1909390883 tempest-VolumeTypesTest-1909390883-project] Deprecated: Default quota for resource: gigabytes_tempest-VolumeTypesTest-volume-type-335764128 is set by the default quota flag: quota_gigabytes_tempest-VolumeTypesTest-volume-type-335764128, it is now deprecated. Please use the default quota class for default quota.
Jul 16 11:55:05.708602 dv-cinder-801048-1-iscsi devstack@c-api.service[99740]: DEBUG cinder.quota [None req-ba5e361c-5cd9-4ef9-b327-8e9a50b22683 tempest-VolumeTypesTest-1909390883 tempest-VolumeTypesTest-1909390883-project] Created reservations ['7aeb755f-64bf-45fc-82f9-369fff868efe', '6535fbce-921b-439a-a746-911eef7393de'] {{(pid=99740) reserve /opt/stack/cinder/cinder/quota.py:755}}
Jul 16 11:55:05.750698 dv-cinder-801048-1-iscsi devstack@c-api.service[99740]: DEBUG cinder.quota [None req-ba5e361c-5cd9-4ef9-b327-8e9a50b22683 tempest-VolumeTypesTest-1909390883 tempest-VolumeTypesTest-1909390883-project] Created reservations ['915363d9-d611-46a6-85b1-bffb9872da8b', '4541c4bf-c2cb-44a2-b9a4-03eb081273ca'] {{(pid=99740) reserve /opt/stack/cinder/cinder/quota.py:755}}
Jul 16 11:55:05.754275 dv-cinder-801048-1-iscsi devstack@c-api.service[99740]: /opt/stack/cinder/cinder/db/sqlalchemy/api.py:2715: SADeprecationWarning: The SelectBase.as_scalar() method is deprecated and will be removed in a future release. Please refer to SelectBase.scalar_subquery(). (deprecated since: 1.4)
Jul 16 11:55:05.754275 dv-cinder-801048-1-iscsi devstack@c-api.service[99740]: models.VolumeType.qos_specs_id == q.as_scalar())),
Jul 16 11:55:05.820004 dv-cinder-801048-1-iscsi devstack@c-api.service[99740]: INFO cinder.volume.api [None req-ba5e361c-5cd9-4ef9-b327-8e9a50b22683 tempest-VolumeTypesTest-1909390883 tempest-VolumeTypesTest-1909390883-project] Retype volume request issued successfully.
Jul 16 11:55:05.820482 dv-cinder-801048-1-iscsi devstack@c-api.service[99740]: INFO cinder.api.openstack.wsgi [None req-ba5e361c-5cd9-4ef9-b327-8e9a50b22683 tempest-VolumeTypesTest-1909390883 tempest-VolumeTypesTest-1909390883-project] http://10.222.0.30/volume/v3/66c6c81caa30454dae7322672eaa8e31/volumes/eb87127c-245b-4d5c-89bb-70d66fddf481/action returned with HTTP 202
Jul 16 11:55:05.824369 dv-cinder-801048-1-iscsi devstack@c-api.service[99740]: [pid: 99740|app: 0|req: 83/156] 10.222.0.30 () {60 vars in 1367 bytes} [Fri Jul 16 11:55:05 2021] POST /volume/v3/66c6c81caa30454dae7322672eaa8e31/volumes/eb87127c-245b-4d5c-89bb-70d66fddf481/action => generated 0 bytes in 241 msecs (HTTP/1.1 202) 7 headers in 289 bytes (2 switches on core 0)
Jul 16 11:55:05.828513 dv-cinder-801048-1-iscsi devstack@c-api.service[99741]: INFO cinder.api.openstack.wsgi [None req-374f7fce-8926-4550-80f5-07345c18f485 tempest-VolumeTypesTest-1909390883 tempest-VolumeTypesTest-1909390883-project] GET http://10.222.0.30/volume/v3/66c6c81caa30454dae7322672eaa8e31/volumes/eb87127c-245b-4d5c-89bb-70d66fddf481
Jul 16 11:55:05.828972 dv-cinder-801048-1-iscsi devstack@c-api.service[99741]: DEBUG cinder.api.openstack.wsgi [None req-374f7fce-8926-4550-80f5-07345c18f485 tempest-VolumeTypesTest-1909390883 tempest-VolumeTypesTest-1909390883-project] Empty body provided in request {{(pid=99741) get_body /opt/stack/cinder/cinder/api/openstack/wsgi.py:713}}
Jul 16 11:55:05.829198 dv-cinder-801048-1-iscsi devstack@c-api.service[99741]: /usr/local/lib/python3.8/dist-packages/webob/acceptparse.py:1047: DeprecationWarning: The behavior of AcceptValidHeader.best_match is currently being maintained for backward compatibility, but it will be deprecated in the future, as it does not conform to the RFC.
Jul 16 11:55:05.829198 dv-cinder-801048-1-iscsi devstack@c-api.service[99741]: warnings.warn(
Jul 16 11:55:05.829488 dv-cinder-801048-1-iscsi devstack@c-api.service[99741]: DEBUG cinder.api.openstack.wsgi [None req-374f7fce-8926-4550-80f5-07345c18f485 tempest-VolumeTypesTest-1909390883 tempest-VolumeTypesTest-1909390883-project] Calling method 'show' {{(pid=99741) _process_stack /opt/stack/cinder/cinder/api/openstack/wsgi.py:866}}
Jul 16 11:55:05.845520 dv-cinder-801048-1-iscsi devstack@c-api.service[99741]: /usr/local/lib/python3.8/dist-packages/oslo_context/context.py:105: DeprecationWarning: Policy enforcement is depending on the value of is_admin. This key is deprecated. Please update your policy file to use the standard policy values.
Jul 16 11:55:05.845520 dv-cinder-801048-1-iscsi devstack@c-api.service[99741]: warnings.warn('Policy enforcement is depending on the value of '
Jul 16 11:55:05.855752 dv-cinder-801048-1-iscsi devstack@c-api.service[99741]: INFO cinder.volume.api [None req-374f7fce-8926-4550-80f5-07345c18f485 tempest-VolumeTypesTest-1909390883 tempest-VolumeTypesTest-1909390883-project] Volume info retrieved successfully.
Jul 16 11:55:05.872827 dv-cinder-801048-1-iscsi devstack@c-api.service[99741]: INFO cinder.api.openstack.wsgi [None req-374f7fce-8926-4550-80f5-07345c18f485 tempest-VolumeTypesTest-1909390883 tempest-VolumeTypesTest-1909390883-project] http://10.222.0.30/volume/v3/66c6c81caa30454dae7322672eaa8e31/volumes/eb87127c-245b-4d5c-89bb-70d66fddf481 returned with HTTP 200
Jul 16 11:55:05.873455 dv-cinder-801048-1-iscsi devstack@c-api.service[99741]: [pid: 99741|app: 0|req: 74/157] 10.222.0.30 () {58 vars in 1325 bytes} [Fri Jul 16 11:55:05 2021] GET /volume/v3/66c6c81caa30454dae7322672eaa8e31/volumes/eb87127c-245b-4d5c-89bb-70d66fddf481 => generated 940 bytes in 48 msecs (HTTP/1.1 200) 7 headers in 285 bytes (2 switches on core 0)
Jul 16 11:55:05.936024 dv-cinder-801048-1-iscsi devstack@c-api.service[99740]: INFO cinder.api.openstack.wsgi [None req-6b99a505-e369-4a2c-87ef-94ff8e8dffd6 tempest-GroupSnapshotsTest-1742346524 tempest-GroupSnapshotsTest-1742346524-project] GET http://10.222.0.30/volume/v3/06cf1f4538954f2590418f75ec60266a/groups/d42f2e33-0751-4998-9be5-f73a017fb4bf
