Jul 16 11:54:37.295676 dv-cinder-801048-1-iscsi devstack@c-api.service[99741]: WARNING keystonemiddleware.auth_token [None req-6c666cda-a40b-4a8f-a683-2acd079342b5 tempest-BackendsCapabilitiesAdminTestsJSON-1268215301 tempest-BackendsCapabilitiesAdminTestsJSON-1268215301-project-admin] A valid token was submitted as a service token, but it was not a valid service token. This is incorrect but backwards compatible behaviour. This will be removed in future releases.
Jul 16 11:54:37.298554 dv-cinder-801048-1-iscsi devstack@c-api.service[99741]: INFO cinder.api.openstack.wsgi [req-b0a5222d-f2c7-443f-8e8e-cfe4ce29a193 req-d173c845-fbb0-48e4-88ca-06f313f0e0e4 tempest-VolumesSnapshotsTestJSON-66443708 tempest-VolumesSnapshotsTestJSON-66443708-project] POST http://10.222.0.30/volume/v3/44460731dfe54fd4a1bce39a7aed3256/volumes
Jul 16 11:54:37.299406 dv-cinder-801048-1-iscsi devstack@c-api.service[99741]: DEBUG cinder.api.openstack.wsgi [req-b0a5222d-f2c7-443f-8e8e-cfe4ce29a193 req-d173c845-fbb0-48e4-88ca-06f313f0e0e4 tempest-VolumesSnapshotsTestJSON-66443708 tempest-VolumesSnapshotsTestJSON-66443708-project] Action: 'create', calling method: create, body: {"volume": {"size": 1, "consistencygroup_id": null, "snapshot_id": null, "name": "tempest-VolumesSnapshotsTestJSON-volume-830895504", "description": null, "volume_type": null, "availability_zone": null, "metadata": {}, "imageRef": null, "source_volid": null, "backup_id": null}} {{(pid=99741) _process_stack /opt/stack/cinder/cinder/api/openstack/wsgi.py:864}}
Jul 16 11:54:37.301633 dv-cinder-801048-1-iscsi devstack@c-api.service[99741]: DEBUG cinder.api.v3.volumes [req-b0a5222d-f2c7-443f-8e8e-cfe4ce29a193 req-d173c845-fbb0-48e4-88ca-06f313f0e0e4 tempest-VolumesSnapshotsTestJSON-66443708 tempest-VolumesSnapshotsTestJSON-66443708-project] Create volume request body: {'volume': {'size': 1, 'consistencygroup_id': None, 'snapshot_id': None, 'name': 'tempest-VolumesSnapshotsTestJSON-volume-830895504', 'description': None, 'volume_type': None, 'availability_zone': None, 'metadata': {}, 'imageRef': None, 'source_volid': None, 'backup_id': None}} {{(pid=99741) create /opt/stack/cinder/cinder/api/v3/volumes.py:289}}
Jul 16 11:54:37.303149 dv-cinder-801048-1-iscsi devstack@c-api.service[99741]: INFO cinder.api.v3.volumes [req-b0a5222d-f2c7-443f-8e8e-cfe4ce29a193 req-d173c845-fbb0-48e4-88ca-06f313f0e0e4 tempest-VolumesSnapshotsTestJSON-66443708 tempest-VolumesSnapshotsTestJSON-66443708-project] Create volume of 1 GB
Jul 16 11:54:37.332501 dv-cinder-801048-1-iscsi devstack@c-api.service[99741]: DEBUG cinder.volume.api [req-b0a5222d-f2c7-443f-8e8e-cfe4ce29a193 req-d173c845-fbb0-48e4-88ca-06f313f0e0e4 tempest-VolumesSnapshotsTestJSON-66443708 tempest-VolumesSnapshotsTestJSON-66443708-project] Availability zone cache updated, next update will occur around 2021-07-16 12:54:37.327754. {{(pid=99741) list_availability_zones /opt/stack/cinder/cinder/volume/api.py:148}}
Jul 16 11:54:37.333270 dv-cinder-801048-1-iscsi devstack@c-api.service[99741]: INFO cinder.volume.api [req-b0a5222d-f2c7-443f-8e8e-cfe4ce29a193 req-d173c845-fbb0-48e4-88ca-06f313f0e0e4 tempest-VolumesSnapshotsTestJSON-66443708 tempest-VolumesSnapshotsTestJSON-66443708-project] Availability Zones retrieved successfully.
Jul 16 11:54:37.348805 dv-cinder-801048-1-iscsi devstack@c-api.service[99740]: INFO cinder.api.openstack.wsgi [None req-4188e7b0-8a93-42df-a711-4eaa9dbcbc6b tempest-GroupSnapshotsTest-1100627719 tempest-GroupSnapshotsTest-1100627719-project-admin] http://10.222.0.30/volume/v3/e9322e1d95a041daa314de0eeaadc514/types returned with HTTP 200
Jul 16 11:54:37.352432 dv-cinder-801048-1-iscsi devstack@c-api.service[99740]: [pid: 99740|app: 0|req: 5/10] 10.222.0.30 () {60 vars in 1229 bytes} [Fri Jul 16 11:54:36 2021] POST /volume/v3/e9322e1d95a041daa314de0eeaadc514/types => generated 223 bytes in 453 msecs (HTTP/1.1 200) 7 headers in 285 bytes (2 switches on core 0)
Jul 16 11:54:37.360524 dv-cinder-801048-1-iscsi devstack@c-api.service[99740]: INFO cinder.api.openstack.wsgi [None req-2cb8afeb-5be0-4fa4-a53c-587890789552 tempest-BackendsCapabilitiesAdminTestsJSON-1268215301 tempest-BackendsCapabilitiesAdminTestsJSON-1268215301-project-admin] GET http://10.222.0.30/volume/v3/cceab621e9e940d9860d2fd62603cb8e/capabilities/hv-cinder-80104@wincnd
Jul 16 11:54:37.361251 dv-cinder-801048-1-iscsi devstack@c-api.service[99740]: DEBUG cinder.api.openstack.wsgi [None req-2cb8afeb-5be0-4fa4-a53c-587890789552 tempest-BackendsCapabilitiesAdminTestsJSON-1268215301 tempest-BackendsCapabilitiesAdminTestsJSON-1268215301-project-admin] Empty body provided in request {{(pid=99740) get_body /opt/stack/cinder/cinder/api/openstack/wsgi.py:713}}
Jul 16 11:54:37.362134 dv-cinder-801048-1-iscsi devstack@c-api.service[99740]: DEBUG cinder.api.openstack.wsgi [None req-2cb8afeb-5be0-4fa4-a53c-587890789552 tempest-BackendsCapabilitiesAdminTestsJSON-1268215301 tempest-BackendsCapabilitiesAdminTestsJSON-1268215301-project-admin] Calling method 'show' {{(pid=99740) _process_stack /opt/stack/cinder/cinder/api/openstack/wsgi.py:866}}
Jul 16 11:54:37.400917 dv-cinder-801048-1-iscsi devstack@c-api.service[99741]: DEBUG cinder.volume.api [req-b0a5222d-f2c7-443f-8e8e-cfe4ce29a193 req-d173c845-fbb0-48e4-88ca-06f313f0e0e4 tempest-VolumesSnapshotsTestJSON-66443708 tempest-VolumesSnapshotsTestJSON-66443708-project] Flow 'volume_create_api' (49ffaf39-81bf-45b7-855a-fc7cc83b4ee5) transitioned into state 'RUNNING' from state 'PENDING' {{(pid=99741) _flow_receiver /usr/local/lib/python3.8/dist-packages/taskflow/listeners/logging.py:141}}
Jul 16 11:54:37.404144 dv-cinder-801048-1-iscsi devstack@c-api.service[99741]: DEBUG cinder.volume.api [req-b0a5222d-f2c7-443f-8e8e-cfe4ce29a193 req-d173c845-fbb0-48e4-88ca-06f313f0e0e4 tempest-VolumesSnapshotsTestJSON-66443708 tempest-VolumesSnapshotsTestJSON-66443708-project] Task 'cinder.volume.flows.api.create_volume.ExtractVolumeRequestTask;volume:create' (a491e5c1-ff1d-4fe8-b9af-4e56264fbb18) transitioned into state 'RUNNING' from state 'PENDING' {{(pid=99741) _task_receiver /usr/local/lib/python3.8/dist-packages/taskflow/listeners/logging.py:190}}
Jul 16 11:54:37.406392 dv-cinder-801048-1-iscsi devstack@c-api.service[99741]: DEBUG cinder.volume.flows.api.create_volume [req-b0a5222d-f2c7-443f-8e8e-cfe4ce29a193 req-d173c845-fbb0-48e4-88ca-06f313f0e0e4 tempest-VolumesSnapshotsTestJSON-66443708 tempest-VolumesSnapshotsTestJSON-66443708-project] Validating volume size '1' using validate_int {{(pid=99741) _extract_size /opt/stack/cinder/cinder/volume/flows/api/create_volume.py:201}}
Jul 16 11:54:37.477969 dv-cinder-801048-1-iscsi devstack@c-api.service[99741]: DEBUG cinder.volume.api [req-b0a5222d-f2c7-443f-8e8e-cfe4ce29a193 req-d173c845-fbb0-48e4-88ca-06f313f0e0e4 tempest-VolumesSnapshotsTestJSON-66443708 tempest-VolumesSnapshotsTestJSON-66443708-project] Task 'cinder.volume.flows.api.create_volume.ExtractVolumeRequestTask;volume:create' (a491e5c1-ff1d-4fe8-b9af-4e56264fbb18) transitioned into state 'SUCCESS' from state 'RUNNING' with result '{'size': 1, 'snapshot_id': None, 'source_volid': None, 'volume_type': VolumeType(created_at=2021-07-16T11:45:09Z,deleted=False,deleted_at=None,description='Default Volume Type',extra_specs={},id=17d1a45a-4b22-47f2-91c2-61c2f40556b8,is_public=True,name='__DEFAULT__',projects=[],qos_specs=,qos_specs_id=None,updated_at=2021-07-16T11:45:09Z), 'volume_type_id': '17d1a45a-4b22-47f2-91c2-61c2f40556b8', 'encryption_key_id': None, 'qos_specs': None, 'consistencygroup_id': None, 'cgsnapshot_id': None, 'group_id': None, 'replication_status': 'disabled', 'refresh_az': False, 'backup_id': None, 'multiattach': False, 'availability_zones': ['nova']}' {{(pid=99741) _task_receiver /usr/local/lib/python3.8/dist-packages/taskflow/listeners/logging.py:178}}
Jul 16 11:54:37.480947 dv-cinder-801048-1-iscsi devstack@c-api.service[99741]: DEBUG cinder.volume.api [req-b0a5222d-f2c7-443f-8e8e-cfe4ce29a193 req-d173c845-fbb0-48e4-88ca-06f313f0e0e4 tempest-VolumesSnapshotsTestJSON-66443708 tempest-VolumesSnapshotsTestJSON-66443708-project] Task 'cinder.volume.flows.api.create_volume.QuotaReserveTask;volume:create' (39b04380-3200-4e18-8e14-dc4991ac2f94) transitioned into state 'RUNNING' from state 'PENDING' {{(pid=99741) _task_receiver /usr/local/lib/python3.8/dist-packages/taskflow/listeners/logging.py:190}}
Jul 16 11:54:37.535289 dv-cinder-801048-1-iscsi devstack@c-api.service[99740]: INFO cinder.api.openstack.wsgi [None req-2cb8afeb-5be0-4fa4-a53c-587890789552 tempest-BackendsCapabilitiesAdminTestsJSON-1268215301 tempest-BackendsCapabilitiesAdminTestsJSON-1268215301-project-admin] http://10.222.0.30/volume/v3/cceab621e9e940d9860d2fd62603cb8e/capabilities/hv-cinder-80104@wincnd returned with HTTP 200
Jul 16 11:54:37.536655 dv-cinder-801048-1-iscsi devstack@c-api.service[99740]: [pid: 99740|app: 0|req: 6/11] 10.222.0.30 () {58 vars in 1298 bytes} [Fri Jul 16 11:54:37 2021] GET /volume/v3/cceab621e9e940d9860d2fd62603cb8e/capabilities/hv-cinder-80104@wincnd => generated 715 bytes in 183 msecs (HTTP/1.1 200) 7 headers in 285 bytes (1 switches on core 0)
Jul 16 11:54:37.571911 dv-cinder-801048-1-iscsi devstack@c-api.service[99741]: WARNING cinder.quota [req-b0a5222d-f2c7-443f-8e8e-cfe4ce29a193 req-d173c845-fbb0-48e4-88ca-06f313f0e0e4 tempest-VolumesSnapshotsTestJSON-66443708 tempest-VolumesSnapshotsTestJSON-66443708-project] Deprecated: Default quota for resource: volumes___DEFAULT__ is set by the default quota flag: quota_volumes___DEFAULT__, it is now deprecated. Please use the default quota class for default quota.
Jul 16 11:54:37.573271 dv-cinder-801048-1-iscsi devstack@c-api.service[99741]: WARNING cinder.quota [req-b0a5222d-f2c7-443f-8e8e-cfe4ce29a193 req-d173c845-fbb0-48e4-88ca-06f313f0e0e4 tempest-VolumesSnapshotsTestJSON-66443708 tempest-VolumesSnapshotsTestJSON-66443708-project] Deprecated: Default quota for resource: gigabytes___DEFAULT__ is set by the default quota flag: quota_gigabytes___DEFAULT__, it is now deprecated. Please use the default quota class for default quota.
Jul 16 11:54:37.591769 dv-cinder-801048-1-iscsi devstack@c-api.service[99740]: INFO cinder.api.openstack.wsgi [None req-30688dfb-cc92-4be7-990b-4f83afe27be5 tempest-GroupsV314Test-91395022 tempest-GroupsV314Test-91395022-project-admin] POST http://10.222.0.30/volume/v3/92f81ed91e524dfaa8cc6d97eb89f18f/types
Jul 16 11:54:37.592623 dv-cinder-801048-1-iscsi devstack@c-api.service[99740]: DEBUG cinder.api.openstack.wsgi [None req-30688dfb-cc92-4be7-990b-4f83afe27be5 tempest-GroupsV314Test-91395022 tempest-GroupsV314Test-91395022-project-admin] Action: 'create', calling method: _create, body: {"volume_type": {"name": "tempest-GroupsV314Test-volume-type-2134736961"}} {{(pid=99740) _process_stack /opt/stack/cinder/cinder/api/openstack/wsgi.py:864}}
Jul 16 11:54:37.627575 dv-cinder-801048-1-iscsi devstack@c-api.service[99740]: INFO cinder.api.openstack.wsgi [None req-30688dfb-cc92-4be7-990b-4f83afe27be5 tempest-GroupsV314Test-91395022 tempest-GroupsV314Test-91395022-project-admin] http://10.222.0.30/volume/v3/92f81ed91e524dfaa8cc6d97eb89f18f/types returned with HTTP 200
Jul 16 11:54:37.628773 dv-cinder-801048-1-iscsi devstack@c-api.service[99740]: [pid: 99740|app: 0|req: 7/12] 10.222.0.30 () {60 vars in 1229 bytes} [Fri Jul 16 11:54:37 2021] POST /volume/v3/92f81ed91e524dfaa8cc6d97eb89f18f/types => generated 220 bytes in 91 msecs (HTTP/1.1 200) 7 headers in 285 bytes (1 switches on core 0)
Jul 16 11:54:37.635501 dv-cinder-801048-1-iscsi devstack@c-api.service[99740]: INFO cinder.api.openstack.wsgi [None req-d991bcbe-d634-4db4-88c2-e96eaa812994 tempest-GroupSnapshotsTest-1100627719 tempest-GroupSnapshotsTest-1100627719-project-admin] POST http://10.222.0.30/volume/v3/e9322e1d95a041daa314de0eeaadc514/group_types
Jul 16 11:54:37.636217 dv-cinder-801048-1-iscsi devstack@c-api.service[99740]: DEBUG cinder.api.openstack.wsgi [None req-d991bcbe-d634-4db4-88c2-e96eaa812994 tempest-GroupSnapshotsTest-1100627719 tempest-GroupSnapshotsTest-1100627719-project-admin] Action: 'create', calling method: version_select, body: {"group_type": {"name": "tempest-GroupSnapshotsTest-group-type-581922320"}} {{(pid=99740) _process_stack /opt/stack/cinder/cinder/api/openstack/wsgi.py:864}}
Jul 16 11:54:37.669317 dv-cinder-801048-1-iscsi devstack@c-api.service[99741]: DEBUG cinder.quota [req-b0a5222d-f2c7-443f-8e8e-cfe4ce29a193 req-d173c845-fbb0-48e4-88ca-06f313f0e0e4 tempest-VolumesSnapshotsTestJSON-66443708 tempest-VolumesSnapshotsTestJSON-66443708-project] Created reservations ['4062f703-6483-46ba-98f3-bba3aa82c0fb', 'e5c477e0-3da8-495c-8309-5cfbbb734a50', '30f0b0c6-3880-46b4-9c21-08460aba218b', '33e03ced-abf2-4b21-bf30-721a5c766850'] {{(pid=99741) reserve /opt/stack/cinder/cinder/quota.py:755}}
Jul 16 11:54:37.671391 dv-cinder-801048-1-iscsi devstack@c-api.service[99741]: DEBUG cinder.volume.api [req-b0a5222d-f2c7-443f-8e8e-cfe4ce29a193 req-d173c845-fbb0-48e4-88ca-06f313f0e0e4 tempest-VolumesSnapshotsTestJSON-66443708 tempest-VolumesSnapshotsTestJSON-66443708-project] Task 'cinder.volume.flows.api.create_volume.QuotaReserveTask;volume:create' (39b04380-3200-4e18-8e14-dc4991ac2f94) transitioned into state 'SUCCESS' from state 'RUNNING' with result '{'reservations': ['4062f703-6483-46ba-98f3-bba3aa82c0fb', 'e5c477e0-3da8-495c-8309-5cfbbb734a50', '30f0b0c6-3880-46b4-9c21-08460aba218b', '33e03ced-abf2-4b21-bf30-721a5c766850']}' {{(pid=99741) _task_receiver /usr/local/lib/python3.8/dist-packages/taskflow/listeners/logging.py:178}}
Jul 16 11:54:37.673633 dv-cinder-801048-1-iscsi devstack@c-api.service[99741]: DEBUG cinder.volume.api [req-b0a5222d-f2c7-443f-8e8e-cfe4ce29a193 req-d173c845-fbb0-48e4-88ca-06f313f0e0e4 tempest-VolumesSnapshotsTestJSON-66443708 tempest-VolumesSnapshotsTestJSON-66443708-project] Task 'cinder.volume.flows.api.create_volume.EntryCreateTask;volume:create' (5a3cf529-1bf1-4438-af93-306d5346e1e9) transitioned into state 'RUNNING' from state 'PENDING' {{(pid=99741) _task_receiver /usr/local/lib/python3.8/dist-packages/taskflow/listeners/logging.py:190}}
Jul 16 11:54:37.719225 dv-cinder-801048-1-iscsi devstack@c-api.service[99740]: INFO cinder.api.openstack.wsgi [None req-d991bcbe-d634-4db4-88c2-e96eaa812994 tempest-GroupSnapshotsTest-1100627719 tempest-GroupSnapshotsTest-1100627719-project-admin] http://10.222.0.30/volume/v3/e9322e1d95a041daa314de0eeaadc514/group_types returned with HTTP 202
Jul 16 11:54:37.721920 dv-cinder-801048-1-iscsi devstack@c-api.service[99740]: [pid: 99740|app: 0|req: 8/13] 10.222.0.30 () {62 vars in 1288 bytes} [Fri Jul 16 11:54:37 2021] POST /volume/v3/e9322e1d95a041daa314de0eeaadc514/group_types => generated 180 bytes in 92 msecs (HTTP/1.1 202) 7 headers in 292 bytes (1 switches on core 0)
Jul 16 11:54:37.735207 dv-cinder-801048-1-iscsi devstack@c-api.service[99740]: INFO cinder.api.openstack.wsgi [None req-78affd6f-aaed-4c28-866d-eb24182b1cf4 tempest-BackendsCapabilitiesAdminTestsJSON-1268215301 tempest-BackendsCapabilitiesAdminTestsJSON-1268215301-project-admin] GET http://10.222.0.30/volume/v3/cceab621e9e940d9860d2fd62603cb8e/capabilities/hv-cinder-80104@wincnd
Jul 16 11:54:37.735675 dv-cinder-801048-1-iscsi devstack@c-api.service[99740]: DEBUG cinder.api.openstack.wsgi [None req-78affd6f-aaed-4c28-866d-eb24182b1cf4 tempest-BackendsCapabilitiesAdminTestsJSON-1268215301 tempest-BackendsCapabilitiesAdminTestsJSON-1268215301-project-admin] Empty body provided in request {{(pid=99740) get_body /opt/stack/cinder/cinder/api/openstack/wsgi.py:713}}
Jul 16 11:54:37.736099 dv-cinder-801048-1-iscsi devstack@c-api.service[99740]: DEBUG cinder.api.openstack.wsgi [None req-78affd6f-aaed-4c28-866d-eb24182b1cf4 tempest-BackendsCapabilitiesAdminTestsJSON-1268215301 tempest-BackendsCapabilitiesAdminTestsJSON-1268215301-project-admin] Calling method 'show' {{(pid=99740) _process_stack /opt/stack/cinder/cinder/api/openstack/wsgi.py:866}}
Jul 16 11:54:37.772921 dv-cinder-801048-1-iscsi devstack@c-api.service[99740]: INFO cinder.api.openstack.wsgi [None req-78affd6f-aaed-4c28-866d-eb24182b1cf4 tempest-BackendsCapabilitiesAdminTestsJSON-1268215301 tempest-BackendsCapabilitiesAdminTestsJSON-1268215301-project-admin] http://10.222.0.30/volume/v3/cceab621e9e940d9860d2fd62603cb8e/capabilities/hv-cinder-80104@wincnd returned with HTTP 200
Jul 16 11:54:37.781206 dv-cinder-801048-1-iscsi devstack@c-api.service[99740]: [pid: 99740|app: 0|req: 9/14] 10.222.0.30 () {58 vars in 1298 bytes} [Fri Jul 16 11:54:37 2021] GET /volume/v3/cceab621e9e940d9860d2fd62603cb8e/capabilities/hv-cinder-80104@wincnd => generated 715 bytes in 59 msecs (HTTP/1.1 200) 7 headers in 285 bytes (1 switches on core 0)
Jul 16 11:54:37.785991 dv-cinder-801048-1-iscsi devstack@c-api.service[99740]: INFO cinder.api.openstack.wsgi [None req-ff7908a1-82af-4bda-9369-76f9790981e2 tempest-GroupsV314Test-91395022 tempest-GroupsV314Test-91395022-project-admin] POST http://10.222.0.30/volume/v3/92f81ed91e524dfaa8cc6d97eb89f18f/group_types
Jul 16 11:54:37.786705 dv-cinder-801048-1-iscsi devstack@c-api.service[99740]: DEBUG cinder.api.openstack.wsgi [None req-ff7908a1-82af-4bda-9369-76f9790981e2 tempest-GroupsV314Test-91395022 tempest-GroupsV314Test-91395022-project-admin] Action: 'create', calling method: version_select, body: {"group_type": {"name": "tempest-GroupsV314Test-group-type-533704063"}} {{(pid=99740) _process_stack /opt/stack/cinder/cinder/api/openstack/wsgi.py:864}}
Jul 16 11:54:37.794410 dv-cinder-801048-1-iscsi devstack@c-api.service[99741]: DEBUG cinder.volume.api [req-b0a5222d-f2c7-443f-8e8e-cfe4ce29a193 req-d173c845-fbb0-48e4-88ca-06f313f0e0e4 tempest-VolumesSnapshotsTestJSON-66443708 tempest-VolumesSnapshotsTestJSON-66443708-project] Task 'cinder.volume.flows.api.create_volume.EntryCreateTask;volume:create' (5a3cf529-1bf1-4438-af93-306d5346e1e9) transitioned into state 'SUCCESS' from state 'RUNNING' with result '{'volume_id': 'c3749d82-29d1-470a-b170-c65097283dce', 'volume_properties': VolumeProperties(attach_status='detached',availability_zone='nova',cgsnapshot_id=None,consistencygroup_id=None,display_description=None,display_name='tempest-VolumesSnapshotsTestJSON-volume-830895504',encryption_key_id=None,group_id=None,group_type_id=,metadata={},multiattach=False,project_id='44460731dfe54fd4a1bce39a7aed3256',qos_specs=None,replication_status=,reservations=['4062f703-6483-46ba-98f3-bba3aa82c0fb','e5c477e0-3da8-495c-8309-5cfbbb734a50','30f0b0c6-3880-46b4-9c21-08460aba218b','33e03ced-abf2-4b21-bf30-721a5c766850'],size=1,snapshot_id=None,source_replicaid=,source_volid=None,status='creating',user_id='9787623e246e48859c13e2dc027fc96d',volume_type_id=17d1a45a-4b22-47f2-91c2-61c2f40556b8), 'volume': Volume(_name_id=None,admin_metadata=,attach_status='detached',availability_zone='nova',bootable=False,cluster=,cluster_name=None,consistencygroup=,consistencygroup_id=None,created_at=2021-07-16T11:54:37Z,deleted=False,deleted_at=None,display_description=None,display_name='tempest-VolumesSnapshotsTestJSON-volume-830895504',ec2_id=None,encryption_key_id=None,glance_metadata=,group=,group_id=None,host=None,id=c3749d82-29d1-470a-b170-c65097283dce,launched_at=None,metadata={},migration_status=None,multiattach=False,previous_status=None,project_id='44460731dfe54fd4a1bce39a7aed3256',provider_auth=None,provider_geometry=None,provider_id=None,provider_location=None,replication_driver_data=None,replication_extended_status=None,replication_status=None,scheduled_at=None,service_uuid=None,shared_targets=True,size=1,snapshot_id=None,snapshots=,source_volid=None,status='creating',terminated_at=None,updated_at=None,user_id='9787623e246e48859c13e2dc027fc96d',volume_attachment=,volume_type=VolumeType(17d1a45a-4b22-47f2-91c2-61c2f40556b8),volume_type_id=17d1a45a-4b22-47f2-91c2-61c2f40556b8)}' {{(pid=99741) _task_receiver /usr/local/lib/python3.8/dist-packages/taskflow/listeners/logging.py:178}}
Jul 16 11:54:37.797159 dv-cinder-801048-1-iscsi devstack@c-api.service[99741]: DEBUG cinder.volume.api [req-b0a5222d-f2c7-443f-8e8e-cfe4ce29a193 req-d173c845-fbb0-48e4-88ca-06f313f0e0e4 tempest-VolumesSnapshotsTestJSON-66443708 tempest-VolumesSnapshotsTestJSON-66443708-project] Task 'cinder.volume.flows.api.create_volume.QuotaCommitTask;volume:create' (0739f354-347e-49f3-a743-2d0a939c55cf) transitioned into state 'RUNNING' from state 'PENDING' {{(pid=99741) _task_receiver /usr/local/lib/python3.8/dist-packages/taskflow/listeners/logging.py:190}}
Jul 16 11:54:37.816932 dv-cinder-801048-1-iscsi devstack@c-api.service[99740]: INFO cinder.api.openstack.wsgi [None req-ff7908a1-82af-4bda-9369-76f9790981e2 tempest-GroupsV314Test-91395022 tempest-GroupsV314Test-91395022-project-admin] http://10.222.0.30/volume/v3/92f81ed91e524dfaa8cc6d97eb89f18f/group_types returned with HTTP 202
Jul 16 11:54:37.817720 dv-cinder-801048-1-iscsi devstack@c-api.service[99740]: [pid: 99740|app: 0|req: 10/15] 10.222.0.30 () {62 vars in 1288 bytes} [Fri Jul 16 11:54:37 2021] POST /volume/v3/92f81ed91e524dfaa8cc6d97eb89f18f/group_types => generated 176 bytes in 36 msecs (HTTP/1.1 202) 7 headers in 292 bytes (1 switches on core 0)
Jul 16 11:54:37.854716 dv-cinder-801048-1-iscsi devstack@c-api.service[99741]: DEBUG cinder.volume.api [req-b0a5222d-f2c7-443f-8e8e-cfe4ce29a193 req-d173c845-fbb0-48e4-88ca-06f313f0e0e4 tempest-VolumesSnapshotsTestJSON-66443708 tempest-VolumesSnapshotsTestJSON-66443708-project] Task 'cinder.volume.flows.api.create_volume.QuotaCommitTask;volume:create' (0739f354-347e-49f3-a743-2d0a939c55cf) transitioned into state 'SUCCESS' from state 'RUNNING' with result '{'volume_properties': VolumeProperties(attach_status='detached',availability_zone='nova',cgsnapshot_id=None,consistencygroup_id=None,display_description=None,display_name='tempest-VolumesSnapshotsTestJSON-volume-830895504',encryption_key_id=None,group_id=None,group_type_id=,metadata={},multiattach=False,project_id='44460731dfe54fd4a1bce39a7aed3256',qos_specs=None,replication_status=,reservations=['4062f703-6483-46ba-98f3-bba3aa82c0fb','e5c477e0-3da8-495c-8309-5cfbbb734a50','30f0b0c6-3880-46b4-9c21-08460aba218b','33e03ced-abf2-4b21-bf30-721a5c766850'],size=1,snapshot_id=None,source_replicaid=,source_volid=None,status='creating',user_id='9787623e246e48859c13e2dc027fc96d',volume_type_id=17d1a45a-4b22-47f2-91c2-61c2f40556b8)}' {{(pid=99741) _task_receiver /usr/local/lib/python3.8/dist-packages/taskflow/listeners/logging.py:178}}
Jul 16 11:54:37.863779 dv-cinder-801048-1-iscsi devstack@c-api.service[99741]: DEBUG cinder.volume.api [req-b0a5222d-f2c7-443f-8e8e-cfe4ce29a193 req-d173c845-fbb0-48e4-88ca-06f313f0e0e4 tempest-VolumesSnapshotsTestJSON-66443708 tempest-VolumesSnapshotsTestJSON-66443708-project] Task 'cinder.volume.flows.api.create_volume.VolumeCastTask;volume:create' (690a7b80-44ed-44e2-9acd-b5bd07acf502) transitioned into state 'RUNNING' from state 'PENDING' {{(pid=99741) _task_receiver /usr/local/lib/python3.8/dist-packages/taskflow/listeners/logging.py:190}}
Jul 16 11:54:37.930545 dv-cinder-801048-1-iscsi devstack@c-api.service[99741]: DEBUG cinder.volume.api [req-b0a5222d-f2c7-443f-8e8e-cfe4ce29a193 req-d173c845-fbb0-48e4-88ca-06f313f0e0e4 tempest-VolumesSnapshotsTestJSON-66443708 tempest-VolumesSnapshotsTestJSON-66443708-project] Task 'cinder.volume.flows.api.create_volume.VolumeCastTask;volume:create' (690a7b80-44ed-44e2-9acd-b5bd07acf502) transitioned into state 'SUCCESS' from state 'RUNNING' with result 'None' {{(pid=99741) _task_receiver /usr/local/lib/python3.8/dist-packages/taskflow/listeners/logging.py:178}}
Jul 16 11:54:37.935352 dv-cinder-801048-1-iscsi devstack@c-api.service[99741]: DEBUG cinder.volume.api [req-b0a5222d-f2c7-443f-8e8e-cfe4ce29a193 req-d173c845-fbb0-48e4-88ca-06f313f0e0e4 tempest-VolumesSnapshotsTestJSON-66443708 tempest-VolumesSnapshotsTestJSON-66443708-project] Flow 'volume_create_api' (49ffaf39-81bf-45b7-855a-fc7cc83b4ee5) transitioned into state 'SUCCESS' from state 'RUNNING' {{(pid=99741) _flow_receiver /usr/local/lib/python3.8/dist-packages/taskflow/listeners/logging.py:141}}
Jul 16 11:54:37.936489 dv-cinder-801048-1-iscsi devstack@c-api.service[99741]: INFO cinder.volume.api [req-b0a5222d-f2c7-443f-8e8e-cfe4ce29a193 req-d173c845-fbb0-48e4-88ca-06f313f0e0e4 tempest-VolumesSnapshotsTestJSON-66443708 tempest-VolumesSnapshotsTestJSON-66443708-project] Create volume request issued successfully.
Jul 16 11:54:37.966881 dv-cinder-801048-1-iscsi devstack@c-api.service[99740]: INFO cinder.api.openstack.wsgi [None req-bbb409fd-4f04-47cc-868b-5f18cd8b5f38 tempest-GroupSnapshotsTest-1742346524 tempest-GroupSnapshotsTest-1742346524-project] POST http://10.222.0.30/volume/v3/06cf1f4538954f2590418f75ec60266a/groups
Jul 16 11:54:37.968994 dv-cinder-801048-1-iscsi devstack@c-api.service[99740]: DEBUG cinder.api.openstack.wsgi [None req-bbb409fd-4f04-47cc-868b-5f18cd8b5f38 tempest-GroupSnapshotsTest-1742346524 tempest-GroupSnapshotsTest-1742346524-project] Action: 'create', calling method: version_select, body: {"group": {"group_type": "ab01381e-f251-4770-bebf-ae4d6ce881b4", "volume_types": ["c8bfb865-7b91-44c4-bdb6-d71897069285"], "name": "tempest-GroupSnapshotsTest-Group-1474501694"}} {{(pid=99740) _process_stack /opt/stack/cinder/cinder/api/openstack/wsgi.py:864}}
Jul 16 11:54:37.971805 dv-cinder-801048-1-iscsi devstack@c-api.service[99740]: DEBUG cinder.api.v3.groups [None req-bbb409fd-4f04-47cc-868b-5f18cd8b5f38 tempest-GroupSnapshotsTest-1742346524 tempest-GroupSnapshotsTest-1742346524-project] Creating new group {'group': {'group_type': 'ab01381e-f251-4770-bebf-ae4d6ce881b4', 'volume_types': ['c8bfb865-7b91-44c4-bdb6-d71897069285'], 'name': 'tempest-GroupSnapshotsTest-Group-1474501694'}} {{(pid=99740) create /opt/stack/cinder/cinder/api/v3/groups.py:190}}
Jul 16 11:54:37.982984 dv-cinder-801048-1-iscsi devstack@c-api.service[99740]: INFO cinder.api.v3.groups [None req-bbb409fd-4f04-47cc-868b-5f18cd8b5f38 tempest-GroupSnapshotsTest-1742346524 tempest-GroupSnapshotsTest-1742346524-project] Creating group tempest-GroupSnapshotsTest-Group-1474501694.
Jul 16 11:54:38.062595 dv-cinder-801048-1-iscsi devstack@c-api.service[99741]: INFO cinder.api.openstack.wsgi [req-b0a5222d-f2c7-443f-8e8e-cfe4ce29a193 req-d173c845-fbb0-48e4-88ca-06f313f0e0e4 tempest-VolumesSnapshotsTestJSON-66443708 tempest-VolumesSnapshotsTestJSON-66443708-project] http://10.222.0.30/volume/v3/44460731dfe54fd4a1bce39a7aed3256/volumes returned with HTTP 202
Jul 16 11:54:38.065278 dv-cinder-801048-1-iscsi devstack@c-api.service[99740]: DEBUG cinder.volume.api [None req-bbb409fd-4f04-47cc-868b-5f18cd8b5f38 tempest-GroupSnapshotsTest-1742346524 tempest-GroupSnapshotsTest-1742346524-project] Availability zone cache updated, next update will occur around 2021-07-16 12:54:38.062940. {{(pid=99740) list_availability_zones /opt/stack/cinder/cinder/volume/api.py:148}}
Jul 16 11:54:38.065891 dv-cinder-801048-1-iscsi devstack@c-api.service[99741]: [pid: 99741|app: 0|req: 6/16] 10.222.0.30 () {64 vars in 1522 bytes} [Fri Jul 16 11:54:37 2021] POST /volume/v3/44460731dfe54fd4a1bce39a7aed3256/volumes => generated 823 bytes in 963 msecs (HTTP/1.1 202) 7 headers in 291 bytes (1 switches on core 0)
Jul 16 11:54:38.068435 dv-cinder-801048-1-iscsi devstack@c-api.service[99740]: INFO cinder.volume.api [None req-bbb409fd-4f04-47cc-868b-5f18cd8b5f38 tempest-GroupSnapshotsTest-1742346524 tempest-GroupSnapshotsTest-1742346524-project] Availability Zones retrieved successfully.
Jul 16 11:54:38.194602 dv-cinder-801048-1-iscsi devstack@c-api.service[99740]: DEBUG cinder.quota [None req-bbb409fd-4f04-47cc-868b-5f18cd8b5f38 tempest-GroupSnapshotsTest-1742346524 tempest-GroupSnapshotsTest-1742346524-project] Created reservations ['d935a9fa-6f53-48e4-aca3-94b597547377'] {{(pid=99740) reserve /opt/stack/cinder/cinder/quota.py:755}}
Jul 16 11:54:38.317742 dv-cinder-801048-1-iscsi devstack@c-api.service[99740]: INFO cinder.api.openstack.wsgi [None req-bbb409fd-4f04-47cc-868b-5f18cd8b5f38 tempest-GroupSnapshotsTest-1742346524 tempest-GroupSnapshotsTest-1742346524-project] http://10.222.0.30/volume/v3/06cf1f4538954f2590418f75ec60266a/groups returned with HTTP 202
Jul 16 11:54:38.318840 dv-cinder-801048-1-iscsi devstack@c-api.service[99740]: [pid: 99740|app: 0|req: 11/17] 10.222.0.30 () {62 vars in 1274 bytes} [Fri Jul 16 11:54:37 2021] POST /volume/v3/06cf1f4538954f2590418f75ec60266a/groups => generated 112 bytes in 498 msecs (HTTP/1.1 202) 7 headers in 292 bytes (1 switches on core 0)
Jul 16 11:54:38.322433 dv-cinder-801048-1-iscsi devstack@c-api.service[99740]: WARNING keystonemiddleware.auth_token [None req-bbb409fd-4f04-47cc-868b-5f18cd8b5f38 tempest-GroupSnapshotsTest-1742346524 tempest-GroupSnapshotsTest-1742346524-project] A valid token was submitted as a service token, but it was not a valid service token. This is incorrect but backwards compatible behaviour. This will be removed in future releases.
Jul 16 11:54:38.326999 dv-cinder-801048-1-iscsi devstack@c-api.service[99740]: INFO cinder.api.openstack.wsgi [req-b0a5222d-f2c7-443f-8e8e-cfe4ce29a193 req-7a033a30-d34f-44ee-af8f-59b71ced663e tempest-VolumesSnapshotsTestJSON-66443708 tempest-VolumesSnapshotsTestJSON-66443708-project] GET http://10.222.0.30/volume/v3/44460731dfe54fd4a1bce39a7aed3256/volumes/c3749d82-29d1-470a-b170-c65097283dce
Jul 16 11:54:38.327640 dv-cinder-801048-1-iscsi devstack@c-api.service[99740]: DEBUG cinder.api.openstack.wsgi [req-b0a5222d-f2c7-443f-8e8e-cfe4ce29a193 req-7a033a30-d34f-44ee-af8f-59b71ced663e tempest-VolumesSnapshotsTestJSON-66443708 tempest-VolumesSnapshotsTestJSON-66443708-project] Empty body provided in request {{(pid=99740) get_body /opt/stack/cinder/cinder/api/openstack/wsgi.py:713}}
Jul 16 11:54:38.328114 dv-cinder-801048-1-iscsi devstack@c-api.service[99740]: /usr/local/lib/python3.8/dist-packages/webob/acceptparse.py:1047: DeprecationWarning: The behavior of AcceptValidHeader.best_match is currently being maintained for backward compatibility, but it will be deprecated in the future, as it does not conform to the RFC.
Jul 16 11:54:38.328114 dv-cinder-801048-1-iscsi devstack@c-api.service[99740]: warnings.warn(
Jul 16 11:54:38.328706 dv-cinder-801048-1-iscsi devstack@c-api.service[99740]: DEBUG cinder.api.openstack.wsgi [req-b0a5222d-f2c7-443f-8e8e-cfe4ce29a193 req-7a033a30-d34f-44ee-af8f-59b71ced663e tempest-VolumesSnapshotsTestJSON-66443708 tempest-VolumesSnapshotsTestJSON-66443708-project] Calling method 'show' {{(pid=99740) _process_stack /opt/stack/cinder/cinder/api/openstack/wsgi.py:866}}
Jul 16 11:54:38.405858 dv-cinder-801048-1-iscsi devstack@c-api.service[99741]: INFO cinder.api.openstack.wsgi [None req-68788b6a-430d-41e8-8643-bd34ac889716 tempest-GroupsV314Test-1547616103 tempest-GroupsV314Test-1547616103-project] POST http://10.222.0.30/volume/v3/0648d6db9f914ebaa3dbf629262b1105/groups
Jul 16 11:54:38.406771 dv-cinder-801048-1-iscsi devstack@c-api.service[99741]: /usr/local/lib/python3.8/dist-packages/webob/acceptparse.py:1047: DeprecationWarning: The behavior of AcceptValidHeader.best_match is currently being maintained for backward compatibility, but it will be deprecated in the future, as it does not conform to the RFC.
Jul 16 11:54:38.406771 dv-cinder-801048-1-iscsi devstack@c-api.service[99741]: warnings.warn(
Jul 16 11:54:38.407668 dv-cinder-801048-1-iscsi devstack@c-api.service[99741]: DEBUG cinder.api.openstack.wsgi [None req-68788b6a-430d-41e8-8643-bd34ac889716 tempest-GroupsV314Test-1547616103 tempest-GroupsV314Test-1547616103-project] Action: 'create', calling method: version_select, body: {"group": {"group_type": "0038be80-d4cf-4381-90b2-a3b516492e0a", "volume_types": ["af51ed16-ad15-4cab-9537-5ea96597a5d1"], "name": "tempest-GroupsV314Test-Group-441725279"}} {{(pid=99741) _process_stack /opt/stack/cinder/cinder/api/openstack/wsgi.py:864}}
Jul 16 11:54:38.408923 dv-cinder-801048-1-iscsi devstack@c-api.service[99741]: DEBUG cinder.api.v3.groups [None req-68788b6a-430d-41e8-8643-bd34ac889716 tempest-GroupsV314Test-1547616103 tempest-GroupsV314Test-1547616103-project] Creating new group {'group': {'group_type': '0038be80-d4cf-4381-90b2-a3b516492e0a', 'volume_types': ['af51ed16-ad15-4cab-9537-5ea96597a5d1'], 'name': 'tempest-GroupsV314Test-Group-441725279'}} {{(pid=99741) create /opt/stack/cinder/cinder/api/v3/groups.py:190}}
Jul 16 11:54:38.466786 dv-cinder-801048-1-iscsi devstack@c-api.service[99741]: INFO cinder.api.v3.groups [None req-68788b6a-430d-41e8-8643-bd34ac889716 tempest-GroupsV314Test-1547616103 tempest-GroupsV314Test-1547616103-project] Creating group tempest-GroupsV314Test-Group-441725279.
Jul 16 11:54:38.467502 dv-cinder-801048-1-iscsi devstack@c-api.service[99741]: /usr/local/lib/python3.8/dist-packages/oslo_context/context.py:105: DeprecationWarning: Policy enforcement is depending on the value of is_admin. This key is deprecated. Please update your policy file to use the standard policy values.
Jul 16 11:54:38.467502 dv-cinder-801048-1-iscsi devstack@c-api.service[99741]: warnings.warn('Policy enforcement is depending on the value of '
Jul 16 11:54:38.496753 dv-cinder-801048-1-iscsi devstack@c-api.service[99740]: /usr/local/lib/python3.8/dist-packages/oslo_context/context.py:105: DeprecationWarning: Policy enforcement is depending on the value of is_admin. This key is deprecated. Please update your policy file to use the standard policy values.
Jul 16 11:54:38.496753 dv-cinder-801048-1-iscsi devstack@c-api.service[99740]: warnings.warn('Policy enforcement is depending on the value of '
Jul 16 11:54:38.515381 dv-cinder-801048-1-iscsi devstack@c-api.service[99741]: DEBUG cinder.volume.api [None req-68788b6a-430d-41e8-8643-bd34ac889716 tempest-GroupsV314Test-1547616103 tempest-GroupsV314Test-1547616103-project] Availability zone cache updated, next update will occur around 2021-07-16 12:54:38.514276. {{(pid=99741) list_availability_zones /opt/stack/cinder/cinder/volume/api.py:148}}
Jul 16 11:54:38.515691 dv-cinder-801048-1-iscsi devstack@c-api.service[99741]: INFO cinder.volume.api [None req-68788b6a-430d-41e8-8643-bd34ac889716 tempest-GroupsV314Test-1547616103 tempest-GroupsV314Test-1547616103-project] Availability Zones retrieved successfully.
Jul 16 11:54:38.527272 dv-cinder-801048-1-iscsi devstack@c-api.service[99740]: INFO cinder.volume.api [req-b0a5222d-f2c7-443f-8e8e-cfe4ce29a193 req-7a033a30-d34f-44ee-af8f-59b71ced663e tempest-VolumesSnapshotsTestJSON-66443708 tempest-VolumesSnapshotsTestJSON-66443708-project] Volume info retrieved successfully.
Jul 16 11:54:38.569741 dv-cinder-801048-1-iscsi devstack@c-api.service[99741]: DEBUG cinder.quota [None req-68788b6a-430d-41e8-8643-bd34ac889716 tempest-GroupsV314Test-1547616103 tempest-GroupsV314Test-1547616103-project] Created reservations ['b742f6a9-79a1-4182-aab4-c6dcdc1cbbf8'] {{(pid=99741) reserve /opt/stack/cinder/cinder/quota.py:755}}
Jul 16 11:54:38.632281 dv-cinder-801048-1-iscsi devstack@c-api.service[99740]: INFO cinder.api.openstack.wsgi [req-b0a5222d-f2c7-443f-8e8e-cfe4ce29a193 req-7a033a30-d34f-44ee-af8f-59b71ced663e tempest-VolumesSnapshotsTestJSON-66443708 tempest-VolumesSnapshotsTestJSON-66443708-project] http://10.222.0.30/volume/v3/44460731dfe54fd4a1bce39a7aed3256/volumes/c3749d82-29d1-470a-b170-c65097283dce returned with HTTP 200
Jul 16 11:54:38.634889 dv-cinder-801048-1-iscsi devstack@c-api.service[99740]: [pid: 99740|app: 0|req: 12/18] 10.222.0.30 () {60 vars in 1579 bytes} [Fri Jul 16 11:54:38 2021] GET /volume/v3/44460731dfe54fd4a1bce39a7aed3256/volumes/c3749d82-29d1-470a-b170-c65097283dce => generated 891 bytes in 315 msecs (HTTP/1.1 200) 7 headers in 285 bytes (1 switches on core 0)
Jul 16 11:54:38.636799 dv-cinder-801048-1-iscsi devstack@c-api.service[99741]: INFO cinder.api.openstack.wsgi [None req-68788b6a-430d-41e8-8643-bd34ac889716 tempest-GroupsV314Test-1547616103 tempest-GroupsV314Test-1547616103-project] http://10.222.0.30/volume/v3/0648d6db9f914ebaa3dbf629262b1105/groups returned with HTTP 202
Jul 16 11:54:38.637935 dv-cinder-801048-1-iscsi devstack@c-api.service[99741]: [pid: 99741|app: 0|req: 7/19] 10.222.0.30 () {62 vars in 1274 bytes} [Fri Jul 16 11:54:38 2021] POST /volume/v3/0648d6db9f914ebaa3dbf629262b1105/groups => generated 107 bytes in 572 msecs (HTTP/1.1 202) 7 headers in 292 bytes (1 switches on core 0)
Jul 16 11:54:38.651480 dv-cinder-801048-1-iscsi devstack@c-api.service[99741]: INFO cinder.api.openstack.wsgi [None req-06433541-3103-4d01-af13-b91e625ccd15 tempest-GroupSnapshotsTest-1742346524 tempest-GroupSnapshotsTest-1742346524-project] GET http://10.222.0.30/volume/v3/06cf1f4538954f2590418f75ec60266a/groups/0354085b-5d88-4f43-b4b0-b0e1c12b42e2
Jul 16 11:54:38.652192 dv-cinder-801048-1-iscsi devstack@c-api.service[99741]: DEBUG cinder.api.openstack.wsgi [None req-06433541-3103-4d01-af13-b91e625ccd15 tempest-GroupSnapshotsTest-1742346524 tempest-GroupSnapshotsTest-1742346524-project] Empty body provided in request {{(pid=99741) get_body /opt/stack/cinder/cinder/api/openstack/wsgi.py:713}}
Jul 16 11:54:38.652513 dv-cinder-801048-1-iscsi devstack@c-api.service[99741]: /usr/local/lib/python3.8/dist-packages/webob/acceptparse.py:1047: DeprecationWarning: The behavior of AcceptValidHeader.best_match is currently being maintained for backward compatibility, but it will be deprecated in the future, as it does not conform to the RFC.
Jul 16 11:54:38.652513 dv-cinder-801048-1-iscsi devstack@c-api.service[99741]: warnings.warn(
Jul 16 11:54:38.653077 dv-cinder-801048-1-iscsi devstack@c-api.service[99741]: DEBUG cinder.api.openstack.wsgi [None req-06433541-3103-4d01-af13-b91e625ccd15 tempest-GroupSnapshotsTest-1742346524 tempest-GroupSnapshotsTest-1742346524-project] Calling method 'version_select' {{(pid=99741) _process_stack /opt/stack/cinder/cinder/api/openstack/wsgi.py:866}}
Jul 16 11:54:38.653571 dv-cinder-801048-1-iscsi devstack@c-api.service[99741]: DEBUG cinder.api.v3.groups [None req-06433541-3103-4d01-af13-b91e625ccd15 tempest-GroupSnapshotsTest-1742346524 tempest-GroupSnapshotsTest-1742346524-project] show called for member 0354085b-5d88-4f43-b4b0-b0e1c12b42e2 {{(pid=99741) show /opt/stack/cinder/cinder/api/v3/groups.py:58}}
Jul 16 11:54:38.654762 dv-cinder-801048-1-iscsi devstack@c-api.service[99740]: INFO cinder.api.openstack.wsgi [None req-72be20fd-500a-4da3-9625-d8318c84420a tempest-GroupsV314Test-1547616103 tempest-GroupsV314Test-1547616103-project] GET http://10.222.0.30/volume/v3/0648d6db9f914ebaa3dbf629262b1105/groups/463dabfe-754d-4d03-8ab6-54f180333339
Jul 16 11:54:38.655403 dv-cinder-801048-1-iscsi devstack@c-api.service[99740]: DEBUG cinder.api.openstack.wsgi [None req-72be20fd-500a-4da3-9625-d8318c84420a tempest-GroupsV314Test-1547616103 tempest-GroupsV314Test-1547616103-project] Empty body provided in request {{(pid=99740) get_body /opt/stack/cinder/cinder/api/openstack/wsgi.py:713}}
Jul 16 11:54:38.655666 dv-cinder-801048-1-iscsi devstack@c-api.service[99740]: /usr/local/lib/python3.8/dist-packages/webob/acceptparse.py:1047: DeprecationWarning: The behavior of AcceptValidHeader.best_match is currently being maintained for backward compatibility, but it will be deprecated in the future, as it does not conform to the RFC.
Jul 16 11:54:38.655666 dv-cinder-801048-1-iscsi devstack@c-api.service[99740]: warnings.warn(
Jul 16 11:54:38.656144 dv-cinder-801048-1-iscsi devstack@c-api.service[99740]: DEBUG cinder.api.openstack.wsgi [None req-72be20fd-500a-4da3-9625-d8318c84420a tempest-GroupsV314Test-1547616103 tempest-GroupsV314Test-1547616103-project] Calling method 'version_select' {{(pid=99740) _process_stack /opt/stack/cinder/cinder/api/openstack/wsgi.py:866}}
Jul 16 11:54:38.656592 dv-cinder-801048-1-iscsi devstack@c-api.service[99740]: DEBUG cinder.api.v3.groups [None req-72be20fd-500a-4da3-9625-d8318c84420a tempest-GroupsV314Test-1547616103 tempest-GroupsV314Test-1547616103-project] show called for member 463dabfe-754d-4d03-8ab6-54f180333339 {{(pid=99740) show /opt/stack/cinder/cinder/api/v3/groups.py:58}}
Jul 16 11:54:38.668138 dv-cinder-801048-1-iscsi devstack@c-api.service[99740]: /usr/local/lib/python3.8/dist-packages/oslo_context/context.py:105: DeprecationWarning: Policy enforcement is depending on the value of is_admin. This key is deprecated. Please update your policy file to use the standard policy values.
Jul 16 11:54:38.668138 dv-cinder-801048-1-iscsi devstack@c-api.service[99740]: warnings.warn('Policy enforcement is depending on the value of '
Jul 16 11:54:38.668469 dv-cinder-801048-1-iscsi devstack@c-api.service[99741]: /usr/local/lib/python3.8/dist-packages/oslo_context/context.py:105: DeprecationWarning: Policy enforcement is depending on the value of is_admin. This key is deprecated. Please update your policy file to use the standard policy values.
Jul 16 11:54:38.668469 dv-cinder-801048-1-iscsi devstack@c-api.service[99741]: warnings.warn('Policy enforcement is depending on the value of '
Jul 16 11:54:38.725928 dv-cinder-801048-1-iscsi devstack@c-api.service[99740]: INFO cinder.api.openstack.wsgi [None req-72be20fd-500a-4da3-9625-d8318c84420a tempest-GroupsV314Test-1547616103 tempest-GroupsV314Test-1547616103-project] http://10.222.0.30/volume/v3/0648d6db9f914ebaa3dbf629262b1105/groups/463dabfe-754d-4d03-8ab6-54f180333339 returned with HTTP 200
Jul 16 11:54:38.729060 dv-cinder-801048-1-iscsi devstack@c-api.service[99740]: [pid: 99740|app: 0|req: 13/20] 10.222.0.30 () {60 vars in 1363 bytes} [Fri Jul 16 11:54:38 2021] GET /volume/v3/0648d6db9f914ebaa3dbf629262b1105/groups/463dabfe-754d-4d03-8ab6-54f180333339 => generated 387 bytes in 85 msecs (HTTP/1.1 200) 7 headers in 286 bytes (1 switches on core 0)
Jul 16 11:54:38.744762 dv-cinder-801048-1-iscsi devstack@c-api.service[99741]: INFO cinder.api.openstack.wsgi [None req-06433541-3103-4d01-af13-b91e625ccd15 tempest-GroupSnapshotsTest-1742346524 tempest-GroupSnapshotsTest-1742346524-project] http://10.222.0.30/volume/v3/06cf1f4538954f2590418f75ec60266a/groups/0354085b-5d88-4f43-b4b0-b0e1c12b42e2 returned with HTTP 200
Jul 16 11:54:38.747521 dv-cinder-801048-1-iscsi devstack@c-api.service[99741]: [pid: 99741|app: 0|req: 8/21] 10.222.0.30 () {60 vars in 1363 bytes} [Fri Jul 16 11:54:38 2021] GET /volume/v3/06cf1f4538954f2590418f75ec60266a/groups/0354085b-5d88-4f43-b4b0-b0e1c12b42e2 => generated 392 bytes in 107 msecs (HTTP/1.1 200) 7 headers in 286 bytes (1 switches on core 0)
Jul 16 11:54:39.448167 dv-cinder-801048-1-iscsi devstack@c-api.service[99740]: INFO cinder.api.openstack.wsgi [req-e4717207-41d3-4907-bf09-56a839f774ce req-947e072b-7108-43c9-93c4-d755f44b6490 tempest-VolumesSnapshotsTestJSON-66443708 tempest-VolumesSnapshotsTestJSON-66443708-project] GET http://10.222.0.30/volume/v3/44460731dfe54fd4a1bce39a7aed3256/volumes/c3749d82-29d1-470a-b170-c65097283dce
Jul 16 11:54:39.448923 dv-cinder-801048-1-iscsi devstack@c-api.service[99740]: DEBUG cinder.api.openstack.wsgi [req-e4717207-41d3-4907-bf09-56a839f774ce req-947e072b-7108-43c9-93c4-d755f44b6490 tempest-VolumesSnapshotsTestJSON-66443708 tempest-VolumesSnapshotsTestJSON-66443708-project] Empty body provided in request {{(pid=99740) get_body /opt/stack/cinder/cinder/api/openstack/wsgi.py:713}}
Jul 16 11:54:39.449220 dv-cinder-801048-1-iscsi devstack@c-api.service[99740]: /usr/local/lib/python3.8/dist-packages/webob/acceptparse.py:1047: DeprecationWarning: The behavior of AcceptValidHeader.best_match is currently being maintained for backward compatibility, but it will be deprecated in the future, as it does not conform to the RFC.
Jul 16 11:54:39.449220 dv-cinder-801048-1-iscsi devstack@c-api.service[99740]: warnings.warn(
Jul 16 11:54:39.462203 dv-cinder-801048-1-iscsi devstack@c-api.service[99740]: DEBUG cinder.api.openstack.wsgi [req-e4717207-41d3-4907-bf09-56a839f774ce req-947e072b-7108-43c9-93c4-d755f44b6490 tempest-VolumesSnapshotsTestJSON-66443708 tempest-VolumesSnapshotsTestJSON-66443708-project] Calling method 'show' {{(pid=99740) _process_stack /opt/stack/cinder/cinder/api/openstack/wsgi.py:866}}
Jul 16 11:54:39.509418 dv-cinder-801048-1-iscsi devstack@c-api.service[99740]: /usr/local/lib/python3.8/dist-packages/oslo_context/context.py:105: DeprecationWarning: Policy enforcement is depending on the value of is_admin. This key is deprecated. Please update your policy file to use the standard policy values.
Jul 16 11:54:39.509418 dv-cinder-801048-1-iscsi devstack@c-api.service[99740]: warnings.warn('Policy enforcement is depending on the value of '
Jul 16 11:54:39.533632 dv-cinder-801048-1-iscsi devstack@c-api.service[99740]: INFO cinder.volume.api [req-e4717207-41d3-4907-bf09-56a839f774ce req-947e072b-7108-43c9-93c4-d755f44b6490 tempest-VolumesSnapshotsTestJSON-66443708 tempest-VolumesSnapshotsTestJSON-66443708-project] Volume info retrieved successfully.
Jul 16 11:54:39.567235 dv-cinder-801048-1-iscsi devstack@c-api.service[99740]: INFO cinder.api.openstack.wsgi [req-e4717207-41d3-4907-bf09-56a839f774ce req-947e072b-7108-43c9-93c4-d755f44b6490 tempest-VolumesSnapshotsTestJSON-66443708 tempest-VolumesSnapshotsTestJSON-66443708-project] http://10.222.0.30/volume/v3/44460731dfe54fd4a1bce39a7aed3256/volumes/c3749d82-29d1-470a-b170-c65097283dce returned with HTTP 200
Jul 16 11:54:39.571600 dv-cinder-801048-1-iscsi devstack@c-api.service[99740]: [pid: 99740|app: 0|req: 14/22] 10.222.0.30 () {60 vars in 1579 bytes} [Fri Jul 16 11:54:39 2021] GET /volume/v3/44460731dfe54fd4a1bce39a7aed3256/volumes/c3749d82-29d1-470a-b170-c65097283dce => generated 915 bytes in 212 msecs (HTTP/1.1 200) 7 headers in 285 bytes (1 switches on core 0)
Jul 16 11:54:39.738842 dv-cinder-801048-1-iscsi devstack@c-api.service[99741]: INFO cinder.api.openstack.wsgi [None req-5cf60fbe-0d8c-4101-b17a-4fb288960eb0 tempest-GroupsV314Test-1547616103 tempest-GroupsV314Test-1547616103-project] GET http://10.222.0.30/volume/v3/0648d6db9f914ebaa3dbf629262b1105/groups/463dabfe-754d-4d03-8ab6-54f180333339
Jul 16 11:54:39.739355 dv-cinder-801048-1-iscsi devstack@c-api.service[99741]: DEBUG cinder.api.openstack.wsgi [None req-5cf60fbe-0d8c-4101-b17a-4fb288960eb0 tempest-GroupsV314Test-1547616103 tempest-GroupsV314Test-1547616103-project] Empty body provided in request {{(pid=99741) get_body /opt/stack/cinder/cinder/api/openstack/wsgi.py:713}}
Jul 16 11:54:39.739497 dv-cinder-801048-1-iscsi devstack@c-api.service[99741]: /usr/local/lib/python3.8/dist-packages/webob/acceptparse.py:1047: DeprecationWarning: The behavior of AcceptValidHeader.best_match is currently being maintained for backward compatibility, but it will be deprecated in the future, as it does not conform to the RFC.
Jul 16 11:54:39.739497 dv-cinder-801048-1-iscsi devstack@c-api.service[99741]: warnings.warn(
Jul 16 11:54:39.740053 dv-cinder-801048-1-iscsi devstack@c-api.service[99741]: DEBUG cinder.api.openstack.wsgi [None req-5cf60fbe-0d8c-4101-b17a-4fb288960eb0 tempest-GroupsV314Test-1547616103 tempest-GroupsV314Test-1547616103-project] Calling method 'version_select' {{(pid=99741) _process_stack /opt/stack/cinder/cinder/api/openstack/wsgi.py:866}}
Jul 16 11:54:39.740573 dv-cinder-801048-1-iscsi devstack@c-api.service[99741]: DEBUG cinder.api.v3.groups [None req-5cf60fbe-0d8c-4101-b17a-4fb288960eb0 tempest-GroupsV314Test-1547616103 tempest-GroupsV314Test-1547616103-project] show called for member 463dabfe-754d-4d03-8ab6-54f180333339 {{(pid=99741) show /opt/stack/cinder/cinder/api/v3/groups.py:58}}
Jul 16 11:54:39.750324 dv-cinder-801048-1-iscsi devstack@c-api.service[99741]: /usr/local/lib/python3.8/dist-packages/oslo_context/context.py:105: DeprecationWarning: Policy enforcement is depending on the value of is_admin. This key is deprecated. Please update your policy file to use the standard policy values.
Jul 16 11:54:39.750324 dv-cinder-801048-1-iscsi devstack@c-api.service[99741]: warnings.warn('Policy enforcement is depending on the value of '
Jul 16 11:54:39.759574 dv-cinder-801048-1-iscsi devstack@c-api.service[99740]: INFO cinder.api.openstack.wsgi [None req-08441169-0403-4cdb-bae2-9cd4c8c8b563 tempest-GroupSnapshotsTest-1742346524 tempest-GroupSnapshotsTest-1742346524-project] GET http://10.222.0.30/volume/v3/06cf1f4538954f2590418f75ec60266a/groups/0354085b-5d88-4f43-b4b0-b0e1c12b42e2
Jul 16 11:54:39.760600 dv-cinder-801048-1-iscsi devstack@c-api.service[99740]: DEBUG cinder.api.openstack.wsgi [None req-08441169-0403-4cdb-bae2-9cd4c8c8b563 tempest-GroupSnapshotsTest-1742346524 tempest-GroupSnapshotsTest-1742346524-project] Empty body provided in request {{(pid=99740) get_body /opt/stack/cinder/cinder/api/openstack/wsgi.py:713}}
Jul 16 11:54:39.761033 dv-cinder-801048-1-iscsi devstack@c-api.service[99740]: /usr/local/lib/python3.8/dist-packages/webob/acceptparse.py:1047: DeprecationWarning: The behavior of AcceptValidHeader.best_match is currently being maintained for backward compatibility, but it will be deprecated in the future, as it does not conform to the RFC.
Jul 16 11:54:39.761033 dv-cinder-801048-1-iscsi devstack@c-api.service[99740]: warnings.warn(
Jul 16 11:54:39.761744 dv-cinder-801048-1-iscsi devstack@c-api.service[99740]: DEBUG cinder.api.openstack.wsgi [None req-08441169-0403-4cdb-bae2-9cd4c8c8b563 tempest-GroupSnapshotsTest-1742346524 tempest-GroupSnapshotsTest-1742346524-project] Calling method 'version_select' {{(pid=99740) _process_stack /opt/stack/cinder/cinder/api/openstack/wsgi.py:866}}
Jul 16 11:54:39.762540 dv-cinder-801048-1-iscsi devstack@c-api.service[99740]: DEBUG cinder.api.v3.groups [None req-08441169-0403-4cdb-bae2-9cd4c8c8b563 tempest-GroupSnapshotsTest-1742346524 tempest-GroupSnapshotsTest-1742346524-project] show called for member 0354085b-5d88-4f43-b4b0-b0e1c12b42e2 {{(pid=99740) show /opt/stack/cinder/cinder/api/v3/groups.py:58}}
Jul 16 11:54:39.775108 dv-cinder-801048-1-iscsi devstack@c-api.service[99740]: /usr/local/lib/python3.8/dist-packages/oslo_context/context.py:105: DeprecationWarning: Policy enforcement is depending on the value of is_admin. This key is deprecated. Please update your policy file to use the standard policy values.
