Mar 02 18:51:56.043725 dv-cinder-800704-3-iscsi neutron-server[109539]: DEBUG novaclient.v2.client [-] REQ: curl -g -i --cacert "/opt/stack/data/ca-bundle.pem" -X POST http://10.222.0.21/compute/v2.1/os-server-external-events -H "Accept: application/json" -H "Content-Type: application/json" -H "User-Agent: python-novaclient" -H "X-Auth-Token: {SHA256}e5e140eca307ee93ea8829bd6ebdd2e2a459d15d0e2dcb46370ecb65c8a23cfa" -H "X-OpenStack-Nova-API-Version: 2.1" -H "X-OpenStack-Request-ID: req-98a79103-3ff1-4025-8e4c-c8208cacb3da" -d '{"events": [{"server_uuid": "569b7106-e858-4cdc-8665-d12c7e4d64e4", "name": "network-vif-plugged", "status": "completed", "tag": "090b3aa9-4d17-44ad-ab6a-ff33670851d7"}]}' {{(pid=109539) _http_log_request /usr/local/lib/python3.8/dist-packages/keystoneauth1/session.py:519}}
Mar 02 18:51:56.051663 dv-cinder-800704-3-iscsi neutron-server[109539]: DEBUG neutron.plugins.ml2.db [None req-7c4b6b97-1d7a-4dda-b71c-5779ae2b2c1f None None] get_ports_and_sgs() called for port_ids ['12ad939d-6614-46d3-9a4a-08cef1b4a183'] {{(pid=109539) get_ports_and_sgs /opt/stack/neutron/neutron/plugins/ml2/db.py:156}}
Mar 02 18:51:56.117146 dv-cinder-800704-3-iscsi neutron-server[109537]: DEBUG neutron.pecan_wsgi.hooks.policy_enforcement [req-93041c89-acb2-4c47-bacc-210cbb1f13f9 req-67a0c6f0-a129-4f67-8f06-26bd3ff1f7a0 service neutron] Attributes excluded by policy engine: ['standard_attr_id'] {{(pid=109537) _exclude_attributes_by_policy /opt/stack/neutron/neutron/pecan_wsgi/hooks/policy_enforcement.py:255}}
Mar 02 18:51:56.119160 dv-cinder-800704-3-iscsi neutron-server[109537]: INFO neutron.wsgi [req-93041c89-acb2-4c47-bacc-210cbb1f13f9 req-67a0c6f0-a129-4f67-8f06-26bd3ff1f7a0 service neutron] 10.222.0.41 "GET /v2.0/ports?network_id=1e9bd06e-09ee-4c55-a5a4-bc21d5cd4a4b&device_owner=network%3Adhcp HTTP/1.1" status: 200 len: 1212 time: 0.0718393
Mar 02 18:51:56.198458 dv-cinder-800704-3-iscsi neutron-server[109539]: DEBUG neutron.plugins.ml2.plugin [None req-7c4b6b97-1d7a-4dda-b71c-5779ae2b2c1f None None] Current status of the port c21d98ee-d698-42da-96d8-a97241259308 is: BUILD; New status is: ACTIVE {{(pid=109539) _update_individual_port_db_status /opt/stack/neutron/neutron/plugins/ml2/plugin.py:2232}}
Mar 02 18:51:56.198851 dv-cinder-800704-3-iscsi neutron-server[109539]: DEBUG neutron_lib.callbacks.manager [None req-7c4b6b97-1d7a-4dda-b71c-5779ae2b2c1f None None] Publish callbacks ['neutron.plugins.ml2.plugin.SecurityGroupDbMixin._ensure_default_security_group_handler-4167030'] for port (c21d98ee-d698-42da-96d8-a97241259308), before_update {{(pid=109539) _notify_loop /usr/local/lib/python3.8/dist-packages/neutron_lib/callbacks/manager.py:176}}
Mar 02 18:51:56.203766 dv-cinder-800704-3-iscsi neutron-server[109539]: DEBUG novaclient.v2.client [-] RESP: [200] Connection: close Content-Length: 183 Content-Type: application/json Date: Wed, 02 Mar 2022 18:51:56 GMT OpenStack-API-Version: compute 2.1 Server: Apache/2.4.41 (Ubuntu) Vary: OpenStack-API-Version,X-OpenStack-Nova-API-Version X-OpenStack-Nova-API-Version: 2.1 x-compute-request-id: req-1d411b2b-47d8-42d2-9437-a72950a73360 x-openstack-request-id: req-1d411b2b-47d8-42d2-9437-a72950a73360 {{(pid=109539) _http_log_response /usr/local/lib/python3.8/dist-packages/keystoneauth1/session.py:550}}
Mar 02 18:51:56.204085 dv-cinder-800704-3-iscsi neutron-server[109539]: DEBUG novaclient.v2.client [-] RESP BODY: {"events": [{"server_uuid": "569b7106-e858-4cdc-8665-d12c7e4d64e4", "name": "network-vif-plugged", "status": "completed", "tag": "090b3aa9-4d17-44ad-ab6a-ff33670851d7", "code": 200}]} {{(pid=109539) _http_log_response /usr/local/lib/python3.8/dist-packages/keystoneauth1/session.py:582}}
Mar 02 18:51:56.204347 dv-cinder-800704-3-iscsi neutron-server[109539]: DEBUG novaclient.v2.client [-] POST call to compute for http://10.222.0.21/compute/v2.1/os-server-external-events used request id req-1d411b2b-47d8-42d2-9437-a72950a73360 {{(pid=109539) request /usr/local/lib/python3.8/dist-packages/keystoneauth1/session.py:954}}
Mar 02 18:51:56.204786 dv-cinder-800704-3-iscsi neutron-server[109539]: INFO neutron.notifiers.nova [-] Nova event response: {'server_uuid': '569b7106-e858-4cdc-8665-d12c7e4d64e4', 'name': 'network-vif-plugged', 'status': 'completed', 'tag': '090b3aa9-4d17-44ad-ab6a-ff33670851d7', 'code': 200}
Mar 02 18:51:56.272337 dv-cinder-800704-3-iscsi neutron-server[109539]: DEBUG neutron.plugins.ml2.db [None req-7c4b6b97-1d7a-4dda-b71c-5779ae2b2c1f None None] For port c21d98ee-d698-42da-96d8-a97241259308, host hv-cinder-80070, got binding levels [PortBindingLevel(driver='hyperv',host='hv-cinder-80070',level=0,port_id=c21d98ee-d698-42da-96d8-a97241259308,segment=NetworkSegment(a894024f-cca1-4849-a939-8f8e82764899),segment_id=a894024f-cca1-4849-a939-8f8e82764899)] {{(pid=109539) get_binding_level_objs /opt/stack/neutron/neutron/plugins/ml2/db.py:74}}
Mar 02 18:51:56.277469 dv-cinder-800704-3-iscsi neutron-server[109539]: DEBUG neutron_lib.callbacks.manager [None req-7c4b6b97-1d7a-4dda-b71c-5779ae2b2c1f None None] Publish callbacks ['neutron.plugins.ml2.plugin.SecurityGroupServerNotifierRpcMixin._notify_sg_on_port_change-4167093', 'neutron.plugins.ml2.ovo_rpc._ObjectChangeHandler.handle_event-27780', 'neutron.api.rpc.agentnotifiers.dhcp_rpc_agent_api.DhcpAgentNotifyAPI._native_event_send_dhcp_notification-535547', 'neutron.db.l3_db.L3RpcNotifierMixin._notify_gateway_port_ip_changed-8759965068014', 'neutron.db.l3_dvrscheduler_db._notify_l3_agent_port_update-8759964528375', 'neutron.db.l3_hascheduler_db._notify_l3_agent_ha_port_update-8759964529421'] for port (c21d98ee-d698-42da-96d8-a97241259308), after_update {{(pid=109539) _notify_loop /usr/local/lib/python3.8/dist-packages/neutron_lib/callbacks/manager.py:176}}
Mar 02 18:51:56.332120 dv-cinder-800704-3-iscsi neutron-server[109537]: INFO neutron.wsgi [req-93041c89-acb2-4c47-bacc-210cbb1f13f9 req-14760f82-c481-48de-a767-4ea04fbca656 service neutron] 10.222.0.41 "GET /v2.0/networks/1e9bd06e-09ee-4c55-a5a4-bc21d5cd4a4b?fields=segments HTTP/1.1" status: 200 len: 212 time: 0.2064161
Mar 02 18:51:56.396426 dv-cinder-800704-3-iscsi neutron-server[109539]: DEBUG neutron.api.rpc.handlers.resources_rpc [None req-7c4b6b97-1d7a-4dda-b71c-5779ae2b2c1f None None] Pushing event updated for resources: {'Port': ['ID=c21d98ee-d698-42da-96d8-a97241259308,revision_number=5']} {{(pid=109539) push /opt/stack/neutron/neutron/api/rpc/handlers/resources_rpc.py:237}}
Mar 02 18:51:56.492352 dv-cinder-800704-3-iscsi neutron-server[109538]: DEBUG neutron.pecan_wsgi.hooks.policy_enforcement [req-8c462340-ede3-4089-bd9e-e4da06b5564b req-ac068d74-4e5a-443b-96de-78b97df28527 service neutron] Attributes excluded by policy engine: ['standard_attr_id'] {{(pid=109538) _exclude_attributes_by_policy /opt/stack/neutron/neutron/pecan_wsgi/hooks/policy_enforcement.py:255}}
Mar 02 18:51:56.494568 dv-cinder-800704-3-iscsi neutron-server[109538]: INFO neutron.wsgi [req-8c462340-ede3-4089-bd9e-e4da06b5564b req-ac068d74-4e5a-443b-96de-78b97df28527 service neutron] 10.222.0.41 "GET /v2.0/ports?device_id=569b7106-e858-4cdc-8665-d12c7e4d64e4 HTTP/1.1" status: 200 len: 1129 time: 0.0994494
Mar 02 18:51:56.517513 dv-cinder-800704-3-iscsi neutron-server[109538]: DEBUG neutron_lib.callbacks.manager [req-8c462340-ede3-4089-bd9e-e4da06b5564b req-04ab3bf5-b6ca-4b7f-9d40-3251d8bda249 service neutron] Publish callbacks [] for security_group (None), before_create {{(pid=109538) _notify_loop /usr/local/lib/python3.8/dist-packages/neutron_lib/callbacks/manager.py:176}}
Mar 02 18:51:56.659242 dv-cinder-800704-3-iscsi neutron-server[109537]: INFO neutron.wsgi [req-93041c89-acb2-4c47-bacc-210cbb1f13f9 req-51f8a1a0-9114-4efd-8c08-0ded8c477cb9 service neutron] 10.222.0.41 "GET /v2.0/networks/1e9bd06e-09ee-4c55-a5a4-bc21d5cd4a4b?fields=provider%3Aphysical_network&fields=provider%3Anetwork_type HTTP/1.1" status: 200 len: 281 time: 0.3201904
Mar 02 18:51:56.671238 dv-cinder-800704-3-iscsi neutron-server[109537]: DEBUG neutron.pecan_wsgi.hooks.policy_enforcement [req-c5c91c84-9567-4aa1-b762-861bd31a3a1b req-fb74d22f-5ec7-43e5-a332-e1fe9299e6c5 tempest-AttachVolumeNegativeTest-1212607388 tempest-AttachVolumeNegativeTest-1212607388-project] Attributes excluded by policy engine: ['standard_attr_id', 'binding:profile', 'binding:host_id', 'binding:vif_type', 'binding:vif_details'] {{(pid=109537) _exclude_attributes_by_policy /opt/stack/neutron/neutron/pecan_wsgi/hooks/policy_enforcement.py:255}}
Mar 02 18:51:56.678689 dv-cinder-800704-3-iscsi neutron-server[109537]: INFO neutron.wsgi [req-c5c91c84-9567-4aa1-b762-861bd31a3a1b req-fb74d22f-5ec7-43e5-a332-e1fe9299e6c5 tempest-AttachVolumeNegativeTest-1212607388 tempest-AttachVolumeNegativeTest-1212607388-project] 10.222.0.21 "GET /v2.0/ports?device_id=569b7106-e858-4cdc-8665-d12c7e4d64e4 HTTP/1.1" status: 200 len: 945 time: 0.4204266
Mar 02 18:51:56.696560 dv-cinder-800704-3-iscsi neutron-server[109538]: DEBUG neutron_lib.callbacks.manager [req-8c462340-ede3-4089-bd9e-e4da06b5564b req-04ab3bf5-b6ca-4b7f-9d40-3251d8bda249 service neutron] Publish callbacks [] for security_group (d07b0b76-1559-4e78-ab1e-c268abda89ee), precommit_create {{(pid=109538) _notify_loop /usr/local/lib/python3.8/dist-packages/neutron_lib/callbacks/manager.py:176}}
Mar 02 18:51:56.704103 dv-cinder-800704-3-iscsi neutron-server[109538]: DEBUG neutron_lib.callbacks.manager [req-8c462340-ede3-4089-bd9e-e4da06b5564b req-04ab3bf5-b6ca-4b7f-9d40-3251d8bda249 service neutron] Publish callbacks ['neutron.plugins.ml2.ovo_rpc._ObjectChangeHandler.handle_event-637629'] for security_group (d07b0b76-1559-4e78-ab1e-c268abda89ee), after_create {{(pid=109538) _notify_loop /usr/local/lib/python3.8/dist-packages/neutron_lib/callbacks/manager.py:176}}
Mar 02 18:51:56.760972 dv-cinder-800704-3-iscsi neutron-server[109538]: INFO neutron.wsgi [req-8c462340-ede3-4089-bd9e-e4da06b5564b req-04ab3bf5-b6ca-4b7f-9d40-3251d8bda249 service neutron] 10.222.0.41 "GET /v2.0/security-groups?id=42e5e61c-8f4f-4194-b70e-a5578a046e57&fields=id&fields=name HTTP/1.1" status: 200 len: 286 time: 0.2599936
Mar 02 18:51:56.803068 dv-cinder-800704-3-iscsi neutron-server[109537]: INFO neutron.wsgi [req-c5c91c84-9567-4aa1-b762-861bd31a3a1b req-aac2c489-5e3a-4beb-8d99-b5866b426c2b tempest-AttachVolumeNegativeTest-1212607388 tempest-AttachVolumeNegativeTest-1212607388-project] 10.222.0.21 "GET /v2.0/security-groups?id=42e5e61c-8f4f-4194-b70e-a5578a046e57&fields=id&fields=name HTTP/1.1" status: 200 len: 286 time: 0.1212888
Mar 02 18:51:56.804068 dv-cinder-800704-3-iscsi neutron-server[109538]: DEBUG neutron.api.rpc.handlers.resources_rpc [None req-04ab3bf5-b6ca-4b7f-9d40-3251d8bda249 service neutron] Pushing event updated for resources: {'SecurityGroup': ['ID=d07b0b76-1559-4e78-ab1e-c268abda89ee,revision_number=1']} {{(pid=109538) push /opt/stack/neutron/neutron/api/rpc/handlers/resources_rpc.py:237}}
Mar 02 18:51:56.849167 dv-cinder-800704-3-iscsi neutron-server[109537]: DEBUG neutron.pecan_wsgi.hooks.policy_enforcement [req-106711af-4c6c-4626-921b-d7f246ec77e0 req-e56b7851-99f6-4dc7-b96b-1f39d928506d tempest-AttachVolumeTestJSON-1499173885 tempest-AttachVolumeTestJSON-1499173885-project] Attributes excluded by policy engine: ['standard_attr_id', 'binding:profile', 'binding:host_id', 'binding:vif_type', 'binding:vif_details'] {{(pid=109537) _exclude_attributes_by_policy /opt/stack/neutron/neutron/pecan_wsgi/hooks/policy_enforcement.py:255}}
Mar 02 18:51:56.865872 dv-cinder-800704-3-iscsi neutron-server[109537]: INFO neutron.wsgi [req-106711af-4c6c-4626-921b-d7f246ec77e0 req-e56b7851-99f6-4dc7-b96b-1f39d928506d tempest-AttachVolumeTestJSON-1499173885 tempest-AttachVolumeTestJSON-1499173885-project] 10.222.0.21 "GET /v2.0/ports?device_id=bf8aba47-2dc1-4642-a03e-ef97e368583b HTTP/1.1" status: 200 len: 944 time: 0.2041705
Mar 02 18:51:56.882715 dv-cinder-800704-3-iscsi neutron-server[109537]: DEBUG neutron.pecan_wsgi.hooks.policy_enforcement [req-873f57ce-742b-4851-ba65-ac4d5ff55112 req-94a5f692-2c3d-4b79-81ff-423fc2e6ff62 service neutron] Attributes excluded by policy engine: ['standard_attr_id'] {{(pid=109537) _exclude_attributes_by_policy /opt/stack/neutron/neutron/pecan_wsgi/hooks/policy_enforcement.py:255}}
Mar 02 18:51:56.884568 dv-cinder-800704-3-iscsi neutron-server[109537]: INFO neutron.wsgi [req-873f57ce-742b-4851-ba65-ac4d5ff55112 req-94a5f692-2c3d-4b79-81ff-423fc2e6ff62 service neutron] 10.222.0.41 "GET /v2.0/ports?tenant_id=aa92365a822646c8ac90621768eba7ef&device_id=bf8aba47-2dc1-4642-a03e-ef97e368583b HTTP/1.1" status: 200 len: 1128 time: 0.1582005
Mar 02 18:51:56.949496 dv-cinder-800704-3-iscsi neutron-server[109537]: INFO neutron.wsgi [req-106711af-4c6c-4626-921b-d7f246ec77e0 req-e192af5b-56e9-44c7-971a-ba22b37ce77a tempest-AttachVolumeTestJSON-1499173885 tempest-AttachVolumeTestJSON-1499173885-project] 10.222.0.21 "GET /v2.0/security-groups?id=fdaff147-89f5-457d-863c-6d234e0957ba&fields=id&fields=name HTTP/1.1" status: 200 len: 313 time: 0.0823784
Mar 02 18:51:56.968724 dv-cinder-800704-3-iscsi neutron-server[109537]: DEBUG neutron.pecan_wsgi.hooks.policy_enforcement [req-7eaef640-d755-479e-8640-471714cc452a req-05696e58-3ab1-4eed-82f5-bc6346bde67e tempest-DeleteServersTestJSON-1548264607 tempest-DeleteServersTestJSON-1548264607-project] Attributes excluded by policy engine: ['standard_attr_id', 'binding:profile', 'binding:host_id', 'binding:vif_type', 'binding:vif_details'] {{(pid=109537) _exclude_attributes_by_policy /opt/stack/neutron/neutron/pecan_wsgi/hooks/policy_enforcement.py:255}}
Mar 02 18:51:56.970239 dv-cinder-800704-3-iscsi neutron-server[109537]: INFO neutron.wsgi [req-7eaef640-d755-479e-8640-471714cc452a req-05696e58-3ab1-4eed-82f5-bc6346bde67e tempest-DeleteServersTestJSON-1548264607 tempest-DeleteServersTestJSON-1548264607-project] 10.222.0.21 "GET /v2.0/ports?device_id=3d6b45dc-0ca9-4012-ab67-5cfae24b1af3 HTTP/1.1" status: 200 len: 946 time: 0.0825515
Mar 02 18:51:57.087722 dv-cinder-800704-3-iscsi neutron-server[109537]: INFO neutron.wsgi [req-7eaef640-d755-479e-8640-471714cc452a req-40e4d1fe-e6ac-40e0-999a-e21832da7e69 tempest-DeleteServersTestJSON-1548264607 tempest-DeleteServersTestJSON-1548264607-project] 10.222.0.21 "GET /v2.0/security-groups?id=d0e08ffd-253a-4c29-a5c9-198a18edc400&fields=id&fields=name HTTP/1.1" status: 200 len: 286 time: 0.1118791
Mar 02 18:51:57.166256 dv-cinder-800704-3-iscsi neutron-server[109537]: DEBUG neutron.pecan_wsgi.hooks.policy_enforcement [req-ffe8c5b7-c858-4173-a5ae-60a6fcbb6fe6 req-e1d70e85-60d4-4ce1-ba84-8739c5f3fb9a tempest-ServerRescueNegativeTestJSON-1756862240 tempest-ServerRescueNegativeTestJSON-1756862240-project] Attributes excluded by policy engine: ['standard_attr_id', 'binding:profile', 'binding:host_id', 'binding:vif_type', 'binding:vif_details'] {{(pid=109537) _exclude_attributes_by_policy /opt/stack/neutron/neutron/pecan_wsgi/hooks/policy_enforcement.py:255}}
Mar 02 18:51:57.167777 dv-cinder-800704-3-iscsi neutron-server[109537]: INFO neutron.wsgi [req-ffe8c5b7-c858-4173-a5ae-60a6fcbb6fe6 req-e1d70e85-60d4-4ce1-ba84-8739c5f3fb9a tempest-ServerRescueNegativeTestJSON-1756862240 tempest-ServerRescueNegativeTestJSON-1756862240-project] 10.222.0.21 "GET /v2.0/ports?device_id=29a63ceb-f5d8-4730-b574-89321720fc88 HTTP/1.1" status: 200 len: 944 time: 0.1521850
Mar 02 18:51:57.221709 dv-cinder-800704-3-iscsi neutron-server[109537]: DEBUG neutron.pecan_wsgi.hooks.policy_enforcement [req-873f57ce-742b-4851-ba65-ac4d5ff55112 req-38fef448-47ef-435a-8975-cdb86535eac8 service neutron] Attributes excluded by policy engine: ['standard_attr_id', 'vlan_transparent'] {{(pid=109537) _exclude_attributes_by_policy /opt/stack/neutron/neutron/pecan_wsgi/hooks/policy_enforcement.py:255}}
Mar 02 18:51:57.223148 dv-cinder-800704-3-iscsi neutron-server[109537]: INFO neutron.wsgi [req-873f57ce-742b-4851-ba65-ac4d5ff55112 req-38fef448-47ef-435a-8975-cdb86535eac8 service neutron] 10.222.0.41 "GET /v2.0/networks?id=1e9bd06e-09ee-4c55-a5a4-bc21d5cd4a4b HTTP/1.1" status: 200 len: 912 time: 0.1624544
Mar 02 18:51:57.296357 dv-cinder-800704-3-iscsi neutron-server[109539]: DEBUG neutron.plugins.ml2.rpc [None req-7c4b6b97-1d7a-4dda-b71c-5779ae2b2c1f None None] Device 098215be-c891-4080-944b-490808b448f3 details requested by agent hyperv_hv-cinder-80070 with host hv-cinder-80070 {{(pid=109539) get_device_details /opt/stack/neutron/neutron/plugins/ml2/rpc.py:102}}
Mar 02 18:51:57.299947 dv-cinder-800704-3-iscsi neutron-server[109537]: INFO neutron.wsgi [req-873f57ce-742b-4851-ba65-ac4d5ff55112 req-5df0b58d-6f8c-4569-958e-1e1ea0110459 service neutron] 10.222.0.41 "GET /v2.0/floatingips?fixed_ip_address=172.20.0.13&port_id=46a5b242-f763-44ac-8b98-edf78a37251a HTTP/1.1" status: 200 len: 217 time: 0.0600021
Mar 02 18:51:57.301556 dv-cinder-800704-3-iscsi neutron-server[109539]: DEBUG neutron.plugins.ml2.rpc [None req-7c4b6b97-1d7a-4dda-b71c-5779ae2b2c1f None None] Device 065f048e-b298-462b-956f-529012e98959 up at agent hyperv_hv-cinder-80070 {{(pid=109539) update_device_up /opt/stack/neutron/neutron/plugins/ml2/rpc.py:296}}
Mar 02 18:51:57.308897 dv-cinder-800704-3-iscsi neutron-server[109537]: INFO neutron.wsgi [req-ffe8c5b7-c858-4173-a5ae-60a6fcbb6fe6 req-974d37d7-5079-4306-a1a1-6c0d93e446e4 tempest-ServerRescueNegativeTestJSON-1756862240 tempest-ServerRescueNegativeTestJSON-1756862240-project] 10.222.0.21 "GET /v2.0/security-groups?id=29515afa-45fd-41d0-bf44-11f8e6f70101&fields=id&fields=name HTTP/1.1" status: 200 len: 286 time: 0.1276705
Mar 02 18:51:57.359234 dv-cinder-800704-3-iscsi neutron-server[109537]: DEBUG neutron.pecan_wsgi.hooks.policy_enforcement [req-813e51ca-791b-425b-b11a-0ff12d438236 req-81192187-8060-423c-b023-d233c4ad307d tempest-AttachVolumeShelveTestJSON-1543724653 tempest-AttachVolumeShelveTestJSON-1543724653-project] Attributes excluded by policy engine: ['standard_attr_id', 'binding:profile', 'binding:host_id', 'binding:vif_type', 'binding:vif_details'] {{(pid=109537) _exclude_attributes_by_policy /opt/stack/neutron/neutron/pecan_wsgi/hooks/policy_enforcement.py:255}}
Mar 02 18:51:57.360825 dv-cinder-800704-3-iscsi neutron-server[109537]: INFO neutron.wsgi [req-813e51ca-791b-425b-b11a-0ff12d438236 req-81192187-8060-423c-b023-d233c4ad307d tempest-AttachVolumeShelveTestJSON-1543724653 tempest-AttachVolumeShelveTestJSON-1543724653-project] 10.222.0.21 "GET /v2.0/ports?device_id=8278ea7c-7b11-4bcb-9841-41c929c3b0a1 HTTP/1.1" status: 200 len: 943 time: 0.1614797
Mar 02 18:51:57.392925 dv-cinder-800704-3-iscsi neutron-server[109537]: DEBUG neutron.pecan_wsgi.hooks.policy_enforcement [req-873f57ce-742b-4851-ba65-ac4d5ff55112 req-2abbc827-3d3e-4492-9040-fdaa2259a9c5 service neutron] Attributes excluded by policy engine: ['standard_attr_id', 'shared'] {{(pid=109537) _exclude_attributes_by_policy /opt/stack/neutron/neutron/pecan_wsgi/hooks/policy_enforcement.py:255}}
Mar 02 18:51:57.394669 dv-cinder-800704-3-iscsi neutron-server[109537]: INFO neutron.wsgi [req-873f57ce-742b-4851-ba65-ac4d5ff55112 req-2abbc827-3d3e-4492-9040-fdaa2259a9c5 service neutron] 10.222.0.41 "GET /v2.0/subnets?id=31536642-fa43-4d06-a0d4-c2150a90323e HTTP/1.1" status: 200 len: 850 time: 0.0848591
Mar 02 18:51:57.416987 dv-cinder-800704-3-iscsi neutron-server[109539]: DEBUG neutron.db.provisioning_blocks [None req-7c4b6b97-1d7a-4dda-b71c-5779ae2b2c1f None None] Provisioning for port 065f048e-b298-462b-956f-529012e98959 completed by entity L2. {{(pid=109539) provisioning_complete /opt/stack/neutron/neutron/db/provisioning_blocks.py:134}}
Mar 02 18:51:57.429813 dv-cinder-800704-3-iscsi neutron-server[109539]: DEBUG neutron.db.provisioning_blocks [None req-7c4b6b97-1d7a-4dda-b71c-5779ae2b2c1f None None] Provisioning complete for port 065f048e-b298-462b-956f-529012e98959 triggered by entity L2. {{(pid=109539) provisioning_complete /opt/stack/neutron/neutron/db/provisioning_blocks.py:140}}
Mar 02 18:51:57.430184 dv-cinder-800704-3-iscsi neutron-server[109539]: DEBUG neutron_lib.callbacks.manager [None req-7c4b6b97-1d7a-4dda-b71c-5779ae2b2c1f None None] Publish callbacks ['neutron.plugins.ml2.plugin.Ml2Plugin._port_provisioned-4179581'] for port (065f048e-b298-462b-956f-529012e98959), provisioning_complete {{(pid=109539) _notify_loop /usr/local/lib/python3.8/dist-packages/neutron_lib/callbacks/manager.py:176}}
Mar 02 18:51:57.455551 dv-cinder-800704-3-iscsi neutron-server[109537]: INFO neutron.wsgi [req-813e51ca-791b-425b-b11a-0ff12d438236 req-006978be-d7d4-4307-95a4-93b2e0e3a953 tempest-AttachVolumeShelveTestJSON-1543724653 tempest-AttachVolumeShelveTestJSON-1543724653-project] 10.222.0.21 "GET /v2.0/security-groups?id=80bc1001-a8f7-40af-a6fa-9efe3ec05106&fields=id&fields=name HTTP/1.1" status: 200 len: 313 time: 0.0854046
Mar 02 18:51:57.470475 dv-cinder-800704-3-iscsi neutron-server[109537]: DEBUG neutron.pecan_wsgi.hooks.policy_enforcement [req-873f57ce-742b-4851-ba65-ac4d5ff55112 req-218721a7-2c36-4e9d-86c4-f9ff2d0c9485 service neutron] Attributes excluded by policy engine: ['standard_attr_id'] {{(pid=109537) _exclude_attributes_by_policy /opt/stack/neutron/neutron/pecan_wsgi/hooks/policy_enforcement.py:255}}
Mar 02 18:51:57.471972 dv-cinder-800704-3-iscsi neutron-server[109537]: INFO neutron.wsgi [req-873f57ce-742b-4851-ba65-ac4d5ff55112 req-218721a7-2c36-4e9d-86c4-f9ff2d0c9485 service neutron] 10.222.0.41 "GET /v2.0/ports?network_id=1e9bd06e-09ee-4c55-a5a4-bc21d5cd4a4b&device_owner=network%3Adhcp HTTP/1.1" status: 200 len: 1212 time: 0.0687385
Mar 02 18:51:57.477933 dv-cinder-800704-3-iscsi neutron-server[109539]: DEBUG neutron.plugins.ml2.db [None req-7c4b6b97-1d7a-4dda-b71c-5779ae2b2c1f None None] For port 098215be-c891-4080-944b-490808b448f3, host hv-cinder-80070, got binding levels [PortBindingLevel(driver='hyperv',host='hv-cinder-80070',level=0,port_id=098215be-c891-4080-944b-490808b448f3,segment=NetworkSegment(0611b81f-c13a-4e18-be10-49108f7d7cdc),segment_id=0611b81f-c13a-4e18-be10-49108f7d7cdc)] {{(pid=109539) get_binding_level_objs /opt/stack/neutron/neutron/plugins/ml2/db.py:74}}
Mar 02 18:51:57.492694 dv-cinder-800704-3-iscsi neutron-server[109539]: DEBUG neutron.plugins.ml2.rpc [None req-7c4b6b97-1d7a-4dda-b71c-5779ae2b2c1f None None] Returning: {'device': '098215be-c891-4080-944b-490808b448f3', 'network_id': '4f6a2f40-b01d-44bc-880f-149b7df47fe3', 'port_id': '098215be-c891-4080-944b-490808b448f3', 'mac_address': 'fa:16:3e:e1:97:16', 'admin_state_up': True, 'network_type': 'vlan', 'segmentation_id': 356, 'physical_network': 'physnet1', 'mtu': 1500, 'fixed_ips': [{'subnet_id': '993b6a24-c3a5-459a-a102-b5f2911174bf', 'ip_address': '172.20.0.7'}], 'device_owner': 'compute:nova', 'allowed_address_pairs': [], 'port_security_enabled': True, 'qos_policy_id': None, 'network_qos_policy_id': None, 'profile': {}, 'propagate_uplink_status': False} {{(pid=109539) _get_device_details /opt/stack/neutron/neutron/plugins/ml2/rpc.py:184}}
Mar 02 18:51:57.563290 dv-cinder-800704-3-iscsi neutron-server[109539]: DEBUG neutron.plugins.ml2.plugin [None req-7c4b6b97-1d7a-4dda-b71c-5779ae2b2c1f None None] Current status of the port 098215be-c891-4080-944b-490808b448f3 is: DOWN; New status is: BUILD {{(pid=109539) _update_individual_port_db_status /opt/stack/neutron/neutron/plugins/ml2/plugin.py:2232}}
Mar 02 18:51:57.563674 dv-cinder-800704-3-iscsi neutron-server[109539]: DEBUG neutron_lib.callbacks.manager [None req-7c4b6b97-1d7a-4dda-b71c-5779ae2b2c1f None None] Publish callbacks ['neutron.plugins.ml2.plugin.SecurityGroupDbMixin._ensure_default_security_group_handler-4167030'] for port (098215be-c891-4080-944b-490808b448f3), before_update {{(pid=109539) _notify_loop /usr/local/lib/python3.8/dist-packages/neutron_lib/callbacks/manager.py:176}}
Mar 02 18:51:57.565052 dv-cinder-800704-3-iscsi neutron-server[109537]: INFO neutron.wsgi [req-873f57ce-742b-4851-ba65-ac4d5ff55112 req-13942813-198d-4854-afe3-587625dad810 service neutron] 10.222.0.41 "GET /v2.0/networks/1e9bd06e-09ee-4c55-a5a4-bc21d5cd4a4b?fields=segments HTTP/1.1" status: 200 len: 212 time: 0.0858142
Mar 02 18:51:57.567985 dv-cinder-800704-3-iscsi neutron-server[109539]: DEBUG neutron.plugins.ml2.plugin [None req-7c4b6b97-1d7a-4dda-b71c-5779ae2b2c1f None None] Current status of the port 065f048e-b298-462b-956f-529012e98959 is: BUILD; New status is: ACTIVE {{(pid=109539) _update_individual_port_db_status /opt/stack/neutron/neutron/plugins/ml2/plugin.py:2232}}
Mar 02 18:51:57.568391 dv-cinder-800704-3-iscsi neutron-server[109539]: DEBUG neutron_lib.callbacks.manager [None req-7c4b6b97-1d7a-4dda-b71c-5779ae2b2c1f None None] Publish callbacks ['neutron.plugins.ml2.plugin.SecurityGroupDbMixin._ensure_default_security_group_handler-4167030'] for port (065f048e-b298-462b-956f-529012e98959), before_update {{(pid=109539) _notify_loop /usr/local/lib/python3.8/dist-packages/neutron_lib/callbacks/manager.py:176}}
Mar 02 18:51:57.586918 dv-cinder-800704-3-iscsi neutron-server[109539]: DEBUG neutron.notifiers.nova [None req-7c4b6b97-1d7a-4dda-b71c-5779ae2b2c1f None None] Ignoring state change previous_port_status: DOWN current_port_status: BUILD port_id 098215be-c891-4080-944b-490808b448f3 {{(pid=109539) record_port_status_changed /opt/stack/neutron/neutron/notifiers/nova.py:233}}
Mar 02 18:51:57.619373 dv-cinder-800704-3-iscsi neutron-server[109539]: DEBUG neutron.plugins.ml2.db [None req-7c4b6b97-1d7a-4dda-b71c-5779ae2b2c1f None None] For port 098215be-c891-4080-944b-490808b448f3, host hv-cinder-80070, got binding levels [PortBindingLevel(driver='hyperv',host='hv-cinder-80070',level=0,port_id=098215be-c891-4080-944b-490808b448f3,segment=NetworkSegment(0611b81f-c13a-4e18-be10-49108f7d7cdc),segment_id=0611b81f-c13a-4e18-be10-49108f7d7cdc)] {{(pid=109539) get_binding_level_objs /opt/stack/neutron/neutron/plugins/ml2/db.py:74}}
Mar 02 18:51:57.626568 dv-cinder-800704-3-iscsi neutron-server[109539]: DEBUG neutron_lib.callbacks.manager [None req-7c4b6b97-1d7a-4dda-b71c-5779ae2b2c1f None None] Publish callbacks ['neutron.plugins.ml2.plugin.SecurityGroupServerNotifierRpcMixin._notify_sg_on_port_change-4167093', 'neutron.plugins.ml2.ovo_rpc._ObjectChangeHandler.handle_event-27780', 'neutron.api.rpc.agentnotifiers.dhcp_rpc_agent_api.DhcpAgentNotifyAPI._native_event_send_dhcp_notification-535547', 'neutron.db.l3_db.L3RpcNotifierMixin._notify_gateway_port_ip_changed-8759965068014', 'neutron.db.l3_dvrscheduler_db._notify_l3_agent_port_update-8759964528375', 'neutron.db.l3_hascheduler_db._notify_l3_agent_ha_port_update-8759964529421'] for port (098215be-c891-4080-944b-490808b448f3), after_update {{(pid=109539) _notify_loop /usr/local/lib/python3.8/dist-packages/neutron_lib/callbacks/manager.py:176}}
Mar 02 18:51:57.629264 dv-cinder-800704-3-iscsi neutron-server[109539]: DEBUG neutron.plugins.ml2.db [None req-7c4b6b97-1d7a-4dda-b71c-5779ae2b2c1f None None] For port 065f048e-b298-462b-956f-529012e98959, host hv-cinder-80070, got binding levels [PortBindingLevel(driver='hyperv',host='hv-cinder-80070',level=0,port_id=065f048e-b298-462b-956f-529012e98959,segment=NetworkSegment(b8c046f7-3f4b-4e91-8070-42ea6c7d67de),segment_id=b8c046f7-3f4b-4e91-8070-42ea6c7d67de)] {{(pid=109539) get_binding_level_objs /opt/stack/neutron/neutron/plugins/ml2/db.py:74}}
Mar 02 18:51:57.633605 dv-cinder-800704-3-iscsi neutron-server[109539]: DEBUG neutron_lib.callbacks.manager [None req-7c4b6b97-1d7a-4dda-b71c-5779ae2b2c1f None None] Publish callbacks ['neutron.plugins.ml2.plugin.SecurityGroupServerNotifierRpcMixin._notify_sg_on_port_change-4167093', 'neutron.plugins.ml2.ovo_rpc._ObjectChangeHandler.handle_event-27780', 'neutron.api.rpc.agentnotifiers.dhcp_rpc_agent_api.DhcpAgentNotifyAPI._native_event_send_dhcp_notification-535547', 'neutron.db.l3_db.L3RpcNotifierMixin._notify_gateway_port_ip_changed-8759965068014', 'neutron.db.l3_dvrscheduler_db._notify_l3_agent_port_update-8759964528375', 'neutron.db.l3_hascheduler_db._notify_l3_agent_ha_port_update-8759964529421'] for port (065f048e-b298-462b-956f-529012e98959), after_update {{(pid=109539) _notify_loop /usr/local/lib/python3.8/dist-packages/neutron_lib/callbacks/manager.py:176}}
Mar 02 18:51:57.660779 dv-cinder-800704-3-iscsi neutron-server[109537]: INFO neutron.wsgi [req-873f57ce-742b-4851-ba65-ac4d5ff55112 req-d526905b-0a7b-4300-928d-fb4fb8245dca service neutron] 10.222.0.41 "GET /v2.0/networks/1e9bd06e-09ee-4c55-a5a4-bc21d5cd4a4b?fields=provider%3Aphysical_network&fields=provider%3Anetwork_type HTTP/1.1" status: 200 len: 281 time: 0.0899668
Mar 02 18:51:57.678302 dv-cinder-800704-3-iscsi neutron-server[109539]: DEBUG neutron.api.rpc.handlers.resources_rpc [None req-7c4b6b97-1d7a-4dda-b71c-5779ae2b2c1f None None] Pushing event updated for resources: {'Port': ['ID=098215be-c891-4080-944b-490808b448f3,revision_number=4']} {{(pid=109539) push /opt/stack/neutron/neutron/api/rpc/handlers/resources_rpc.py:237}}
Mar 02 18:51:57.729022 dv-cinder-800704-3-iscsi neutron-server[109539]: DEBUG neutron.api.rpc.handlers.resources_rpc [None req-7c4b6b97-1d7a-4dda-b71c-5779ae2b2c1f None None] Pushing event updated for resources: {'Port': ['ID=065f048e-b298-462b-956f-529012e98959,revision_number=5']} {{(pid=109539) push /opt/stack/neutron/neutron/api/rpc/handlers/resources_rpc.py:237}}
Mar 02 18:51:57.928742 dv-cinder-800704-3-iscsi neutron-server[109537]: DEBUG neutron.pecan_wsgi.hooks.policy_enforcement [req-07fdb036-a990-4f5b-a34e-bcf2d72135db req-b3d27fc5-3113-462a-ac3a-5fb830a25c18 tempest-AttachVolumeNegativeTest-1212607388 tempest-AttachVolumeNegativeTest-1212607388-project] Attributes excluded by policy engine: ['standard_attr_id', 'binding:profile', 'binding:host_id', 'binding:vif_type', 'binding:vif_details'] {{(pid=109537) _exclude_attributes_by_policy /opt/stack/neutron/neutron/pecan_wsgi/hooks/policy_enforcement.py:255}}
Mar 02 18:51:57.930422 dv-cinder-800704-3-iscsi neutron-server[109537]: INFO neutron.wsgi [req-07fdb036-a990-4f5b-a34e-bcf2d72135db req-b3d27fc5-3113-462a-ac3a-5fb830a25c18 tempest-AttachVolumeNegativeTest-1212607388 tempest-AttachVolumeNegativeTest-1212607388-project] 10.222.0.21 "GET /v2.0/ports?device_id=569b7106-e858-4cdc-8665-d12c7e4d64e4 HTTP/1.1" status: 200 len: 945 time: 0.0627654
Mar 02 18:51:57.997905 dv-cinder-800704-3-iscsi neutron-server[109537]: INFO neutron.wsgi [req-07fdb036-a990-4f5b-a34e-bcf2d72135db req-54356d54-b74e-4c26-914b-f2236b6d7b3e tempest-AttachVolumeNegativeTest-1212607388 tempest-AttachVolumeNegativeTest-1212607388-project] 10.222.0.21 "GET /v2.0/security-groups?id=42e5e61c-8f4f-4194-b70e-a5578a046e57&fields=id&fields=name HTTP/1.1" status: 200 len: 286 time: 0.0608656
Mar 02 18:51:58.089267 dv-cinder-800704-3-iscsi neutron-server[109537]: DEBUG neutron.pecan_wsgi.hooks.policy_enforcement [req-9ce48604-4376-4057-80ca-ed283310e87b req-083a90ce-f4fc-49ec-adea-0252b6f9d1f5 tempest-AttachVolumeTestJSON-1499173885 tempest-AttachVolumeTestJSON-1499173885-project] Attributes excluded by policy engine: ['standard_attr_id', 'binding:profile', 'binding:host_id', 'binding:vif_type', 'binding:vif_details'] {{(pid=109537) _exclude_attributes_by_policy /opt/stack/neutron/neutron/pecan_wsgi/hooks/policy_enforcement.py:255}}
Mar 02 18:51:58.090813 dv-cinder-800704-3-iscsi neutron-server[109537]: INFO neutron.wsgi [req-9ce48604-4376-4057-80ca-ed283310e87b req-083a90ce-f4fc-49ec-adea-0252b6f9d1f5 tempest-AttachVolumeTestJSON-1499173885 tempest-AttachVolumeTestJSON-1499173885-project] 10.222.0.21 "GET /v2.0/ports?device_id=bf8aba47-2dc1-4642-a03e-ef97e368583b HTTP/1.1" status: 200 len: 944 time: 0.0539305
Mar 02 18:51:58.145279 dv-cinder-800704-3-iscsi neutron-server[109539]: DEBUG neutron.plugins.ml2.db [None req-7c4b6b97-1d7a-4dda-b71c-5779ae2b2c1f None None] get_ports_and_sgs() called for port_ids ['098215be-c891-4080-944b-490808b448f3'] {{(pid=109539) get_ports_and_sgs /opt/stack/neutron/neutron/plugins/ml2/db.py:156}}
Mar 02 18:51:58.148431 dv-cinder-800704-3-iscsi neutron-server[109537]: INFO neutron.wsgi [req-9ce48604-4376-4057-80ca-ed283310e87b req-0a77c008-bdbe-4425-8d62-e5ca580b1356 tempest-AttachVolumeTestJSON-1499173885 tempest-AttachVolumeTestJSON-1499173885-project] 10.222.0.21 "GET /v2.0/security-groups?id=fdaff147-89f5-457d-863c-6d234e0957ba&fields=id&fields=name HTTP/1.1" status: 200 len: 313 time: 0.0511346
Mar 02 18:51:58.210003 dv-cinder-800704-3-iscsi neutron-server[109539]: DEBUG neutron.notifiers.nova [-] Sending events: [{'server_uuid': '3d6b45dc-0ca9-4012-ab67-5cfae24b1af3', 'name': 'network-vif-plugged', 'status': 'completed', 'tag': 'c21d98ee-d698-42da-96d8-a97241259308'}, {'server_uuid': 'd879674e-0826-4d80-9a0a-2c36209f1a75', 'name': 'network-vif-plugged', 'status': 'completed', 'tag': '065f048e-b298-462b-956f-529012e98959'}] {{(pid=109539) send_events /opt/stack/neutron/neutron/notifiers/nova.py:271}}
Mar 02 18:51:58.213085 dv-cinder-800704-3-iscsi neutron-server[109539]: DEBUG novaclient.v2.client [-] REQ: curl -g -i --cacert "/opt/stack/data/ca-bundle.pem" -X POST http://10.222.0.21/compute/v2.1/os-server-external-events -H "Accept: application/json" -H "Content-Type: application/json" -H "User-Agent: python-novaclient" -H "X-Auth-Token: {SHA256}e5e140eca307ee93ea8829bd6ebdd2e2a459d15d0e2dcb46370ecb65c8a23cfa" -H "X-OpenStack-Nova-API-Version: 2.1" -H "X-OpenStack-Request-ID: req-115846fc-790d-4b9b-92c3-1d0acbfad596" -d '{"events": [{"server_uuid": "3d6b45dc-0ca9-4012-ab67-5cfae24b1af3", "name": "network-vif-plugged", "status": "completed", "tag": "c21d98ee-d698-42da-96d8-a97241259308"}, {"server_uuid": "d879674e-0826-4d80-9a0a-2c36209f1a75", "name": "network-vif-plugged", "status": "completed", "tag": "065f048e-b298-462b-956f-529012e98959"}]}' {{(pid=109539) _http_log_request /usr/local/lib/python3.8/dist-packages/keystoneauth1/session.py:519}}
Mar 02 18:51:58.236569 dv-cinder-800704-3-iscsi neutron-server[109537]: DEBUG neutron.pecan_wsgi.hooks.policy_enforcement [req-e270ea40-22ee-4086-929f-5e94794f1171 req-0b7a3f9a-7b37-4965-b3bc-1d24abc61b9c tempest-DeleteServersTestJSON-1548264607 tempest-DeleteServersTestJSON-1548264607-project] Attributes excluded by policy engine: ['standard_attr_id', 'binding:profile', 'binding:host_id', 'binding:vif_type', 'binding:vif_details'] {{(pid=109537) _exclude_attributes_by_policy /opt/stack/neutron/neutron/pecan_wsgi/hooks/policy_enforcement.py:255}}
Mar 02 18:51:58.238339 dv-cinder-800704-3-iscsi neutron-server[109537]: INFO neutron.wsgi [req-e270ea40-22ee-4086-929f-5e94794f1171 req-0b7a3f9a-7b37-4965-b3bc-1d24abc61b9c tempest-DeleteServersTestJSON-1548264607 tempest-DeleteServersTestJSON-1548264607-project] 10.222.0.21 "GET /v2.0/ports?device_id=3d6b45dc-0ca9-4012-ab67-5cfae24b1af3 HTTP/1.1" status: 200 len: 946 time: 0.0590801
Mar 02 18:51:58.273667 dv-cinder-800704-3-iscsi neutron-server[109539]: DEBUG novaclient.v2.client [-] RESP: [200] Connection: close Content-Length: 354 Content-Type: application/json Date: Wed, 02 Mar 2022 18:51:58 GMT OpenStack-API-Version: compute 2.1 Server: Apache/2.4.41 (Ubuntu) Vary: OpenStack-API-Version,X-OpenStack-Nova-API-Version X-OpenStack-Nova-API-Version: 2.1 x-compute-request-id: req-c5322574-b6a4-438d-80c9-f391aa7dcea3 x-openstack-request-id: req-c5322574-b6a4-438d-80c9-f391aa7dcea3 {{(pid=109539) _http_log_response /usr/local/lib/python3.8/dist-packages/keystoneauth1/session.py:550}}
Mar 02 18:51:58.274094 dv-cinder-800704-3-iscsi neutron-server[109539]: DEBUG novaclient.v2.client [-] RESP BODY: {"events": [{"server_uuid": "3d6b45dc-0ca9-4012-ab67-5cfae24b1af3", "name": "network-vif-plugged", "status": "completed", "tag": "c21d98ee-d698-42da-96d8-a97241259308", "code": 200}, {"server_uuid": "d879674e-0826-4d80-9a0a-2c36209f1a75", "name": "network-vif-plugged", "status": "completed", "tag": "065f048e-b298-462b-956f-529012e98959", "code": 200}]} {{(pid=109539) _http_log_response /usr/local/lib/python3.8/dist-packages/keystoneauth1/session.py:582}}
Mar 02 18:51:58.274444 dv-cinder-800704-3-iscsi neutron-server[109539]: DEBUG novaclient.v2.client [-] POST call to compute for http://10.222.0.21/compute/v2.1/os-server-external-events used request id req-c5322574-b6a4-438d-80c9-f391aa7dcea3 {{(pid=109539) request /usr/local/lib/python3.8/dist-packages/keystoneauth1/session.py:954}}
Mar 02 18:51:58.274954 dv-cinder-800704-3-iscsi neutron-server[109539]: INFO neutron.notifiers.nova [-] Nova event response: {'server_uuid': '3d6b45dc-0ca9-4012-ab67-5cfae24b1af3', 'name': 'network-vif-plugged', 'status': 'completed', 'tag': 'c21d98ee-d698-42da-96d8-a97241259308', 'code': 200}
Mar 02 18:51:58.275313 dv-cinder-800704-3-iscsi neutron-server[109539]: INFO neutron.notifiers.nova [-] Nova event response: {'server_uuid': 'd879674e-0826-4d80-9a0a-2c36209f1a75', 'name': 'network-vif-plugged', 'status': 'completed', 'tag': '065f048e-b298-462b-956f-529012e98959', 'code': 200}
Mar 02 18:51:58.301445 dv-cinder-800704-3-iscsi neutron-server[109537]: INFO neutron.wsgi [req-e270ea40-22ee-4086-929f-5e94794f1171 req-a9916399-f134-4cb7-8085-8d18b32cdc11 tempest-DeleteServersTestJSON-1548264607 tempest-DeleteServersTestJSON-1548264607-project] 10.222.0.21 "GET /v2.0/security-groups?id=d0e08ffd-253a-4c29-a5c9-198a18edc400&fields=id&fields=name HTTP/1.1" status: 200 len: 286 time: 0.0565534
Mar 02 18:51:58.482133 dv-cinder-800704-3-iscsi neutron-server[109537]: DEBUG neutron.pecan_wsgi.hooks.policy_enforcement [req-a6564318-3065-45e8-9964-3eabe8acae06 req-a3127e59-e85a-4e81-b49e-c85636828be1 tempest-ServerRescueNegativeTestJSON-1756862240 tempest-ServerRescueNegativeTestJSON-1756862240-project] Attributes excluded by policy engine: ['standard_attr_id', 'binding:profile', 'binding:host_id', 'binding:vif_type', 'binding:vif_details'] {{(pid=109537) _exclude_attributes_by_policy /opt/stack/neutron/neutron/pecan_wsgi/hooks/policy_enforcement.py:255}}
Mar 02 18:51:58.483833 dv-cinder-800704-3-iscsi neutron-server[109537]: INFO neutron.wsgi [req-a6564318-3065-45e8-9964-3eabe8acae06 req-a3127e59-e85a-4e81-b49e-c85636828be1 tempest-ServerRescueNegativeTestJSON-1756862240 tempest-ServerRescueNegativeTestJSON-1756862240-project] 10.222.0.21 "GET /v2.0/ports?device_id=29a63ceb-f5d8-4730-b574-89321720fc88 HTTP/1.1" status: 200 len: 944 time: 0.0800619
Mar 02 18:51:58.564593 dv-cinder-800704-3-iscsi neutron-server[109537]: INFO neutron.wsgi [req-a6564318-3065-45e8-9964-3eabe8acae06 req-af15bf50-7b6b-443c-afd7-09d0e229c567 tempest-ServerRescueNegativeTestJSON-1756862240 tempest-ServerRescueNegativeTestJSON-1756862240-project] 10.222.0.21 "GET /v2.0/security-groups?id=29515afa-45fd-41d0-bf44-11f8e6f70101&fields=id&fields=name HTTP/1.1" status: 200 len: 286 time: 0.0679283
Mar 02 18:51:58.621110 dv-cinder-800704-3-iscsi neutron-server[109537]: DEBUG neutron.pecan_wsgi.hooks.policy_enforcement [req-6028bbbd-2f94-476d-8831-fab648aecf2a req-66812df2-3b04-4a01-a401-881ab6e4c175 tempest-AttachVolumeShelveTestJSON-1543724653 tempest-AttachVolumeShelveTestJSON-1543724653-project] Attributes excluded by policy engine: ['standard_attr_id', 'binding:profile', 'binding:host_id', 'binding:vif_type', 'binding:vif_details'] {{(pid=109537) _exclude_attributes_by_policy /opt/stack/neutron/neutron/pecan_wsgi/hooks/policy_enforcement.py:255}}
Mar 02 18:51:58.622651 dv-cinder-800704-3-iscsi neutron-server[109537]: INFO neutron.wsgi [req-6028bbbd-2f94-476d-8831-fab648aecf2a req-66812df2-3b04-4a01-a401-881ab6e4c175 tempest-AttachVolumeShelveTestJSON-1543724653 tempest-AttachVolumeShelveTestJSON-1543724653-project] 10.222.0.21 "GET /v2.0/ports?device_id=8278ea7c-7b11-4bcb-9841-41c929c3b0a1 HTTP/1.1" status: 200 len: 944 time: 0.0745528
Mar 02 18:51:58.677203 dv-cinder-800704-3-iscsi neutron-server[109537]: INFO neutron.wsgi [req-6028bbbd-2f94-476d-8831-fab648aecf2a req-2a7915e3-6b5f-4440-82ff-47f4f2c437bd tempest-AttachVolumeShelveTestJSON-1543724653 tempest-AttachVolumeShelveTestJSON-1543724653-project] 10.222.0.21 "GET /v2.0/security-groups?id=80bc1001-a8f7-40af-a6fa-9efe3ec05106&fields=id&fields=name HTTP/1.1" status: 200 len: 313 time: 0.0490565
Mar 02 18:51:58.753524 dv-cinder-800704-3-iscsi neutron-server[109537]: DEBUG neutron.wsgi [-] (109537) accepted ('10.222.0.21', 52964) {{(pid=109537) server /usr/local/lib/python3.8/dist-packages/eventlet/wsgi.py:1004}}
Mar 02 18:51:58.874379 dv-cinder-800704-3-iscsi neutron-server[109537]: DEBUG neutron_lib.callbacks.manager [None req-2d023a0f-d3ba-455a-b61c-730ca3d57f01 admin admin] Publish callbacks [] for security_group (None), before_create {{(pid=109537) _notify_loop /usr/local/lib/python3.8/dist-packages/neutron_lib/callbacks/manager.py:176}}
Mar 02 18:51:58.957936 dv-cinder-800704-3-iscsi neutron-server[109537]: DEBUG neutron_lib.callbacks.manager [None req-2d023a0f-d3ba-455a-b61c-730ca3d57f01 admin admin] Publish callbacks [] for security_group (3aba695e-d8c9-4818-8342-685698d46288), precommit_create {{(pid=109537) _notify_loop /usr/local/lib/python3.8/dist-packages/neutron_lib/callbacks/manager.py:176}}
Mar 02 18:51:58.962671 dv-cinder-800704-3-iscsi neutron-server[109537]: DEBUG neutron_lib.callbacks.manager [None req-2d023a0f-d3ba-455a-b61c-730ca3d57f01 admin admin] Publish callbacks ['neutron.plugins.ml2.ovo_rpc._ObjectChangeHandler.handle_event-637629'] for security_group (3aba695e-d8c9-4818-8342-685698d46288), after_create {{(pid=109537) _notify_loop /usr/local/lib/python3.8/dist-packages/neutron_lib/callbacks/manager.py:176}}
Mar 02 18:51:59.002191 dv-cinder-800704-3-iscsi neutron-server[109537]: INFO neutron.wsgi [None req-2d023a0f-d3ba-455a-b61c-730ca3d57f01 admin admin] 10.222.0.21 "GET /v2.0/security-groups?tenant_id=83fa15c146b04a1ab35ca7e9222c38de&name=default HTTP/1.1" status: 200 len: 2996 time: 0.2474306
Mar 02 18:51:59.002900 dv-cinder-800704-3-iscsi neutron-server[109537]: DEBUG neutron.api.rpc.handlers.resources_rpc [None req-2d023a0f-d3ba-455a-b61c-730ca3d57f01 admin admin] Pushing event updated for resources: {'SecurityGroup': ['ID=3aba695e-d8c9-4818-8342-685698d46288,revision_number=1']} {{(pid=109537) push /opt/stack/neutron/neutron/api/rpc/handlers/resources_rpc.py:237}}
Mar 02 18:51:59.004726 dv-cinder-800704-3-iscsi neutron-server[109538]: DEBUG neutron.wsgi [-] (109538) accepted ('10.222.0.21', 52972) {{(pid=109538) server /usr/local/lib/python3.8/dist-packages/eventlet/wsgi.py:1004}}
Mar 02 18:51:59.054546 dv-cinder-800704-3-iscsi neutron-server[109538]: DEBUG neutron_lib.callbacks.manager [None req-66bf124d-2563-4e61-8737-31939d33f0cd admin admin] Publish callbacks [] for security_group (3aba695e-d8c9-4818-8342-685698d46288), before_delete {{(pid=109538) _notify_loop /usr/local/lib/python3.8/dist-packages/neutron_lib/callbacks/manager.py:176}}
Mar 02 18:51:59.079665 dv-cinder-800704-3-iscsi neutron-server[109538]: DEBUG neutron_lib.callbacks.manager [None req-66bf124d-2563-4e61-8737-31939d33f0cd admin admin] Publish callbacks [] for security_group (3aba695e-d8c9-4818-8342-685698d46288), precommit_delete {{(pid=109538) _notify_loop /usr/local/lib/python3.8/dist-packages/neutron_lib/callbacks/manager.py:176}}
Mar 02 18:51:59.119119 dv-cinder-800704-3-iscsi neutron-server[109537]: DEBUG neutron.pecan_wsgi.hooks.policy_enforcement [req-fd653862-f5dc-42bb-b8ba-fd99bbf97f3c req-84745760-b295-4e03-b9e5-22bd328b84dc tempest-AttachVolumeNegativeTest-1212607388 tempest-AttachVolumeNegativeTest-1212607388-project] Attributes excluded by policy engine: ['standard_attr_id', 'binding:profile', 'binding:host_id', 'binding:vif_type', 'binding:vif_details'] {{(pid=109537) _exclude_attributes_by_policy /opt/stack/neutron/neutron/pecan_wsgi/hooks/policy_enforcement.py:255}}
Mar 02 18:51:59.120774 dv-cinder-800704-3-iscsi neutron-server[109537]: INFO neutron.wsgi [req-fd653862-f5dc-42bb-b8ba-fd99bbf97f3c req-84745760-b295-4e03-b9e5-22bd328b84dc tempest-AttachVolumeNegativeTest-1212607388 tempest-AttachVolumeNegativeTest-1212607388-project] 10.222.0.21 "GET /v2.0/ports?device_id=569b7106-e858-4cdc-8665-d12c7e4d64e4 HTTP/1.1" status: 200 len: 945 time: 0.0531399
Mar 02 18:51:59.171799 dv-cinder-800704-3-iscsi neutron-server[109537]: INFO neutron.wsgi [req-fd653862-f5dc-42bb-b8ba-fd99bbf97f3c req-08e680cd-6205-477e-8d8d-2b317df06b62 tempest-AttachVolumeNegativeTest-1212607388 tempest-AttachVolumeNegativeTest-1212607388-project] 10.222.0.21 "GET /v2.0/security-groups?id=42e5e61c-8f4f-4194-b70e-a5578a046e57&fields=id&fields=name HTTP/1.1" status: 200 len: 286 time: 0.0447156
Mar 02 18:51:59.272920 dv-cinder-800704-3-iscsi neutron-server[109537]: DEBUG neutron.pecan_wsgi.hooks.policy_enforcement [req-9c04a7d1-56f4-4c6d-844b-75ff8f869abf req-7dd24ad6-943d-47e7-b1d4-8e87637bdf78 tempest-AttachVolumeTestJSON-1499173885 tempest-AttachVolumeTestJSON-1499173885-project] Attributes excluded by policy engine: ['standard_attr_id', 'binding:profile', 'binding:host_id', 'binding:vif_type', 'binding:vif_details'] {{(pid=109537) _exclude_attributes_by_policy /opt/stack/neutron/neutron/pecan_wsgi/hooks/policy_enforcement.py:255}}
Mar 02 18:51:59.274472 dv-cinder-800704-3-iscsi neutron-server[109537]: INFO neutron.wsgi [req-9c04a7d1-56f4-4c6d-844b-75ff8f869abf req-7dd24ad6-943d-47e7-b1d4-8e87637bdf78 tempest-AttachVolumeTestJSON-1499173885 tempest-AttachVolumeTestJSON-1499173885-project] 10.222.0.21 "GET /v2.0/ports?device_id=bf8aba47-2dc1-4642-a03e-ef97e368583b HTTP/1.1" status: 200 len: 944 time: 0.0591025
Mar 02 18:51:59.302799 dv-cinder-800704-3-iscsi neutron-server[109538]: DEBUG neutron_lib.callbacks.manager [None req-66bf124d-2563-4e61-8737-31939d33f0cd admin admin] Publish callbacks ['neutron.plugins.ml2.ovo_rpc._ObjectChangeHandler.handle_event-637629'] for security_group (3aba695e-d8c9-4818-8342-685698d46288), after_delete {{(pid=109538) _notify_loop /usr/local/lib/python3.8/dist-packages/neutron_lib/callbacks/manager.py:176}}
Mar 02 18:51:59.305299 dv-cinder-800704-3-iscsi neutron-server[109538]: DEBUG neutron_lib.callbacks.manager [None req-66bf124d-2563-4e61-8737-31939d33f0cd admin admin] Publish callbacks [] for security_group (None), before_response {{(pid=109538) _notify_loop /usr/local/lib/python3.8/dist-packages/neutron_lib/callbacks/manager.py:176}}
Mar 02 18:51:59.306620 dv-cinder-800704-3-iscsi neutron-server[109538]: INFO neutron.wsgi [None req-66bf124d-2563-4e61-8737-31939d33f0cd admin admin] 10.222.0.21 "DELETE /v2.0/security-groups/3aba695e-d8c9-4818-8342-685698d46288 HTTP/1.1" status: 204 len: 168 time: 0.2993453
Mar 02 18:51:59.320285 dv-cinder-800704-3-iscsi neutron-server[109538]: DEBUG neutron.api.rpc.handlers.resources_rpc [None req-66bf124d-2563-4e61-8737-31939d33f0cd admin admin] Pushing event deleted for resources: {'SecurityGroup': ['ID=3aba695e-d8c9-4818-8342-685698d46288,revision_number=None']} {{(pid=109538) push /opt/stack/neutron/neutron/api/rpc/handlers/resources_rpc.py:237}}
Mar 02 18:51:59.331332 dv-cinder-800704-3-iscsi neutron-server[109537]: INFO neutron.wsgi [req-9c04a7d1-56f4-4c6d-844b-75ff8f869abf req-1bc16f03-ed30-4d01-939a-354dea7dafba tempest-AttachVolumeTestJSON-1499173885 tempest-AttachVolumeTestJSON-1499173885-project] 10.222.0.21 "GET /v2.0/security-groups?id=fdaff147-89f5-457d-863c-6d234e0957ba&fields=id&fields=name HTTP/1.1" status: 200 len: 313 time: 0.0511537
Mar 02 18:51:59.442225 dv-cinder-800704-3-iscsi neutron-server[109537]: DEBUG neutron.pecan_wsgi.hooks.policy_enforcement [req-6d70bece-8851-4910-8803-e23961ca6d11 req-b73041c3-8ff7-4bca-a7d0-fe85925c1cbd tempest-DeleteServersTestJSON-1548264607 tempest-DeleteServersTestJSON-1548264607-project] Attributes excluded by policy engine: ['standard_attr_id', 'binding:profile', 'binding:host_id', 'binding:vif_type', 'binding:vif_details'] {{(pid=109537) _exclude_attributes_by_policy /opt/stack/neutron/neutron/pecan_wsgi/hooks/policy_enforcement.py:255}}
Mar 02 18:51:59.444259 dv-cinder-800704-3-iscsi neutron-server[109537]: INFO neutron.wsgi [req-6d70bece-8851-4910-8803-e23961ca6d11 req-b73041c3-8ff7-4bca-a7d0-fe85925c1cbd tempest-DeleteServersTestJSON-1548264607 tempest-DeleteServersTestJSON-1548264607-project] 10.222.0.21 "GET /v2.0/ports?device_id=3d6b45dc-0ca9-4012-ab67-5cfae24b1af3 HTTP/1.1" status: 200 len: 946 time: 0.0547559
Mar 02 18:51:59.491379 dv-cinder-800704-3-iscsi neutron-server[109537]: INFO neutron.wsgi [req-6d70bece-8851-4910-8803-e23961ca6d11 req-9214d0e1-74ff-4f65-a33c-2e0c5906a6b1 tempest-DeleteServersTestJSON-1548264607 tempest-DeleteServersTestJSON-1548264607-project] 10.222.0.21 "GET /v2.0/security-groups?id=d0e08ffd-253a-4c29-a5c9-198a18edc400&fields=id&fields=name HTTP/1.1" status: 200 len: 286 time: 0.0415251
Mar 02 18:51:59.585279 dv-cinder-800704-3-iscsi neutron-server[109538]: DEBUG neutron.wsgi [-] (109538) accepted ('10.222.0.21', 52986) {{(pid=109538) server /usr/local/lib/python3.8/dist-packages/eventlet/wsgi.py:1004}}
Mar 02 18:51:59.598203 dv-cinder-800704-3-iscsi neutron-server[109538]: DEBUG neutron_lib.callbacks.manager [None req-fbbe42bf-5ca7-4b7a-aaa4-f042a0e345d4 admin admin] Publish callbacks [] for security_group (None), before_create {{(pid=109538) _notify_loop /usr/local/lib/python3.8/dist-packages/neutron_lib/callbacks/manager.py:176}}
Mar 02 18:51:59.672829 dv-cinder-800704-3-iscsi neutron-server[109539]: DEBUG neutron.plugins.ml2.rpc [None req-7c4b6b97-1d7a-4dda-b71c-5779ae2b2c1f None None] Device 12ad939d-6614-46d3-9a4a-08cef1b4a183 up at agent hyperv_hv-cinder-80070 {{(pid=109539) update_device_up /opt/stack/neutron/neutron/plugins/ml2/rpc.py:296}}
Mar 02 18:51:59.686252 dv-cinder-800704-3-iscsi neutron-server[109538]: DEBUG neutron_lib.callbacks.manager [None req-fbbe42bf-5ca7-4b7a-aaa4-f042a0e345d4 admin admin] Publish callbacks [] for security_group (24fce9f3-a25f-4198-8be1-51f9b1d297a2), precommit_create {{(pid=109538) _notify_loop /usr/local/lib/python3.8/dist-packages/neutron_lib/callbacks/manager.py:176}}
