Oct 27 15:59:34.498523 dv-cinder-800703-2-smb neutron-server[113614]: INFO neutron.wsgi [req-a3f62479-1867-470d-b110-746be767937d req-31db3791-b492-49e7-872d-a9bd88841768 tempest-DeleteServersTestJSON-1819212689 tempest-DeleteServersTestJSON-1819212689-project] 10.222.0.71 "GET /v2.0/ports?device_id=d0cdf0b1-ae29-4839-a740-9903eaf4b652 HTTP/1.1" status: 200 len: 210 time: 0.8086169
Oct 27 15:59:34.549247 dv-cinder-800703-2-smb neutron-server[113613]: DEBUG neutron_lib.callbacks.manager [None req-071db02e-248d-48df-8bcd-9e03643de3a0 tempest-AttachVolumeTestJSON-2004162619 tempest-AttachVolumeTestJSON-2004162619-project] Publish callbacks [] for security_group_rule, before_create {{(pid=113613) _notify_loop /usr/local/lib/python3.8/dist-packages/neutron_lib/callbacks/manager.py:175}}
Oct 27 15:59:34.667237 dv-cinder-800703-2-smb neutron-server[113615]: DEBUG neutron_lib.callbacks.manager [None req-21611682-871a-4ea1-b62c-964eafbc5b62 None None] Publish callbacks ['neutron.plugins.ml2.plugin.SecurityGroupServerNotifierRpcMixin._notify_sg_on_port_change-568477', 'neutron.plugins.ml2.ovo_rpc._ObjectChangeHandler.handle_event-10930', 'neutron.api.rpc.agentnotifiers.dhcp_rpc_agent_api.DhcpAgentNotifyAPI._native_event_send_dhcp_notification-3905456', 'neutron.db.l3_db.L3RpcNotifierMixin._notify_gateway_port_ip_changed-8756228553454', 'neutron.db.l3_dvrscheduler_db._notify_l3_agent_port_update-8756228124784', 'neutron.db.l3_hascheduler_db._notify_l3_agent_ha_port_update-8756228124802'] for port, after_update {{(pid=113615) _notify_loop /usr/local/lib/python3.8/dist-packages/neutron_lib/callbacks/manager.py:175}}
Oct 27 15:59:34.785954 dv-cinder-800703-2-smb neutron-server[113613]: DEBUG neutron_lib.callbacks.manager [None req-071db02e-248d-48df-8bcd-9e03643de3a0 tempest-AttachVolumeTestJSON-2004162619 tempest-AttachVolumeTestJSON-2004162619-project] Publish callbacks [] for security_group_rule, precommit_create {{(pid=113613) _notify_loop /usr/local/lib/python3.8/dist-packages/neutron_lib/callbacks/manager.py:175}}
Oct 27 15:59:34.800963 dv-cinder-800703-2-smb neutron-server[113613]: DEBUG neutron.api.rpc.agentnotifiers.l3_rpc_agent_api [None req-28d6136b-87be-4124-bc0f-19ebd14f0356 admin admin] Notify agent at l3_agent.dv-cinder-800703-2-smb the message routers_updated {{(pid=113613) _agent_notification /opt/stack/neutron/neutron/api/rpc/agentnotifiers/l3_rpc_agent_api.py:65}}
Oct 27 15:59:34.830996 dv-cinder-800703-2-smb neutron-server[113613]: INFO neutron.wsgi [None req-28d6136b-87be-4124-bc0f-19ebd14f0356 admin admin] 10.222.0.71 "PUT /v2.0/routers/c509fe1a-7627-4bba-8f11-7e2cf85a28ce/add_router_interface HTTP/1.1" status: 200 len: 503 time: 9.9011285
Oct 27 15:59:34.862477 dv-cinder-800703-2-smb neutron-server[113613]: DEBUG neutron_lib.callbacks.manager [None req-071db02e-248d-48df-8bcd-9e03643de3a0 tempest-AttachVolumeTestJSON-2004162619 tempest-AttachVolumeTestJSON-2004162619-project] Publish callbacks ['neutron.plugins.ml2.ovo_rpc._ObjectChangeHandler.handle_event-4118989'] for security_group_rule, after_create {{(pid=113613) _notify_loop /usr/local/lib/python3.8/dist-packages/neutron_lib/callbacks/manager.py:175}}
Oct 27 15:59:34.933480 dv-cinder-800703-2-smb neutron-server[113613]: DEBUG neutron.api.rpc.handlers.resources_rpc [None req-071db02e-248d-48df-8bcd-9e03643de3a0 tempest-AttachVolumeTestJSON-2004162619 tempest-AttachVolumeTestJSON-2004162619-project] Pushing event updated for resources: {'SecurityGroupRule': ['ID=94f46458-21c6-4e34-843d-8a3f3037601a,revision_number=0']} {{(pid=113613) push /opt/stack/neutron/neutron/api/rpc/handlers/resources_rpc.py:237}}
Oct 27 15:59:34.934026 dv-cinder-800703-2-smb neutron-server[113615]: DEBUG neutron.plugins.ml2.rpc [None req-826ff0dd-e1c6-4926-8751-87c3abefd752 None None] Device b4d37a3f-41c8-49a4-9755-5f3c92855a05 up at agent ovs-agent-dv-cinder-800703-2-smb {{(pid=113615) update_device_up /opt/stack/neutron/neutron/plugins/ml2/rpc.py:296}}
Oct 27 15:59:35.041610 dv-cinder-800703-2-smb neutron-server[113613]: DEBUG neutron_lib.callbacks.manager [None req-071db02e-248d-48df-8bcd-9e03643de3a0 tempest-AttachVolumeTestJSON-2004162619 tempest-AttachVolumeTestJSON-2004162619-project] Publish callbacks [] for security_group_rule, before_response {{(pid=113613) _notify_loop /usr/local/lib/python3.8/dist-packages/neutron_lib/callbacks/manager.py:175}}
Oct 27 15:59:35.043281 dv-cinder-800703-2-smb neutron-server[113613]: INFO neutron.wsgi [None req-071db02e-248d-48df-8bcd-9e03643de3a0 tempest-AttachVolumeTestJSON-2004162619 tempest-AttachVolumeTestJSON-2004162619-project] 10.222.0.71 "POST /v2.0/security-group-rules HTTP/1.1" status: 201 len: 764 time: 0.7833626
Oct 27 15:59:35.046083 dv-cinder-800703-2-smb neutron-server[113613]: DEBUG neutron.wsgi [-] (113613) accepted ('10.222.0.71', 41228) {{(pid=113613) server /usr/local/lib/python3.8/dist-packages/eventlet/wsgi.py:982}}
Oct 27 15:59:35.050773 dv-cinder-800703-2-smb neutron-server[113613]: DEBUG neutron.api.v2.base [None req-348c47e0-e539-4d09-96c5-5343309aad52 tempest-AttachVolumeTestJSON-2004162619 tempest-AttachVolumeTestJSON-2004162619-project] Request body: {'security_group_rule': {'security_group_id': '0522ce23-89e8-49d3-80a4-fb7600593fa5', 'protocol': 'icmp', 'ethertype': 'IPv4', 'direction': 'ingress'}} {{(pid=113613) prepare_request_body /opt/stack/neutron/neutron/api/v2/base.py:729}}
Oct 27 15:59:35.091341 dv-cinder-800703-2-smb neutron-server[113614]: DEBUG neutron_lib.callbacks.manager [None req-ef62502f-009f-409b-a354-1a95cdaaad30 admin admin] Publish callbacks [] for security_group, before_create {{(pid=113614) _notify_loop /usr/local/lib/python3.8/dist-packages/neutron_lib/callbacks/manager.py:175}}
Oct 27 15:59:35.212030 dv-cinder-800703-2-smb neutron-server[113613]: DEBUG neutron_lib.callbacks.manager [None req-348c47e0-e539-4d09-96c5-5343309aad52 tempest-AttachVolumeTestJSON-2004162619 tempest-AttachVolumeTestJSON-2004162619-project] Publish callbacks [] for security_group_rule, before_create {{(pid=113613) _notify_loop /usr/local/lib/python3.8/dist-packages/neutron_lib/callbacks/manager.py:175}}
Oct 27 15:59:35.248699 dv-cinder-800703-2-smb neutron-server[113614]: DEBUG neutron_lib.callbacks.manager [None req-2f804669-d752-4763-8eba-33493aa03f3c admin admin] Publish callbacks [] for port, precommit_update {{(pid=113614) _notify_loop /usr/local/lib/python3.8/dist-packages/neutron_lib/callbacks/manager.py:175}}
Oct 27 15:59:35.381804 dv-cinder-800703-2-smb neutron-server[113613]: DEBUG neutron_lib.callbacks.manager [None req-348c47e0-e539-4d09-96c5-5343309aad52 tempest-AttachVolumeTestJSON-2004162619 tempest-AttachVolumeTestJSON-2004162619-project] Publish callbacks [] for security_group_rule, precommit_create {{(pid=113613) _notify_loop /usr/local/lib/python3.8/dist-packages/neutron_lib/callbacks/manager.py:175}}
Oct 27 15:59:35.389154 dv-cinder-800703-2-smb neutron-server[113615]: DEBUG neutron.api.rpc.handlers.resources_rpc [None req-21611682-871a-4ea1-b62c-964eafbc5b62 None None] Pushing event updated for resources: {'Port': ['ID=522f3069-82fb-42d1-9a09-a28e5b7ee504,revision_number=5']} {{(pid=113615) push /opt/stack/neutron/neutron/api/rpc/handlers/resources_rpc.py:237}}
Oct 27 15:59:35.404072 dv-cinder-800703-2-smb neutron-server[113614]: DEBUG neutron_lib.callbacks.manager [None req-2f804669-d752-4763-8eba-33493aa03f3c admin admin] Publish callbacks ['neutron.plugins.ml2.plugin.SecurityGroupServerNotifierRpcMixin._notify_sg_on_port_change-568477', 'neutron.plugins.ml2.ovo_rpc._ObjectChangeHandler.handle_event-10930', 'neutron.api.rpc.agentnotifiers.dhcp_rpc_agent_api.DhcpAgentNotifyAPI._native_event_send_dhcp_notification-3905456', 'neutron.db.l3_db.L3RpcNotifierMixin._notify_gateway_port_ip_changed-8756228553454', 'neutron.db.l3_dvrscheduler_db._notify_l3_agent_port_update-8756228124784', 'neutron.db.l3_hascheduler_db._notify_l3_agent_ha_port_update-8756228124802'] for port, after_update {{(pid=113614) _notify_loop /usr/local/lib/python3.8/dist-packages/neutron_lib/callbacks/manager.py:175}}
Oct 27 15:59:35.405179 dv-cinder-800703-2-smb neutron-server[113614]: DEBUG neutron_lib.callbacks.manager [None req-2f804669-d752-4763-8eba-33493aa03f3c admin admin] Publish callbacks ['neutron.api.rpc.agentnotifiers.dhcp_rpc_agent_api.DhcpAgentNotifyAPI._after_router_interface_created-3905414', 'neutron.services.l3_router.l3_router_plugin.DVRResourceOperationHandler._update_snat_v6_addrs_after_intf_update-3798594'] for router_interface, after_create {{(pid=113614) _notify_loop /usr/local/lib/python3.8/dist-packages/neutron_lib/callbacks/manager.py:175}}
Oct 27 15:59:35.463690 dv-cinder-800703-2-smb neutron-server[113613]: DEBUG neutron_lib.callbacks.manager [None req-348c47e0-e539-4d09-96c5-5343309aad52 tempest-AttachVolumeTestJSON-2004162619 tempest-AttachVolumeTestJSON-2004162619-project] Publish callbacks ['neutron.plugins.ml2.ovo_rpc._ObjectChangeHandler.handle_event-4118989'] for security_group_rule, after_create {{(pid=113613) _notify_loop /usr/local/lib/python3.8/dist-packages/neutron_lib/callbacks/manager.py:175}}
Oct 27 15:59:35.509043 dv-cinder-800703-2-smb neutron-server[113613]: DEBUG neutron.api.rpc.handlers.resources_rpc [None req-348c47e0-e539-4d09-96c5-5343309aad52 tempest-AttachVolumeTestJSON-2004162619 tempest-AttachVolumeTestJSON-2004162619-project] Pushing event updated for resources: {'SecurityGroupRule': ['ID=cff4fd67-05f2-40e4-830b-d0816c923029,revision_number=0']} {{(pid=113613) push /opt/stack/neutron/neutron/api/rpc/handlers/resources_rpc.py:237}}
Oct 27 15:59:35.565072 dv-cinder-800703-2-smb neutron-server[113615]: DEBUG neutron.db.provisioning_blocks [None req-351fa5c1-dbd7-47b2-a6af-1acc8807f48d None None] Provisioning complete for port e35ebff3-c8d5-455d-95b4-c590e274569f triggered by entity DHCP. {{(pid=113615) provisioning_complete /opt/stack/neutron/neutron/db/provisioning_blocks.py:139}}
Oct 27 15:59:35.565589 dv-cinder-800703-2-smb neutron-server[113615]: DEBUG neutron_lib.callbacks.manager [None req-351fa5c1-dbd7-47b2-a6af-1acc8807f48d None None] Publish callbacks ['neutron.plugins.ml2.plugin.Ml2Plugin._port_provisioned-894273'] for port, provisioning_complete {{(pid=113615) _notify_loop /usr/local/lib/python3.8/dist-packages/neutron_lib/callbacks/manager.py:175}}
Oct 27 15:59:35.593907 dv-cinder-800703-2-smb neutron-server[113613]: DEBUG neutron_lib.callbacks.manager [None req-348c47e0-e539-4d09-96c5-5343309aad52 tempest-AttachVolumeTestJSON-2004162619 tempest-AttachVolumeTestJSON-2004162619-project] Publish callbacks [] for security_group_rule, before_response {{(pid=113613) _notify_loop /usr/local/lib/python3.8/dist-packages/neutron_lib/callbacks/manager.py:175}}
Oct 27 15:59:35.596945 dv-cinder-800703-2-smb neutron-server[113613]: INFO neutron.wsgi [None req-348c47e0-e539-4d09-96c5-5343309aad52 tempest-AttachVolumeTestJSON-2004162619 tempest-AttachVolumeTestJSON-2004162619-project] 10.222.0.71 "POST /v2.0/security-group-rules HTTP/1.1" status: 201 len: 769 time: 0.5496943
Oct 27 15:59:35.598016 dv-cinder-800703-2-smb neutron-server[113613]: DEBUG neutron.wsgi [-] (113613) accepted ('10.222.0.71', 41236) {{(pid=113613) server /usr/local/lib/python3.8/dist-packages/eventlet/wsgi.py:982}}
Oct 27 15:59:35.603149 dv-cinder-800703-2-smb neutron-server[113613]: DEBUG neutron.api.v2.base [None req-8ddce5e2-1445-4c46-853c-252c14a772c3 tempest-AttachVolumeTestJSON-2004162619 tempest-AttachVolumeTestJSON-2004162619-project] Request body: {'floatingip': {'floating_network_id': '39098484-0946-4c5f-84a5-11e5245a259b'}} {{(pid=113613) prepare_request_body /opt/stack/neutron/neutron/api/v2/base.py:729}}
Oct 27 15:59:35.690821 dv-cinder-800703-2-smb neutron-server[113614]: DEBUG neutron.db.db_base_plugin_common [req-eebb7f5c-637a-4b28-b587-4bf5303bbbef req-cd263f12-f96f-4a13-b0e2-513a7a7579d0 tempest-DeleteServersTestJSON-1819212689 tempest-DeleteServersTestJSON-1819212689-project] Allocated IP 172.20.0.5 (65569c96-3b82-496a-96ba-ad134e8ddd15/91dc13cc-9a8f-4e42-96a8-dfc8b40fe75a/1a8cdd5d-4618-4d22-a2f4-1916317f40d4) {{(pid=113614) _store_ip_allocation /opt/stack/neutron/neutron/db/db_base_plugin_common.py:131}}
Oct 27 15:59:35.777745 dv-cinder-800703-2-smb neutron-server[113614]: DEBUG neutron.api.rpc.handlers.resources_rpc [None req-2f804669-d752-4763-8eba-33493aa03f3c admin admin] Pushing event updated for resources: {'Port': ['ID=e35ebff3-c8d5-455d-95b4-c590e274569f,revision_number=2']} {{(pid=113614) push /opt/stack/neutron/neutron/api/rpc/handlers/resources_rpc.py:237}}
Oct 27 15:59:35.832039 dv-cinder-800703-2-smb neutron-server[113613]: DEBUG neutron_lib.callbacks.manager [None req-8ddce5e2-1445-4c46-853c-252c14a772c3 tempest-AttachVolumeTestJSON-2004162619 tempest-AttachVolumeTestJSON-2004162619-project] Publish callbacks [] for floatingip, before_create {{(pid=113613) _notify_loop /usr/local/lib/python3.8/dist-packages/neutron_lib/callbacks/manager.py:175}}
Oct 27 15:59:35.840276 dv-cinder-800703-2-smb neutron-server[113615]: DEBUG neutron.plugins.ml2.plugin [None req-351fa5c1-dbd7-47b2-a6af-1acc8807f48d None None] Port e35ebff3-c8d5-455d-95b4-c590e274569f cannot update to ACTIVE because it is not bound. {{(pid=113615) _port_provisioned /opt/stack/neutron/neutron/plugins/ml2/plugin.py:338}}
Oct 27 15:59:35.871984 dv-cinder-800703-2-smb neutron-server[113613]: INFO neutron.wsgi [req-e9bde22b-2b75-48c3-af04-a471b1aaa2a5 req-8ee42db6-594f-43f7-afe1-d9985d08d944 tempest-DeleteServersTestJSON-1819212689 tempest-DeleteServersTestJSON-1819212689-project] 10.222.0.71 "GET /v2.0/ports?device_id=d0cdf0b1-ae29-4839-a740-9903eaf4b652 HTTP/1.1" status: 200 len: 210 time: 0.1001096
Oct 27 15:59:35.880492 dv-cinder-800703-2-smb neutron-server[113615]: DEBUG neutron.db.provisioning_blocks [None req-826ff0dd-e1c6-4926-8751-87c3abefd752 None None] Provisioning complete for port b4d37a3f-41c8-49a4-9755-5f3c92855a05 triggered by entity L2. {{(pid=113615) provisioning_complete /opt/stack/neutron/neutron/db/provisioning_blocks.py:139}}
Oct 27 15:59:35.881103 dv-cinder-800703-2-smb neutron-server[113615]: DEBUG neutron_lib.callbacks.manager [None req-826ff0dd-e1c6-4926-8751-87c3abefd752 None None] Publish callbacks ['neutron.plugins.ml2.plugin.Ml2Plugin._port_provisioned-894273'] for port, provisioning_complete {{(pid=113615) _notify_loop /usr/local/lib/python3.8/dist-packages/neutron_lib/callbacks/manager.py:175}}
Oct 27 15:59:35.971358 dv-cinder-800703-2-smb neutron-server[113615]: DEBUG neutron_lib.callbacks.manager [None req-2fa3fea1-2865-463b-a1fa-0963d28227d1 None None] Publish callbacks ['neutron.services.segments.db._update_segment_host_mapping_for_agent-8756228628300', 'neutron.plugins.ml2.plugin.Ml2Plugin._retry_binding_revived_agents-894384'] for agent, after_update {{(pid=113615) _notify_loop /usr/local/lib/python3.8/dist-packages/neutron_lib/callbacks/manager.py:175}}
Oct 27 15:59:36.045409 dv-cinder-800703-2-smb neutron-server[113614]: DEBUG neutron.wsgi [-] (113614) accepted ('10.222.0.71', 41246) {{(pid=113614) server /usr/local/lib/python3.8/dist-packages/eventlet/wsgi.py:982}}
Oct 27 15:59:36.048915 dv-cinder-800703-2-smb neutron-server[113615]: DEBUG neutron_lib.callbacks.manager [None req-5acc639a-84f7-4ee3-8e24-55efc7a10f7f None None] Publish callbacks [] for port, precommit_update {{(pid=113615) _notify_loop /usr/local/lib/python3.8/dist-packages/neutron_lib/callbacks/manager.py:175}}
Oct 27 15:59:36.072867 dv-cinder-800703-2-smb neutron-server[113614]: DEBUG neutron_lib.callbacks.manager [None req-ef62502f-009f-409b-a354-1a95cdaaad30 admin admin] Publish callbacks [] for security_group, precommit_create {{(pid=113614) _notify_loop /usr/local/lib/python3.8/dist-packages/neutron_lib/callbacks/manager.py:175}}
Oct 27 15:59:36.189932 dv-cinder-800703-2-smb neutron-server[113615]: DEBUG neutron_lib.callbacks.manager [None req-826ff0dd-e1c6-4926-8751-87c3abefd752 None None] Publish callbacks ['neutron.plugins.ml2.plugin.SecurityGroupDbMixin._ensure_default_security_group_handler-568561'] for port, before_update {{(pid=113615) _notify_loop /usr/local/lib/python3.8/dist-packages/neutron_lib/callbacks/manager.py:175}}
Oct 27 15:59:36.210747 dv-cinder-800703-2-smb neutron-server[113615]: DEBUG neutron_lib.callbacks.manager [None req-5acc639a-84f7-4ee3-8e24-55efc7a10f7f None None] Publish callbacks ['neutron.plugins.ml2.plugin.SecurityGroupServerNotifierRpcMixin._notify_sg_on_port_change-568477', 'neutron.plugins.ml2.ovo_rpc._ObjectChangeHandler.handle_event-10930', 'neutron.api.rpc.agentnotifiers.dhcp_rpc_agent_api.DhcpAgentNotifyAPI._native_event_send_dhcp_notification-3905456', 'neutron.db.l3_db.L3RpcNotifierMixin._notify_gateway_port_ip_changed-8756228553454', 'neutron.db.l3_dvrscheduler_db._notify_l3_agent_port_update-8756228124784', 'neutron.db.l3_hascheduler_db._notify_l3_agent_ha_port_update-8756228124802'] for port, after_update {{(pid=113615) _notify_loop /usr/local/lib/python3.8/dist-packages/neutron_lib/callbacks/manager.py:175}}
Oct 27 15:59:36.252729 dv-cinder-800703-2-smb neutron-server[113614]: DEBUG neutron_lib.callbacks.manager [None req-ef62502f-009f-409b-a354-1a95cdaaad30 admin admin] Publish callbacks ['neutron.plugins.ml2.ovo_rpc._ObjectChangeHandler.handle_event-4118910'] for security_group, after_create {{(pid=113614) _notify_loop /usr/local/lib/python3.8/dist-packages/neutron_lib/callbacks/manager.py:175}}
Oct 27 15:59:36.268984 dv-cinder-800703-2-smb neutron-server[113614]: DEBUG neutron.scheduler.dhcp_agent_scheduler [None req-2f804669-d752-4763-8eba-33493aa03f3c admin admin] Network 27d3b3b2-2310-4995-ad55-d4a967df62d9 is already hosted by enough agents. {{(pid=113614) _get_dhcp_agents_hosting_network /opt/stack/neutron/neutron/scheduler/dhcp_agent_scheduler.py:275}}
Oct 27 15:59:36.279911 dv-cinder-800703-2-smb neutron-server[113614]: DEBUG neutron.scheduler.base_scheduler [None req-2f804669-d752-4763-8eba-33493aa03f3c admin admin] Resources bound (agent type, host, resource id): {{(pid=113614) schedule /opt/stack/neutron/neutron/scheduler/base_scheduler.py:57}}
Oct 27 15:59:36.403827 dv-cinder-800703-2-smb neutron-server[113615]: DEBUG neutron.plugins.ml2.db [None req-826ff0dd-e1c6-4926-8751-87c3abefd752 None None] For port b4d37a3f-41c8-49a4-9755-5f3c92855a05, host dv-cinder-800703-2-smb, got binding levels [PortBindingLevel(driver='openvswitch',host='dv-cinder-800703-2-smb',level=0,port_id=b4d37a3f-41c8-49a4-9755-5f3c92855a05,segment=NetworkSegment(e03cfabd-c00b-46a3-9a70-24b16bdcecca),segment_id=e03cfabd-c00b-46a3-9a70-24b16bdcecca)] {{(pid=113615) get_binding_level_objs /opt/stack/neutron/neutron/plugins/ml2/db.py:74}}
Oct 27 15:59:36.528763 dv-cinder-800703-2-smb neutron-server[113615]: DEBUG neutron_lib.callbacks.manager [None req-826ff0dd-e1c6-4926-8751-87c3abefd752 None None] Publish callbacks ['neutron.plugins.ml2.plugin.SecurityGroupServerNotifierRpcMixin._notify_sg_on_port_change-568477', 'neutron.plugins.ml2.ovo_rpc._ObjectChangeHandler.handle_event-10930', 'neutron.api.rpc.agentnotifiers.dhcp_rpc_agent_api.DhcpAgentNotifyAPI._native_event_send_dhcp_notification-3905456', 'neutron.db.l3_db.L3RpcNotifierMixin._notify_gateway_port_ip_changed-8756228553454', 'neutron.db.l3_dvrscheduler_db._notify_l3_agent_port_update-8756228124784', 'neutron.db.l3_hascheduler_db._notify_l3_agent_ha_port_update-8756228124802'] for port, after_update {{(pid=113615) _notify_loop /usr/local/lib/python3.8/dist-packages/neutron_lib/callbacks/manager.py:175}}
Oct 27 15:59:36.537897 dv-cinder-800703-2-smb neutron-server[113615]: DEBUG neutron.plugins.ml2.rpc [None req-826ff0dd-e1c6-4926-8751-87c3abefd752 None None] Device 522f3069-82fb-42d1-9a09-a28e5b7ee504 up at agent ovs-agent-dv-cinder-800703-2-smb {{(pid=113615) update_device_up /opt/stack/neutron/neutron/plugins/ml2/rpc.py:296}}
Oct 27 15:59:36.568726 dv-cinder-800703-2-smb neutron-server[113614]: INFO neutron.wsgi [None req-ef62502f-009f-409b-a354-1a95cdaaad30 admin admin] 10.222.0.71 "GET /v2.0/security-groups?tenant_id=7855ed6d38ce481490712260afe65234&name=default HTTP/1.1" status: 200 len: 2979 time: 2.6152678
Oct 27 15:59:36.576417 dv-cinder-800703-2-smb neutron-server[113613]: DEBUG neutron.wsgi [-] (113613) accepted ('10.222.0.71', 41258) {{(pid=113613) server /usr/local/lib/python3.8/dist-packages/eventlet/wsgi.py:982}}
Oct 27 15:59:36.626198 dv-cinder-800703-2-smb neutron-server[113615]: DEBUG neutron.api.rpc.handlers.resources_rpc [None req-44aa409a-2280-492c-b778-01cfed688c4d None None] Pushing event updated for resources: {'Port': ['ID=4f33e353-d838-4c8d-badc-614ffdea3abf,revision_number=2']} {{(pid=113615) push /opt/stack/neutron/neutron/api/rpc/handlers/resources_rpc.py:237}}
Oct 27 15:59:36.635276 dv-cinder-800703-2-smb neutron-server[113615]: DEBUG neutron.plugins.ml2.managers [None req-5acc639a-84f7-4ee3-8e24-55efc7a10f7f None None] Attempting to bind port 4f33e353-d838-4c8d-badc-614ffdea3abf on host dv-cinder-800703-2-smb for vnic_type normal with profile {{(pid=113615) bind_port /opt/stack/neutron/neutron/plugins/ml2/managers.py:795}}
Oct 27 15:59:36.635822 dv-cinder-800703-2-smb neutron-server[113615]: DEBUG neutron.plugins.ml2.managers [None req-5acc639a-84f7-4ee3-8e24-55efc7a10f7f None None] Attempting to bind port 4f33e353-d838-4c8d-badc-614ffdea3abf by drivers openvswitch,hyperv on host dv-cinder-800703-2-smb at level 0 using segments [{'id': 'e03cfabd-c00b-46a3-9a70-24b16bdcecca', 'network_type': 'flat', 'physical_network': 'physnet1', 'segmentation_id': None, 'network_id': '39098484-0946-4c5f-84a5-11e5245a259b'}] {{(pid=113615) _bind_port_level /opt/stack/neutron/neutron/plugins/ml2/managers.py:820}}
Oct 27 15:59:36.636539 dv-cinder-800703-2-smb neutron-server[113615]: DEBUG neutron.plugins.ml2.drivers.mech_agent [None req-5acc639a-84f7-4ee3-8e24-55efc7a10f7f None None] Attempting to bind port 4f33e353-d838-4c8d-badc-614ffdea3abf on network 39098484-0946-4c5f-84a5-11e5245a259b {{(pid=113615) bind_port /opt/stack/neutron/neutron/plugins/ml2/drivers/mech_agent.py:91}}
Oct 27 15:59:36.639065 dv-cinder-800703-2-smb neutron-server[113613]: DEBUG neutron_lib.callbacks.manager [None req-8ddce5e2-1445-4c46-853c-252c14a772c3 tempest-AttachVolumeTestJSON-2004162619 tempest-AttachVolumeTestJSON-2004162619-project] Publish callbacks ['neutron.plugins.ml2.plugin.SecurityGroupDbMixin._ensure_default_security_group_handler-568561'] for port, before_create {{(pid=113613) _notify_loop /usr/local/lib/python3.8/dist-packages/neutron_lib/callbacks/manager.py:175}}
Oct 27 15:59:36.725951 dv-cinder-800703-2-smb neutron-server[113614]: DEBUG neutron.api.rpc.handlers.resources_rpc [None req-ef62502f-009f-409b-a354-1a95cdaaad30 admin admin] Pushing event updated for resources: {'SecurityGroup': ['ID=94641caf-1217-4f98-8233-20e98d5348b4,revision_number=1']} {{(pid=113614) push /opt/stack/neutron/neutron/api/rpc/handlers/resources_rpc.py:237}}
Oct 27 15:59:36.816914 dv-cinder-800703-2-smb neutron-server[113615]: DEBUG neutron.plugins.ml2.drivers.mech_agent [None req-5acc639a-84f7-4ee3-8e24-55efc7a10f7f None None] Checking agent: {'id': '69f2b641-58d7-49e5-9a78-a03d42fc8faf', 'agent_type': 'Open vSwitch agent', 'binary': 'neutron-openvswitch-agent', 'topic': 'N/A', 'host': 'dv-cinder-800703-2-smb', 'admin_state_up': True, 'created_at': datetime.datetime(2021, 10, 27, 15, 50, 39), 'started_at': datetime.datetime(2021, 10, 27, 15, 51, 9), 'heartbeat_timestamp': datetime.datetime(2021, 10, 27, 15, 59, 9), 'description': None, 'resources_synced': None, 'availability_zone': None, 'alive': True, 'configurations': {'arp_responder_enabled': False, 'baremetal_smartnic': False, 'bridge_mappings': {'physnet1': 'br-data'}, 'datapath_type': 'system', 'devices': 0, 'enable_distributed_routing': False, 'extensions': [], 'in_distributed_mode': False, 'integration_bridge': 'br-int', 'l2_population': False, 'log_agent_heartbeats': False, 'ovs_capabilities': {'datapath_types': ['netdev', 'system'], 'iface_types': ['erspan', 'geneve', 'gre', 'internal', 'ip6erspan', 'ip6gre', 'lisp', 'patch', 'stt', 'system', 'tap', 'vxlan']}, 'ovs_hybrid_plug': False, 'resource_provider_bandwidths': {}, 'resource_provider_hypervisors': {'br-data': 'dv-cinder-800703-2-smb'}, 'resource_provider_inventory_defaults': {'allocation_ratio': 1.0, 'min_unit': 1, 'step_size': 1, 'reserved': 0}, 'resource_provider_packet_processing_inventory_defaults': {'allocation_ratio': 1.0, 'min_unit': 1, 'step_size': 1, 'reserved': 0}, 'resource_provider_packet_processing_with_direction': {}, 'resource_provider_packet_processing_without_direction': {}, 'tunnel_types': [], 'tunneling_ip': None, 'vhostuser_socket_dir': '/var/run/openvswitch'}, 'resource_versions': {'AddressGroup': '1.2', 'ConntrackHelper': '1.0', 'Log': '1.0', 'Network': '1.1', 'Port': '1.7', 'PortForwarding': '1.2', 'QosPolicy': '1.10', 'SecurityGroup': '1.4', 'SecurityGroupRule': '1.2', 'SubPort': '1.0', 'Subnet': '1.1', 'Trunk': '1.1'}} {{(pid=113615) bind_port /opt/stack/neutron/neutron/plugins/ml2/drivers/mech_agent.py:110}}
Oct 27 15:59:36.817819 dv-cinder-800703-2-smb neutron-server[113615]: DEBUG neutron.plugins.ml2.drivers.mech_agent [None req-5acc639a-84f7-4ee3-8e24-55efc7a10f7f None None] Checking segment: {'id': 'e03cfabd-c00b-46a3-9a70-24b16bdcecca', 'network_type': 'flat', 'physical_network': 'physnet1', 'segmentation_id': None, 'network_id': '39098484-0946-4c5f-84a5-11e5245a259b'} for mappings: {'physnet1': 'br-data'} with network types: ['local', 'flat', 'vlan'] {{(pid=113615) check_segment_for_agent /opt/stack/neutron/neutron/plugins/ml2/drivers/mech_agent.py:358}}
Oct 27 15:59:36.818240 dv-cinder-800703-2-smb neutron-server[113615]: DEBUG neutron_lib.callbacks.manager [None req-5acc639a-84f7-4ee3-8e24-55efc7a10f7f None None] Publish callbacks [] for ovs_bridge_name, before_read {{(pid=113615) _notify_loop /usr/local/lib/python3.8/dist-packages/neutron_lib/callbacks/manager.py:175}}
Oct 27 15:59:36.818840 dv-cinder-800703-2-smb neutron-server[113615]: DEBUG neutron.plugins.ml2.drivers.mech_agent [None req-5acc639a-84f7-4ee3-8e24-55efc7a10f7f None None] Bound using segment: {'id': 'e03cfabd-c00b-46a3-9a70-24b16bdcecca', 'network_type': 'flat', 'physical_network': 'physnet1', 'segmentation_id': None, 'network_id': '39098484-0946-4c5f-84a5-11e5245a259b'} {{(pid=113615) bind_port /opt/stack/neutron/neutron/plugins/ml2/drivers/mech_agent.py:120}}
Oct 27 15:59:36.819545 dv-cinder-800703-2-smb neutron-server[113615]: DEBUG neutron.plugins.ml2.managers [None req-5acc639a-84f7-4ee3-8e24-55efc7a10f7f None None] Bound port: 4f33e353-d838-4c8d-badc-614ffdea3abf, host: dv-cinder-800703-2-smb, vif_type: ovs, vif_details: {"connectivity": "l2", "port_filter": true, "ovs_hybrid_plug": false, "datapath_type": "system", "bridge_name": "br-int"}, binding_levels: [{'bound_driver': 'openvswitch', 'bound_segment': {'id': 'e03cfabd-c00b-46a3-9a70-24b16bdcecca', 'network_type': 'flat', 'physical_network': 'physnet1', 'segmentation_id': None, 'network_id': '39098484-0946-4c5f-84a5-11e5245a259b'}}] {{(pid=113615) _bind_port_level /opt/stack/neutron/neutron/plugins/ml2/managers.py:933}}
Oct 27 15:59:36.820100 dv-cinder-800703-2-smb neutron-server[113615]: DEBUG neutron_lib.callbacks.manager [None req-5acc639a-84f7-4ee3-8e24-55efc7a10f7f None None] Publish callbacks ['neutron.plugins.ml2.plugin.SecurityGroupDbMixin._ensure_default_security_group_handler-568561'] for port, before_update {{(pid=113615) _notify_loop /usr/local/lib/python3.8/dist-packages/neutron_lib/callbacks/manager.py:175}}
Oct 27 15:59:36.886353 dv-cinder-800703-2-smb neutron-server[113613]: DEBUG neutron.db.db_base_plugin_common [None req-8ddce5e2-1445-4c46-853c-252c14a772c3 tempest-AttachVolumeTestJSON-2004162619 tempest-AttachVolumeTestJSON-2004162619-project] Allocated IP 172.28.1.166 (39098484-0946-4c5f-84a5-11e5245a259b/cbb01a5a-c558-4f6e-924d-163ee75160dd/7ff62b1d-8c63-4578-9556-3732fbdbbb59) {{(pid=113613) _store_ip_allocation /opt/stack/neutron/neutron/db/db_base_plugin_common.py:131}}
Oct 27 15:59:36.930310 dv-cinder-800703-2-smb neutron-server[113615]: DEBUG neutron.api.rpc.handlers.resources_rpc [None req-826ff0dd-e1c6-4926-8751-87c3abefd752 None None] Pushing event updated for resources: {'Port': ['ID=b4d37a3f-41c8-49a4-9755-5f3c92855a05,revision_number=4']} {{(pid=113615) push /opt/stack/neutron/neutron/api/rpc/handlers/resources_rpc.py:237}}
Oct 27 15:59:36.957088 dv-cinder-800703-2-smb neutron-server[113614]: DEBUG neutron.scheduler.l3_agent_scheduler [None req-2f804669-d752-4763-8eba-33493aa03f3c admin admin] Router b7d9c0df-bb84-4054-ab97-b4ca98a92b8c has already been hosted by L3 agent f64ef587-2f0c-4b3c-8d98-bbb101314510 {{(pid=113614) _get_candidates /opt/stack/neutron/neutron/scheduler/l3_agent_scheduler.py:126}}
Oct 27 15:59:36.981477 dv-cinder-800703-2-smb neutron-server[113615]: DEBUG neutron.plugins.ml2.db [None req-5acc639a-84f7-4ee3-8e24-55efc7a10f7f None None] For port 4f33e353-d838-4c8d-badc-614ffdea3abf, host dv-cinder-800703-2-smb, cleared binding levels {{(pid=113615) clear_binding_levels /opt/stack/neutron/neutron/plugins/ml2/db.py:87}}
Oct 27 15:59:36.983827 dv-cinder-800703-2-smb neutron-server[113614]: DEBUG neutron_lib.callbacks.manager [None req-b81884db-d90a-44a3-b644-922bfbc5935e admin admin] Publish callbacks [] for security_group, before_create {{(pid=113614) _notify_loop /usr/local/lib/python3.8/dist-packages/neutron_lib/callbacks/manager.py:175}}
Oct 27 15:59:36.993261 dv-cinder-800703-2-smb neutron-server[113615]: DEBUG neutron.db.provisioning_blocks [None req-826ff0dd-e1c6-4926-8751-87c3abefd752 None None] Provisioning complete for port 522f3069-82fb-42d1-9a09-a28e5b7ee504 triggered by entity L2. {{(pid=113615) provisioning_complete /opt/stack/neutron/neutron/db/provisioning_blocks.py:139}}
Oct 27 15:59:36.993713 dv-cinder-800703-2-smb neutron-server[113615]: DEBUG neutron_lib.callbacks.manager [None req-826ff0dd-e1c6-4926-8751-87c3abefd752 None None] Publish callbacks ['neutron.plugins.ml2.plugin.Ml2Plugin._port_provisioned-894273'] for port, provisioning_complete {{(pid=113615) _notify_loop /usr/local/lib/python3.8/dist-packages/neutron_lib/callbacks/manager.py:175}}
Oct 27 15:59:36.999831 dv-cinder-800703-2-smb neutron-server[113614]: DEBUG neutron_lib.callbacks.manager [req-eebb7f5c-637a-4b28-b587-4bf5303bbbef req-cd263f12-f96f-4a13-b0e2-513a7a7579d0 tempest-DeleteServersTestJSON-1819212689 tempest-DeleteServersTestJSON-1819212689-project] Publish callbacks [] for port, precommit_create {{(pid=113614) _notify_loop /usr/local/lib/python3.8/dist-packages/neutron_lib/callbacks/manager.py:175}}
Oct 27 15:59:37.125702 dv-cinder-800703-2-smb neutron-server[113615]: DEBUG neutron.db.provisioning_blocks [None req-a726d6f7-64d6-465d-99ba-a8d55022646e None None] Provisioning complete for port e35ebff3-c8d5-455d-95b4-c590e274569f triggered by entity DHCP. {{(pid=113615) provisioning_complete /opt/stack/neutron/neutron/db/provisioning_blocks.py:139}}
Oct 27 15:59:37.125702 dv-cinder-800703-2-smb neutron-server[113615]: DEBUG neutron_lib.callbacks.manager [None req-a726d6f7-64d6-465d-99ba-a8d55022646e None None] Publish callbacks ['neutron.plugins.ml2.plugin.Ml2Plugin._port_provisioned-894273'] for port, provisioning_complete {{(pid=113615) _notify_loop /usr/local/lib/python3.8/dist-packages/neutron_lib/callbacks/manager.py:175}}
Oct 27 15:59:37.142736 dv-cinder-800703-2-smb neutron-server[113615]: DEBUG neutron.plugins.ml2.db [None req-5acc639a-84f7-4ee3-8e24-55efc7a10f7f None None] For port 4f33e353-d838-4c8d-badc-614ffdea3abf, host dv-cinder-800703-2-smb, set binding levels [PortBindingLevel(driver='openvswitch',host='dv-cinder-800703-2-smb',level=0,port_id=4f33e353-d838-4c8d-badc-614ffdea3abf,segment=NetworkSegment(e03cfabd-c00b-46a3-9a70-24b16bdcecca),segment_id=e03cfabd-c00b-46a3-9a70-24b16bdcecca)] {{(pid=113615) set_binding_levels /opt/stack/neutron/neutron/plugins/ml2/db.py:59}}
Oct 27 15:59:37.207571 dv-cinder-800703-2-smb neutron-server[113613]: DEBUG neutron_lib.callbacks.manager [None req-8ddce5e2-1445-4c46-853c-252c14a772c3 tempest-AttachVolumeTestJSON-2004162619 tempest-AttachVolumeTestJSON-2004162619-project] Publish callbacks [] for port, precommit_create {{(pid=113613) _notify_loop /usr/local/lib/python3.8/dist-packages/neutron_lib/callbacks/manager.py:175}}
Oct 27 15:59:37.211064 dv-cinder-800703-2-smb neutron-server[113616]: DEBUG neutron.api.rpc.handlers.l3_rpc [None req-ddc92eb1-6e64-4135-ae42-b2d332005bd2 None None] Sync routers for ids ['c509fe1a-7627-4bba-8f11-7e2cf85a28ce'] in dv-cinder-800703-2-smb {{(pid=113616) sync_routers /opt/stack/neutron/neutron/api/rpc/handlers/l3_rpc.py:125}}
Oct 27 15:59:37.240560 dv-cinder-800703-2-smb neutron-server[113616]: DEBUG neutron.db.l3_dvrscheduler_db [None req-ddc92eb1-6e64-4135-ae42-b2d332005bd2 None None] Routers {'c509fe1a-7627-4bba-8f11-7e2cf85a28ce'} bound to L3 agent in host dv-cinder-800703-2-smb {{(pid=113616) _get_router_ids_for_agent /opt/stack/neutron/neutron/db/l3_dvrscheduler_db.py:420}}
Oct 27 15:59:37.242407 dv-cinder-800703-2-smb neutron-server[113616]: DEBUG neutron.db.l3_hamode_db [None req-ddc92eb1-6e64-4135-ae42-b2d332005bd2 None None] neutron.services.l3_router.l3_router_plugin.L3RouterPlugin method get_ha_sync_data_for_host called with arguments (, 'dv-cinder-800703-2-smb', Agent(admin_state_up=True,agent_type='L3 agent',availability_zone='nova',binary='neutron-l3-agent',configurations={"agent_mode": "legacy", "ex_gw_ports": 1, "extensions": [], "floating_ips": 0, "handle_internal_only_routers": true, "interface_driver": "openvswitch", "interfaces": 1, "log_agent_heartbeats": false, "routers": 1},created_at=2021-10-27T15:50:38Z,description=,heartbeat_timestamp=2021-10-27T15:59:08Z,host='dv-cinder-800703-2-smb',id=f64ef587-2f0c-4b3c-8d98-bbb101314510,load=0,resource_versions=,resources_synced=,started_at=2021-10-27T15:50:39Z,topic='l3_agent')) {'router_ids': ['c509fe1a-7627-4bba-8f11-7e2cf85a28ce'], 'active': True} {{(pid=113616) wrapper /usr/local/lib/python3.8/dist-packages/oslo_log/helpers.py:65}}
Oct 27 15:59:37.277484 dv-cinder-800703-2-smb neutron-server[113615]: DEBUG neutron.plugins.ml2.plugin [None req-a726d6f7-64d6-465d-99ba-a8d55022646e None None] Port e35ebff3-c8d5-455d-95b4-c590e274569f cannot update to ACTIVE because it is not bound. {{(pid=113615) _port_provisioned /opt/stack/neutron/neutron/plugins/ml2/plugin.py:338}}
Oct 27 15:59:37.286554 dv-cinder-800703-2-smb neutron-server[113614]: DEBUG neutron_lib.callbacks.manager [req-eebb7f5c-637a-4b28-b587-4bf5303bbbef req-cd263f12-f96f-4a13-b0e2-513a7a7579d0 tempest-DeleteServersTestJSON-1819212689 tempest-DeleteServersTestJSON-1819212689-project] Publish callbacks ['neutron.plugins.ml2.plugin.SecurityGroupServerNotifierRpcMixin._notify_sg_on_port_change-568477', 'neutron.plugins.ml2.ovo_rpc._ObjectChangeHandler.handle_event-10930', 'neutron.api.rpc.agentnotifiers.dhcp_rpc_agent_api.DhcpAgentNotifyAPI._native_event_send_dhcp_notification-3905456', 'neutron.db.l3_dvrscheduler_db._notify_l3_agent_new_port-8756228124766'] for port, after_create {{(pid=113614) _notify_loop /usr/local/lib/python3.8/dist-packages/neutron_lib/callbacks/manager.py:175}}
Oct 27 15:59:37.384013 dv-cinder-800703-2-smb neutron-server[113615]: DEBUG neutron_lib.callbacks.manager [None req-5acc639a-84f7-4ee3-8e24-55efc7a10f7f None None] Publish callbacks ['neutron.plugins.ml2.plugin.SecurityGroupServerNotifierRpcMixin._notify_sg_on_port_change-568477', 'neutron.plugins.ml2.ovo_rpc._ObjectChangeHandler.handle_event-10930', 'neutron.api.rpc.agentnotifiers.dhcp_rpc_agent_api.DhcpAgentNotifyAPI._native_event_send_dhcp_notification-3905456', 'neutron.db.l3_db.L3RpcNotifierMixin._notify_gateway_port_ip_changed-8756228553454', 'neutron.db.l3_dvrscheduler_db._notify_l3_agent_port_update-8756228124784', 'neutron.db.l3_hascheduler_db._notify_l3_agent_ha_port_update-8756228124802'] for port, after_update {{(pid=113615) _notify_loop /usr/local/lib/python3.8/dist-packages/neutron_lib/callbacks/manager.py:175}}
Oct 27 15:59:37.415716 dv-cinder-800703-2-smb neutron-server[113613]: DEBUG neutron_lib.callbacks.manager [None req-8ddce5e2-1445-4c46-853c-252c14a772c3 tempest-AttachVolumeTestJSON-2004162619 tempest-AttachVolumeTestJSON-2004162619-project] Publish callbacks ['neutron.plugins.ml2.plugin.SecurityGroupServerNotifierRpcMixin._notify_sg_on_port_change-568477', 'neutron.plugins.ml2.ovo_rpc._ObjectChangeHandler.handle_event-10930', 'neutron.api.rpc.agentnotifiers.dhcp_rpc_agent_api.DhcpAgentNotifyAPI._native_event_send_dhcp_notification-3905456', 'neutron.db.l3_dvrscheduler_db._notify_l3_agent_new_port-8756228124766'] for port, after_create {{(pid=113613) _notify_loop /usr/local/lib/python3.8/dist-packages/neutron_lib/callbacks/manager.py:175}}
Oct 27 15:59:37.504632 dv-cinder-800703-2-smb neutron-server[113613]: DEBUG neutron.scheduler.dhcp_agent_scheduler [None req-8ddce5e2-1445-4c46-853c-252c14a772c3 tempest-AttachVolumeTestJSON-2004162619 tempest-AttachVolumeTestJSON-2004162619-project] Network 39098484-0946-4c5f-84a5-11e5245a259b is already hosted by enough agents. {{(pid=113613) _get_dhcp_agents_hosting_network /opt/stack/neutron/neutron/scheduler/dhcp_agent_scheduler.py:275}}
Oct 27 15:59:37.636062 dv-cinder-800703-2-smb neutron-server[113614]: DEBUG neutron.wsgi [-] (113614) accepted ('10.222.0.71', 41278) {{(pid=113614) server /usr/local/lib/python3.8/dist-packages/eventlet/wsgi.py:982}}
Oct 27 15:59:37.647149 dv-cinder-800703-2-smb neutron-server[113613]: DEBUG neutron.scheduler.base_scheduler [None req-8ddce5e2-1445-4c46-853c-252c14a772c3 tempest-AttachVolumeTestJSON-2004162619 tempest-AttachVolumeTestJSON-2004162619-project] Resources bound (agent type, host, resource id): {{(pid=113613) schedule /opt/stack/neutron/neutron/scheduler/base_scheduler.py:57}}
Oct 27 15:59:37.651083 dv-cinder-800703-2-smb neutron-server[113613]: DEBUG neutron.db.l3_dvrscheduler_db [None req-8ddce5e2-1445-4c46-853c-252c14a772c3 tempest-AttachVolumeTestJSON-2004162619 tempest-AttachVolumeTestJSON-2004162619-project] Received port after_create {{(pid=113613) _notify_l3_agent_new_port /opt/stack/neutron/neutron/db/l3_dvrscheduler_db.py:535}}
Oct 27 15:59:37.656377 dv-cinder-800703-2-smb neutron-server[113613]: DEBUG neutron.api.rpc.handlers.resources_rpc [None req-8ddce5e2-1445-4c46-853c-252c14a772c3 tempest-AttachVolumeTestJSON-2004162619 tempest-AttachVolumeTestJSON-2004162619-project] Pushing event updated for resources: {'Port': ['ID=7ff62b1d-8c63-4578-9556-3732fbdbbb59,revision_number=1']} {{(pid=113613) push /opt/stack/neutron/neutron/api/rpc/handlers/resources_rpc.py:237}}
Oct 27 15:59:37.713908 dv-cinder-800703-2-smb neutron-server[113616]: DEBUG neutron.db.l3_dvr_db [None req-ddc92eb1-6e64-4135-ae42-b2d332005bd2 None None] Set router c509fe1a-7627-4bba-8f11-7e2cf85a28ce gateway port host: dv-cinder-800703-2-smb {{(pid=113616) _build_routers_list /opt/stack/neutron/neutron/db/l3_dvr_db.py:906}}
Oct 27 15:59:37.766996 dv-cinder-800703-2-smb neutron-server[113615]: DEBUG neutron.api.rpc.handlers.resources_rpc [None req-44aa409a-2280-492c-b778-01cfed688c4d None None] Pushing event updated for resources: {'Port': ['ID=4f33e353-d838-4c8d-badc-614ffdea3abf,revision_number=3']} {{(pid=113615) push /opt/stack/neutron/neutron/api/rpc/handlers/resources_rpc.py:237}}
Oct 27 15:59:37.769983 dv-cinder-800703-2-smb neutron-server[113614]: DEBUG neutron.scheduler.dhcp_agent_scheduler [req-eebb7f5c-637a-4b28-b587-4bf5303bbbef req-cd263f12-f96f-4a13-b0e2-513a7a7579d0 tempest-DeleteServersTestJSON-1819212689 tempest-DeleteServersTestJSON-1819212689-project] Network 65569c96-3b82-496a-96ba-ad134e8ddd15 is already hosted by enough agents. {{(pid=113614) _get_dhcp_agents_hosting_network /opt/stack/neutron/neutron/scheduler/dhcp_agent_scheduler.py:275}}
Oct 27 15:59:37.778386 dv-cinder-800703-2-smb neutron-server[113613]: DEBUG neutron.pecan_wsgi.hooks.policy_enforcement [req-ec8716d9-ac82-4cde-a00e-9dcc453afebc req-fe9331c9-5325-4840-ad92-6ddea0f0d8ac tempest-DeleteServersTestJSON-1819212689 tempest-DeleteServersTestJSON-1819212689-project] Attributes excluded by policy engine: ['standard_attr_id', 'binding:profile', 'binding:host_id', 'binding:vif_type', 'binding:vif_details'] {{(pid=113613) _exclude_attributes_by_policy /opt/stack/neutron/neutron/pecan_wsgi/hooks/policy_enforcement.py:255}}
Oct 27 15:59:37.788429 dv-cinder-800703-2-smb neutron-server[113613]: INFO neutron.wsgi [req-ec8716d9-ac82-4cde-a00e-9dcc453afebc req-fe9331c9-5325-4840-ad92-6ddea0f0d8ac tempest-DeleteServersTestJSON-1819212689 tempest-DeleteServersTestJSON-1819212689-project] 10.222.0.71 "GET /v2.0/ports?device_id=d0cdf0b1-ae29-4839-a740-9903eaf4b652 HTTP/1.1" status: 200 len: 931 time: 0.4778883
Oct 27 15:59:37.807827 dv-cinder-800703-2-smb neutron-server[113615]: DEBUG neutron.db.l3_dvrscheduler_db [None req-5acc639a-84f7-4ee3-8e24-55efc7a10f7f None None] Routers {'b7d9c0df-bb84-4054-ab97-b4ca98a92b8c'} bound to L3 agent in host dv-cinder-800703-2-smb {{(pid=113615) _get_router_ids_for_agent /opt/stack/neutron/neutron/db/l3_dvrscheduler_db.py:420}}
Oct 27 15:59:37.812975 dv-cinder-800703-2-smb neutron-server[113615]: DEBUG neutron.db.l3_hamode_db [None req-5acc639a-84f7-4ee3-8e24-55efc7a10f7f None None] neutron.services.l3_router.l3_router_plugin.L3RouterPlugin method get_ha_sync_data_for_host called with arguments (, 'dv-cinder-800703-2-smb', Agent(admin_state_up=True,agent_type='L3 agent',availability_zone='nova',binary='neutron-l3-agent',configurations={"agent_mode": "legacy", "ex_gw_ports": 1, "extensions": [], "floating_ips": 0, "handle_internal_only_routers": true, "interface_driver": "openvswitch", "interfaces": 1, "log_agent_heartbeats": false, "routers": 1},created_at=2021-10-27T15:50:38Z,description=,heartbeat_timestamp=2021-10-27T15:59:08Z,host='dv-cinder-800703-2-smb',id=f64ef587-2f0c-4b3c-8d98-bbb101314510,load=0,resource_versions=,resources_synced=,started_at=2021-10-27T15:50:39Z,topic='l3_agent')) {'router_ids': ['b7d9c0df-bb84-4054-ab97-b4ca98a92b8c'], 'active': True} {{(pid=113615) wrapper /usr/local/lib/python3.8/dist-packages/oslo_log/helpers.py:65}}
Oct 27 15:59:37.817612 dv-cinder-800703-2-smb neutron-server[113614]: DEBUG neutron.scheduler.base_scheduler [req-eebb7f5c-637a-4b28-b587-4bf5303bbbef req-cd263f12-f96f-4a13-b0e2-513a7a7579d0 tempest-DeleteServersTestJSON-1819212689 tempest-DeleteServersTestJSON-1819212689-project] Resources bound (agent type, host, resource id): {{(pid=113614) schedule /opt/stack/neutron/neutron/scheduler/base_scheduler.py:57}}
Oct 27 15:59:37.825863 dv-cinder-800703-2-smb neutron-server[113614]: DEBUG neutron.db.l3_dvrscheduler_db [req-eebb7f5c-637a-4b28-b587-4bf5303bbbef req-cd263f12-f96f-4a13-b0e2-513a7a7579d0 tempest-DeleteServersTestJSON-1819212689 tempest-DeleteServersTestJSON-1819212689-project] Received port after_create {{(pid=113614) _notify_l3_agent_new_port /opt/stack/neutron/neutron/db/l3_dvrscheduler_db.py:535}}
Oct 27 15:59:37.838571 dv-cinder-800703-2-smb neutron-server[113614]: DEBUG neutron.pecan_wsgi.hooks.policy_enforcement [req-eebb7f5c-637a-4b28-b587-4bf5303bbbef req-cd263f12-f96f-4a13-b0e2-513a7a7579d0 tempest-DeleteServersTestJSON-1819212689 tempest-DeleteServersTestJSON-1819212689-project] Attributes excluded by policy engine: ['standard_attr_id', 'binding:profile', 'binding:host_id', 'binding:vif_type', 'binding:vif_details', 'network'] {{(pid=113614) _exclude_attributes_by_policy /opt/stack/neutron/neutron/pecan_wsgi/hooks/policy_enforcement.py:255}}
Oct 27 15:59:37.846590 dv-cinder-800703-2-smb neutron-server[113614]: DEBUG neutron_lib.callbacks.manager [req-eebb7f5c-637a-4b28-b587-4bf5303bbbef req-cd263f12-f96f-4a13-b0e2-513a7a7579d0 tempest-DeleteServersTestJSON-1819212689 tempest-DeleteServersTestJSON-1819212689-project] Publish callbacks ['neutron.notifiers.nova.Notifier._send_nova_notification-11754', 'neutron.api.rpc.agentnotifiers.dhcp_rpc_agent_api.DhcpAgentNotifyAPI._send_dhcp_notification-3905442'] for port, before_response {{(pid=113614) _notify_loop /usr/local/lib/python3.8/dist-packages/neutron_lib/callbacks/manager.py:175}}
Oct 27 15:59:37.945290 dv-cinder-800703-2-smb neutron-server[113614]: DEBUG neutron.api.rpc.handlers.resources_rpc [None req-cd263f12-f96f-4a13-b0e2-513a7a7579d0 tempest-DeleteServersTestJSON-1819212689 tempest-DeleteServersTestJSON-1819212689-project] Pushing event updated for resources: {'Port': ['ID=1a8cdd5d-4618-4d22-a2f4-1916317f40d4,revision_number=1']} {{(pid=113614) push /opt/stack/neutron/neutron/api/rpc/handlers/resources_rpc.py:237}}
Oct 27 15:59:37.950639 dv-cinder-800703-2-smb neutron-server[113615]: DEBUG neutron.plugins.ml2.rpc [None req-826ff0dd-e1c6-4926-8751-87c3abefd752 None None] Device 522f3069-82fb-42d1-9a09-a28e5b7ee504 up at agent ovs-agent-dv-cinder-800703-2-smb {{(pid=113615) update_device_up /opt/stack/neutron/neutron/plugins/ml2/rpc.py:296}}
Oct 27 15:59:38.014676 dv-cinder-800703-2-smb neutron-server[113613]: DEBUG neutron_lib.callbacks.manager [None req-93cec2f6-27c7-4ae1-ab09-9cd50ef7f087 admin admin] Publish callbacks [] for security_group, before_delete {{(pid=113613) _notify_loop /usr/local/lib/python3.8/dist-packages/neutron_lib/callbacks/manager.py:175}}
Oct 27 15:59:38.119767 dv-cinder-800703-2-smb neutron-server[113615]: DEBUG neutron.db.l3_dvr_db [None req-5acc639a-84f7-4ee3-8e24-55efc7a10f7f None None] Set router b7d9c0df-bb84-4054-ab97-b4ca98a92b8c gateway port host: dv-cinder-800703-2-smb {{(pid=113615) _build_routers_list /opt/stack/neutron/neutron/db/l3_dvr_db.py:906}}
Oct 27 15:59:38.121981 dv-cinder-800703-2-smb neutron-server[113614]: INFO neutron.wsgi [req-eebb7f5c-637a-4b28-b587-4bf5303bbbef req-cd263f12-f96f-4a13-b0e2-513a7a7579d0 tempest-DeleteServersTestJSON-1819212689 tempest-DeleteServersTestJSON-1819212689-project] 10.222.0.84 "POST /v2.0/ports HTTP/1.1" status: 201 len: 933 time: 5.4179878
Oct 27 15:59:38.123412 dv-cinder-800703-2-smb neutron-server[113615]: DEBUG neutron.db.provisioning_blocks [None req-826ff0dd-e1c6-4926-8751-87c3abefd752 None None] Provisioning complete for port 522f3069-82fb-42d1-9a09-a28e5b7ee504 triggered by entity L2. {{(pid=113615) provisioning_complete /opt/stack/neutron/neutron/db/provisioning_blocks.py:139}}
Oct 27 15:59:38.124048 dv-cinder-800703-2-smb neutron-server[113615]: DEBUG neutron_lib.callbacks.manager [None req-826ff0dd-e1c6-4926-8751-87c3abefd752 None None] Publish callbacks ['neutron.plugins.ml2.plugin.Ml2Plugin._port_provisioned-894273'] for port, provisioning_complete {{(pid=113615) _notify_loop /usr/local/lib/python3.8/dist-packages/neutron_lib/callbacks/manager.py:175}}
Oct 27 15:59:38.135918 dv-cinder-800703-2-smb neutron-server[113614]: DEBUG neutron.api.rpc.agentnotifiers.l3_rpc_agent_api [None req-2f804669-d752-4763-8eba-33493aa03f3c admin admin] Notify agent at l3_agent.dv-cinder-800703-2-smb the message routers_updated {{(pid=113614) _agent_notification /opt/stack/neutron/neutron/api/rpc/agentnotifiers/l3_rpc_agent_api.py:65}}
Oct 27 15:59:38.183264 dv-cinder-800703-2-smb neutron-server[113614]: INFO neutron.wsgi [None req-2f804669-d752-4763-8eba-33493aa03f3c admin admin] 10.222.0.71 "PUT /v2.0/routers/b7d9c0df-bb84-4054-ab97-b4ca98a92b8c/add_router_interface HTTP/1.1" status: 200 len: 503 time: 8.2684474
Oct 27 15:59:38.232054 dv-cinder-800703-2-smb neutron-server[113614]: DEBUG neutron.wsgi [req-eebb7f5c-637a-4b28-b587-4bf5303bbbef req-9f9d3d51-a8f6-47da-8fc2-da49c37306c9 tempest-DeleteServersTestJSON-1819212689 tempest-DeleteServersTestJSON-1819212689-project] http://10.222.0.71:9696/v2.0/extensions returned with HTTP 200 {{(pid=113614) __call__ /opt/stack/neutron/neutron/wsgi.py:729}}
Oct 27 15:59:38.233267 dv-cinder-800703-2-smb neutron-server[113614]: INFO neutron.wsgi [req-eebb7f5c-637a-4b28-b587-4bf5303bbbef req-9f9d3d51-a8f6-47da-8fc2-da49c37306c9 tempest-DeleteServersTestJSON-1819212689 tempest-DeleteServersTestJSON-1819212689-project] 10.222.0.84 "GET /v2.0/extensions HTTP/1.1" status: 200 len: 13641 time: 0.0450501
Oct 27 15:59:38.270756 dv-cinder-800703-2-smb neutron-server[113613]: DEBUG neutron_lib.callbacks.manager [None req-8ddce5e2-1445-4c46-853c-252c14a772c3 tempest-AttachVolumeTestJSON-2004162619 tempest-AttachVolumeTestJSON-2004162619-project] Publish callbacks [] for floatingip, precommit_create {{(pid=113613) _notify_loop /usr/local/lib/python3.8/dist-packages/neutron_lib/callbacks/manager.py:175}}
Oct 27 15:59:38.273326 dv-cinder-800703-2-smb neutron-server[113614]: DEBUG neutron_lib.callbacks.manager [None req-b81884db-d90a-44a3-b644-922bfbc5935e admin admin] Publish callbacks [] for security_group, precommit_create {{(pid=113614) _notify_loop /usr/local/lib/python3.8/dist-packages/neutron_lib/callbacks/manager.py:175}}
