Oct 27 15:42:42.810484 dv-cinder-800703-2-iscsi devstack@c-api.service[114801]: WARNING stevedore.named [None req-7e1b7a06-f65e-41fd-ba0f-1d8a7799fcdf tempest-GroupSnapshotsTest-133336275 tempest-GroupSnapshotsTest-133336275-project] Could not load cinder.keymgr.conf_key_mgr.ConfKeyManager
Oct 27 15:42:42.811167 dv-cinder-800703-2-iscsi devstack@c-api.service[114801]: WARNING castellan.key_manager [None req-7e1b7a06-f65e-41fd-ba0f-1d8a7799fcdf tempest-GroupSnapshotsTest-133336275 tempest-GroupSnapshotsTest-133336275-project] Deprecation Warning : cinder.keymgr.conf_key_mgr.ConfKeyManager is not a stevedore based driver, trying to load it as a class: stevedore.exception.NoMatches: No 'castellan.drivers' driver found, looking for 'cinder.keymgr.conf_key_mgr.ConfKeyManager'
Oct 27 15:42:42.819589 dv-cinder-800703-2-iscsi devstack@c-api.service[114801]: DEBUG oslo_db.sqlalchemy.engines [None req-7e1b7a06-f65e-41fd-ba0f-1d8a7799fcdf tempest-GroupSnapshotsTest-133336275 tempest-GroupSnapshotsTest-133336275-project] MySQL server mode set to STRICT_TRANS_TABLES,STRICT_ALL_TABLES,NO_ZERO_IN_DATE,NO_ZERO_DATE,ERROR_FOR_DIVISION_BY_ZERO,TRADITIONAL,NO_ENGINE_SUBSTITUTION {{(pid=114801) _check_effective_sql_mode /usr/local/lib/python3.8/dist-packages/oslo_db/sqlalchemy/engines.py:314}}
Oct 27 15:42:42.836364 dv-cinder-800703-2-iscsi devstack@c-api.service[114801]: /usr/local/lib/python3.8/dist-packages/oslo_context/context.py:105: DeprecationWarning: Policy enforcement is depending on the value of is_admin. This key is deprecated. Please update your policy file to use the standard policy values.
Oct 27 15:42:42.836364 dv-cinder-800703-2-iscsi devstack@c-api.service[114801]: warnings.warn('Policy enforcement is depending on the value of '
Oct 27 15:42:42.874582 dv-cinder-800703-2-iscsi devstack@c-api.service[114800]: INFO cinder.api.openstack.wsgi [None req-ac0572a6-9d3f-4506-93c5-5740e0e8dc3a tempest-GroupsV314Test-478148974 tempest-GroupsV314Test-478148974-project] GET http://10.222.0.64/volume/v3/7fbe98dc6ed14e75af22cf3b1f9f6a75/groups/8860cde5-6e56-49c0-af6c-61096a283577
Oct 27 15:42:42.875335 dv-cinder-800703-2-iscsi devstack@c-api.service[114800]: DEBUG cinder.api.openstack.wsgi [None req-ac0572a6-9d3f-4506-93c5-5740e0e8dc3a tempest-GroupsV314Test-478148974 tempest-GroupsV314Test-478148974-project] Empty body provided in request {{(pid=114800) get_body /opt/stack/cinder/cinder/api/openstack/wsgi.py:703}}
Oct 27 15:42:42.875660 dv-cinder-800703-2-iscsi devstack@c-api.service[114800]: /usr/local/lib/python3.8/dist-packages/webob/acceptparse.py:1047: DeprecationWarning: The behavior of AcceptValidHeader.best_match is currently being maintained for backward compatibility, but it will be deprecated in the future, as it does not conform to the RFC.
Oct 27 15:42:42.875660 dv-cinder-800703-2-iscsi devstack@c-api.service[114800]: warnings.warn(
Oct 27 15:42:42.876213 dv-cinder-800703-2-iscsi devstack@c-api.service[114800]: DEBUG cinder.api.openstack.wsgi [None req-ac0572a6-9d3f-4506-93c5-5740e0e8dc3a tempest-GroupsV314Test-478148974 tempest-GroupsV314Test-478148974-project] Calling method 'version_select' {{(pid=114800) _process_stack /opt/stack/cinder/cinder/api/openstack/wsgi.py:856}}
Oct 27 15:42:42.876723 dv-cinder-800703-2-iscsi devstack@c-api.service[114800]: DEBUG cinder.api.v3.groups [None req-ac0572a6-9d3f-4506-93c5-5740e0e8dc3a tempest-GroupsV314Test-478148974 tempest-GroupsV314Test-478148974-project] show called for member 8860cde5-6e56-49c0-af6c-61096a283577 {{(pid=114800) show /opt/stack/cinder/cinder/api/v3/groups.py:58}}
Oct 27 15:42:42.883225 dv-cinder-800703-2-iscsi devstack@c-api.service[114801]: INFO cinder.api.openstack.wsgi [None req-7e1b7a06-f65e-41fd-ba0f-1d8a7799fcdf tempest-GroupSnapshotsTest-133336275 tempest-GroupSnapshotsTest-133336275-project] http://10.222.0.64/volume/v3/2eeb310115a5440681314960c075cc11/volumes/detail returned with HTTP 200
Oct 27 15:42:42.887019 dv-cinder-800703-2-iscsi devstack@c-api.service[114801]: [pid: 114801|app: 0|req: 28/50] 10.222.0.64 () {60 vars in 1275 bytes} [Wed Oct 27 15:42:42 2021] GET /volume/v3/2eeb310115a5440681314960c075cc11/volumes/detail => generated 1986 bytes in 201 msecs (HTTP/1.1 200) 7 headers in 287 bytes (1 switches on core 0)
Oct 27 15:42:42.901652 dv-cinder-800703-2-iscsi devstack@c-api.service[114801]: INFO cinder.api.openstack.wsgi [None req-d85df187-e077-4479-bf99-a8da2f2f51e9 tempest-GroupSnapshotsTest-133336275 tempest-GroupSnapshotsTest-133336275-project] GET http://10.222.0.64/volume/v3/2eeb310115a5440681314960c075cc11/volumes/4f238a59-03f9-48c3-bd6c-58662bf65401
Oct 27 15:42:42.902424 dv-cinder-800703-2-iscsi devstack@c-api.service[114801]: DEBUG cinder.api.openstack.wsgi [None req-d85df187-e077-4479-bf99-a8da2f2f51e9 tempest-GroupSnapshotsTest-133336275 tempest-GroupSnapshotsTest-133336275-project] Empty body provided in request {{(pid=114801) get_body /opt/stack/cinder/cinder/api/openstack/wsgi.py:703}}
Oct 27 15:42:42.902758 dv-cinder-800703-2-iscsi devstack@c-api.service[114801]: /usr/local/lib/python3.8/dist-packages/webob/acceptparse.py:1047: DeprecationWarning: The behavior of AcceptValidHeader.best_match is currently being maintained for backward compatibility, but it will be deprecated in the future, as it does not conform to the RFC.
Oct 27 15:42:42.902758 dv-cinder-800703-2-iscsi devstack@c-api.service[114801]: warnings.warn(
Oct 27 15:42:42.903484 dv-cinder-800703-2-iscsi devstack@c-api.service[114801]: DEBUG cinder.api.openstack.wsgi [None req-d85df187-e077-4479-bf99-a8da2f2f51e9 tempest-GroupSnapshotsTest-133336275 tempest-GroupSnapshotsTest-133336275-project] Calling method 'show' {{(pid=114801) _process_stack /opt/stack/cinder/cinder/api/openstack/wsgi.py:856}}
Oct 27 15:42:42.905343 dv-cinder-800703-2-iscsi devstack@c-api.service[114800]: /usr/local/lib/python3.8/dist-packages/oslo_context/context.py:105: DeprecationWarning: Policy enforcement is depending on the value of is_admin. This key is deprecated. Please update your policy file to use the standard policy values.
Oct 27 15:42:42.905343 dv-cinder-800703-2-iscsi devstack@c-api.service[114800]: warnings.warn('Policy enforcement is depending on the value of '
Oct 27 15:42:42.920798 dv-cinder-800703-2-iscsi devstack@c-api.service[114801]: /usr/local/lib/python3.8/dist-packages/oslo_context/context.py:105: DeprecationWarning: Policy enforcement is depending on the value of is_admin. This key is deprecated. Please update your policy file to use the standard policy values.
Oct 27 15:42:42.920798 dv-cinder-800703-2-iscsi devstack@c-api.service[114801]: warnings.warn('Policy enforcement is depending on the value of '
Oct 27 15:42:42.931658 dv-cinder-800703-2-iscsi devstack@c-api.service[114801]: INFO cinder.volume.api [None req-d85df187-e077-4479-bf99-a8da2f2f51e9 tempest-GroupSnapshotsTest-133336275 tempest-GroupSnapshotsTest-133336275-project] Volume info retrieved successfully.
Oct 27 15:42:42.933722 dv-cinder-800703-2-iscsi devstack@c-api.service[114801]: WARNING stevedore.named [None req-d85df187-e077-4479-bf99-a8da2f2f51e9 tempest-GroupSnapshotsTest-133336275 tempest-GroupSnapshotsTest-133336275-project] Could not load cinder.keymgr.conf_key_mgr.ConfKeyManager
Oct 27 15:42:42.934270 dv-cinder-800703-2-iscsi devstack@c-api.service[114801]: WARNING castellan.key_manager [None req-d85df187-e077-4479-bf99-a8da2f2f51e9 tempest-GroupSnapshotsTest-133336275 tempest-GroupSnapshotsTest-133336275-project] Deprecation Warning : cinder.keymgr.conf_key_mgr.ConfKeyManager is not a stevedore based driver, trying to load it as a class: stevedore.exception.NoMatches: No 'castellan.drivers' driver found, looking for 'cinder.keymgr.conf_key_mgr.ConfKeyManager'
Oct 27 15:42:42.943099 dv-cinder-800703-2-iscsi devstack@c-api.service[114801]: DEBUG oslo_db.sqlalchemy.engines [None req-d85df187-e077-4479-bf99-a8da2f2f51e9 tempest-GroupSnapshotsTest-133336275 tempest-GroupSnapshotsTest-133336275-project] MySQL server mode set to STRICT_TRANS_TABLES,STRICT_ALL_TABLES,NO_ZERO_IN_DATE,NO_ZERO_DATE,ERROR_FOR_DIVISION_BY_ZERO,TRADITIONAL,NO_ENGINE_SUBSTITUTION {{(pid=114801) _check_effective_sql_mode /usr/local/lib/python3.8/dist-packages/oslo_db/sqlalchemy/engines.py:314}}
Oct 27 15:42:42.949511 dv-cinder-800703-2-iscsi devstack@c-api.service[114801]: /usr/local/lib/python3.8/dist-packages/oslo_context/context.py:105: DeprecationWarning: Policy enforcement is depending on the value of is_admin. This key is deprecated. Please update your policy file to use the standard policy values.
Oct 27 15:42:42.949511 dv-cinder-800703-2-iscsi devstack@c-api.service[114801]: warnings.warn('Policy enforcement is depending on the value of '
Oct 27 15:42:42.966857 dv-cinder-800703-2-iscsi devstack@c-api.service[114801]: INFO cinder.api.openstack.wsgi [None req-d85df187-e077-4479-bf99-a8da2f2f51e9 tempest-GroupSnapshotsTest-133336275 tempest-GroupSnapshotsTest-133336275-project] http://10.222.0.64/volume/v3/2eeb310115a5440681314960c075cc11/volumes/4f238a59-03f9-48c3-bd6c-58662bf65401 returned with HTTP 200
Oct 27 15:42:42.978411 dv-cinder-800703-2-iscsi devstack@c-api.service[114801]: [pid: 114801|app: 0|req: 29/51] 10.222.0.64 () {60 vars in 1365 bytes} [Wed Oct 27 15:42:42 2021] GET /volume/v3/2eeb310115a5440681314960c075cc11/volumes/4f238a59-03f9-48c3-bd6c-58662bf65401 => generated 992 bytes in 81 msecs (HTTP/1.1 200) 7 headers in 286 bytes (2 switches on core 0)
Oct 27 15:42:42.979089 dv-cinder-800703-2-iscsi devstack@c-api.service[114800]: INFO cinder.api.openstack.wsgi [None req-ac0572a6-9d3f-4506-93c5-5740e0e8dc3a tempest-GroupsV314Test-478148974 tempest-GroupsV314Test-478148974-project] http://10.222.0.64/volume/v3/7fbe98dc6ed14e75af22cf3b1f9f6a75/groups/8860cde5-6e56-49c0-af6c-61096a283577 returned with HTTP 200
Oct 27 15:42:42.980155 dv-cinder-800703-2-iscsi devstack@c-api.service[114800]: [pid: 114800|app: 0|req: 23/52] 10.222.0.64 () {60 vars in 1362 bytes} [Wed Oct 27 15:42:42 2021] GET /volume/v3/7fbe98dc6ed14e75af22cf3b1f9f6a75/groups/8860cde5-6e56-49c0-af6c-61096a283577 => generated 389 bytes in 110 msecs (HTTP/1.1 200) 7 headers in 286 bytes (1 switches on core 0)
Oct 27 15:42:42.993913 dv-cinder-800703-2-iscsi devstack@c-api.service[114801]: INFO cinder.api.openstack.wsgi [None req-cccd220d-6c01-43de-b895-5a9b36ca9be0 tempest-GroupsV314Test-478148974 tempest-GroupsV314Test-478148974-project] POST http://10.222.0.64/volume/v3/7fbe98dc6ed14e75af22cf3b1f9f6a75/volumes
Oct 27 15:42:42.995514 dv-cinder-800703-2-iscsi devstack@c-api.service[114801]: /usr/local/lib/python3.8/dist-packages/webob/acceptparse.py:1047: DeprecationWarning: The behavior of AcceptValidHeader.best_match is currently being maintained for backward compatibility, but it will be deprecated in the future, as it does not conform to the RFC.
Oct 27 15:42:42.995514 dv-cinder-800703-2-iscsi devstack@c-api.service[114801]: warnings.warn(
Oct 27 15:42:42.998796 dv-cinder-800703-2-iscsi devstack@c-api.service[114801]: DEBUG cinder.api.openstack.wsgi [None req-cccd220d-6c01-43de-b895-5a9b36ca9be0 tempest-GroupsV314Test-478148974 tempest-GroupsV314Test-478148974-project] Action: 'create', calling method: create, body: {"volume": {"volume_type": "9f1d225f-7fd9-4619-bbe9-2fe03886a597", "group_id": "8860cde5-6e56-49c0-af6c-61096a283577", "size": 1, "name": "tempest-GroupsV314Test-Volume-1871364609"}} {{(pid=114801) _process_stack /opt/stack/cinder/cinder/api/openstack/wsgi.py:854}}
Oct 27 15:42:43.000241 dv-cinder-800703-2-iscsi devstack@c-api.service[114801]: DEBUG cinder.api.v3.volumes [None req-cccd220d-6c01-43de-b895-5a9b36ca9be0 tempest-GroupsV314Test-478148974 tempest-GroupsV314Test-478148974-project] Create volume request body: {'volume': {'volume_type': '9f1d225f-7fd9-4619-bbe9-2fe03886a597', 'group_id': '8860cde5-6e56-49c0-af6c-61096a283577', 'size': 1, 'name': 'tempest-GroupsV314Test-Volume-1871364609'}} {{(pid=114801) create /opt/stack/cinder/cinder/api/v3/volumes.py:298}}
Oct 27 15:42:43.028961 dv-cinder-800703-2-iscsi devstack@c-api.service[114801]: /usr/local/lib/python3.8/dist-packages/oslo_context/context.py:105: DeprecationWarning: Policy enforcement is depending on the value of is_admin. This key is deprecated. Please update your policy file to use the standard policy values.
Oct 27 15:42:43.028961 dv-cinder-800703-2-iscsi devstack@c-api.service[114801]: warnings.warn('Policy enforcement is depending on the value of '
Oct 27 15:42:43.031106 dv-cinder-800703-2-iscsi devstack@c-api.service[114801]: INFO cinder.api.v3.volumes [None req-cccd220d-6c01-43de-b895-5a9b36ca9be0 tempest-GroupsV314Test-478148974 tempest-GroupsV314Test-478148974-project] Create volume of 1 GB
Oct 27 15:42:43.044608 dv-cinder-800703-2-iscsi devstack@c-api.service[114801]: INFO cinder.volume.api [None req-cccd220d-6c01-43de-b895-5a9b36ca9be0 tempest-GroupsV314Test-478148974 tempest-GroupsV314Test-478148974-project] Availability Zones retrieved successfully.
Oct 27 15:42:43.053765 dv-cinder-800703-2-iscsi devstack@c-api.service[114800]: INFO cinder.api.openstack.wsgi [None req-2f25e9aa-3297-47de-aa3e-1e6644ba9979 tempest-VolumesTestJSON-1049566844 tempest-VolumesTestJSON-1049566844-project] GET http://10.222.0.64/volume/v3/114acf07476f413fa0a3e3279f0cd99e/volumes/b0911728-879a-431a-8829-c93da9177a82
Oct 27 15:42:43.054261 dv-cinder-800703-2-iscsi devstack@c-api.service[114800]: DEBUG cinder.api.openstack.wsgi [None req-2f25e9aa-3297-47de-aa3e-1e6644ba9979 tempest-VolumesTestJSON-1049566844 tempest-VolumesTestJSON-1049566844-project] Empty body provided in request {{(pid=114800) get_body /opt/stack/cinder/cinder/api/openstack/wsgi.py:703}}
Oct 27 15:42:43.054397 dv-cinder-800703-2-iscsi devstack@c-api.service[114800]: /usr/local/lib/python3.8/dist-packages/webob/acceptparse.py:1047: DeprecationWarning: The behavior of AcceptValidHeader.best_match is currently being maintained for backward compatibility, but it will be deprecated in the future, as it does not conform to the RFC.
Oct 27 15:42:43.054397 dv-cinder-800703-2-iscsi devstack@c-api.service[114800]: warnings.warn(
Oct 27 15:42:43.054697 dv-cinder-800703-2-iscsi devstack@c-api.service[114800]: DEBUG cinder.api.openstack.wsgi [None req-2f25e9aa-3297-47de-aa3e-1e6644ba9979 tempest-VolumesTestJSON-1049566844 tempest-VolumesTestJSON-1049566844-project] Calling method 'show' {{(pid=114800) _process_stack /opt/stack/cinder/cinder/api/openstack/wsgi.py:856}}
Oct 27 15:42:43.067490 dv-cinder-800703-2-iscsi devstack@c-api.service[114801]: DEBUG cinder.volume.api [None req-cccd220d-6c01-43de-b895-5a9b36ca9be0 tempest-GroupsV314Test-478148974 tempest-GroupsV314Test-478148974-project] Flow 'volume_create_api' (917f2083-755f-4b75-acc1-83e7ab3b005a) transitioned into state 'RUNNING' from state 'PENDING' {{(pid=114801) _flow_receiver /usr/local/lib/python3.8/dist-packages/taskflow/listeners/logging.py:141}}
Oct 27 15:42:43.070439 dv-cinder-800703-2-iscsi devstack@c-api.service[114801]: DEBUG cinder.volume.api [None req-cccd220d-6c01-43de-b895-5a9b36ca9be0 tempest-GroupsV314Test-478148974 tempest-GroupsV314Test-478148974-project] Task 'cinder.volume.flows.api.create_volume.ExtractVolumeRequestTask;volume:create' (4dcad203-23ea-4b8f-adad-59b735300f56) transitioned into state 'RUNNING' from state 'PENDING' {{(pid=114801) _task_receiver /usr/local/lib/python3.8/dist-packages/taskflow/listeners/logging.py:190}}
Oct 27 15:42:43.072601 dv-cinder-800703-2-iscsi devstack@c-api.service[114801]: /usr/local/lib/python3.8/dist-packages/oslo_context/context.py:105: DeprecationWarning: Policy enforcement is depending on the value of is_admin. This key is deprecated. Please update your policy file to use the standard policy values.
Oct 27 15:42:43.072601 dv-cinder-800703-2-iscsi devstack@c-api.service[114801]: warnings.warn('Policy enforcement is depending on the value of '
Oct 27 15:42:43.073961 dv-cinder-800703-2-iscsi devstack@c-api.service[114801]: DEBUG cinder.volume.flows.api.create_volume [None req-cccd220d-6c01-43de-b895-5a9b36ca9be0 tempest-GroupsV314Test-478148974 tempest-GroupsV314Test-478148974-project] Validating volume size '1' using validate_int {{(pid=114801) _extract_size /opt/stack/cinder/cinder/volume/flows/api/create_volume.py:225}}
Oct 27 15:42:43.075341 dv-cinder-800703-2-iscsi devstack@c-api.service[114800]: /usr/local/lib/python3.8/dist-packages/oslo_context/context.py:105: DeprecationWarning: Policy enforcement is depending on the value of is_admin. This key is deprecated. Please update your policy file to use the standard policy values.
Oct 27 15:42:43.075341 dv-cinder-800703-2-iscsi devstack@c-api.service[114800]: warnings.warn('Policy enforcement is depending on the value of '
Oct 27 15:42:43.104429 dv-cinder-800703-2-iscsi devstack@c-api.service[114800]: INFO cinder.volume.api [None req-2f25e9aa-3297-47de-aa3e-1e6644ba9979 tempest-VolumesTestJSON-1049566844 tempest-VolumesTestJSON-1049566844-project] Volume info retrieved successfully.
Oct 27 15:42:43.119889 dv-cinder-800703-2-iscsi devstack@c-api.service[114800]: INFO cinder.api.openstack.wsgi [None req-2f25e9aa-3297-47de-aa3e-1e6644ba9979 tempest-VolumesTestJSON-1049566844 tempest-VolumesTestJSON-1049566844-project] http://10.222.0.64/volume/v3/114acf07476f413fa0a3e3279f0cd99e/volumes/b0911728-879a-431a-8829-c93da9177a82 returned with HTTP 200
Oct 27 15:42:43.134416 dv-cinder-800703-2-iscsi devstack@c-api.service[114800]: [pid: 114800|app: 0|req: 24/53] 10.222.0.64 () {58 vars in 1324 bytes} [Wed Oct 27 15:42:43 2021] GET /volume/v3/114acf07476f413fa0a3e3279f0cd99e/volumes/b0911728-879a-431a-8829-c93da9177a82 => generated 921 bytes in 85 msecs (HTTP/1.1 200) 7 headers in 285 bytes (2 switches on core 0)
Oct 27 15:42:43.149219 dv-cinder-800703-2-iscsi devstack@c-api.service[114801]: DEBUG cinder.volume.api [None req-cccd220d-6c01-43de-b895-5a9b36ca9be0 tempest-GroupsV314Test-478148974 tempest-GroupsV314Test-478148974-project] Task 'cinder.volume.flows.api.create_volume.ExtractVolumeRequestTask;volume:create' (4dcad203-23ea-4b8f-adad-59b735300f56) transitioned into state 'SUCCESS' from state 'RUNNING' with result '{'size': 1, 'snapshot_id': None, 'source_volid': None, 'volume_type': VolumeType(created_at=2021-10-27T15:42:41Z,deleted=False,deleted_at=None,description=None,extra_specs={},id=9f1d225f-7fd9-4619-bbe9-2fe03886a597,is_public=True,name='tempest-GroupsV314Test-volume-type-1820306692',projects=[],qos_specs=,qos_specs_id=None,updated_at=None), 'volume_type_id': '9f1d225f-7fd9-4619-bbe9-2fe03886a597', 'encryption_key_id': None, 'qos_specs': None, 'consistencygroup_id': None, 'cgsnapshot_id': None, 'group_id': '8860cde5-6e56-49c0-af6c-61096a283577', 'replication_status': 'disabled', 'refresh_az': False, 'backup_id': None, 'multiattach': False, 'availability_zones': ['nova']}' {{(pid=114801) _task_receiver /usr/local/lib/python3.8/dist-packages/taskflow/listeners/logging.py:178}}
Oct 27 15:42:43.151742 dv-cinder-800703-2-iscsi devstack@c-api.service[114801]: DEBUG cinder.volume.api [None req-cccd220d-6c01-43de-b895-5a9b36ca9be0 tempest-GroupsV314Test-478148974 tempest-GroupsV314Test-478148974-project] Task 'cinder.volume.flows.api.create_volume.QuotaReserveTask;volume:create' (2ab24723-264f-4390-aef5-e57caeb3b2f5) transitioned into state 'RUNNING' from state 'PENDING' {{(pid=114801) _task_receiver /usr/local/lib/python3.8/dist-packages/taskflow/listeners/logging.py:190}}
Oct 27 15:42:43.214447 dv-cinder-800703-2-iscsi devstack@c-api.service[114801]: WARNING cinder.quota [None req-cccd220d-6c01-43de-b895-5a9b36ca9be0 tempest-GroupsV314Test-478148974 tempest-GroupsV314Test-478148974-project] Deprecated: Default quota for resource: volumes_tempest-GroupsV314Test-volume-type-1820306692 is set by the default quota flag: quota_volumes_tempest-GroupsV314Test-volume-type-1820306692, it is now deprecated. Please use the default quota class for default quota.
Oct 27 15:42:43.215560 dv-cinder-800703-2-iscsi devstack@c-api.service[114801]: WARNING cinder.quota [None req-cccd220d-6c01-43de-b895-5a9b36ca9be0 tempest-GroupsV314Test-478148974 tempest-GroupsV314Test-478148974-project] Deprecated: Default quota for resource: gigabytes_tempest-GroupsV314Test-volume-type-1820306692 is set by the default quota flag: quota_gigabytes_tempest-GroupsV314Test-volume-type-1820306692, it is now deprecated. Please use the default quota class for default quota.
Oct 27 15:42:43.218172 dv-cinder-800703-2-iscsi devstack@c-api.service[114800]: WARNING keystonemiddleware.auth_token [None req-2f25e9aa-3297-47de-aa3e-1e6644ba9979 tempest-VolumesTestJSON-1049566844 tempest-VolumesTestJSON-1049566844-project] A valid token was submitted as a service token, but it was not a valid service token. This is incorrect but backwards compatible behaviour. This will be removed in future releases.
Oct 27 15:42:43.230601 dv-cinder-800703-2-iscsi devstack@c-api.service[114800]: INFO cinder.api.openstack.wsgi [req-c33daf01-31f2-4a35-84c4-f21544884746 req-ff264385-7cb9-4cda-8ffc-a380981e2b34 tempest-VolumesTestJSON-1049566844 tempest-VolumesTestJSON-1049566844-project] GET http://10.222.0.64/volume/v3/114acf07476f413fa0a3e3279f0cd99e/volumes/b0911728-879a-431a-8829-c93da9177a82
Oct 27 15:42:43.231333 dv-cinder-800703-2-iscsi devstack@c-api.service[114800]: DEBUG cinder.api.openstack.wsgi [req-c33daf01-31f2-4a35-84c4-f21544884746 req-ff264385-7cb9-4cda-8ffc-a380981e2b34 tempest-VolumesTestJSON-1049566844 tempest-VolumesTestJSON-1049566844-project] Empty body provided in request {{(pid=114800) get_body /opt/stack/cinder/cinder/api/openstack/wsgi.py:703}}
Oct 27 15:42:43.231681 dv-cinder-800703-2-iscsi devstack@c-api.service[114800]: /usr/local/lib/python3.8/dist-packages/webob/acceptparse.py:1047: DeprecationWarning: The behavior of AcceptValidHeader.best_match is currently being maintained for backward compatibility, but it will be deprecated in the future, as it does not conform to the RFC.
Oct 27 15:42:43.231681 dv-cinder-800703-2-iscsi devstack@c-api.service[114800]: warnings.warn(
Oct 27 15:42:43.232357 dv-cinder-800703-2-iscsi devstack@c-api.service[114800]: DEBUG cinder.api.openstack.wsgi [req-c33daf01-31f2-4a35-84c4-f21544884746 req-ff264385-7cb9-4cda-8ffc-a380981e2b34 tempest-VolumesTestJSON-1049566844 tempest-VolumesTestJSON-1049566844-project] Calling method 'show' {{(pid=114800) _process_stack /opt/stack/cinder/cinder/api/openstack/wsgi.py:856}}
Oct 27 15:42:43.259687 dv-cinder-800703-2-iscsi devstack@c-api.service[114800]: /usr/local/lib/python3.8/dist-packages/oslo_context/context.py:105: DeprecationWarning: Policy enforcement is depending on the value of is_admin. This key is deprecated. Please update your policy file to use the standard policy values.
Oct 27 15:42:43.259687 dv-cinder-800703-2-iscsi devstack@c-api.service[114800]: warnings.warn('Policy enforcement is depending on the value of '
Oct 27 15:42:43.302107 dv-cinder-800703-2-iscsi devstack@c-api.service[114800]: INFO cinder.volume.api [req-c33daf01-31f2-4a35-84c4-f21544884746 req-ff264385-7cb9-4cda-8ffc-a380981e2b34 tempest-VolumesTestJSON-1049566844 tempest-VolumesTestJSON-1049566844-project] Volume info retrieved successfully.
Oct 27 15:42:43.316179 dv-cinder-800703-2-iscsi devstack@c-api.service[114800]: INFO cinder.api.openstack.wsgi [req-c33daf01-31f2-4a35-84c4-f21544884746 req-ff264385-7cb9-4cda-8ffc-a380981e2b34 tempest-VolumesTestJSON-1049566844 tempest-VolumesTestJSON-1049566844-project] http://10.222.0.64/volume/v3/114acf07476f413fa0a3e3279f0cd99e/volumes/b0911728-879a-431a-8829-c93da9177a82 returned with HTTP 200
Oct 27 15:42:43.322434 dv-cinder-800703-2-iscsi devstack@c-api.service[114801]: DEBUG cinder.quota [None req-cccd220d-6c01-43de-b895-5a9b36ca9be0 tempest-GroupsV314Test-478148974 tempest-GroupsV314Test-478148974-project] Created reservations ['c10f935b-d56a-4be3-9fb2-c380983ec2b9', 'dd9f1af8-97a0-48b1-a231-626eb27751e0', '3471efe4-ba93-4f37-aff9-0d2dce0a0d98', 'b12ad193-eb92-4855-8599-1c0d3215ba7a'] {{(pid=114801) reserve /opt/stack/cinder/cinder/quota.py:755}}
Oct 27 15:42:43.324428 dv-cinder-800703-2-iscsi devstack@c-api.service[114801]: DEBUG cinder.volume.api [None req-cccd220d-6c01-43de-b895-5a9b36ca9be0 tempest-GroupsV314Test-478148974 tempest-GroupsV314Test-478148974-project] Task 'cinder.volume.flows.api.create_volume.QuotaReserveTask;volume:create' (2ab24723-264f-4390-aef5-e57caeb3b2f5) transitioned into state 'SUCCESS' from state 'RUNNING' with result '{'reservations': ['c10f935b-d56a-4be3-9fb2-c380983ec2b9', 'dd9f1af8-97a0-48b1-a231-626eb27751e0', '3471efe4-ba93-4f37-aff9-0d2dce0a0d98', 'b12ad193-eb92-4855-8599-1c0d3215ba7a']}' {{(pid=114801) _task_receiver /usr/local/lib/python3.8/dist-packages/taskflow/listeners/logging.py:178}}
Oct 27 15:42:43.327327 dv-cinder-800703-2-iscsi devstack@c-api.service[114801]: DEBUG cinder.volume.api [None req-cccd220d-6c01-43de-b895-5a9b36ca9be0 tempest-GroupsV314Test-478148974 tempest-GroupsV314Test-478148974-project] Task 'cinder.volume.flows.api.create_volume.EntryCreateTask;volume:create' (1b014c75-62bd-48d8-96eb-4f8cd05e1039) transitioned into state 'RUNNING' from state 'PENDING' {{(pid=114801) _task_receiver /usr/local/lib/python3.8/dist-packages/taskflow/listeners/logging.py:190}}
Oct 27 15:42:43.327487 dv-cinder-800703-2-iscsi devstack@c-api.service[114800]: [pid: 114800|app: 0|req: 25/54] 10.222.0.64 () {60 vars in 1578 bytes} [Wed Oct 27 15:42:43 2021] GET /volume/v3/114acf07476f413fa0a3e3279f0cd99e/volumes/b0911728-879a-431a-8829-c93da9177a82 => generated 921 bytes in 111 msecs (HTTP/1.1 200) 7 headers in 285 bytes (1 switches on core 0)
Oct 27 15:42:43.358421 dv-cinder-800703-2-iscsi devstack@c-api.service[114800]: INFO cinder.api.openstack.wsgi [req-dfe002aa-290d-402b-b703-9d10aabe8c51 req-c07f564b-bbf0-4afc-a0cf-98bdff157c3a tempest-VolumesTestJSON-1049566844 tempest-VolumesTestJSON-1049566844-project] GET http://10.222.0.64/volume/v3/114acf07476f413fa0a3e3279f0cd99e/volumes/detail
Oct 27 15:42:43.358881 dv-cinder-800703-2-iscsi devstack@c-api.service[114800]: DEBUG cinder.api.openstack.wsgi [req-dfe002aa-290d-402b-b703-9d10aabe8c51 req-c07f564b-bbf0-4afc-a0cf-98bdff157c3a tempest-VolumesTestJSON-1049566844 tempest-VolumesTestJSON-1049566844-project] Empty body provided in request {{(pid=114800) get_body /opt/stack/cinder/cinder/api/openstack/wsgi.py:703}}
Oct 27 15:42:43.359049 dv-cinder-800703-2-iscsi devstack@c-api.service[114800]: /usr/local/lib/python3.8/dist-packages/webob/acceptparse.py:1047: DeprecationWarning: The behavior of AcceptValidHeader.best_match is currently being maintained for backward compatibility, but it will be deprecated in the future, as it does not conform to the RFC.
Oct 27 15:42:43.359049 dv-cinder-800703-2-iscsi devstack@c-api.service[114800]: warnings.warn(
Oct 27 15:42:43.359381 dv-cinder-800703-2-iscsi devstack@c-api.service[114800]: DEBUG cinder.api.openstack.wsgi [req-dfe002aa-290d-402b-b703-9d10aabe8c51 req-c07f564b-bbf0-4afc-a0cf-98bdff157c3a tempest-VolumesTestJSON-1049566844 tempest-VolumesTestJSON-1049566844-project] Calling method 'detail' {{(pid=114800) _process_stack /opt/stack/cinder/cinder/api/openstack/wsgi.py:856}}
Oct 27 15:42:43.362845 dv-cinder-800703-2-iscsi devstack@c-api.service[114800]: DEBUG cinder.api.api_utils [req-dfe002aa-290d-402b-b703-9d10aabe8c51 req-c07f564b-bbf0-4afc-a0cf-98bdff157c3a tempest-VolumesTestJSON-1049566844 tempest-VolumesTestJSON-1049566844-project] Removing options '' from query. {{(pid=114800) remove_invalid_filter_options /opt/stack/cinder/cinder/api/api_utils.py:73}}
Oct 27 15:42:43.362845 dv-cinder-800703-2-iscsi devstack@c-api.service[114800]: DEBUG cinder.volume.api [req-dfe002aa-290d-402b-b703-9d10aabe8c51 req-c07f564b-bbf0-4afc-a0cf-98bdff157c3a tempest-VolumesTestJSON-1049566844 tempest-VolumesTestJSON-1049566844-project] Searching by: MultiDict([('no_migration_targets', True)]). {{(pid=114800) get_all /opt/stack/cinder/cinder/volume/api.py:619}}
Oct 27 15:42:43.372163 dv-cinder-800703-2-iscsi devstack@c-api.service[114801]: DEBUG cinder.volume.api [None req-cccd220d-6c01-43de-b895-5a9b36ca9be0 tempest-GroupsV314Test-478148974 tempest-GroupsV314Test-478148974-project] Task 'cinder.volume.flows.api.create_volume.EntryCreateTask;volume:create' (1b014c75-62bd-48d8-96eb-4f8cd05e1039) transitioned into state 'SUCCESS' from state 'RUNNING' with result '{'volume_id': 'c4c1b4da-2371-42c1-835a-9aea2c7aff90', 'volume_properties': VolumeProperties(attach_status='detached',availability_zone='nova',cgsnapshot_id=None,consistencygroup_id=None,display_description=None,display_name='tempest-GroupsV314Test-Volume-1871364609',encryption_key_id=None,group_id=8860cde5-6e56-49c0-af6c-61096a283577,group_type_id=,metadata={},multiattach=False,project_id='7fbe98dc6ed14e75af22cf3b1f9f6a75',qos_specs=None,replication_status=,reservations=['c10f935b-d56a-4be3-9fb2-c380983ec2b9','dd9f1af8-97a0-48b1-a231-626eb27751e0','3471efe4-ba93-4f37-aff9-0d2dce0a0d98','b12ad193-eb92-4855-8599-1c0d3215ba7a'],size=1,snapshot_id=None,source_replicaid=,source_volid=None,status='creating',user_id='2e63f446c9944a2bb5d7cde77ee67b14',volume_type_id=9f1d225f-7fd9-4619-bbe9-2fe03886a597), 'volume': Volume(_name_id=None,admin_metadata=,attach_status='detached',availability_zone='nova',bootable=False,cluster=,cluster_name=None,consistencygroup=,consistencygroup_id=None,created_at=2021-10-27T15:42:43Z,deleted=False,deleted_at=None,display_description=None,display_name='tempest-GroupsV314Test-Volume-1871364609',ec2_id=None,encryption_key_id=None,glance_metadata=,group=,group_id=8860cde5-6e56-49c0-af6c-61096a283577,host=None,id=c4c1b4da-2371-42c1-835a-9aea2c7aff90,launched_at=None,metadata={},migration_status=None,multiattach=False,previous_status=None,project_id='7fbe98dc6ed14e75af22cf3b1f9f6a75',provider_auth=None,provider_geometry=None,provider_id=None,provider_location=None,replication_driver_data=None,replication_extended_status=None,replication_status=None,scheduled_at=None,service_uuid=None,shared_targets=True,size=1,snapshot_id=None,snapshots=,source_volid=None,status='creating',terminated_at=None,updated_at=None,use_quota=True,user_id='2e63f446c9944a2bb5d7cde77ee67b14',volume_attachment=VolumeAttachmentList,volume_type=VolumeType(9f1d225f-7fd9-4619-bbe9-2fe03886a597),volume_type_id=9f1d225f-7fd9-4619-bbe9-2fe03886a597)}' {{(pid=114801) _task_receiver /usr/local/lib/python3.8/dist-packages/taskflow/listeners/logging.py:178}}
Oct 27 15:42:43.374398 dv-cinder-800703-2-iscsi devstack@c-api.service[114801]: DEBUG cinder.volume.api [None req-cccd220d-6c01-43de-b895-5a9b36ca9be0 tempest-GroupsV314Test-478148974 tempest-GroupsV314Test-478148974-project] Task 'cinder.volume.flows.api.create_volume.QuotaCommitTask;volume:create' (0c300737-dd73-44b2-876f-11e0fb476679) transitioned into state 'RUNNING' from state 'PENDING' {{(pid=114801) _task_receiver /usr/local/lib/python3.8/dist-packages/taskflow/listeners/logging.py:190}}
Oct 27 15:42:43.439238 dv-cinder-800703-2-iscsi devstack@c-api.service[114801]: DEBUG cinder.volume.api [None req-cccd220d-6c01-43de-b895-5a9b36ca9be0 tempest-GroupsV314Test-478148974 tempest-GroupsV314Test-478148974-project] Task 'cinder.volume.flows.api.create_volume.QuotaCommitTask;volume:create' (0c300737-dd73-44b2-876f-11e0fb476679) transitioned into state 'SUCCESS' from state 'RUNNING' with result '{'volume_properties': VolumeProperties(attach_status='detached',availability_zone='nova',cgsnapshot_id=None,consistencygroup_id=None,display_description=None,display_name='tempest-GroupsV314Test-Volume-1871364609',encryption_key_id=None,group_id=8860cde5-6e56-49c0-af6c-61096a283577,group_type_id=,metadata={},multiattach=False,project_id='7fbe98dc6ed14e75af22cf3b1f9f6a75',qos_specs=None,replication_status=,reservations=['c10f935b-d56a-4be3-9fb2-c380983ec2b9','dd9f1af8-97a0-48b1-a231-626eb27751e0','3471efe4-ba93-4f37-aff9-0d2dce0a0d98','b12ad193-eb92-4855-8599-1c0d3215ba7a'],size=1,snapshot_id=None,source_replicaid=,source_volid=None,status='creating',user_id='2e63f446c9944a2bb5d7cde77ee67b14',volume_type_id=9f1d225f-7fd9-4619-bbe9-2fe03886a597)}' {{(pid=114801) _task_receiver /usr/local/lib/python3.8/dist-packages/taskflow/listeners/logging.py:178}}
Oct 27 15:42:43.441969 dv-cinder-800703-2-iscsi devstack@c-api.service[114801]: DEBUG cinder.volume.api [None req-cccd220d-6c01-43de-b895-5a9b36ca9be0 tempest-GroupsV314Test-478148974 tempest-GroupsV314Test-478148974-project] Task 'cinder.volume.flows.api.create_volume.VolumeCastTask;volume:create' (87e05810-9981-4c5b-80f5-e45fbee6554b) transitioned into state 'RUNNING' from state 'PENDING' {{(pid=114801) _task_receiver /usr/local/lib/python3.8/dist-packages/taskflow/listeners/logging.py:190}}
Oct 27 15:42:43.479021 dv-cinder-800703-2-iscsi devstack@c-api.service[114801]: DEBUG cinder.volume.api [None req-cccd220d-6c01-43de-b895-5a9b36ca9be0 tempest-GroupsV314Test-478148974 tempest-GroupsV314Test-478148974-project] Task 'cinder.volume.flows.api.create_volume.VolumeCastTask;volume:create' (87e05810-9981-4c5b-80f5-e45fbee6554b) transitioned into state 'SUCCESS' from state 'RUNNING' with result 'None' {{(pid=114801) _task_receiver /usr/local/lib/python3.8/dist-packages/taskflow/listeners/logging.py:178}}
Oct 27 15:42:43.485382 dv-cinder-800703-2-iscsi devstack@c-api.service[114801]: DEBUG cinder.volume.api [None req-cccd220d-6c01-43de-b895-5a9b36ca9be0 tempest-GroupsV314Test-478148974 tempest-GroupsV314Test-478148974-project] Flow 'volume_create_api' (917f2083-755f-4b75-acc1-83e7ab3b005a) transitioned into state 'SUCCESS' from state 'RUNNING' {{(pid=114801) _flow_receiver /usr/local/lib/python3.8/dist-packages/taskflow/listeners/logging.py:141}}
Oct 27 15:42:43.485973 dv-cinder-800703-2-iscsi devstack@c-api.service[114801]: INFO cinder.volume.api [None req-cccd220d-6c01-43de-b895-5a9b36ca9be0 tempest-GroupsV314Test-478148974 tempest-GroupsV314Test-478148974-project] Create volume request issued successfully.
Oct 27 15:42:43.488732 dv-cinder-800703-2-iscsi devstack@c-api.service[114801]: WARNING stevedore.named [None req-cccd220d-6c01-43de-b895-5a9b36ca9be0 tempest-GroupsV314Test-478148974 tempest-GroupsV314Test-478148974-project] Could not load cinder.keymgr.conf_key_mgr.ConfKeyManager
Oct 27 15:42:43.489122 dv-cinder-800703-2-iscsi devstack@c-api.service[114801]: WARNING castellan.key_manager [None req-cccd220d-6c01-43de-b895-5a9b36ca9be0 tempest-GroupsV314Test-478148974 tempest-GroupsV314Test-478148974-project] Deprecation Warning : cinder.keymgr.conf_key_mgr.ConfKeyManager is not a stevedore based driver, trying to load it as a class: stevedore.exception.NoMatches: No 'castellan.drivers' driver found, looking for 'cinder.keymgr.conf_key_mgr.ConfKeyManager'
Oct 27 15:42:43.495225 dv-cinder-800703-2-iscsi devstack@c-api.service[114800]: INFO cinder.volume.api [req-dfe002aa-290d-402b-b703-9d10aabe8c51 req-c07f564b-bbf0-4afc-a0cf-98bdff157c3a tempest-VolumesTestJSON-1049566844 tempest-VolumesTestJSON-1049566844-project] Get all volumes completed successfully.
Oct 27 15:42:43.497574 dv-cinder-800703-2-iscsi devstack@c-api.service[114800]: /usr/local/lib/python3.8/dist-packages/oslo_context/context.py:105: DeprecationWarning: Policy enforcement is depending on the value of is_admin. This key is deprecated. Please update your policy file to use the standard policy values.
Oct 27 15:42:43.497574 dv-cinder-800703-2-iscsi devstack@c-api.service[114800]: warnings.warn('Policy enforcement is depending on the value of '
Oct 27 15:42:43.508555 dv-cinder-800703-2-iscsi devstack@c-api.service[114801]: DEBUG oslo_db.sqlalchemy.engines [None req-cccd220d-6c01-43de-b895-5a9b36ca9be0 tempest-GroupsV314Test-478148974 tempest-GroupsV314Test-478148974-project] MySQL server mode set to STRICT_TRANS_TABLES,STRICT_ALL_TABLES,NO_ZERO_IN_DATE,NO_ZERO_DATE,ERROR_FOR_DIVISION_BY_ZERO,TRADITIONAL,NO_ENGINE_SUBSTITUTION {{(pid=114801) _check_effective_sql_mode /usr/local/lib/python3.8/dist-packages/oslo_db/sqlalchemy/engines.py:314}}
Oct 27 15:42:43.526824 dv-cinder-800703-2-iscsi devstack@c-api.service[114801]: /usr/local/lib/python3.8/dist-packages/oslo_context/context.py:105: DeprecationWarning: Policy enforcement is depending on the value of is_admin. This key is deprecated. Please update your policy file to use the standard policy values.
Oct 27 15:42:43.526824 dv-cinder-800703-2-iscsi devstack@c-api.service[114801]: warnings.warn('Policy enforcement is depending on the value of '
Oct 27 15:42:43.532774 dv-cinder-800703-2-iscsi devstack@c-api.service[114800]: INFO cinder.api.openstack.wsgi [req-dfe002aa-290d-402b-b703-9d10aabe8c51 req-c07f564b-bbf0-4afc-a0cf-98bdff157c3a tempest-VolumesTestJSON-1049566844 tempest-VolumesTestJSON-1049566844-project] http://10.222.0.64/volume/v3/114acf07476f413fa0a3e3279f0cd99e/volumes/detail returned with HTTP 200
Oct 27 15:42:43.535144 dv-cinder-800703-2-iscsi devstack@c-api.service[114800]: [pid: 114800|app: 0|req: 26/55] 10.222.0.64 () {60 vars in 1488 bytes} [Wed Oct 27 15:42:43 2021] GET /volume/v3/114acf07476f413fa0a3e3279f0cd99e/volumes/detail => generated 2748 bytes in 181 msecs (HTTP/1.1 200) 7 headers in 286 bytes (2 switches on core 0)
Oct 27 15:42:43.545868 dv-cinder-800703-2-iscsi devstack@c-api.service[114801]: INFO cinder.api.openstack.wsgi [None req-cccd220d-6c01-43de-b895-5a9b36ca9be0 tempest-GroupsV314Test-478148974 tempest-GroupsV314Test-478148974-project] http://10.222.0.64/volume/v3/7fbe98dc6ed14e75af22cf3b1f9f6a75/volumes returned with HTTP 202
Oct 27 15:42:43.548361 dv-cinder-800703-2-iscsi devstack@c-api.service[114801]: [pid: 114801|app: 0|req: 30/56] 10.222.0.64 () {62 vars in 1276 bytes} [Wed Oct 27 15:42:42 2021] POST /volume/v3/7fbe98dc6ed14e75af22cf3b1f9f6a75/volumes => generated 900 bytes in 559 msecs (HTTP/1.1 202) 7 headers in 292 bytes (1 switches on core 0)
Oct 27 15:42:43.562644 dv-cinder-800703-2-iscsi devstack@c-api.service[114800]: INFO cinder.api.openstack.wsgi [None req-433c9e48-ce30-4f85-99ac-36c17162ce1f tempest-GroupsV314Test-478148974 tempest-GroupsV314Test-478148974-project] GET http://10.222.0.64/volume/v3/7fbe98dc6ed14e75af22cf3b1f9f6a75/volumes/c4c1b4da-2371-42c1-835a-9aea2c7aff90
Oct 27 15:42:43.571999 dv-cinder-800703-2-iscsi devstack@c-api.service[114800]: DEBUG cinder.api.openstack.wsgi [None req-433c9e48-ce30-4f85-99ac-36c17162ce1f tempest-GroupsV314Test-478148974 tempest-GroupsV314Test-478148974-project] Empty body provided in request {{(pid=114800) get_body /opt/stack/cinder/cinder/api/openstack/wsgi.py:703}}
Oct 27 15:42:43.572199 dv-cinder-800703-2-iscsi devstack@c-api.service[114800]: /usr/local/lib/python3.8/dist-packages/webob/acceptparse.py:1047: DeprecationWarning: The behavior of AcceptValidHeader.best_match is currently being maintained for backward compatibility, but it will be deprecated in the future, as it does not conform to the RFC.
Oct 27 15:42:43.572199 dv-cinder-800703-2-iscsi devstack@c-api.service[114800]: warnings.warn(
Oct 27 15:42:43.572494 dv-cinder-800703-2-iscsi devstack@c-api.service[114800]: DEBUG cinder.api.openstack.wsgi [None req-433c9e48-ce30-4f85-99ac-36c17162ce1f tempest-GroupsV314Test-478148974 tempest-GroupsV314Test-478148974-project] Calling method 'show' {{(pid=114800) _process_stack /opt/stack/cinder/cinder/api/openstack/wsgi.py:856}}
Oct 27 15:42:43.599888 dv-cinder-800703-2-iscsi devstack@c-api.service[114801]: INFO cinder.api.openstack.wsgi [req-42c3f158-760c-4a09-94b8-97a262a3d3c6 req-230ff3bc-8ca4-4d7d-a3d9-931097ac173a tempest-VolumesTestJSON-1049566844 tempest-VolumesTestJSON-1049566844-project] GET http://10.222.0.64/volume/v3/114acf07476f413fa0a3e3279f0cd99e/volumes/detail
Oct 27 15:42:43.600342 dv-cinder-800703-2-iscsi devstack@c-api.service[114801]: DEBUG cinder.api.openstack.wsgi [req-42c3f158-760c-4a09-94b8-97a262a3d3c6 req-230ff3bc-8ca4-4d7d-a3d9-931097ac173a tempest-VolumesTestJSON-1049566844 tempest-VolumesTestJSON-1049566844-project] Empty body provided in request {{(pid=114801) get_body /opt/stack/cinder/cinder/api/openstack/wsgi.py:703}}
Oct 27 15:42:43.600517 dv-cinder-800703-2-iscsi devstack@c-api.service[114801]: /usr/local/lib/python3.8/dist-packages/webob/acceptparse.py:1047: DeprecationWarning: The behavior of AcceptValidHeader.best_match is currently being maintained for backward compatibility, but it will be deprecated in the future, as it does not conform to the RFC.
Oct 27 15:42:43.600517 dv-cinder-800703-2-iscsi devstack@c-api.service[114801]: warnings.warn(
Oct 27 15:42:43.600835 dv-cinder-800703-2-iscsi devstack@c-api.service[114801]: DEBUG cinder.api.openstack.wsgi [req-42c3f158-760c-4a09-94b8-97a262a3d3c6 req-230ff3bc-8ca4-4d7d-a3d9-931097ac173a tempest-VolumesTestJSON-1049566844 tempest-VolumesTestJSON-1049566844-project] Calling method 'detail' {{(pid=114801) _process_stack /opt/stack/cinder/cinder/api/openstack/wsgi.py:856}}
Oct 27 15:42:43.602276 dv-cinder-800703-2-iscsi devstack@c-api.service[114801]: DEBUG cinder.api.api_utils [req-42c3f158-760c-4a09-94b8-97a262a3d3c6 req-230ff3bc-8ca4-4d7d-a3d9-931097ac173a tempest-VolumesTestJSON-1049566844 tempest-VolumesTestJSON-1049566844-project] Removing options '' from query. {{(pid=114801) remove_invalid_filter_options /opt/stack/cinder/cinder/api/api_utils.py:73}}
Oct 27 15:42:43.603119 dv-cinder-800703-2-iscsi devstack@c-api.service[114800]: /usr/local/lib/python3.8/dist-packages/oslo_context/context.py:105: DeprecationWarning: Policy enforcement is depending on the value of is_admin. This key is deprecated. Please update your policy file to use the standard policy values.
Oct 27 15:42:43.603119 dv-cinder-800703-2-iscsi devstack@c-api.service[114800]: warnings.warn('Policy enforcement is depending on the value of '
Oct 27 15:42:43.604169 dv-cinder-800703-2-iscsi devstack@c-api.service[114801]: DEBUG cinder.volume.api [req-42c3f158-760c-4a09-94b8-97a262a3d3c6 req-230ff3bc-8ca4-4d7d-a3d9-931097ac173a tempest-VolumesTestJSON-1049566844 tempest-VolumesTestJSON-1049566844-project] Searching by: MultiDict([('no_migration_targets', True)]). {{(pid=114801) get_all /opt/stack/cinder/cinder/volume/api.py:619}}
Oct 27 15:42:43.624211 dv-cinder-800703-2-iscsi devstack@c-api.service[114800]: INFO cinder.volume.api [None req-433c9e48-ce30-4f85-99ac-36c17162ce1f tempest-GroupsV314Test-478148974 tempest-GroupsV314Test-478148974-project] Volume info retrieved successfully.
Oct 27 15:42:43.625797 dv-cinder-800703-2-iscsi devstack@c-api.service[114800]: WARNING stevedore.named [None req-433c9e48-ce30-4f85-99ac-36c17162ce1f tempest-GroupsV314Test-478148974 tempest-GroupsV314Test-478148974-project] Could not load cinder.keymgr.conf_key_mgr.ConfKeyManager
Oct 27 15:42:43.632161 dv-cinder-800703-2-iscsi devstack@c-api.service[114800]: WARNING castellan.key_manager [None req-433c9e48-ce30-4f85-99ac-36c17162ce1f tempest-GroupsV314Test-478148974 tempest-GroupsV314Test-478148974-project] Deprecation Warning : cinder.keymgr.conf_key_mgr.ConfKeyManager is not a stevedore based driver, trying to load it as a class: stevedore.exception.NoMatches: No 'castellan.drivers' driver found, looking for 'cinder.keymgr.conf_key_mgr.ConfKeyManager'
Oct 27 15:42:43.654035 dv-cinder-800703-2-iscsi devstack@c-api.service[114800]: DEBUG oslo_db.sqlalchemy.engines [None req-433c9e48-ce30-4f85-99ac-36c17162ce1f tempest-GroupsV314Test-478148974 tempest-GroupsV314Test-478148974-project] MySQL server mode set to STRICT_TRANS_TABLES,STRICT_ALL_TABLES,NO_ZERO_IN_DATE,NO_ZERO_DATE,ERROR_FOR_DIVISION_BY_ZERO,TRADITIONAL,NO_ENGINE_SUBSTITUTION {{(pid=114800) _check_effective_sql_mode /usr/local/lib/python3.8/dist-packages/oslo_db/sqlalchemy/engines.py:314}}
Oct 27 15:42:43.670117 dv-cinder-800703-2-iscsi devstack@c-api.service[114800]: /usr/local/lib/python3.8/dist-packages/oslo_context/context.py:105: DeprecationWarning: Policy enforcement is depending on the value of is_admin. This key is deprecated. Please update your policy file to use the standard policy values.
Oct 27 15:42:43.670117 dv-cinder-800703-2-iscsi devstack@c-api.service[114800]: warnings.warn('Policy enforcement is depending on the value of '
Oct 27 15:42:43.692622 dv-cinder-800703-2-iscsi devstack@c-api.service[114800]: INFO cinder.api.openstack.wsgi [None req-433c9e48-ce30-4f85-99ac-36c17162ce1f tempest-GroupsV314Test-478148974 tempest-GroupsV314Test-478148974-project] http://10.222.0.64/volume/v3/7fbe98dc6ed14e75af22cf3b1f9f6a75/volumes/c4c1b4da-2371-42c1-835a-9aea2c7aff90 returned with HTTP 200
Oct 27 15:42:43.694010 dv-cinder-800703-2-iscsi devstack@c-api.service[114800]: [pid: 114800|app: 0|req: 27/57] 10.222.0.64 () {60 vars in 1365 bytes} [Wed Oct 27 15:42:43 2021] GET /volume/v3/7fbe98dc6ed14e75af22cf3b1f9f6a75/volumes/c4c1b4da-2371-42c1-835a-9aea2c7aff90 => generated 968 bytes in 135 msecs (HTTP/1.1 200) 7 headers in 286 bytes (1 switches on core 0)
Oct 27 15:42:43.764038 dv-cinder-800703-2-iscsi devstack@c-api.service[114801]: INFO cinder.volume.api [req-42c3f158-760c-4a09-94b8-97a262a3d3c6 req-230ff3bc-8ca4-4d7d-a3d9-931097ac173a tempest-VolumesTestJSON-1049566844 tempest-VolumesTestJSON-1049566844-project] Get all volumes completed successfully.
Oct 27 15:42:43.766296 dv-cinder-800703-2-iscsi devstack@c-api.service[114801]: /usr/local/lib/python3.8/dist-packages/oslo_context/context.py:105: DeprecationWarning: Policy enforcement is depending on the value of is_admin. This key is deprecated. Please update your policy file to use the standard policy values.
Oct 27 15:42:43.766296 dv-cinder-800703-2-iscsi devstack@c-api.service[114801]: warnings.warn('Policy enforcement is depending on the value of '
Oct 27 15:42:43.781823 dv-cinder-800703-2-iscsi devstack@c-api.service[114801]: INFO cinder.api.openstack.wsgi [req-42c3f158-760c-4a09-94b8-97a262a3d3c6 req-230ff3bc-8ca4-4d7d-a3d9-931097ac173a tempest-VolumesTestJSON-1049566844 tempest-VolumesTestJSON-1049566844-project] http://10.222.0.64/volume/v3/114acf07476f413fa0a3e3279f0cd99e/volumes/detail returned with HTTP 200
Oct 27 15:42:43.793260 dv-cinder-800703-2-iscsi devstack@c-api.service[114801]: [pid: 114801|app: 0|req: 31/58] 10.222.0.64 () {60 vars in 1488 bytes} [Wed Oct 27 15:42:43 2021] GET /volume/v3/114acf07476f413fa0a3e3279f0cd99e/volumes/detail => generated 2748 bytes in 198 msecs (HTTP/1.1 200) 7 headers in 286 bytes (2 switches on core 0)
Oct 27 15:42:43.822861 dv-cinder-800703-2-iscsi devstack@c-api.service[114800]: INFO cinder.api.openstack.wsgi [req-070ccebe-9dc2-4a07-b843-66270dd7b18e req-9354a8fe-6c2b-48e1-b6ac-a801ec79ed99 tempest-VolumesTestJSON-1049566844 tempest-VolumesTestJSON-1049566844-project] GET http://10.222.0.64/volume/v3/114acf07476f413fa0a3e3279f0cd99e/volumes/detail
Oct 27 15:42:43.825694 dv-cinder-800703-2-iscsi devstack@c-api.service[114800]: DEBUG cinder.api.openstack.wsgi [req-070ccebe-9dc2-4a07-b843-66270dd7b18e req-9354a8fe-6c2b-48e1-b6ac-a801ec79ed99 tempest-VolumesTestJSON-1049566844 tempest-VolumesTestJSON-1049566844-project] Empty body provided in request {{(pid=114800) get_body /opt/stack/cinder/cinder/api/openstack/wsgi.py:703}}
Oct 27 15:42:43.826049 dv-cinder-800703-2-iscsi devstack@c-api.service[114800]: /usr/local/lib/python3.8/dist-packages/webob/acceptparse.py:1047: DeprecationWarning: The behavior of AcceptValidHeader.best_match is currently being maintained for backward compatibility, but it will be deprecated in the future, as it does not conform to the RFC.
Oct 27 15:42:43.826049 dv-cinder-800703-2-iscsi devstack@c-api.service[114800]: warnings.warn(
Oct 27 15:42:43.826666 dv-cinder-800703-2-iscsi devstack@c-api.service[114800]: DEBUG cinder.api.openstack.wsgi [req-070ccebe-9dc2-4a07-b843-66270dd7b18e req-9354a8fe-6c2b-48e1-b6ac-a801ec79ed99 tempest-VolumesTestJSON-1049566844 tempest-VolumesTestJSON-1049566844-project] Calling method 'detail' {{(pid=114800) _process_stack /opt/stack/cinder/cinder/api/openstack/wsgi.py:856}}
Oct 27 15:42:43.831837 dv-cinder-800703-2-iscsi devstack@c-api.service[114800]: DEBUG cinder.api.api_utils [req-070ccebe-9dc2-4a07-b843-66270dd7b18e req-9354a8fe-6c2b-48e1-b6ac-a801ec79ed99 tempest-VolumesTestJSON-1049566844 tempest-VolumesTestJSON-1049566844-project] Removing options '' from query. {{(pid=114800) remove_invalid_filter_options /opt/stack/cinder/cinder/api/api_utils.py:73}}
Oct 27 15:42:43.835623 dv-cinder-800703-2-iscsi devstack@c-api.service[114800]: DEBUG cinder.volume.api [req-070ccebe-9dc2-4a07-b843-66270dd7b18e req-9354a8fe-6c2b-48e1-b6ac-a801ec79ed99 tempest-VolumesTestJSON-1049566844 tempest-VolumesTestJSON-1049566844-project] Searching by: MultiDict([('no_migration_targets', True)]). {{(pid=114800) get_all /opt/stack/cinder/cinder/volume/api.py:619}}
Oct 27 15:42:43.983962 dv-cinder-800703-2-iscsi devstack@c-api.service[114801]: INFO cinder.api.openstack.wsgi [None req-ca213f18-43fe-4f25-81be-905cd9d11294 tempest-GroupSnapshotsTest-133336275 tempest-GroupSnapshotsTest-133336275-project] GET http://10.222.0.64/volume/v3/2eeb310115a5440681314960c075cc11/volumes/4f238a59-03f9-48c3-bd6c-58662bf65401
Oct 27 15:42:43.984870 dv-cinder-800703-2-iscsi devstack@c-api.service[114801]: DEBUG cinder.api.openstack.wsgi [None req-ca213f18-43fe-4f25-81be-905cd9d11294 tempest-GroupSnapshotsTest-133336275 tempest-GroupSnapshotsTest-133336275-project] Empty body provided in request {{(pid=114801) get_body /opt/stack/cinder/cinder/api/openstack/wsgi.py:703}}
Oct 27 15:42:43.985123 dv-cinder-800703-2-iscsi devstack@c-api.service[114801]: /usr/local/lib/python3.8/dist-packages/webob/acceptparse.py:1047: DeprecationWarning: The behavior of AcceptValidHeader.best_match is currently being maintained for backward compatibility, but it will be deprecated in the future, as it does not conform to the RFC.
Oct 27 15:42:43.985123 dv-cinder-800703-2-iscsi devstack@c-api.service[114801]: warnings.warn(
