Jul 14 13:24:05.485988 dv-cinder-800696-2-smb devstack@c-api.service[99773]: DEBUG cinder.api.openstack.wsgi [None req-afdaa171-67b4-4dae-a44c-ff272614dfef tempest-QosSpecsTestJSON-575646624 tempest-QosSpecsTestJSON-575646624-project-admin] Calling method 'associations' {{(pid=99773) _process_stack /opt/stack/cinder/cinder/api/openstack/wsgi.py:866}}
Jul 14 13:24:05.486615 dv-cinder-800696-2-smb devstack@c-api.service[99773]: /usr/local/lib/python3.8/dist-packages/oslo_context/context.py:105: DeprecationWarning: Policy enforcement is depending on the value of is_admin. This key is deprecated. Please update your policy file to use the standard policy values.
Jul 14 13:24:05.486615 dv-cinder-800696-2-smb devstack@c-api.service[99773]: warnings.warn('Policy enforcement is depending on the value of '
Jul 14 13:24:05.487725 dv-cinder-800696-2-smb devstack@c-api.service[99773]: DEBUG cinder.api.contrib.qos_specs_manage [None req-afdaa171-67b4-4dae-a44c-ff272614dfef tempest-QosSpecsTestJSON-575646624 tempest-QosSpecsTestJSON-575646624-project-admin] Get associations for qos_spec id: 21e144b2-f09a-467a-b2f8-836feb48329d {{(pid=99773) associations /opt/stack/cinder/cinder/api/contrib/qos_specs_manage.py:233}}
Jul 14 13:24:05.568694 dv-cinder-800696-2-smb devstack@c-api.service[99773]: INFO cinder.api.openstack.wsgi [None req-afdaa171-67b4-4dae-a44c-ff272614dfef tempest-QosSpecsTestJSON-575646624 tempest-QosSpecsTestJSON-575646624-project-admin] http://10.222.0.23/volume/v3/e1a72cd55ad94fbabf1a41f976e19ea4/qos-specs/21e144b2-f09a-467a-b2f8-836feb48329d/associations returned with HTTP 200
Jul 14 13:24:05.574966 dv-cinder-800696-2-smb devstack@c-api.service[99773]: [pid: 99773|app: 0|req: 27/53] 10.222.0.23 () {58 vars in 1370 bytes} [Wed Jul 14 13:24:05 2021] GET /volume/v3/e1a72cd55ad94fbabf1a41f976e19ea4/qos-specs/21e144b2-f09a-467a-b2f8-836feb48329d/associations => generated 446 bytes in 96 msecs (HTTP/1.1 200) 7 headers in 285 bytes (1 switches on core 0)
Jul 14 13:24:05.588139 dv-cinder-800696-2-smb devstack@c-api.service[99772]: INFO cinder.api.openstack.wsgi [None req-d57d8792-14ff-41e8-8f70-934355b23e0c tempest-QosSpecsTestJSON-575646624 tempest-QosSpecsTestJSON-575646624-project-admin] GET http://10.222.0.23/volume/v3/e1a72cd55ad94fbabf1a41f976e19ea4/qos-specs/21e144b2-f09a-467a-b2f8-836feb48329d/disassociate?vol_type_id=5f4baefc-d2ed-4e75-800f-ff0dbc6421ea
Jul 14 13:24:05.588139 dv-cinder-800696-2-smb devstack@c-api.service[99772]: DEBUG cinder.api.openstack.wsgi [None req-d57d8792-14ff-41e8-8f70-934355b23e0c tempest-QosSpecsTestJSON-575646624 tempest-QosSpecsTestJSON-575646624-project-admin] Empty body provided in request {{(pid=99772) get_body /opt/stack/cinder/cinder/api/openstack/wsgi.py:713}}
Jul 14 13:24:05.588139 dv-cinder-800696-2-smb devstack@c-api.service[99772]: /usr/local/lib/python3.8/dist-packages/webob/acceptparse.py:1047: DeprecationWarning: The behavior of AcceptValidHeader.best_match is currently being maintained for backward compatibility, but it will be deprecated in the future, as it does not conform to the RFC.
Jul 14 13:24:05.588139 dv-cinder-800696-2-smb devstack@c-api.service[99772]: warnings.warn(
Jul 14 13:24:05.588139 dv-cinder-800696-2-smb devstack@c-api.service[99772]: DEBUG cinder.api.openstack.wsgi [None req-d57d8792-14ff-41e8-8f70-934355b23e0c tempest-QosSpecsTestJSON-575646624 tempest-QosSpecsTestJSON-575646624-project-admin] Calling method 'disassociate' {{(pid=99772) _process_stack /opt/stack/cinder/cinder/api/openstack/wsgi.py:866}}
Jul 14 13:24:05.588139 dv-cinder-800696-2-smb devstack@c-api.service[99772]: /usr/local/lib/python3.8/dist-packages/oslo_context/context.py:105: DeprecationWarning: Policy enforcement is depending on the value of is_admin. This key is deprecated. Please update your policy file to use the standard policy values.
Jul 14 13:24:05.588139 dv-cinder-800696-2-smb devstack@c-api.service[99772]: warnings.warn('Policy enforcement is depending on the value of '
Jul 14 13:24:05.588139 dv-cinder-800696-2-smb devstack@c-api.service[99772]: DEBUG cinder.api.contrib.qos_specs_manage [None req-d57d8792-14ff-41e8-8f70-934355b23e0c tempest-QosSpecsTestJSON-575646624 tempest-QosSpecsTestJSON-575646624-project-admin] Disassociate qos_spec: 21e144b2-f09a-467a-b2f8-836feb48329d from type: 5f4baefc-d2ed-4e75-800f-ff0dbc6421ea {{(pid=99772) disassociate /opt/stack/cinder/cinder/api/contrib/qos_specs_manage.py:327}}
Jul 14 13:24:05.646958 dv-cinder-800696-2-smb devstack@c-api.service[99772]: INFO cinder.api.openstack.wsgi [None req-d57d8792-14ff-41e8-8f70-934355b23e0c tempest-QosSpecsTestJSON-575646624 tempest-QosSpecsTestJSON-575646624-project-admin] http://10.222.0.23/volume/v3/e1a72cd55ad94fbabf1a41f976e19ea4/qos-specs/21e144b2-f09a-467a-b2f8-836feb48329d/disassociate?vol_type_id=5f4baefc-d2ed-4e75-800f-ff0dbc6421ea returned with HTTP 202
Jul 14 13:24:05.652668 dv-cinder-800696-2-smb devstack@c-api.service[99772]: [pid: 99772|app: 0|req: 27/54] 10.222.0.23 () {58 vars in 1467 bytes} [Wed Jul 14 13:24:05 2021] GET /volume/v3/e1a72cd55ad94fbabf1a41f976e19ea4/qos-specs/21e144b2-f09a-467a-b2f8-836feb48329d/disassociate?vol_type_id=5f4baefc-d2ed-4e75-800f-ff0dbc6421ea => generated 0 bytes in 74 msecs (HTTP/1.1 202) 6 headers in 233 bytes (1 switches on core 0)
Jul 14 13:24:05.659276 dv-cinder-800696-2-smb devstack@c-api.service[99773]: INFO cinder.api.openstack.wsgi [None req-ab70224f-950e-43b6-8698-6b71e6f671a9 tempest-QosSpecsTestJSON-575646624 tempest-QosSpecsTestJSON-575646624-project-admin] GET http://10.222.0.23/volume/v3/e1a72cd55ad94fbabf1a41f976e19ea4/qos-specs/21e144b2-f09a-467a-b2f8-836feb48329d/associations
Jul 14 13:24:05.660164 dv-cinder-800696-2-smb devstack@c-api.service[99773]: DEBUG cinder.api.openstack.wsgi [None req-ab70224f-950e-43b6-8698-6b71e6f671a9 tempest-QosSpecsTestJSON-575646624 tempest-QosSpecsTestJSON-575646624-project-admin] Empty body provided in request {{(pid=99773) get_body /opt/stack/cinder/cinder/api/openstack/wsgi.py:713}}
Jul 14 13:24:05.660572 dv-cinder-800696-2-smb devstack@c-api.service[99773]: /usr/local/lib/python3.8/dist-packages/webob/acceptparse.py:1047: DeprecationWarning: The behavior of AcceptValidHeader.best_match is currently being maintained for backward compatibility, but it will be deprecated in the future, as it does not conform to the RFC.
Jul 14 13:24:05.660572 dv-cinder-800696-2-smb devstack@c-api.service[99773]: warnings.warn(
Jul 14 13:24:05.661103 dv-cinder-800696-2-smb devstack@c-api.service[99773]: DEBUG cinder.api.openstack.wsgi [None req-ab70224f-950e-43b6-8698-6b71e6f671a9 tempest-QosSpecsTestJSON-575646624 tempest-QosSpecsTestJSON-575646624-project-admin] Calling method 'associations' {{(pid=99773) _process_stack /opt/stack/cinder/cinder/api/openstack/wsgi.py:866}}
Jul 14 13:24:05.662657 dv-cinder-800696-2-smb devstack@c-api.service[99773]: /usr/local/lib/python3.8/dist-packages/oslo_context/context.py:105: DeprecationWarning: Policy enforcement is depending on the value of is_admin. This key is deprecated. Please update your policy file to use the standard policy values.
Jul 14 13:24:05.662657 dv-cinder-800696-2-smb devstack@c-api.service[99773]: warnings.warn('Policy enforcement is depending on the value of '
Jul 14 13:24:05.663566 dv-cinder-800696-2-smb devstack@c-api.service[99773]: DEBUG cinder.api.contrib.qos_specs_manage [None req-ab70224f-950e-43b6-8698-6b71e6f671a9 tempest-QosSpecsTestJSON-575646624 tempest-QosSpecsTestJSON-575646624-project-admin] Get associations for qos_spec id: 21e144b2-f09a-467a-b2f8-836feb48329d {{(pid=99773) associations /opt/stack/cinder/cinder/api/contrib/qos_specs_manage.py:233}}
Jul 14 13:24:05.697775 dv-cinder-800696-2-smb devstack@c-api.service[99773]: INFO cinder.api.openstack.wsgi [None req-ab70224f-950e-43b6-8698-6b71e6f671a9 tempest-QosSpecsTestJSON-575646624 tempest-QosSpecsTestJSON-575646624-project-admin] http://10.222.0.23/volume/v3/e1a72cd55ad94fbabf1a41f976e19ea4/qos-specs/21e144b2-f09a-467a-b2f8-836feb48329d/associations returned with HTTP 200
Jul 14 13:24:05.700834 dv-cinder-800696-2-smb devstack@c-api.service[99773]: [pid: 99773|app: 0|req: 28/55] 10.222.0.23 () {58 vars in 1370 bytes} [Wed Jul 14 13:24:05 2021] GET /volume/v3/e1a72cd55ad94fbabf1a41f976e19ea4/qos-specs/21e144b2-f09a-467a-b2f8-836feb48329d/associations => generated 304 bytes in 48 msecs (HTTP/1.1 200) 7 headers in 285 bytes (1 switches on core 0)
Jul 14 13:24:05.712606 dv-cinder-800696-2-smb devstack@c-api.service[99772]: INFO cinder.api.openstack.wsgi [None req-76905ced-9b1f-47a7-90f8-0d5e45efd7c1 tempest-QosSpecsTestJSON-575646624 tempest-QosSpecsTestJSON-575646624-project-admin] GET http://10.222.0.23/volume/v3/e1a72cd55ad94fbabf1a41f976e19ea4/qos-specs/21e144b2-f09a-467a-b2f8-836feb48329d/disassociate_all
Jul 14 13:24:05.713407 dv-cinder-800696-2-smb devstack@c-api.service[99772]: DEBUG cinder.api.openstack.wsgi [None req-76905ced-9b1f-47a7-90f8-0d5e45efd7c1 tempest-QosSpecsTestJSON-575646624 tempest-QosSpecsTestJSON-575646624-project-admin] Empty body provided in request {{(pid=99772) get_body /opt/stack/cinder/cinder/api/openstack/wsgi.py:713}}
Jul 14 13:24:05.713771 dv-cinder-800696-2-smb devstack@c-api.service[99772]: /usr/local/lib/python3.8/dist-packages/webob/acceptparse.py:1047: DeprecationWarning: The behavior of AcceptValidHeader.best_match is currently being maintained for backward compatibility, but it will be deprecated in the future, as it does not conform to the RFC.
Jul 14 13:24:05.713771 dv-cinder-800696-2-smb devstack@c-api.service[99772]: warnings.warn(
Jul 14 13:24:05.714250 dv-cinder-800696-2-smb devstack@c-api.service[99772]: DEBUG cinder.api.openstack.wsgi [None req-76905ced-9b1f-47a7-90f8-0d5e45efd7c1 tempest-QosSpecsTestJSON-575646624 tempest-QosSpecsTestJSON-575646624-project-admin] Calling method 'disassociate_all' {{(pid=99772) _process_stack /opt/stack/cinder/cinder/api/openstack/wsgi.py:866}}
Jul 14 13:24:05.715311 dv-cinder-800696-2-smb devstack@c-api.service[99772]: /usr/local/lib/python3.8/dist-packages/oslo_context/context.py:105: DeprecationWarning: Policy enforcement is depending on the value of is_admin. This key is deprecated. Please update your policy file to use the standard policy values.
Jul 14 13:24:05.715311 dv-cinder-800696-2-smb devstack@c-api.service[99772]: warnings.warn('Policy enforcement is depending on the value of '
Jul 14 13:24:05.716248 dv-cinder-800696-2-smb devstack@c-api.service[99772]: DEBUG cinder.api.contrib.qos_specs_manage [None req-76905ced-9b1f-47a7-90f8-0d5e45efd7c1 tempest-QosSpecsTestJSON-575646624 tempest-QosSpecsTestJSON-575646624-project-admin] Disassociate qos_spec: 21e144b2-f09a-467a-b2f8-836feb48329d from all. {{(pid=99772) disassociate_all /opt/stack/cinder/cinder/api/contrib/qos_specs_manage.py:361}}
Jul 14 13:24:05.762645 dv-cinder-800696-2-smb devstack@c-api.service[99772]: INFO cinder.api.openstack.wsgi [None req-76905ced-9b1f-47a7-90f8-0d5e45efd7c1 tempest-QosSpecsTestJSON-575646624 tempest-QosSpecsTestJSON-575646624-project-admin] http://10.222.0.23/volume/v3/e1a72cd55ad94fbabf1a41f976e19ea4/qos-specs/21e144b2-f09a-467a-b2f8-836feb48329d/disassociate_all returned with HTTP 202
Jul 14 13:24:05.766589 dv-cinder-800696-2-smb devstack@c-api.service[99772]: [pid: 99772|app: 0|req: 28/56] 10.222.0.23 () {58 vars in 1382 bytes} [Wed Jul 14 13:24:05 2021] GET /volume/v3/e1a72cd55ad94fbabf1a41f976e19ea4/qos-specs/21e144b2-f09a-467a-b2f8-836feb48329d/disassociate_all => generated 0 bytes in 59 msecs (HTTP/1.1 202) 6 headers in 233 bytes (1 switches on core 0)
Jul 14 13:24:05.774388 dv-cinder-800696-2-smb devstack@c-api.service[99773]: INFO cinder.api.openstack.wsgi [None req-465f81b3-a89a-4d26-87f1-d43eb7ba7a7e tempest-QosSpecsTestJSON-575646624 tempest-QosSpecsTestJSON-575646624-project-admin] GET http://10.222.0.23/volume/v3/e1a72cd55ad94fbabf1a41f976e19ea4/qos-specs/21e144b2-f09a-467a-b2f8-836feb48329d/associations
Jul 14 13:24:05.775083 dv-cinder-800696-2-smb devstack@c-api.service[99773]: DEBUG cinder.api.openstack.wsgi [None req-465f81b3-a89a-4d26-87f1-d43eb7ba7a7e tempest-QosSpecsTestJSON-575646624 tempest-QosSpecsTestJSON-575646624-project-admin] Empty body provided in request {{(pid=99773) get_body /opt/stack/cinder/cinder/api/openstack/wsgi.py:713}}
Jul 14 13:24:05.775467 dv-cinder-800696-2-smb devstack@c-api.service[99773]: /usr/local/lib/python3.8/dist-packages/webob/acceptparse.py:1047: DeprecationWarning: The behavior of AcceptValidHeader.best_match is currently being maintained for backward compatibility, but it will be deprecated in the future, as it does not conform to the RFC.
Jul 14 13:24:05.775467 dv-cinder-800696-2-smb devstack@c-api.service[99773]: warnings.warn(
Jul 14 13:24:05.776665 dv-cinder-800696-2-smb devstack@c-api.service[99773]: DEBUG cinder.api.openstack.wsgi [None req-465f81b3-a89a-4d26-87f1-d43eb7ba7a7e tempest-QosSpecsTestJSON-575646624 tempest-QosSpecsTestJSON-575646624-project-admin] Calling method 'associations' {{(pid=99773) _process_stack /opt/stack/cinder/cinder/api/openstack/wsgi.py:866}}
Jul 14 13:24:05.777928 dv-cinder-800696-2-smb devstack@c-api.service[99773]: /usr/local/lib/python3.8/dist-packages/oslo_context/context.py:105: DeprecationWarning: Policy enforcement is depending on the value of is_admin. This key is deprecated. Please update your policy file to use the standard policy values.
Jul 14 13:24:05.777928 dv-cinder-800696-2-smb devstack@c-api.service[99773]: warnings.warn('Policy enforcement is depending on the value of '
Jul 14 13:24:05.779282 dv-cinder-800696-2-smb devstack@c-api.service[99773]: DEBUG cinder.api.contrib.qos_specs_manage [None req-465f81b3-a89a-4d26-87f1-d43eb7ba7a7e tempest-QosSpecsTestJSON-575646624 tempest-QosSpecsTestJSON-575646624-project-admin] Get associations for qos_spec id: 21e144b2-f09a-467a-b2f8-836feb48329d {{(pid=99773) associations /opt/stack/cinder/cinder/api/contrib/qos_specs_manage.py:233}}
Jul 14 13:24:05.794799 dv-cinder-800696-2-smb devstack@c-api.service[99773]: INFO cinder.api.openstack.wsgi [None req-465f81b3-a89a-4d26-87f1-d43eb7ba7a7e tempest-QosSpecsTestJSON-575646624 tempest-QosSpecsTestJSON-575646624-project-admin] http://10.222.0.23/volume/v3/e1a72cd55ad94fbabf1a41f976e19ea4/qos-specs/21e144b2-f09a-467a-b2f8-836feb48329d/associations returned with HTTP 200
Jul 14 13:24:05.816124 dv-cinder-800696-2-smb devstack@c-api.service[99772]: INFO cinder.api.openstack.wsgi [None req-c7235613-b904-4e05-be40-ba25ae7fb898 tempest-QosSpecsTestJSON-575646624 tempest-QosSpecsTestJSON-575646624-project-admin] POST http://10.222.0.23/volume/v3/e1a72cd55ad94fbabf1a41f976e19ea4/qos-specs
Jul 14 13:24:05.816686 dv-cinder-800696-2-smb devstack@c-api.service[99772]: /usr/local/lib/python3.8/dist-packages/webob/acceptparse.py:1047: DeprecationWarning: The behavior of AcceptValidHeader.best_match is currently being maintained for backward compatibility, but it will be deprecated in the future, as it does not conform to the RFC.
Jul 14 13:24:05.816686 dv-cinder-800696-2-smb devstack@c-api.service[99772]: warnings.warn(
Jul 14 13:24:05.817212 dv-cinder-800696-2-smb devstack@c-api.service[99772]: DEBUG cinder.api.openstack.wsgi [None req-c7235613-b904-4e05-be40-ba25ae7fb898 tempest-QosSpecsTestJSON-575646624 tempest-QosSpecsTestJSON-575646624-project-admin] Action: 'create', calling method: create, body: {"qos_specs": {"name": "tempest-QosSpecsTestJSON-qos-116117286", "consumer": "back-end"}} {{(pid=99772) _process_stack /opt/stack/cinder/cinder/api/openstack/wsgi.py:864}}
Jul 14 13:24:05.818633 dv-cinder-800696-2-smb devstack@c-api.service[99772]: /usr/local/lib/python3.8/dist-packages/oslo_context/context.py:105: DeprecationWarning: Policy enforcement is depending on the value of is_admin. This key is deprecated. Please update your policy file to use the standard policy values.
Jul 14 13:24:05.818633 dv-cinder-800696-2-smb devstack@c-api.service[99772]: warnings.warn('Policy enforcement is depending on the value of '
Jul 14 13:24:05.819751 dv-cinder-800696-2-smb devstack@c-api.service[99772]: DEBUG cinder.volume.qos_specs [None req-c7235613-b904-4e05-be40-ba25ae7fb898 tempest-QosSpecsTestJSON-575646624 tempest-QosSpecsTestJSON-575646624-project-admin] Dict for qos_specs: {'name': 'tempest-QosSpecsTestJSON-qos-116117286', 'consumer': 'back-end', 'specs': {}} {{(pid=99772) create /opt/stack/cinder/cinder/volume/qos_specs.py:64}}
Jul 14 13:24:05.820315 dv-cinder-800696-2-smb devstack@c-api.service[99773]: [pid: 99773|app: 0|req: 29/57] 10.222.0.23 () {58 vars in 1370 bytes} [Wed Jul 14 13:24:05 2021] GET /volume/v3/e1a72cd55ad94fbabf1a41f976e19ea4/qos-specs/21e144b2-f09a-467a-b2f8-836feb48329d/associations => generated 24 bytes in 52 msecs (HTTP/1.1 200) 7 headers in 284 bytes (1 switches on core 0)
Jul 14 13:24:05.830844 dv-cinder-800696-2-smb devstack@c-api.service[99772]: DEBUG cinder.db.sqlalchemy.api [None req-c7235613-b904-4e05-be40-ba25ae7fb898 tempest-QosSpecsTestJSON-575646624 tempest-QosSpecsTestJSON-575646624-project-admin] DB qos_specs_create(): root {'id': 'b63c1bfa-2690-48fe-bd0d-1a602b4365a5', 'key': 'QoS_Specs_Name', 'value': 'tempest-QosSpecsTestJSON-qos-116117286'} {{(pid=99772) qos_specs_create /opt/stack/cinder/cinder/db/sqlalchemy/api.py:4604}}
Jul 14 13:24:05.843573 dv-cinder-800696-2-smb devstack@c-api.service[99772]: INFO cinder.api.openstack.wsgi [None req-c7235613-b904-4e05-be40-ba25ae7fb898 tempest-QosSpecsTestJSON-575646624 tempest-QosSpecsTestJSON-575646624-project-admin] http://10.222.0.23/volume/v3/e1a72cd55ad94fbabf1a41f976e19ea4/qos-specs returned with HTTP 200
Jul 14 13:24:05.846671 dv-cinder-800696-2-smb devstack@c-api.service[99772]: [pid: 99772|app: 0|req: 29/58] 10.222.0.23 () {60 vars in 1241 bytes} [Wed Jul 14 13:24:05 2021] POST /volume/v3/e1a72cd55ad94fbabf1a41f976e19ea4/qos-specs => generated 434 bytes in 41 msecs (HTTP/1.1 200) 7 headers in 285 bytes (1 switches on core 0)
Jul 14 13:24:05.859816 dv-cinder-800696-2-smb devstack@c-api.service[99773]: INFO cinder.api.openstack.wsgi [None req-2e83d764-ac30-4a97-b85b-1e94addda80f tempest-QosSpecsTestJSON-575646624 tempest-QosSpecsTestJSON-575646624-project-admin] DELETE http://10.222.0.23/volume/v3/e1a72cd55ad94fbabf1a41f976e19ea4/qos-specs/b63c1bfa-2690-48fe-bd0d-1a602b4365a5?force=False
Jul 14 13:24:05.861242 dv-cinder-800696-2-smb devstack@c-api.service[99773]: DEBUG cinder.api.openstack.wsgi [None req-2e83d764-ac30-4a97-b85b-1e94addda80f tempest-QosSpecsTestJSON-575646624 tempest-QosSpecsTestJSON-575646624-project-admin] Empty body provided in request {{(pid=99773) get_body /opt/stack/cinder/cinder/api/openstack/wsgi.py:713}}
Jul 14 13:24:05.861558 dv-cinder-800696-2-smb devstack@c-api.service[99773]: /usr/local/lib/python3.8/dist-packages/webob/acceptparse.py:1047: DeprecationWarning: The behavior of AcceptValidHeader.best_match is currently being maintained for backward compatibility, but it will be deprecated in the future, as it does not conform to the RFC.
Jul 14 13:24:05.861558 dv-cinder-800696-2-smb devstack@c-api.service[99773]: warnings.warn(
Jul 14 13:24:05.862107 dv-cinder-800696-2-smb devstack@c-api.service[99773]: DEBUG cinder.api.openstack.wsgi [None req-2e83d764-ac30-4a97-b85b-1e94addda80f tempest-QosSpecsTestJSON-575646624 tempest-QosSpecsTestJSON-575646624-project-admin] Calling method 'delete' {{(pid=99773) _process_stack /opt/stack/cinder/cinder/api/openstack/wsgi.py:866}}
Jul 14 13:24:05.863057 dv-cinder-800696-2-smb devstack@c-api.service[99773]: /usr/local/lib/python3.8/dist-packages/oslo_context/context.py:105: DeprecationWarning: Policy enforcement is depending on the value of is_admin. This key is deprecated. Please update your policy file to use the standard policy values.
Jul 14 13:24:05.863057 dv-cinder-800696-2-smb devstack@c-api.service[99773]: warnings.warn('Policy enforcement is depending on the value of '
Jul 14 13:24:05.864137 dv-cinder-800696-2-smb devstack@c-api.service[99773]: DEBUG cinder.api.contrib.qos_specs_manage [None req-2e83d764-ac30-4a97-b85b-1e94addda80f tempest-QosSpecsTestJSON-575646624 tempest-QosSpecsTestJSON-575646624-project-admin] Delete qos_spec: b63c1bfa-2690-48fe-bd0d-1a602b4365a5, force: False {{(pid=99773) delete /opt/stack/cinder/cinder/api/contrib/qos_specs_manage.py:168}}
Jul 14 13:24:05.902924 dv-cinder-800696-2-smb devstack@c-api.service[99773]: INFO cinder.api.openstack.wsgi [None req-2e83d764-ac30-4a97-b85b-1e94addda80f tempest-QosSpecsTestJSON-575646624 tempest-QosSpecsTestJSON-575646624-project-admin] http://10.222.0.23/volume/v3/e1a72cd55ad94fbabf1a41f976e19ea4/qos-specs/b63c1bfa-2690-48fe-bd0d-1a602b4365a5?force=False returned with HTTP 202
Jul 14 13:24:05.904446 dv-cinder-800696-2-smb devstack@c-api.service[99773]: [pid: 99773|app: 0|req: 30/59] 10.222.0.23 () {58 vars in 1357 bytes} [Wed Jul 14 13:24:05 2021] DELETE /volume/v3/e1a72cd55ad94fbabf1a41f976e19ea4/qos-specs/b63c1bfa-2690-48fe-bd0d-1a602b4365a5?force=False => generated 0 bytes in 52 msecs (HTTP/1.1 202) 6 headers in 233 bytes (1 switches on core 0)
Jul 14 13:24:05.915973 dv-cinder-800696-2-smb devstack@c-api.service[99772]: INFO cinder.api.openstack.wsgi [None req-d85a609d-55c8-40a4-8d1e-6967376939a6 tempest-QosSpecsTestJSON-575646624 tempest-QosSpecsTestJSON-575646624-project-admin] GET http://10.222.0.23/volume/v3/e1a72cd55ad94fbabf1a41f976e19ea4/qos-specs/b63c1bfa-2690-48fe-bd0d-1a602b4365a5
Jul 14 13:24:05.917416 dv-cinder-800696-2-smb devstack@c-api.service[99772]: DEBUG cinder.api.openstack.wsgi [None req-d85a609d-55c8-40a4-8d1e-6967376939a6 tempest-QosSpecsTestJSON-575646624 tempest-QosSpecsTestJSON-575646624-project-admin] Empty body provided in request {{(pid=99772) get_body /opt/stack/cinder/cinder/api/openstack/wsgi.py:713}}
Jul 14 13:24:05.917830 dv-cinder-800696-2-smb devstack@c-api.service[99772]: /usr/local/lib/python3.8/dist-packages/webob/acceptparse.py:1047: DeprecationWarning: The behavior of AcceptValidHeader.best_match is currently being maintained for backward compatibility, but it will be deprecated in the future, as it does not conform to the RFC.
Jul 14 13:24:05.917830 dv-cinder-800696-2-smb devstack@c-api.service[99772]: warnings.warn(
Jul 14 13:24:05.918811 dv-cinder-800696-2-smb devstack@c-api.service[99772]: DEBUG cinder.api.openstack.wsgi [None req-d85a609d-55c8-40a4-8d1e-6967376939a6 tempest-QosSpecsTestJSON-575646624 tempest-QosSpecsTestJSON-575646624-project-admin] Calling method 'show' {{(pid=99772) _process_stack /opt/stack/cinder/cinder/api/openstack/wsgi.py:866}}
Jul 14 13:24:05.919859 dv-cinder-800696-2-smb devstack@c-api.service[99772]: /usr/local/lib/python3.8/dist-packages/oslo_context/context.py:105: DeprecationWarning: Policy enforcement is depending on the value of is_admin. This key is deprecated. Please update your policy file to use the standard policy values.
Jul 14 13:24:05.919859 dv-cinder-800696-2-smb devstack@c-api.service[99772]: warnings.warn('Policy enforcement is depending on the value of '
Jul 14 13:24:05.928900 dv-cinder-800696-2-smb devstack@c-api.service[99772]: INFO cinder.api.openstack.wsgi [None req-d85a609d-55c8-40a4-8d1e-6967376939a6 tempest-QosSpecsTestJSON-575646624 tempest-QosSpecsTestJSON-575646624-project-admin] http://10.222.0.23/volume/v3/e1a72cd55ad94fbabf1a41f976e19ea4/qos-specs/b63c1bfa-2690-48fe-bd0d-1a602b4365a5 returned with HTTP 404
Jul 14 13:24:05.930491 dv-cinder-800696-2-smb devstack@c-api.service[99772]: [pid: 99772|app: 0|req: 30/60] 10.222.0.23 () {58 vars in 1331 bytes} [Wed Jul 14 13:24:05 2021] GET /volume/v3/e1a72cd55ad94fbabf1a41f976e19ea4/qos-specs/b63c1bfa-2690-48fe-bd0d-1a602b4365a5 => generated 100 bytes in 22 msecs (HTTP/1.1 404) 7 headers in 292 bytes (2 switches on core 0)
Jul 14 13:24:05.940048 dv-cinder-800696-2-smb devstack@c-api.service[99773]: INFO cinder.api.openstack.wsgi [None req-37cb83f5-014d-46df-82b9-1dbd321a0fdf tempest-QosSpecsTestJSON-575646624 tempest-QosSpecsTestJSON-575646624-project-admin] GET http://10.222.0.23/volume/v3/e1a72cd55ad94fbabf1a41f976e19ea4/qos-specs
Jul 14 13:24:05.940868 dv-cinder-800696-2-smb devstack@c-api.service[99773]: DEBUG cinder.api.openstack.wsgi [None req-37cb83f5-014d-46df-82b9-1dbd321a0fdf tempest-QosSpecsTestJSON-575646624 tempest-QosSpecsTestJSON-575646624-project-admin] Empty body provided in request {{(pid=99773) get_body /opt/stack/cinder/cinder/api/openstack/wsgi.py:713}}
Jul 14 13:24:05.941247 dv-cinder-800696-2-smb devstack@c-api.service[99773]: /usr/local/lib/python3.8/dist-packages/webob/acceptparse.py:1047: DeprecationWarning: The behavior of AcceptValidHeader.best_match is currently being maintained for backward compatibility, but it will be deprecated in the future, as it does not conform to the RFC.
Jul 14 13:24:05.941247 dv-cinder-800696-2-smb devstack@c-api.service[99773]: warnings.warn(
Jul 14 13:24:05.941864 dv-cinder-800696-2-smb devstack@c-api.service[99773]: DEBUG cinder.api.openstack.wsgi [None req-37cb83f5-014d-46df-82b9-1dbd321a0fdf tempest-QosSpecsTestJSON-575646624 tempest-QosSpecsTestJSON-575646624-project-admin] Calling method 'index' {{(pid=99773) _process_stack /opt/stack/cinder/cinder/api/openstack/wsgi.py:866}}
Jul 14 13:24:05.942736 dv-cinder-800696-2-smb devstack@c-api.service[99773]: /usr/local/lib/python3.8/dist-packages/oslo_context/context.py:105: DeprecationWarning: Policy enforcement is depending on the value of is_admin. This key is deprecated. Please update your policy file to use the standard policy values.
Jul 14 13:24:05.942736 dv-cinder-800696-2-smb devstack@c-api.service[99773]: warnings.warn('Policy enforcement is depending on the value of '
Jul 14 13:24:05.965642 dv-cinder-800696-2-smb devstack@c-api.service[99772]: INFO cinder.api.openstack.wsgi [None req-37a45152-f648-4219-b631-fe0e926d17cf tempest-VolumeQuotasAdminTestJSON-761668717 tempest-VolumeQuotasAdminTestJSON-761668717-project] GET http://10.222.0.23/volume/v3/af35b6688a6e457a85537c441a144359/volumes/624d5420-74db-4517-a53f-761e2924c33b
Jul 14 13:24:05.967516 dv-cinder-800696-2-smb devstack@c-api.service[99772]: DEBUG cinder.api.openstack.wsgi [None req-37a45152-f648-4219-b631-fe0e926d17cf tempest-VolumeQuotasAdminTestJSON-761668717 tempest-VolumeQuotasAdminTestJSON-761668717-project] Empty body provided in request {{(pid=99772) get_body /opt/stack/cinder/cinder/api/openstack/wsgi.py:713}}
Jul 14 13:24:05.969788 dv-cinder-800696-2-smb devstack@c-api.service[99772]: DEBUG cinder.api.openstack.wsgi [None req-37a45152-f648-4219-b631-fe0e926d17cf tempest-VolumeQuotasAdminTestJSON-761668717 tempest-VolumeQuotasAdminTestJSON-761668717-project] Calling method 'show' {{(pid=99772) _process_stack /opt/stack/cinder/cinder/api/openstack/wsgi.py:866}}
Jul 14 13:24:05.993172 dv-cinder-800696-2-smb devstack@c-api.service[99772]: /usr/local/lib/python3.8/dist-packages/oslo_context/context.py:105: DeprecationWarning: Policy enforcement is depending on the value of is_admin. This key is deprecated. Please update your policy file to use the standard policy values.
Jul 14 13:24:05.993172 dv-cinder-800696-2-smb devstack@c-api.service[99772]: warnings.warn('Policy enforcement is depending on the value of '
Jul 14 13:24:05.993448 dv-cinder-800696-2-smb devstack@c-api.service[99773]: INFO cinder.api.openstack.wsgi [None req-37cb83f5-014d-46df-82b9-1dbd321a0fdf tempest-QosSpecsTestJSON-575646624 tempest-QosSpecsTestJSON-575646624-project-admin] http://10.222.0.23/volume/v3/e1a72cd55ad94fbabf1a41f976e19ea4/qos-specs returned with HTTP 200
Jul 14 13:24:05.993944 dv-cinder-800696-2-smb devstack@c-api.service[99773]: [pid: 99773|app: 0|req: 31/61] 10.222.0.23 () {58 vars in 1220 bytes} [Wed Jul 14 13:24:05 2021] GET /volume/v3/e1a72cd55ad94fbabf1a41f976e19ea4/qos-specs => generated 175 bytes in 60 msecs (HTTP/1.1 200) 7 headers in 285 bytes (2 switches on core 0)
Jul 14 13:24:06.001570 dv-cinder-800696-2-smb devstack@c-api.service[99772]: INFO cinder.volume.api [None req-37a45152-f648-4219-b631-fe0e926d17cf tempest-VolumeQuotasAdminTestJSON-761668717 tempest-VolumeQuotasAdminTestJSON-761668717-project] Volume info retrieved successfully.
Jul 14 13:24:06.006286 dv-cinder-800696-2-smb devstack@c-api.service[99773]: INFO cinder.api.openstack.wsgi [None req-5d71c6d4-36a1-48dd-9ede-4c581a4b22af tempest-QosSpecsTestJSON-575646624 tempest-QosSpecsTestJSON-575646624-project-admin] POST http://10.222.0.23/volume/v3/e1a72cd55ad94fbabf1a41f976e19ea4/qos-specs
Jul 14 13:24:06.006680 dv-cinder-800696-2-smb devstack@c-api.service[99773]: /usr/local/lib/python3.8/dist-packages/webob/acceptparse.py:1047: DeprecationWarning: The behavior of AcceptValidHeader.best_match is currently being maintained for backward compatibility, but it will be deprecated in the future, as it does not conform to the RFC.
Jul 14 13:24:06.006680 dv-cinder-800696-2-smb devstack@c-api.service[99773]: warnings.warn(
Jul 14 13:24:06.007051 dv-cinder-800696-2-smb devstack@c-api.service[99773]: DEBUG cinder.api.openstack.wsgi [None req-5d71c6d4-36a1-48dd-9ede-4c581a4b22af tempest-QosSpecsTestJSON-575646624 tempest-QosSpecsTestJSON-575646624-project-admin] Action: 'create', calling method: create, body: {"qos_specs": {"name": "tempest-QosSpecsTestJSON-qos-1984817799", "consumer": "both"}} {{(pid=99773) _process_stack /opt/stack/cinder/cinder/api/openstack/wsgi.py:864}}
Jul 14 13:24:06.011847 dv-cinder-800696-2-smb devstack@c-api.service[99773]: /usr/local/lib/python3.8/dist-packages/oslo_context/context.py:105: DeprecationWarning: Policy enforcement is depending on the value of is_admin. This key is deprecated. Please update your policy file to use the standard policy values.
Jul 14 13:24:06.011847 dv-cinder-800696-2-smb devstack@c-api.service[99773]: warnings.warn('Policy enforcement is depending on the value of '
Jul 14 13:24:06.014460 dv-cinder-800696-2-smb devstack@c-api.service[99773]: DEBUG cinder.volume.qos_specs [None req-5d71c6d4-36a1-48dd-9ede-4c581a4b22af tempest-QosSpecsTestJSON-575646624 tempest-QosSpecsTestJSON-575646624-project-admin] Dict for qos_specs: {'name': 'tempest-QosSpecsTestJSON-qos-1984817799', 'consumer': 'both', 'specs': {}} {{(pid=99773) create /opt/stack/cinder/cinder/volume/qos_specs.py:64}}
Jul 14 13:24:06.027277 dv-cinder-800696-2-smb devstack@c-api.service[99773]: DEBUG cinder.db.sqlalchemy.api [None req-5d71c6d4-36a1-48dd-9ede-4c581a4b22af tempest-QosSpecsTestJSON-575646624 tempest-QosSpecsTestJSON-575646624-project-admin] DB qos_specs_create(): root {'id': '842cadbf-b188-497d-80fa-d02ce6a1990d', 'key': 'QoS_Specs_Name', 'value': 'tempest-QosSpecsTestJSON-qos-1984817799'} {{(pid=99773) qos_specs_create /opt/stack/cinder/cinder/db/sqlalchemy/api.py:4604}}
Jul 14 13:24:06.031659 dv-cinder-800696-2-smb devstack@c-api.service[99772]: INFO cinder.api.openstack.wsgi [None req-37a45152-f648-4219-b631-fe0e926d17cf tempest-VolumeQuotasAdminTestJSON-761668717 tempest-VolumeQuotasAdminTestJSON-761668717-project] http://10.222.0.23/volume/v3/af35b6688a6e457a85537c441a144359/volumes/624d5420-74db-4517-a53f-761e2924c33b returned with HTTP 200
Jul 14 13:24:06.034610 dv-cinder-800696-2-smb devstack@c-api.service[99772]: [pid: 99772|app: 0|req: 31/62] 10.222.0.23 () {58 vars in 1325 bytes} [Wed Jul 14 13:24:05 2021] GET /volume/v3/af35b6688a6e457a85537c441a144359/volumes/624d5420-74db-4517-a53f-761e2924c33b => generated 918 bytes in 86 msecs (HTTP/1.1 200) 7 headers in 285 bytes (1 switches on core 0)
Jul 14 13:24:06.041892 dv-cinder-800696-2-smb devstack@c-api.service[99773]: INFO cinder.api.openstack.wsgi [None req-5d71c6d4-36a1-48dd-9ede-4c581a4b22af tempest-QosSpecsTestJSON-575646624 tempest-QosSpecsTestJSON-575646624-project-admin] http://10.222.0.23/volume/v3/e1a72cd55ad94fbabf1a41f976e19ea4/qos-specs returned with HTTP 200
Jul 14 13:24:06.046299 dv-cinder-800696-2-smb devstack@c-api.service[99773]: [pid: 99773|app: 0|req: 32/63] 10.222.0.23 () {60 vars in 1241 bytes} [Wed Jul 14 13:24:05 2021] POST /volume/v3/e1a72cd55ad94fbabf1a41f976e19ea4/qos-specs => generated 431 bytes in 46 msecs (HTTP/1.1 200) 7 headers in 285 bytes (1 switches on core 0)
Jul 14 13:24:06.058606 dv-cinder-800696-2-smb devstack@c-api.service[99773]: INFO cinder.api.openstack.wsgi [None req-47ff18be-47e1-494b-889c-425f6d813f31 tempest-QosSpecsTestJSON-575646624 tempest-QosSpecsTestJSON-575646624-project-admin] DELETE http://10.222.0.23/volume/v3/e1a72cd55ad94fbabf1a41f976e19ea4/qos-specs/842cadbf-b188-497d-80fa-d02ce6a1990d?force=False
Jul 14 13:24:06.059053 dv-cinder-800696-2-smb devstack@c-api.service[99772]: INFO cinder.api.openstack.wsgi [None req-03b70a52-8ad7-43c9-be8e-5d99418b169c tempest-VolumeQuotasAdminTestJSON-1865676552 tempest-VolumeQuotasAdminTestJSON-1865676552-project-admin] GET http://10.222.0.23/volume/v3/b44a5dcc531a4f9c8905f6accacedd9b/os-quota-sets/af35b6688a6e457a85537c441a144359?usage=True
Jul 14 13:24:06.059511 dv-cinder-800696-2-smb devstack@c-api.service[99773]: DEBUG cinder.api.openstack.wsgi [None req-47ff18be-47e1-494b-889c-425f6d813f31 tempest-QosSpecsTestJSON-575646624 tempest-QosSpecsTestJSON-575646624-project-admin] Empty body provided in request {{(pid=99773) get_body /opt/stack/cinder/cinder/api/openstack/wsgi.py:713}}
Jul 14 13:24:06.059794 dv-cinder-800696-2-smb devstack@c-api.service[99772]: DEBUG cinder.api.openstack.wsgi [None req-03b70a52-8ad7-43c9-be8e-5d99418b169c tempest-VolumeQuotasAdminTestJSON-1865676552 tempest-VolumeQuotasAdminTestJSON-1865676552-project-admin] Empty body provided in request {{(pid=99772) get_body /opt/stack/cinder/cinder/api/openstack/wsgi.py:713}}
Jul 14 13:24:06.060008 dv-cinder-800696-2-smb devstack@c-api.service[99773]: /usr/local/lib/python3.8/dist-packages/webob/acceptparse.py:1047: DeprecationWarning: The behavior of AcceptValidHeader.best_match is currently being maintained for backward compatibility, but it will be deprecated in the future, as it does not conform to the RFC.
Jul 14 13:24:06.060008 dv-cinder-800696-2-smb devstack@c-api.service[99773]: warnings.warn(
Jul 14 13:24:06.060324 dv-cinder-800696-2-smb devstack@c-api.service[99772]: /usr/local/lib/python3.8/dist-packages/webob/acceptparse.py:1047: DeprecationWarning: The behavior of AcceptValidHeader.best_match is currently being maintained for backward compatibility, but it will be deprecated in the future, as it does not conform to the RFC.
Jul 14 13:24:06.060324 dv-cinder-800696-2-smb devstack@c-api.service[99772]: warnings.warn(
Jul 14 13:24:06.061090 dv-cinder-800696-2-smb devstack@c-api.service[99773]: DEBUG cinder.api.openstack.wsgi [None req-47ff18be-47e1-494b-889c-425f6d813f31 tempest-QosSpecsTestJSON-575646624 tempest-QosSpecsTestJSON-575646624-project-admin] Calling method 'delete' {{(pid=99773) _process_stack /opt/stack/cinder/cinder/api/openstack/wsgi.py:866}}
Jul 14 13:24:06.061413 dv-cinder-800696-2-smb devstack@c-api.service[99772]: DEBUG cinder.api.openstack.wsgi [None req-03b70a52-8ad7-43c9-be8e-5d99418b169c tempest-VolumeQuotasAdminTestJSON-1865676552 tempest-VolumeQuotasAdminTestJSON-1865676552-project-admin] Calling method 'show' {{(pid=99772) _process_stack /opt/stack/cinder/cinder/api/openstack/wsgi.py:866}}
Jul 14 13:24:06.062152 dv-cinder-800696-2-smb devstack@c-api.service[99773]: /usr/local/lib/python3.8/dist-packages/oslo_context/context.py:105: DeprecationWarning: Policy enforcement is depending on the value of is_admin. This key is deprecated. Please update your policy file to use the standard policy values.
Jul 14 13:24:06.062152 dv-cinder-800696-2-smb devstack@c-api.service[99773]: warnings.warn('Policy enforcement is depending on the value of '
Jul 14 13:24:06.063141 dv-cinder-800696-2-smb devstack@c-api.service[99773]: DEBUG cinder.api.contrib.qos_specs_manage [None req-47ff18be-47e1-494b-889c-425f6d813f31 tempest-QosSpecsTestJSON-575646624 tempest-QosSpecsTestJSON-575646624-project-admin] Delete qos_spec: 842cadbf-b188-497d-80fa-d02ce6a1990d, force: False {{(pid=99773) delete /opt/stack/cinder/cinder/api/contrib/qos_specs_manage.py:168}}
Jul 14 13:24:06.092575 dv-cinder-800696-2-smb devstack@c-api.service[99772]: WARNING cinder.quota [None req-03b70a52-8ad7-43c9-be8e-5d99418b169c tempest-VolumeQuotasAdminTestJSON-1865676552 tempest-VolumeQuotasAdminTestJSON-1865676552-project-admin] Deprecated: Default quota for resource: volumes_tempest-QosSpecsTestJSON-volume-type-1629135218 is set by the default quota flag: quota_volumes_tempest-QosSpecsTestJSON-volume-type-1629135218, it is now deprecated. Please use the default quota class for default quota.
Jul 14 13:24:06.094393 dv-cinder-800696-2-smb devstack@c-api.service[99772]: WARNING cinder.quota [None req-03b70a52-8ad7-43c9-be8e-5d99418b169c tempest-VolumeQuotasAdminTestJSON-1865676552 tempest-VolumeQuotasAdminTestJSON-1865676552-project-admin] Deprecated: Default quota for resource: gigabytes_tempest-QosSpecsTestJSON-volume-type-1629135218 is set by the default quota flag: quota_gigabytes_tempest-QosSpecsTestJSON-volume-type-1629135218, it is now deprecated. Please use the default quota class for default quota.
Jul 14 13:24:06.095379 dv-cinder-800696-2-smb devstack@c-api.service[99772]: WARNING cinder.quota [None req-03b70a52-8ad7-43c9-be8e-5d99418b169c tempest-VolumeQuotasAdminTestJSON-1865676552 tempest-VolumeQuotasAdminTestJSON-1865676552-project-admin] Deprecated: Default quota for resource: snapshots_tempest-QosSpecsTestJSON-volume-type-1629135218 is set by the default quota flag: quota_snapshots_tempest-QosSpecsTestJSON-volume-type-1629135218, it is now deprecated. Please use the default quota class for default quota.
Jul 14 13:24:06.096534 dv-cinder-800696-2-smb devstack@c-api.service[99772]: WARNING cinder.quota [None req-03b70a52-8ad7-43c9-be8e-5d99418b169c tempest-VolumeQuotasAdminTestJSON-1865676552 tempest-VolumeQuotasAdminTestJSON-1865676552-project-admin] Deprecated: Default quota for resource: volumes_tempest-QosSpecsTestJSON-volume-type-62576385 is set by the default quota flag: quota_volumes_tempest-QosSpecsTestJSON-volume-type-62576385, it is now deprecated. Please use the default quota class for default quota.
Jul 14 13:24:06.097644 dv-cinder-800696-2-smb devstack@c-api.service[99772]: WARNING cinder.quota [None req-03b70a52-8ad7-43c9-be8e-5d99418b169c tempest-VolumeQuotasAdminTestJSON-1865676552 tempest-VolumeQuotasAdminTestJSON-1865676552-project-admin] Deprecated: Default quota for resource: gigabytes_tempest-QosSpecsTestJSON-volume-type-62576385 is set by the default quota flag: quota_gigabytes_tempest-QosSpecsTestJSON-volume-type-62576385, it is now deprecated. Please use the default quota class for default quota.
Jul 14 13:24:06.098646 dv-cinder-800696-2-smb devstack@c-api.service[99772]: WARNING cinder.quota [None req-03b70a52-8ad7-43c9-be8e-5d99418b169c tempest-VolumeQuotasAdminTestJSON-1865676552 tempest-VolumeQuotasAdminTestJSON-1865676552-project-admin] Deprecated: Default quota for resource: snapshots_tempest-QosSpecsTestJSON-volume-type-62576385 is set by the default quota flag: quota_snapshots_tempest-QosSpecsTestJSON-volume-type-62576385, it is now deprecated. Please use the default quota class for default quota.
Jul 14 13:24:06.100390 dv-cinder-800696-2-smb devstack@c-api.service[99772]: WARNING cinder.quota [None req-03b70a52-8ad7-43c9-be8e-5d99418b169c tempest-VolumeQuotasAdminTestJSON-1865676552 tempest-VolumeQuotasAdminTestJSON-1865676552-project-admin] Deprecated: Default quota for resource: volumes_tempest-QosSpecsTestJSON-volume-type-1366474502 is set by the default quota flag: quota_volumes_tempest-QosSpecsTestJSON-volume-type-1366474502, it is now deprecated. Please use the default quota class for default quota.
Jul 14 13:24:06.101383 dv-cinder-800696-2-smb devstack@c-api.service[99772]: WARNING cinder.quota [None req-03b70a52-8ad7-43c9-be8e-5d99418b169c tempest-VolumeQuotasAdminTestJSON-1865676552 tempest-VolumeQuotasAdminTestJSON-1865676552-project-admin] Deprecated: Default quota for resource: gigabytes_tempest-QosSpecsTestJSON-volume-type-1366474502 is set by the default quota flag: quota_gigabytes_tempest-QosSpecsTestJSON-volume-type-1366474502, it is now deprecated. Please use the default quota class for default quota.
Jul 14 13:24:06.102354 dv-cinder-800696-2-smb devstack@c-api.service[99772]: WARNING cinder.quota [None req-03b70a52-8ad7-43c9-be8e-5d99418b169c tempest-VolumeQuotasAdminTestJSON-1865676552 tempest-VolumeQuotasAdminTestJSON-1865676552-project-admin] Deprecated: Default quota for resource: snapshots_tempest-QosSpecsTestJSON-volume-type-1366474502 is set by the default quota flag: quota_snapshots_tempest-QosSpecsTestJSON-volume-type-1366474502, it is now deprecated. Please use the default quota class for default quota.
Jul 14 13:24:06.119967 dv-cinder-800696-2-smb devstack@c-api.service[99773]: INFO cinder.api.openstack.wsgi [None req-47ff18be-47e1-494b-889c-425f6d813f31 tempest-QosSpecsTestJSON-575646624 tempest-QosSpecsTestJSON-575646624-project-admin] http://10.222.0.23/volume/v3/e1a72cd55ad94fbabf1a41f976e19ea4/qos-specs/842cadbf-b188-497d-80fa-d02ce6a1990d?force=False returned with HTTP 202
Jul 14 13:24:06.123721 dv-cinder-800696-2-smb devstack@c-api.service[99773]: [pid: 99773|app: 0|req: 33/64] 10.222.0.23 () {58 vars in 1357 bytes} [Wed Jul 14 13:24:06 2021] DELETE /volume/v3/e1a72cd55ad94fbabf1a41f976e19ea4/qos-specs/842cadbf-b188-497d-80fa-d02ce6a1990d?force=False => generated 0 bytes in 71 msecs (HTTP/1.1 202) 6 headers in 233 bytes (1 switches on core 0)
Jul 14 13:24:06.126919 dv-cinder-800696-2-smb devstack@c-api.service[99772]: INFO cinder.api.openstack.wsgi [None req-03b70a52-8ad7-43c9-be8e-5d99418b169c tempest-VolumeQuotasAdminTestJSON-1865676552 tempest-VolumeQuotasAdminTestJSON-1865676552-project-admin] http://10.222.0.23/volume/v3/b44a5dcc531a4f9c8905f6accacedd9b/os-quota-sets/af35b6688a6e457a85537c441a144359?usage=True returned with HTTP 200
Jul 14 13:24:06.128461 dv-cinder-800696-2-smb devstack@c-api.service[99772]: [pid: 99772|app: 0|req: 32/65] 10.222.0.23 () {58 vars in 1352 bytes} [Wed Jul 14 13:24:06 2021] GET /volume/v3/b44a5dcc531a4f9c8905f6accacedd9b/os-quota-sets/af35b6688a6e457a85537c441a144359?usage=True => generated 1792 bytes in 83 msecs (HTTP/1.1 200) 7 headers in 286 bytes (1 switches on core 0)
Jul 14 13:24:06.141871 dv-cinder-800696-2-smb devstack@c-api.service[99773]: INFO cinder.api.openstack.wsgi [None req-7e21d8df-c303-4a17-b635-7582ab396d16 tempest-QosSpecsTestJSON-575646624 tempest-QosSpecsTestJSON-575646624-project-admin] GET http://10.222.0.23/volume/v3/e1a72cd55ad94fbabf1a41f976e19ea4/qos-specs/842cadbf-b188-497d-80fa-d02ce6a1990d
Jul 14 13:24:06.142588 dv-cinder-800696-2-smb devstack@c-api.service[99773]: DEBUG cinder.api.openstack.wsgi [None req-7e21d8df-c303-4a17-b635-7582ab396d16 tempest-QosSpecsTestJSON-575646624 tempest-QosSpecsTestJSON-575646624-project-admin] Empty body provided in request {{(pid=99773) get_body /opt/stack/cinder/cinder/api/openstack/wsgi.py:713}}
Jul 14 13:24:06.142938 dv-cinder-800696-2-smb devstack@c-api.service[99773]: /usr/local/lib/python3.8/dist-packages/webob/acceptparse.py:1047: DeprecationWarning: The behavior of AcceptValidHeader.best_match is currently being maintained for backward compatibility, but it will be deprecated in the future, as it does not conform to the RFC.
Jul 14 13:24:06.142938 dv-cinder-800696-2-smb devstack@c-api.service[99773]: warnings.warn(
Jul 14 13:24:06.143472 dv-cinder-800696-2-smb devstack@c-api.service[99773]: DEBUG cinder.api.openstack.wsgi [None req-7e21d8df-c303-4a17-b635-7582ab396d16 tempest-QosSpecsTestJSON-575646624 tempest-QosSpecsTestJSON-575646624-project-admin] Calling method 'show' {{(pid=99773) _process_stack /opt/stack/cinder/cinder/api/openstack/wsgi.py:866}}
Jul 14 13:24:06.144302 dv-cinder-800696-2-smb devstack@c-api.service[99773]: /usr/local/lib/python3.8/dist-packages/oslo_context/context.py:105: DeprecationWarning: Policy enforcement is depending on the value of is_admin. This key is deprecated. Please update your policy file to use the standard policy values.
Jul 14 13:24:06.144302 dv-cinder-800696-2-smb devstack@c-api.service[99773]: warnings.warn('Policy enforcement is depending on the value of '
Jul 14 13:24:06.145503 dv-cinder-800696-2-smb devstack@c-api.service[99772]: INFO cinder.api.openstack.wsgi [None req-852be962-d581-4976-b547-c71f0d277779 tempest-VolumeQuotasAdminTestJSON-1865676552 tempest-VolumeQuotasAdminTestJSON-1865676552-project-admin] GET http://10.222.0.23/volume/v3/b44a5dcc531a4f9c8905f6accacedd9b/os-quota-sets/62ef1decc9334d58a0125f3636a672c3?usage=True
Jul 14 13:24:06.147047 dv-cinder-800696-2-smb devstack@c-api.service[99772]: DEBUG cinder.api.openstack.wsgi [None req-852be962-d581-4976-b547-c71f0d277779 tempest-VolumeQuotasAdminTestJSON-1865676552 tempest-VolumeQuotasAdminTestJSON-1865676552-project-admin] Empty body provided in request {{(pid=99772) get_body /opt/stack/cinder/cinder/api/openstack/wsgi.py:713}}
Jul 14 13:24:06.147476 dv-cinder-800696-2-smb devstack@c-api.service[99772]: DEBUG cinder.api.openstack.wsgi [None req-852be962-d581-4976-b547-c71f0d277779 tempest-VolumeQuotasAdminTestJSON-1865676552 tempest-VolumeQuotasAdminTestJSON-1865676552-project-admin] Calling method 'show' {{(pid=99772) _process_stack /opt/stack/cinder/cinder/api/openstack/wsgi.py:866}}
Jul 14 13:24:06.150663 dv-cinder-800696-2-smb devstack@c-api.service[99773]: INFO cinder.api.openstack.wsgi [None req-7e21d8df-c303-4a17-b635-7582ab396d16 tempest-QosSpecsTestJSON-575646624 tempest-QosSpecsTestJSON-575646624-project-admin] http://10.222.0.23/volume/v3/e1a72cd55ad94fbabf1a41f976e19ea4/qos-specs/842cadbf-b188-497d-80fa-d02ce6a1990d returned with HTTP 404
Jul 14 13:24:06.151775 dv-cinder-800696-2-smb devstack@c-api.service[99773]: [pid: 99773|app: 0|req: 34/66] 10.222.0.23 () {58 vars in 1331 bytes} [Wed Jul 14 13:24:06 2021] GET /volume/v3/e1a72cd55ad94fbabf1a41f976e19ea4/qos-specs/842cadbf-b188-497d-80fa-d02ce6a1990d => generated 100 bytes in 28 msecs (HTTP/1.1 404) 7 headers in 292 bytes (1 switches on core 0)
Jul 14 13:24:06.162379 dv-cinder-800696-2-smb devstack@c-api.service[99773]: INFO cinder.api.openstack.wsgi [None req-e41502ec-edf5-4922-b3e5-0ca0beb00c7e tempest-QosSpecsTestJSON-575646624 tempest-QosSpecsTestJSON-575646624-project-admin] GET http://10.222.0.23/volume/v3/e1a72cd55ad94fbabf1a41f976e19ea4/qos-specs
Jul 14 13:24:06.163101 dv-cinder-800696-2-smb devstack@c-api.service[99773]: DEBUG cinder.api.openstack.wsgi [None req-e41502ec-edf5-4922-b3e5-0ca0beb00c7e tempest-QosSpecsTestJSON-575646624 tempest-QosSpecsTestJSON-575646624-project-admin] Empty body provided in request {{(pid=99773) get_body /opt/stack/cinder/cinder/api/openstack/wsgi.py:713}}
Jul 14 13:24:06.163672 dv-cinder-800696-2-smb devstack@c-api.service[99773]: DEBUG cinder.api.openstack.wsgi [None req-e41502ec-edf5-4922-b3e5-0ca0beb00c7e tempest-QosSpecsTestJSON-575646624 tempest-QosSpecsTestJSON-575646624-project-admin] Calling method 'index' {{(pid=99773) _process_stack /opt/stack/cinder/cinder/api/openstack/wsgi.py:866}}
Jul 14 13:24:06.179909 dv-cinder-800696-2-smb devstack@c-api.service[99773]: INFO cinder.api.openstack.wsgi [None req-e41502ec-edf5-4922-b3e5-0ca0beb00c7e tempest-QosSpecsTestJSON-575646624 tempest-QosSpecsTestJSON-575646624-project-admin] http://10.222.0.23/volume/v3/e1a72cd55ad94fbabf1a41f976e19ea4/qos-specs returned with HTTP 200
Jul 14 13:24:06.187822 dv-cinder-800696-2-smb devstack@c-api.service[99773]: [pid: 99773|app: 0|req: 35/67] 10.222.0.23 () {58 vars in 1220 bytes} [Wed Jul 14 13:24:06 2021] GET /volume/v3/e1a72cd55ad94fbabf1a41f976e19ea4/qos-specs => generated 175 bytes in 32 msecs (HTTP/1.1 200) 7 headers in 285 bytes (1 switches on core 0)
Jul 14 13:24:06.196434 dv-cinder-800696-2-smb devstack@c-api.service[99773]: INFO cinder.api.openstack.wsgi [None req-0c8774e5-2819-4b3d-a44f-48684fa83a58 tempest-QosSpecsTestJSON-575646624 tempest-QosSpecsTestJSON-575646624-project-admin] POST http://10.222.0.23/volume/v3/e1a72cd55ad94fbabf1a41f976e19ea4/qos-specs
Jul 14 13:24:06.197043 dv-cinder-800696-2-smb devstack@c-api.service[99773]: /usr/local/lib/python3.8/dist-packages/webob/acceptparse.py:1047: DeprecationWarning: The behavior of AcceptValidHeader.best_match is currently being maintained for backward compatibility, but it will be deprecated in the future, as it does not conform to the RFC.
Jul 14 13:24:06.197043 dv-cinder-800696-2-smb devstack@c-api.service[99773]: warnings.warn(
Jul 14 13:24:06.197654 dv-cinder-800696-2-smb devstack@c-api.service[99773]: DEBUG cinder.api.openstack.wsgi [None req-0c8774e5-2819-4b3d-a44f-48684fa83a58 tempest-QosSpecsTestJSON-575646624 tempest-QosSpecsTestJSON-575646624-project-admin] Action: 'create', calling method: create, body: {"qos_specs": {"name": "tempest-QosSpecsTestJSON-qos-156635777", "consumer": "front-end"}} {{(pid=99773) _process_stack /opt/stack/cinder/cinder/api/openstack/wsgi.py:864}}
Jul 14 13:24:06.198961 dv-cinder-800696-2-smb devstack@c-api.service[99773]: /usr/local/lib/python3.8/dist-packages/oslo_context/context.py:105: DeprecationWarning: Policy enforcement is depending on the value of is_admin. This key is deprecated. Please update your policy file to use the standard policy values.
Jul 14 13:24:06.198961 dv-cinder-800696-2-smb devstack@c-api.service[99773]: warnings.warn('Policy enforcement is depending on the value of '
Jul 14 13:24:06.199968 dv-cinder-800696-2-smb devstack@c-api.service[99773]: DEBUG cinder.volume.qos_specs [None req-0c8774e5-2819-4b3d-a44f-48684fa83a58 tempest-QosSpecsTestJSON-575646624 tempest-QosSpecsTestJSON-575646624-project-admin] Dict for qos_specs: {'name': 'tempest-QosSpecsTestJSON-qos-156635777', 'consumer': 'front-end', 'specs': {}} {{(pid=99773) create /opt/stack/cinder/cinder/volume/qos_specs.py:64}}
